[INFO] fetching crate hongg 0.5.54...
[INFO] testing hongg-0.5.54 against beta-2021-08-01 for beta-1.55-1
[INFO] extracting crate hongg 0.5.54 into /workspace/builds/worker-3/source
[INFO] validating manifest of crates.io crate hongg 0.5.54 on toolchain beta-2021-08-01
[INFO] running `Command { std: "/workspace/cargo-home/bin/cargo" "+beta-2021-08-01" "metadata" "--manifest-path" "Cargo.toml" "--no-deps", kill_on_drop: false }`
[INFO] started tweaking crates.io crate hongg 0.5.54
[INFO] finished tweaking crates.io crate hongg 0.5.54
[INFO] tweaked toml for crates.io crate hongg 0.5.54 written to /workspace/builds/worker-3/source/Cargo.toml
[INFO] running `Command { std: "/workspace/cargo-home/bin/cargo" "+beta-2021-08-01" "generate-lockfile" "--manifest-path" "Cargo.toml" "-Zno-index-update", kill_on_drop: false }`
[INFO] running `Command { std: "/workspace/cargo-home/bin/cargo" "+beta-2021-08-01" "fetch" "--manifest-path" "Cargo.toml", kill_on_drop: false }`
[INFO] [stderr]     Blocking waiting for file lock on package cache
[INFO] [stderr]     Blocking waiting for file lock on package cache
[INFO] running `Command { std: "docker" "create" "-v" "/var/lib/crater-agent-workspace/builds/worker-3/target:/opt/rustwide/target:rw,Z" "-v" "/var/lib/crater-agent-workspace/builds/worker-3/source:/opt/rustwide/workdir:ro,Z" "-v" "/var/lib/crater-agent-workspace/cargo-home:/opt/rustwide/cargo-home:ro,Z" "-v" "/var/lib/crater-agent-workspace/rustup-home:/opt/rustwide/rustup-home:ro,Z" "-e" "SOURCE_DIR=/opt/rustwide/workdir" "-e" "CARGO_TARGET_DIR=/opt/rustwide/target" "-e" "CARGO_HOME=/opt/rustwide/cargo-home" "-e" "RUSTUP_HOME=/opt/rustwide/rustup-home" "-w" "/opt/rustwide/workdir" "-m" "1610612736" "--user" "0:0" "--network" "none" "ghcr.io/rust-lang/crates-build-env/linux@sha256:34b6a614d2c27851fe6cbf88fbd1137609cefab8b10d0615aaeb6fd47975d74e" "/opt/rustwide/cargo-home/bin/cargo" "+beta-2021-08-01" "metadata" "--no-deps" "--format-version=1", kill_on_drop: false }`
[INFO] [stdout] 7e75ea9789e2f0c5ba05d836ab6f3e0aaf918fd6d33517f2eb742e5b18b46671
[INFO] running `Command { std: "docker" "start" "-a" "7e75ea9789e2f0c5ba05d836ab6f3e0aaf918fd6d33517f2eb742e5b18b46671", kill_on_drop: false }`
[INFO] running `Command { std: "docker" "inspect" "7e75ea9789e2f0c5ba05d836ab6f3e0aaf918fd6d33517f2eb742e5b18b46671", kill_on_drop: false }`
[INFO] running `Command { std: "docker" "rm" "-f" "7e75ea9789e2f0c5ba05d836ab6f3e0aaf918fd6d33517f2eb742e5b18b46671", kill_on_drop: false }`
[INFO] [stdout] 7e75ea9789e2f0c5ba05d836ab6f3e0aaf918fd6d33517f2eb742e5b18b46671
[INFO] running `Command { std: "docker" "create" "-v" "/var/lib/crater-agent-workspace/builds/worker-3/target:/opt/rustwide/target:rw,Z" "-v" "/var/lib/crater-agent-workspace/builds/worker-3/source:/opt/rustwide/workdir:ro,Z" "-v" "/var/lib/crater-agent-workspace/cargo-home:/opt/rustwide/cargo-home:ro,Z" "-v" "/var/lib/crater-agent-workspace/rustup-home:/opt/rustwide/rustup-home:ro,Z" "-e" "SOURCE_DIR=/opt/rustwide/workdir" "-e" "CARGO_TARGET_DIR=/opt/rustwide/target" "-e" "CARGO_INCREMENTAL=0" "-e" "RUST_BACKTRACE=full" "-e" "RUSTFLAGS=--cap-lints=warn" "-e" "CARGO_HOME=/opt/rustwide/cargo-home" "-e" "RUSTUP_HOME=/opt/rustwide/rustup-home" "-w" "/opt/rustwide/workdir" "-m" "1610612736" "--user" "0:0" "--network" "none" "ghcr.io/rust-lang/crates-build-env/linux@sha256:34b6a614d2c27851fe6cbf88fbd1137609cefab8b10d0615aaeb6fd47975d74e" "/opt/rustwide/cargo-home/bin/cargo" "+beta-2021-08-01" "build" "--frozen" "--message-format=json", kill_on_drop: false }`
[INFO] [stdout] 6145a584cdeae74bf48c144228b6dfdd2ed3ec7ee994c55f9152669e965b002d
[INFO] running `Command { std: "docker" "start" "-a" "6145a584cdeae74bf48c144228b6dfdd2ed3ec7ee994c55f9152669e965b002d", kill_on_drop: false }`
[INFO] [stderr]     Blocking waiting for file lock on package cache
[INFO] [stderr]    Compiling log v0.4.14
[INFO] [stderr]    Compiling hongg v0.5.54 (/opt/rustwide/workdir)
[INFO] [stderr]    Compiling arbitrary v1.0.1
[INFO] [stderr]     Finished dev [unoptimized + debuginfo] target(s) in 3.01s
[INFO] running `Command { std: "docker" "inspect" "6145a584cdeae74bf48c144228b6dfdd2ed3ec7ee994c55f9152669e965b002d", kill_on_drop: false }`
[INFO] running `Command { std: "docker" "rm" "-f" "6145a584cdeae74bf48c144228b6dfdd2ed3ec7ee994c55f9152669e965b002d", kill_on_drop: false }`
[INFO] [stdout] 6145a584cdeae74bf48c144228b6dfdd2ed3ec7ee994c55f9152669e965b002d
[INFO] running `Command { std: "docker" "create" "-v" "/var/lib/crater-agent-workspace/builds/worker-3/target:/opt/rustwide/target:rw,Z" "-v" "/var/lib/crater-agent-workspace/builds/worker-3/source:/opt/rustwide/workdir:ro,Z" "-v" "/var/lib/crater-agent-workspace/cargo-home:/opt/rustwide/cargo-home:ro,Z" "-v" "/var/lib/crater-agent-workspace/rustup-home:/opt/rustwide/rustup-home:ro,Z" "-e" "SOURCE_DIR=/opt/rustwide/workdir" "-e" "CARGO_TARGET_DIR=/opt/rustwide/target" "-e" "CARGO_INCREMENTAL=0" "-e" "RUST_BACKTRACE=full" "-e" "RUSTFLAGS=--cap-lints=warn" "-e" "CARGO_HOME=/opt/rustwide/cargo-home" "-e" "RUSTUP_HOME=/opt/rustwide/rustup-home" "-w" "/opt/rustwide/workdir" "-m" "1610612736" "--user" "0:0" "--network" "none" "ghcr.io/rust-lang/crates-build-env/linux@sha256:34b6a614d2c27851fe6cbf88fbd1137609cefab8b10d0615aaeb6fd47975d74e" "/opt/rustwide/cargo-home/bin/cargo" "+beta-2021-08-01" "test" "--frozen" "--no-run" "--message-format=json", kill_on_drop: false }`
[INFO] [stdout] eb64675517330627854b2e37f5081d121d8cc528e5f2895de4fa9f75ddaa4df1
[INFO] running `Command { std: "docker" "start" "-a" "eb64675517330627854b2e37f5081d121d8cc528e5f2895de4fa9f75ddaa4df1", kill_on_drop: false }`
[INFO] [stderr]    Compiling ppv-lite86 v0.2.10
[INFO] [stderr]    Compiling assert_matches v1.5.0
[INFO] [stderr]    Compiling getrandom v0.2.3
[INFO] [stderr]    Compiling rand_core v0.6.3
[INFO] [stderr]    Compiling rand_chacha v0.3.1
[INFO] [stderr]    Compiling rand v0.8.4
[INFO] [stderr]    Compiling hongg v0.5.54 (/opt/rustwide/workdir)
[INFO] [stderr]     Finished test [unoptimized + debuginfo] target(s) in 3.39s
[INFO] running `Command { std: "docker" "inspect" "eb64675517330627854b2e37f5081d121d8cc528e5f2895de4fa9f75ddaa4df1", kill_on_drop: false }`
[INFO] running `Command { std: "docker" "rm" "-f" "eb64675517330627854b2e37f5081d121d8cc528e5f2895de4fa9f75ddaa4df1", kill_on_drop: false }`
[INFO] [stdout] eb64675517330627854b2e37f5081d121d8cc528e5f2895de4fa9f75ddaa4df1
[INFO] running `Command { std: "docker" "create" "-v" "/var/lib/crater-agent-workspace/builds/worker-3/target:/opt/rustwide/target:rw,Z" "-v" "/var/lib/crater-agent-workspace/builds/worker-3/source:/opt/rustwide/workdir:ro,Z" "-v" "/var/lib/crater-agent-workspace/cargo-home:/opt/rustwide/cargo-home:ro,Z" "-v" "/var/lib/crater-agent-workspace/rustup-home:/opt/rustwide/rustup-home:ro,Z" "-e" "SOURCE_DIR=/opt/rustwide/workdir" "-e" "CARGO_TARGET_DIR=/opt/rustwide/target" "-e" "CARGO_INCREMENTAL=0" "-e" "RUST_BACKTRACE=full" "-e" "RUSTFLAGS=--cap-lints=warn" "-e" "CARGO_HOME=/opt/rustwide/cargo-home" "-e" "RUSTUP_HOME=/opt/rustwide/rustup-home" "-w" "/opt/rustwide/workdir" "-m" "1610612736" "--user" "0:0" "--network" "none" "ghcr.io/rust-lang/crates-build-env/linux@sha256:34b6a614d2c27851fe6cbf88fbd1137609cefab8b10d0615aaeb6fd47975d74e" "/opt/rustwide/cargo-home/bin/cargo" "+beta-2021-08-01" "test" "--frozen", kill_on_drop: false }`
[INFO] [stdout] 6964a4b5b361c92f26e0f28b4e8f4965986c501ca3e3d4310a323a5dc1d40c3e
[INFO] running `Command { std: "docker" "start" "-a" "6964a4b5b361c92f26e0f28b4e8f4965986c501ca3e3d4310a323a5dc1d40c3e", kill_on_drop: false }`
[INFO] [stderr]     Finished test [unoptimized + debuginfo] target(s) in 0.05s
[INFO] [stderr]      Running unittests (/opt/rustwide/target/debug/deps/hongg-36b9c36cb003493a)
[INFO] [stdout] 
[INFO] [stderr]    Doc-tests hongg
[INFO] [stdout] running 0 tests
[INFO] [stdout] 
[INFO] [stdout] test result: ok. 0 passed; 0 failed; 0 ignored; 0 measured; 0 filtered out; finished in 0.00s
[INFO] [stdout] 
[INFO] [stdout] 
[INFO] [stdout] running 4 tests
[INFO] [stdout] test src/lib.rs - fuzz (line 332) ... FAILED
[INFO] [stdout] test src/lib.rs - (line 51) ... FAILED
[INFO] [stdout] test src/lib.rs - fuzz (line 225) ... FAILED
[INFO] [stdout] test src/lib.rs - (line 180) ... ok
[INFO] [stdout] 
[INFO] [stdout] failures:
[INFO] [stdout] 
[INFO] [stdout] ---- src/lib.rs - fuzz (line 332) stdout ----
[INFO] [stdout] error[E0432]: unresolved import `honggfuzz`
[INFO] [stdout]  --> src/lib.rs:333:5
[INFO] [stdout]   |
[INFO] [stdout] 3 | use honggfuzz::fuzz;
[INFO] [stdout]   |     ^^^^^^^^^ use of undeclared crate or module `honggfuzz`
[INFO] [stdout] 
[INFO] [stdout] error: cannot determine resolution for the macro `fuzz`
[INFO] [stdout]  --> src/lib.rs:336:5
[INFO] [stdout]   |
[INFO] [stdout] 6 |     fuzz!(|data: &[u8]| {
[INFO] [stdout]   |     ^^^^
[INFO] [stdout]   |
[INFO] [stdout]   = note: import resolution is stuck, try simplifying macro imports
[INFO] [stdout] 
[INFO] [stdout] error: aborting due to 2 previous errors
[INFO] [stdout] 
[INFO] [stdout] For more information about this error, try `rustc --explain E0432`.
[INFO] [stdout] Couldn't compile the test.
[INFO] [stdout] ---- src/lib.rs - (line 51) stdout ----
[INFO] [stdout] error[E0432]: unresolved import `honggfuzz`
[INFO] [stdout]  --> src/lib.rs:52:5
[INFO] [stdout]   |
[INFO] [stdout] 3 | use honggfuzz::fuzz;
[INFO] [stdout]   |     ^^^^^^^^^ use of undeclared crate or module `honggfuzz`
[INFO] [stdout] 
[INFO] [stdout] error: cannot determine resolution for the macro `fuzz`
[INFO] [stdout]   --> src/lib.rs:66:9
[INFO] [stdout]    |
[INFO] [stdout] 17 |         fuzz!(|data: &[u8]| {
[INFO] [stdout]    |         ^^^^
[INFO] [stdout]    |
[INFO] [stdout]    = note: import resolution is stuck, try simplifying macro imports
[INFO] [stdout] 
[INFO] [stdout] error: aborting due to 2 previous errors
[INFO] [stdout] 
[INFO] [stdout] For more information about this error, try `rustc --explain E0432`.
[INFO] [stdout] Couldn't compile the test.
[INFO] [stdout] ---- src/lib.rs - fuzz (line 225) stdout ----
[INFO] [stdout] error[E0432]: unresolved import `honggfuzz`
[INFO] [stdout]  --> src/lib.rs:226:5
[INFO] [stdout]   |
[INFO] [stdout] 3 | use honggfuzz::fuzz;
[INFO] [stdout]   |     ^^^^^^^^^ use of undeclared crate or module `honggfuzz`
[INFO] [stdout] 
[INFO] [stdout] error: aborting due to previous error
[INFO] [stdout] 
[INFO] [stdout] For more information about this error, try `rustc --explain E0432`.
[INFO] [stdout] Couldn't compile the test.
[INFO] [stdout] 
[INFO] [stdout] failures:
[INFO] [stdout]     src/lib.rs - (line 51)
[INFO] [stdout]     src/lib.rs - fuzz (line 225)
[INFO] [stdout]     src/lib.rs - fuzz (line 332)
[INFO] [stdout] 
[INFO] [stdout] test result: FAILED. 1 passed; 3 failed; 0 ignored; 0 measured; 0 filtered out; finished in 0.57s
[INFO] [stdout] 
[INFO] [stderr] error: test failed, to rerun pass '--doc'
[INFO] running `Command { std: "docker" "inspect" "6964a4b5b361c92f26e0f28b4e8f4965986c501ca3e3d4310a323a5dc1d40c3e", kill_on_drop: false }`
[INFO] running `Command { std: "docker" "rm" "-f" "6964a4b5b361c92f26e0f28b4e8f4965986c501ca3e3d4310a323a5dc1d40c3e", kill_on_drop: false }`
[INFO] [stdout] 6964a4b5b361c92f26e0f28b4e8f4965986c501ca3e3d4310a323a5dc1d40c3e
