[INFO] fetching crate honeybadger 0.2.1...
[INFO] testing honeybadger-0.2.1 against beta-2021-08-01 for beta-1.55-1
[INFO] extracting crate honeybadger 0.2.1 into /workspace/builds/worker-100/source
[INFO] validating manifest of crates.io crate honeybadger 0.2.1 on toolchain beta-2021-08-01
[INFO] running `Command { std: "/workspace/cargo-home/bin/cargo" "+beta-2021-08-01" "metadata" "--manifest-path" "Cargo.toml" "--no-deps", kill_on_drop: false }`
[INFO] started tweaking crates.io crate honeybadger 0.2.1
[INFO] finished tweaking crates.io crate honeybadger 0.2.1
[INFO] tweaked toml for crates.io crate honeybadger 0.2.1 written to /workspace/builds/worker-100/source/Cargo.toml
[INFO] running `Command { std: "/workspace/cargo-home/bin/cargo" "+beta-2021-08-01" "generate-lockfile" "--manifest-path" "Cargo.toml" "-Zno-index-update", kill_on_drop: false }`
[INFO] running `Command { std: "/workspace/cargo-home/bin/cargo" "+beta-2021-08-01" "fetch" "--manifest-path" "Cargo.toml", kill_on_drop: false }`
[INFO] [stderr]     Blocking waiting for file lock on package cache
[INFO] [stderr]     Blocking waiting for file lock on package cache
[INFO] running `Command { std: "docker" "create" "-v" "/var/lib/crater-agent-workspace/builds/worker-100/target:/opt/rustwide/target:rw,Z" "-v" "/var/lib/crater-agent-workspace/builds/worker-100/source:/opt/rustwide/workdir:ro,Z" "-v" "/var/lib/crater-agent-workspace/cargo-home:/opt/rustwide/cargo-home:ro,Z" "-v" "/var/lib/crater-agent-workspace/rustup-home:/opt/rustwide/rustup-home:ro,Z" "-e" "SOURCE_DIR=/opt/rustwide/workdir" "-e" "CARGO_TARGET_DIR=/opt/rustwide/target" "-e" "CARGO_HOME=/opt/rustwide/cargo-home" "-e" "RUSTUP_HOME=/opt/rustwide/rustup-home" "-w" "/opt/rustwide/workdir" "-m" "1610612736" "--user" "0:0" "--network" "none" "ghcr.io/rust-lang/crates-build-env/linux@sha256:34b6a614d2c27851fe6cbf88fbd1137609cefab8b10d0615aaeb6fd47975d74e" "/opt/rustwide/cargo-home/bin/cargo" "+beta-2021-08-01" "metadata" "--no-deps" "--format-version=1", kill_on_drop: false }`
[INFO] [stdout] 00f2857a56774b907af32f00ecf015ffdb4df3337376a877319641a8c06e777a
[INFO] running `Command { std: "docker" "start" "-a" "00f2857a56774b907af32f00ecf015ffdb4df3337376a877319641a8c06e777a", kill_on_drop: false }`
[INFO] running `Command { std: "docker" "inspect" "00f2857a56774b907af32f00ecf015ffdb4df3337376a877319641a8c06e777a", kill_on_drop: false }`
[INFO] running `Command { std: "docker" "rm" "-f" "00f2857a56774b907af32f00ecf015ffdb4df3337376a877319641a8c06e777a", kill_on_drop: false }`
[INFO] [stdout] 00f2857a56774b907af32f00ecf015ffdb4df3337376a877319641a8c06e777a
[INFO] running `Command { std: "docker" "create" "-v" "/var/lib/crater-agent-workspace/builds/worker-100/target:/opt/rustwide/target:rw,Z" "-v" "/var/lib/crater-agent-workspace/builds/worker-100/source:/opt/rustwide/workdir:ro,Z" "-v" "/var/lib/crater-agent-workspace/cargo-home:/opt/rustwide/cargo-home:ro,Z" "-v" "/var/lib/crater-agent-workspace/rustup-home:/opt/rustwide/rustup-home:ro,Z" "-e" "SOURCE_DIR=/opt/rustwide/workdir" "-e" "CARGO_TARGET_DIR=/opt/rustwide/target" "-e" "CARGO_INCREMENTAL=0" "-e" "RUST_BACKTRACE=full" "-e" "RUSTFLAGS=--cap-lints=warn" "-e" "CARGO_HOME=/opt/rustwide/cargo-home" "-e" "RUSTUP_HOME=/opt/rustwide/rustup-home" "-w" "/opt/rustwide/workdir" "-m" "1610612736" "--user" "0:0" "--network" "none" "ghcr.io/rust-lang/crates-build-env/linux@sha256:34b6a614d2c27851fe6cbf88fbd1137609cefab8b10d0615aaeb6fd47975d74e" "/opt/rustwide/cargo-home/bin/cargo" "+beta-2021-08-01" "build" "--frozen" "--message-format=json", kill_on_drop: false }`
[INFO] [stdout] 3c4b02e32cac2380d45cf3aaae23806efbb42ad25d5a9cebc36eff65e6ba4f25
[INFO] running `Command { std: "docker" "start" "-a" "3c4b02e32cac2380d45cf3aaae23806efbb42ad25d5a9cebc36eff65e6ba4f25", kill_on_drop: false }`
[INFO] [stderr]     Blocking waiting for file lock on package cache
[INFO] [stderr]    Compiling either v1.6.1
[INFO] [stderr]    Compiling syn v1.0.74
[INFO] [stderr]    Compiling adler v1.0.2
[INFO] [stderr]    Compiling openssl v0.10.35
[INFO] [stderr]    Compiling gimli v0.25.0
[INFO] [stderr]    Compiling native-tls v0.2.7
[INFO] [stderr]    Compiling rustc-demangle v0.1.20
[INFO] [stderr]    Compiling failure_derive v0.1.8
[INFO] [stderr]    Compiling openssl-probe v0.1.4
[INFO] [stderr]    Compiling miniz_oxide v0.4.4
[INFO] [stderr]    Compiling backtrace v0.3.61
[INFO] [stderr]    Compiling error-chain v0.12.4
[INFO] [stderr]    Compiling object v0.26.0
[INFO] [stderr]    Compiling hyper v0.12.36
[INFO] [stderr]    Compiling time v0.1.43
[INFO] [stderr]    Compiling want v0.2.0
[INFO] [stderr]    Compiling idna v0.1.5
[INFO] [stderr]    Compiling hostname v0.1.5
[INFO] [stderr]    Compiling serde_json v1.0.66
[INFO] [stderr]    Compiling parking_lot_core v0.6.2
[INFO] [stderr]    Compiling parking_lot v0.9.0
[INFO] [stderr]    Compiling os_type v2.3.0
[INFO] [stderr]    Compiling bytes v0.4.12
[INFO] [stderr]    Compiling tokio-io v0.1.13
[INFO] [stderr]    Compiling http v0.1.21
[INFO] [stderr]    Compiling tokio-buf v0.1.1
[INFO] [stderr]    Compiling string v0.2.1
[INFO] [stderr]    Compiling url v1.7.2
[INFO] [stderr]    Compiling tokio-reactor v0.1.12
[INFO] [stderr]    Compiling tokio-codec v0.1.2
[INFO] [stderr]    Compiling tokio-fs v0.1.7
[INFO] [stderr]    Compiling tokio-udp v0.1.6
[INFO] [stderr]    Compiling tokio-tcp v0.1.4
[INFO] [stderr]    Compiling tokio-uds v0.2.7
[INFO] [stderr]    Compiling tokio v0.1.22
[INFO] [stderr]    Compiling addr2line v0.16.0
[INFO] [stderr]    Compiling h2 v0.1.26
[INFO] [stderr]    Compiling http-body v0.1.0
[INFO] [stderr]    Compiling synstructure v0.12.5
[INFO] [stderr]    Compiling serde_derive v1.0.127
[INFO] [stderr]    Compiling failure v0.1.8
[INFO] [stderr]    Compiling hyper-tls v0.3.2
[INFO] [stderr]    Compiling honeybadger v0.2.1 (/opt/rustwide/workdir)
[INFO] [stdout] warning: trait objects without an explicit `dyn` are deprecated
[INFO] [stdout]   --> src/notice.rs:67:15
[INFO] [stdout]    |
[INFO] [stdout] 67 | impl From<Box<std::error::Error>> for Error {
[INFO] [stdout]    |               ^^^^^^^^^^^^^^^^^ help: use `dyn`: `dyn std::error::Error`
[INFO] [stdout]    |
[INFO] [stdout]    = note: `#[warn(bare_trait_objects)]` on by default
[INFO] [stdout]    = warning: this is accepted in the current edition (Rust 2015) but is a hard error in Rust 2021!
[INFO] [stdout]    = note: for more information, see issue #80165 <https://github.com/rust-lang/rust/issues/80165>
[INFO] [stdout] 
[INFO] [stdout] 
[INFO] [stdout] warning: trait objects without an explicit `dyn` are deprecated
[INFO] [stdout]   --> src/notice.rs:68:24
[INFO] [stdout]    |
[INFO] [stdout] 68 |     fn from(error: Box<std::error::Error>) -> Error {
[INFO] [stdout]    |                        ^^^^^^^^^^^^^^^^^ help: use `dyn`: `dyn std::error::Error`
[INFO] [stdout]    |
[INFO] [stdout]    = warning: this is accepted in the current edition (Rust 2015) but is a hard error in Rust 2021!
[INFO] [stdout]    = note: for more information, see issue #80165 <https://github.com/rust-lang/rust/issues/80165>
[INFO] [stdout] 
[INFO] [stdout] 
[INFO] [stdout] warning: trait objects without an explicit `dyn` are deprecated
[INFO] [stdout]   --> src/notice.rs:90:24
[INFO] [stdout]    |
[INFO] [stdout] 90 |     fn std_err(error: &::std::error::Error) -> Error {
[INFO] [stdout]    |                        ^^^^^^^^^^^^^^^^^^^ help: use `dyn`: `dyn (::std::error::Error)`
[INFO] [stdout]    |
[INFO] [stdout]    = warning: this is accepted in the current edition (Rust 2015) but is a hard error in Rust 2021!
[INFO] [stdout]    = note: for more information, see issue #80165 <https://github.com/rust-lang/rust/issues/80165>
[INFO] [stdout] 
[INFO] [stdout] 
[INFO] [stdout] warning: use of deprecated associated function `tokio::prelude::FutureExt::deadline`: use `timeout` instead
[INFO] [stdout]    --> src/honeybadger.rs:518:14
[INFO] [stdout]     |
[INFO] [stdout] 518 |             .deadline(now + Duration::from_secs(timeout))
[INFO] [stdout]     |              ^^^^^^^^
[INFO] [stdout]     |
[INFO] [stdout]     = note: `#[warn(deprecated)]` on by default
[INFO] [stdout] 
[INFO] [stdout] 
[INFO] [stdout] warning: use of deprecated associated function `std::error::Error::description`: use the Display impl or to_string()
[INFO] [stdout]   --> src/notice.rs:84:26
[INFO] [stdout]    |
[INFO] [stdout] 84 |             class: error.description().to_string(),
[INFO] [stdout]    |                          ^^^^^^^^^^^
[INFO] [stdout] 
[INFO] [stdout] 
[INFO] [stdout] warning: use of deprecated associated function `std::error::Error::description`: use the Display impl or to_string()
[INFO] [stdout]   --> src/notice.rs:92:26
[INFO] [stdout]    |
[INFO] [stdout] 92 |             class: error.description().to_string(),
[INFO] [stdout]    |                          ^^^^^^^^^^^
[INFO] [stdout] 
[INFO] [stdout] 
[INFO] [stdout] warning: use of deprecated associated function `std::error::Error::cause`: replaced by Error::source, which can support downcasting
[INFO] [stdout]   --> src/notice.rs:94:27
[INFO] [stdout]    |
[INFO] [stdout] 94 |             causes: error.cause().map(|cause| vec![Error::std_err(cause)]),
[INFO] [stdout]    |                           ^^^^^
[INFO] [stdout] 
[INFO] [stdout] 
[INFO] [stdout] warning: 7 warnings emitted
[INFO] [stdout] 
[INFO] [stdout] 
[INFO] [stderr]     Finished dev [unoptimized + debuginfo] target(s) in 16.60s
[INFO] running `Command { std: "docker" "inspect" "3c4b02e32cac2380d45cf3aaae23806efbb42ad25d5a9cebc36eff65e6ba4f25", kill_on_drop: false }`
[INFO] running `Command { std: "docker" "rm" "-f" "3c4b02e32cac2380d45cf3aaae23806efbb42ad25d5a9cebc36eff65e6ba4f25", kill_on_drop: false }`
[INFO] [stdout] 3c4b02e32cac2380d45cf3aaae23806efbb42ad25d5a9cebc36eff65e6ba4f25
[INFO] running `Command { std: "docker" "create" "-v" "/var/lib/crater-agent-workspace/builds/worker-100/target:/opt/rustwide/target:rw,Z" "-v" "/var/lib/crater-agent-workspace/builds/worker-100/source:/opt/rustwide/workdir:ro,Z" "-v" "/var/lib/crater-agent-workspace/cargo-home:/opt/rustwide/cargo-home:ro,Z" "-v" "/var/lib/crater-agent-workspace/rustup-home:/opt/rustwide/rustup-home:ro,Z" "-e" "SOURCE_DIR=/opt/rustwide/workdir" "-e" "CARGO_TARGET_DIR=/opt/rustwide/target" "-e" "CARGO_INCREMENTAL=0" "-e" "RUST_BACKTRACE=full" "-e" "RUSTFLAGS=--cap-lints=warn" "-e" "CARGO_HOME=/opt/rustwide/cargo-home" "-e" "RUSTUP_HOME=/opt/rustwide/rustup-home" "-w" "/opt/rustwide/workdir" "-m" "1610612736" "--user" "0:0" "--network" "none" "ghcr.io/rust-lang/crates-build-env/linux@sha256:34b6a614d2c27851fe6cbf88fbd1137609cefab8b10d0615aaeb6fd47975d74e" "/opt/rustwide/cargo-home/bin/cargo" "+beta-2021-08-01" "test" "--frozen" "--no-run" "--message-format=json", kill_on_drop: false }`
[INFO] [stdout] 58b0a2e164d0fc6b32d0982f1aa309e4cf6da3cb207326526b63db9603e29351
[INFO] running `Command { std: "docker" "start" "-a" "58b0a2e164d0fc6b32d0982f1aa309e4cf6da3cb207326526b63db9603e29351", kill_on_drop: false }`
[INFO] [stderr]     Blocking waiting for file lock on package cache
[INFO] [stderr]    Compiling tokio-core v0.1.18
[INFO] [stdout] warning: trait objects without an explicit `dyn` are deprecated
[INFO] [stdout]   --> src/notice.rs:67:15
[INFO] [stdout]    |
[INFO] [stdout] 67 | impl From<Box<std::error::Error>> for Error {
[INFO] [stdout]    |               ^^^^^^^^^^^^^^^^^ help: use `dyn`: `dyn std::error::Error`
[INFO] [stdout]    |
[INFO] [stdout]    = note: `#[warn(bare_trait_objects)]` on by default
[INFO] [stdout]    = warning: this is accepted in the current edition (Rust 2015) but is a hard error in Rust 2021!
[INFO] [stdout]    = note: for more information, see issue #80165 <https://github.com/rust-lang/rust/issues/80165>
[INFO] [stdout] 
[INFO] [stdout] 
[INFO] [stdout] warning: trait objects without an explicit `dyn` are deprecated
[INFO] [stdout]   --> src/notice.rs:68:24
[INFO] [stdout]    |
[INFO] [stdout] 68 |     fn from(error: Box<std::error::Error>) -> Error {
[INFO] [stdout]    |                        ^^^^^^^^^^^^^^^^^ help: use `dyn`: `dyn std::error::Error`
[INFO] [stdout]    |
[INFO] [stdout]    = warning: this is accepted in the current edition (Rust 2015) but is a hard error in Rust 2021!
[INFO] [stdout]    = note: for more information, see issue #80165 <https://github.com/rust-lang/rust/issues/80165>
[INFO] [stdout] 
[INFO] [stdout] 
[INFO] [stdout] warning: trait objects without an explicit `dyn` are deprecated
[INFO] [stdout]   --> src/notice.rs:90:24
[INFO] [stdout]    |
[INFO] [stdout] 90 |     fn std_err(error: &::std::error::Error) -> Error {
[INFO] [stdout]    |                        ^^^^^^^^^^^^^^^^^^^ help: use `dyn`: `dyn (::std::error::Error)`
[INFO] [stdout]    |
[INFO] [stdout]    = warning: this is accepted in the current edition (Rust 2015) but is a hard error in Rust 2021!
[INFO] [stdout]    = note: for more information, see issue #80165 <https://github.com/rust-lang/rust/issues/80165>
[INFO] [stdout] 
[INFO] [stdout] 
[INFO] [stdout] warning: use of deprecated associated function `tokio::prelude::FutureExt::deadline`: use `timeout` instead
[INFO] [stdout]    --> src/honeybadger.rs:518:14
[INFO] [stdout]     |
[INFO] [stdout] 518 |             .deadline(now + Duration::from_secs(timeout))
[INFO] [stdout]     |              ^^^^^^^^
[INFO] [stdout]     |
[INFO] [stdout]     = note: `#[warn(deprecated)]` on by default
[INFO] [stdout] 
[INFO] [stdout] 
[INFO] [stdout] warning: use of deprecated associated function `std::error::Error::description`: use the Display impl or to_string()
[INFO] [stdout]   --> src/notice.rs:84:26
[INFO] [stdout]    |
[INFO] [stdout] 84 |             class: error.description().to_string(),
[INFO] [stdout]    |                          ^^^^^^^^^^^
[INFO] [stdout] 
[INFO] [stdout] 
[INFO] [stdout] warning: use of deprecated associated function `std::error::Error::description`: use the Display impl or to_string()
[INFO] [stdout]   --> src/notice.rs:92:26
[INFO] [stdout]    |
[INFO] [stdout] 92 |             class: error.description().to_string(),
[INFO] [stdout]    |                          ^^^^^^^^^^^
[INFO] [stdout] 
[INFO] [stdout] 
[INFO] [stdout] warning: use of deprecated associated function `std::error::Error::cause`: replaced by Error::source, which can support downcasting
[INFO] [stdout]   --> src/notice.rs:94:27
[INFO] [stdout]    |
[INFO] [stdout] 94 |             causes: error.cause().map(|cause| vec![Error::std_err(cause)]),
[INFO] [stdout]    |                           ^^^^^
[INFO] [stdout] 
[INFO] [stdout] 
[INFO] [stdout] warning: 7 warnings emitted
[INFO] [stdout] 
[INFO] [stdout] 
[INFO] [stderr]    Compiling yup-hyper-mock v3.15.0
[INFO] [stderr]    Compiling honeybadger v0.2.1 (/opt/rustwide/workdir)
[INFO] [stdout] warning: trait objects without an explicit `dyn` are deprecated
[INFO] [stdout]   --> examples/std_error.rs:22:28
[INFO] [stdout]    |
[INFO] [stdout] 22 |             let boxed: Box<std::error::Error> = e.into();
[INFO] [stdout]    |                            ^^^^^^^^^^^^^^^^^ help: use `dyn`: `dyn std::error::Error`
[INFO] [stdout]    |
[INFO] [stdout]    = note: `#[warn(bare_trait_objects)]` on by default
[INFO] [stdout]    = warning: this is accepted in the current edition (Rust 2015) but is a hard error in Rust 2021!
[INFO] [stdout]    = note: for more information, see issue #80165 <https://github.com/rust-lang/rust/issues/80165>
[INFO] [stdout] 
[INFO] [stdout] 
[INFO] [stdout] warning: trait objects without an explicit `dyn` are deprecated
[INFO] [stdout]   --> src/notice.rs:67:15
[INFO] [stdout]    |
[INFO] [stdout] 67 | impl From<Box<std::error::Error>> for Error {
[INFO] [stdout]    |               ^^^^^^^^^^^^^^^^^ help: use `dyn`: `dyn std::error::Error`
[INFO] [stdout]    |
[INFO] [stdout]    = note: `#[warn(bare_trait_objects)]` on by default
[INFO] [stdout]    = warning: this is accepted in the current edition (Rust 2015) but is a hard error in Rust 2021!
[INFO] [stdout]    = note: for more information, see issue #80165 <https://github.com/rust-lang/rust/issues/80165>
[INFO] [stdout] 
[INFO] [stdout] 
[INFO] [stdout] warning: trait objects without an explicit `dyn` are deprecated
[INFO] [stdout]   --> src/notice.rs:68:24
[INFO] [stdout]    |
[INFO] [stdout] 68 |     fn from(error: Box<std::error::Error>) -> Error {
[INFO] [stdout]    |                        ^^^^^^^^^^^^^^^^^ help: use `dyn`: `dyn std::error::Error`
[INFO] [stdout]    |
[INFO] [stdout]    = warning: this is accepted in the current edition (Rust 2015) but is a hard error in Rust 2021!
[INFO] [stdout]    = note: for more information, see issue #80165 <https://github.com/rust-lang/rust/issues/80165>
[INFO] [stdout] 
[INFO] [stdout] 
[INFO] [stdout] warning: trait objects without an explicit `dyn` are deprecated
[INFO] [stdout]   --> src/notice.rs:90:24
[INFO] [stdout]    |
[INFO] [stdout] 90 |     fn std_err(error: &::std::error::Error) -> Error {
[INFO] [stdout]    |                        ^^^^^^^^^^^^^^^^^^^ help: use `dyn`: `dyn (::std::error::Error)`
[INFO] [stdout]    |
[INFO] [stdout]    = warning: this is accepted in the current edition (Rust 2015) but is a hard error in Rust 2021!
[INFO] [stdout]    = note: for more information, see issue #80165 <https://github.com/rust-lang/rust/issues/80165>
[INFO] [stdout] 
[INFO] [stdout] 
[INFO] [stdout] warning: use of deprecated associated function `tokio::prelude::FutureExt::deadline`: use `timeout` instead
[INFO] [stdout]    --> src/honeybadger.rs:518:14
[INFO] [stdout]     |
[INFO] [stdout] 518 |             .deadline(now + Duration::from_secs(timeout))
[INFO] [stdout]     |              ^^^^^^^^
[INFO] [stdout]     |
[INFO] [stdout]     = note: `#[warn(deprecated)]` on by default
[INFO] [stdout] 
[INFO] [stdout] 
[INFO] [stdout] warning: use of deprecated associated function `std::error::Error::description`: use the Display impl or to_string()
[INFO] [stdout]   --> src/notice.rs:84:26
[INFO] [stdout]    |
[INFO] [stdout] 84 |             class: error.description().to_string(),
[INFO] [stdout]    |                          ^^^^^^^^^^^
[INFO] [stdout] 
[INFO] [stdout] 
[INFO] [stdout] warning: use of deprecated associated function `std::error::Error::description`: use the Display impl or to_string()
[INFO] [stdout]   --> src/notice.rs:92:26
[INFO] [stdout]    |
[INFO] [stdout] 92 |             class: error.description().to_string(),
[INFO] [stdout]    |                          ^^^^^^^^^^^
[INFO] [stdout] 
[INFO] [stdout] 
[INFO] [stdout] warning: use of deprecated associated function `std::error::Error::cause`: replaced by Error::source, which can support downcasting
[INFO] [stdout]   --> src/notice.rs:94:27
[INFO] [stdout]    |
[INFO] [stdout] 94 |             causes: error.cause().map(|cause| vec![Error::std_err(cause)]),
[INFO] [stdout]    |                           ^^^^^
[INFO] [stdout] 
[INFO] [stdout] 
[INFO] [stdout] warning: 1 warning emitted
[INFO] [stdout] 
[INFO] [stdout] 
[INFO] [stdout] warning: 7 warnings emitted
[INFO] [stdout] 
[INFO] [stdout] 
[INFO] [stderr]     Finished test [unoptimized + debuginfo] target(s) in 30.15s
[INFO] running `Command { std: "docker" "inspect" "58b0a2e164d0fc6b32d0982f1aa309e4cf6da3cb207326526b63db9603e29351", kill_on_drop: false }`
[INFO] running `Command { std: "docker" "rm" "-f" "58b0a2e164d0fc6b32d0982f1aa309e4cf6da3cb207326526b63db9603e29351", kill_on_drop: false }`
[INFO] [stdout] 58b0a2e164d0fc6b32d0982f1aa309e4cf6da3cb207326526b63db9603e29351
[INFO] running `Command { std: "docker" "create" "-v" "/var/lib/crater-agent-workspace/builds/worker-100/target:/opt/rustwide/target:rw,Z" "-v" "/var/lib/crater-agent-workspace/builds/worker-100/source:/opt/rustwide/workdir:ro,Z" "-v" "/var/lib/crater-agent-workspace/cargo-home:/opt/rustwide/cargo-home:ro,Z" "-v" "/var/lib/crater-agent-workspace/rustup-home:/opt/rustwide/rustup-home:ro,Z" "-e" "SOURCE_DIR=/opt/rustwide/workdir" "-e" "CARGO_TARGET_DIR=/opt/rustwide/target" "-e" "CARGO_INCREMENTAL=0" "-e" "RUST_BACKTRACE=full" "-e" "RUSTFLAGS=--cap-lints=warn" "-e" "CARGO_HOME=/opt/rustwide/cargo-home" "-e" "RUSTUP_HOME=/opt/rustwide/rustup-home" "-w" "/opt/rustwide/workdir" "-m" "1610612736" "--user" "0:0" "--network" "none" "ghcr.io/rust-lang/crates-build-env/linux@sha256:34b6a614d2c27851fe6cbf88fbd1137609cefab8b10d0615aaeb6fd47975d74e" "/opt/rustwide/cargo-home/bin/cargo" "+beta-2021-08-01" "test" "--frozen", kill_on_drop: false }`
[INFO] [stdout] bfc5a6250f2ed77d9659f170d2a3bd4d16c82b5f1a361b008fb50dad41cec64d
[INFO] running `Command { std: "docker" "start" "-a" "bfc5a6250f2ed77d9659f170d2a3bd4d16c82b5f1a361b008fb50dad41cec64d", kill_on_drop: false }`
[INFO] [stderr]     Blocking waiting for file lock on package cache
[INFO] [stderr] warning: trait objects without an explicit `dyn` are deprecated
[INFO] [stderr]   --> src/notice.rs:67:15
[INFO] [stderr]    |
[INFO] [stderr] 67 | impl From<Box<std::error::Error>> for Error {
[INFO] [stderr]    |               ^^^^^^^^^^^^^^^^^ help: use `dyn`: `dyn std::error::Error`
[INFO] [stderr]    |
[INFO] [stderr]    = note: `#[warn(bare_trait_objects)]` on by default
[INFO] [stderr]    = warning: this is accepted in the current edition (Rust 2015) but is a hard error in Rust 2021!
[INFO] [stderr]    = note: for more information, see issue #80165 <https://github.com/rust-lang/rust/issues/80165>
[INFO] [stderr] 
[INFO] [stderr] warning: trait objects without an explicit `dyn` are deprecated
[INFO] [stderr]   --> src/notice.rs:68:24
[INFO] [stderr]    |
[INFO] [stderr] 68 |     fn from(error: Box<std::error::Error>) -> Error {
[INFO] [stderr]    |                        ^^^^^^^^^^^^^^^^^ help: use `dyn`: `dyn std::error::Error`
[INFO] [stderr]    |
[INFO] [stderr]    = warning: this is accepted in the current edition (Rust 2015) but is a hard error in Rust 2021!
[INFO] [stderr]    = note: for more information, see issue #80165 <https://github.com/rust-lang/rust/issues/80165>
[INFO] [stderr] 
[INFO] [stderr] warning: trait objects without an explicit `dyn` are deprecated
[INFO] [stderr]   --> src/notice.rs:90:24
[INFO] [stderr]    |
[INFO] [stderr] 90 |     fn std_err(error: &::std::error::Error) -> Error {
[INFO] [stderr]    |                        ^^^^^^^^^^^^^^^^^^^ help: use `dyn`: `dyn (::std::error::Error)`
[INFO] [stderr]    |
[INFO] [stderr]    = warning: this is accepted in the current edition (Rust 2015) but is a hard error in Rust 2021!
[INFO] [stderr]    = note: for more information, see issue #80165 <https://github.com/rust-lang/rust/issues/80165>
[INFO] [stderr] 
[INFO] [stderr] warning: use of deprecated associated function `tokio::prelude::FutureExt::deadline`: use `timeout` instead
[INFO] [stderr]    --> src/honeybadger.rs:518:14
[INFO] [stderr]     |
[INFO] [stderr] 518 |             .deadline(now + Duration::from_secs(timeout))
[INFO] [stderr]     |              ^^^^^^^^
[INFO] [stderr]     |
[INFO] [stderr]     = note: `#[warn(deprecated)]` on by default
[INFO] [stderr] 
[INFO] [stderr] warning: use of deprecated associated function `std::error::Error::description`: use the Display impl or to_string()
[INFO] [stderr]   --> src/notice.rs:84:26
[INFO] [stderr]    |
[INFO] [stderr] 84 |             class: error.description().to_string(),
[INFO] [stderr]    |                          ^^^^^^^^^^^
[INFO] [stderr] 
[INFO] [stderr] warning: use of deprecated associated function `std::error::Error::description`: use the Display impl or to_string()
[INFO] [stderr]   --> src/notice.rs:92:26
[INFO] [stderr]    |
[INFO] [stderr] 92 |             class: error.description().to_string(),
[INFO] [stderr]    |                          ^^^^^^^^^^^
[INFO] [stderr] 
[INFO] [stderr] warning: use of deprecated associated function `std::error::Error::cause`: replaced by Error::source, which can support downcasting
[INFO] [stderr]   --> src/notice.rs:94:27
[INFO] [stderr]    |
[INFO] [stderr] 94 |             causes: error.cause().map(|cause| vec![Error::std_err(cause)]),
[INFO] [stderr]    |                           ^^^^^
[INFO] [stderr] 
[INFO] [stderr] warning: `honeybadger` (lib) generated 7 warnings
[INFO] [stderr] warning: `honeybadger` (lib test) generated 7 warnings (7 duplicates)
[INFO] [stderr] warning: trait objects without an explicit `dyn` are deprecated
[INFO] [stderr]   --> examples/std_error.rs:22:28
[INFO] [stderr]    |
[INFO] [stderr] 22 |             let boxed: Box<std::error::Error> = e.into();
[INFO] [stderr]    |                            ^^^^^^^^^^^^^^^^^ help: use `dyn`: `dyn std::error::Error`
[INFO] [stderr]    |
[INFO] [stderr]    = note: `#[warn(bare_trait_objects)]` on by default
[INFO] [stderr]    = warning: this is accepted in the current edition (Rust 2015) but is a hard error in Rust 2021!
[INFO] [stderr]    = note: for more information, see issue #80165 <https://github.com/rust-lang/rust/issues/80165>
[INFO] [stderr] 
[INFO] [stderr] warning: `honeybadger` (example "std_error") generated 1 warning
[INFO] [stderr]     Finished test [unoptimized + debuginfo] target(s) in 0.36s
[INFO] [stderr]      Running unittests (/opt/rustwide/target/debug/deps/honeybadger-0af21c001f6db02a)
[INFO] [stdout] 
[INFO] [stdout] running 11 tests
[INFO] [stdout] test honeybadger::tests::test_with_endpoint ... ok
[INFO] [stdout] test honeybadger::tests::test_with_hostname ... ok
[INFO] [stdout] test honeybadger::tests::test_with_env ... ok
[INFO] [stdout] test honeybadger::tests::test_with_threads ... ok
[INFO] [stdout] test honeybadger::tests::test_with_timeout ... ok
[INFO] [stdout] test honeybadger::tests::test_with_root ... ok
[INFO] [stdout] test honeybadger::tests::test_notify_timeout ... ok
[INFO] [stdout] test honeybadger::tests::test_notify_ok ... ok
[INFO] [stdout] test notice::tests::test_chained_err ... ok
[INFO] [stdout] test notice::tests::test_failure_err ... ok
[INFO] [stderr]    Doc-tests honeybadger
[INFO] [stdout] test honeybadger::tests::test_notify_rate_exceeded ... ok
[INFO] [stdout] 
[INFO] [stdout] test result: ok. 11 passed; 0 failed; 0 ignored; 0 measured; 0 filtered out; finished in 0.93s
[INFO] [stdout] 
[INFO] [stdout] 
[INFO] [stdout] running 13 tests
[INFO] [stdout] test src/lib.rs - (line 34) ... FAILED
[INFO] [stdout] test src/honeybadger.rs - honeybadger::Honeybadger::notify (line 414) ... FAILED
[INFO] [stdout] test src/honeybadger.rs - honeybadger::Honeybadger::notify (line 383) ... FAILED
[INFO] [stdout] test src/honeybadger.rs - honeybadger::Honeybadger::notify (line 446) ... FAILED
[INFO] [stdout] test src/honeybadger.rs - honeybadger::ConfigBuilder::with_hostname (line 152) ... FAILED
[INFO] [stdout] test src/honeybadger.rs - honeybadger::ConfigBuilder::with_threads (line 210) ... FAILED
[INFO] [stdout] test src/honeybadger.rs - honeybadger::ConfigBuilder::with_endpoint (line 171) ... FAILED
[INFO] [stdout] test src/honeybadger.rs - honeybadger::ConfigBuilder::with_root (line 113) ... ok
[INFO] [stdout] test src/honeybadger.rs - honeybadger::ConfigBuilder::with_timeout (line 190) ... ok
[INFO] [stdout] test src/honeybadger.rs - honeybadger::ConfigBuilder::build (line 232) ... ok
[INFO] [stdout] test src/honeybadger.rs - honeybadger::ConfigBuilder::new (line 84) ... ok
[INFO] [stdout] test src/honeybadger.rs - honeybadger::ConfigBuilder::with_env (line 133) ... ok
[INFO] [stdout] test src/honeybadger.rs - honeybadger::Honeybadger::new (line 271) ... ok
[INFO] [stdout] 
[INFO] [stdout] failures:
[INFO] [stdout] 
[INFO] [stdout] ---- src/lib.rs - (line 34) stdout ----
[INFO] [stdout] Couldn't compile the test.
[INFO] [stdout] ---- src/honeybadger.rs - honeybadger::Honeybadger::notify (line 414) stdout ----
[INFO] [stdout] Couldn't compile the test.
[INFO] [stdout] ---- src/honeybadger.rs - honeybadger::Honeybadger::notify (line 383) stdout ----
[INFO] [stdout] Couldn't compile the test.
[INFO] [stdout] ---- src/honeybadger.rs - honeybadger::Honeybadger::notify (line 446) stdout ----
[INFO] [stdout] warning: trait objects without an explicit `dyn` are deprecated
[INFO] [stdout]   --> src/honeybadger.rs:456:27
[INFO] [stdout]    |
[INFO] [stdout] 11 | let error: Result<(), Box<std::error::Error>> = Err(
[INFO] [stdout]    |                           ^^^^^^^^^^^^^^^^^ help: use `dyn`: `dyn std::error::Error`
[INFO] [stdout]    |
[INFO] [stdout]    = note: `#[warn(bare_trait_objects)]` on by default
[INFO] [stdout]    = warning: this is accepted in the current edition (Rust 2015) but is a hard error in Rust 2021!
[INFO] [stdout]    = note: for more information, see issue #80165 <https://github.com/rust-lang/rust/issues/80165>
[INFO] [stdout] 
[INFO] [stdout] Couldn't compile the test.
[INFO] [stdout] ---- src/honeybadger.rs - honeybadger::ConfigBuilder::with_hostname (line 152) stdout ----
[INFO] [stdout] error: linking with `cc` failed: exit status: 1
[INFO] [stdout]   |
[INFO] [stdout]   = note: "cc" "-m64" "/tmp/rustdoctestn4LjE1/rust_out.rust_out.1376475e-cgu.0.rcgu.o" "/tmp/rustdoctestn4LjE1/rust_out.3oi7hjnjienb8flc.rcgu.o" "-Wl,--as-needed" "-L" "/opt/rustwide/target/debug/deps" "-L" "/opt/rustwide/target/debug/deps" "-L" "/opt/rustwide/rustup-home/toolchains/beta-2021-08-01-x86_64-unknown-linux-gnu/lib/rustlib/x86_64-unknown-linux-gnu/lib" "-Wl,-Bstatic" "/opt/rustwide/target/debug/deps/libhoneybadger-01c14395ac6ac215.rlib" "/opt/rustwide/target/debug/deps/libserde_json-058e35b5158c7e0c.rlib" "/opt/rustwide/target/debug/deps/libryu-58d6bdbbdb00e196.rlib" "/opt/rustwide/target/debug/deps/libserde-7fdb8f204cf34bbe.rlib" "/opt/rustwide/target/debug/deps/libos_type-433dab9859d7e825.rlib" "/opt/rustwide/target/debug/deps/libregex-a3872ea1c1199fca.rlib" "/opt/rustwide/target/debug/deps/libaho_corasick-e187271509b4f902.rlib" "/opt/rustwide/target/debug/deps/libregex_syntax-b1f5a8f2fb571c3f.rlib" "/opt/rustwide/target/debug/deps/libhyper_tls-7ce78f2b4c451b29.rlib" "/opt/rustwide/target/debug/deps/libnative_tls-c3bd10065278a42b.rlib" "/opt/rustwide/target/debug/deps/libopenssl_probe-c6e919ed6021c5fe.rlib" "/opt/rustwide/target/debug/deps/libopenssl-d20bbd1dc45d4573.rlib" "/opt/rustwide/target/debug/deps/libonce_cell-9cf59def09207496.rlib" "/opt/rustwide/target/debug/deps/libbitflags-e09638bf9aca31b4.rlib" "/opt/rustwide/target/debug/deps/libforeign_types-b4d4d7edd906e428.rlib" "/opt/rustwide/target/debug/deps/libforeign_types_shared-585f047ff6a62f75.rlib" "/opt/rustwide/target/debug/deps/libopenssl_sys-92c2523a4419b49c.rlib" "/opt/rustwide/target/debug/deps/libhyper-fc2972473d0b8a69.rlib" "/opt/rustwide/target/debug/deps/libwant-50dce6c28363fd67.rlib" "/opt/rustwide/target/debug/deps/libtry_lock-5413453539618953.rlib" "/opt/rustwide/target/debug/deps/libtokio-4d9063d725e7cc36.rlib" "/opt/rustwide/target/debug/deps/libtokio_uds-10deeef9b246bea1.rlib" "/opt/rustwide/target/debug/deps/libmio_uds-2b860a98499f6e61.rlib" "/opt/rustwide/target/debug/deps/libtokio_udp-30be8b9045016615.rlib" "/opt/rustwide/target/debug/deps/libtokio_timer-13a751ee669e99c6.rlib" "/opt/rustwide/target/debug/deps/libtokio_tcp-2284986c93f1c04e.rlib" "/opt/rustwide/target/debug/deps/libtokio_reactor-bbb4edf279517966.rlib" "/opt/rustwide/target/debug/deps/libtokio_sync-cef6b8c15875f604.rlib" "/opt/rustwide/target/debug/deps/libparking_lot-912cd8183a0f7b47.rlib" "/opt/rustwide/target/debug/deps/libparking_lot_core-a6e8dcce06d42d0b.rlib" "/opt/rustwide/target/debug/deps/libsmallvec-3f53ab61be893db5.rlib" "/opt/rustwide/target/debug/deps/liblock_api-354151540ba24b93.rlib" "/opt/rustwide/target/debug/deps/libtokio_fs-e70baeb0b89a461f.rlib" "/opt/rustwide/target/debug/deps/libtokio_threadpool-c00f2503c63a816c.rlib" "/opt/rustwide/target/debug/deps/libcrossbeam_queue-7e820ed6f748bdf1.rlib" "/opt/rustwide/target/debug/deps/libcrossbeam_deque-585e1e31dcd4882d.rlib" "/opt/rustwide/target/debug/deps/libcrossbeam_epoch-e969548fcbdf5d75.rlib" "/opt/rustwide/target/debug/deps/libscopeguard-77ffbe2fe379a2bf.rlib" "/opt/rustwide/target/debug/deps/libmemoffset-a12ae7293f8eed8b.rlib" "/opt/rustwide/target/debug/deps/libmaybe_uninit-695311e2d4eb5931.rlib" "/opt/rustwide/target/debug/deps/libtokio_current_thread-c22b1fa6df721136.rlib" "/opt/rustwide/target/debug/deps/libtokio_executor-b84e4b9407f610cf.rlib" "/opt/rustwide/target/debug/deps/libcrossbeam_utils-6ccdd1cb1d87c90c.rlib" "/opt/rustwide/target/debug/deps/liblazy_static-e92083d5a39a8b50.rlib" "/opt/rustwide/target/debug/deps/libtokio_codec-6381e59f3f19af77.rlib" "/opt/rustwide/target/debug/deps/libmio-de8240190648fe5c.rlib" "/opt/rustwide/target/debug/deps/libtime-14da63046ca4d618.rlib" "/opt/rustwide/target/debug/deps/libnet2-535bc888beb7bad3.rlib" "/opt/rustwide/target/debug/deps/libcfg_if-ffb7f11ad1437080.rlib" "/opt/rustwide/target/debug/deps/libhttparse-c567b0f61aebf2a9.rlib" "/opt/rustwide/target/debug/deps/libhttp_body-dddee39360938518.rlib" "/opt/rustwide/target/debug/deps/libtokio_buf-1ac20668f6212fa2.rlib" "/opt/rustwide/target/debug/deps/libh2-610ddde5e25b828f.rlib" "/opt/rustwide/target/debug/deps/libindexmap-aaa7679905b2afd3.rlib" "/opt/rustwide/target/debug/deps/libhashbrown-0a6de1fd7b8891d4.rlib" "/opt/rustwide/target/debug/deps/libstring-319aae3eb64d6f81.rlib" "/opt/rustwide/target/debug/deps/libslab-d8039491c225f987.rlib" "/opt/rustwide/target/debug/deps/libtokio_io-3c690a13ebb03ac4.rlib" "/opt/rustwide/target/debug/deps/liblog-6eac8828b0293875.rlib" "/opt/rustwide/target/debug/deps/libfutures_cpupool-3059c28ca277f26f.rlib" "/opt/rustwide/target/debug/deps/libnum_cpus-c71919f527130ee7.rlib" "/opt/rustwide/target/debug/deps/libhttp-a6b4079bb55b893a.rlib" "/opt/rustwide/target/debug/deps/libitoa-f0883342bffd153c.rlib" "/opt/rustwide/target/debug/deps/libfnv-059813dc4f8dd4c8.rlib" "/opt/rustwide/target/debug/deps/libbytes-2016cc25398dc649.rlib" "/opt/rustwide/target/debug/deps/libeither-7c6ea7c6fa08bb39.rlib" "/opt/rustwide/target/debug/deps/libiovec-fbb2024ac0bba903.rlib" "/opt/rustwide/target/debug/deps/libbyteorder-f30fa083324a1476.rlib" "/opt/rustwide/target/debug/deps/libhostname-63f92a0023c738b6.rlib" "/opt/rustwide/target/debug/deps/libfutures-c39dff430ac81ac9.rlib" "/opt/rustwide/target/debug/deps/libfailure-3cebd321507b08bf.rlib" "/opt/rustwide/target/debug/deps/liberror_chain-adf08390efb42f71.rlib" "/opt/rustwide/target/debug/deps/libbacktrace-b079ef3eadde7985.rlib" "/opt/rustwide/target/debug/deps/libminiz_oxide-0bdb5fa25f371614.rlib" "/opt/rustwide/target/debug/deps/libadler-7d22ef6d37ef0175.rlib" "/opt/rustwide/target/debug/deps/libobject-c4f475456622d51b.rlib" "/opt/rustwide/target/debug/deps/libmemchr-fdb14ed691dc70dd.rlib" "/opt/rustwide/target/debug/deps/liblibc-bd0a7f2f55865ae0.rlib" "/opt/rustwide/target/debug/deps/libaddr2line-b936c714e4d1078d.rlib" "/opt/rustwide/target/debug/deps/libgimli-49523202187b59f9.rlib" "/opt/rustwide/target/debug/deps/libcfg_if-0d27f345b2a6a3cd.rlib" "/opt/rustwide/target/debug/deps/librustc_demangle-91cfc1fbd8493277.rlib" "-Wl,--start-group" "/opt/rustwide/rustup-home/toolchains/beta-2021-08-01-x86_64-unknown-linux-gnu/lib/rustlib/x86_64-unknown-linux-gnu/lib/libstd-197d933f09d9a590.rlib" "/opt/rustwide/rustup-home/toolchains/beta-2021-08-01-x86_64-unknown-linux-gnu/lib/rustlib/x86_64-unknown-linux-gnu/lib/libpanic_unwind-46a006cddfd334f0.rlib" "/opt/rustwide/rustup-home/toolchains/beta-2021-08-01-x86_64-unknown-linux-gnu/lib/rustlib/x86_64-unknown-linux-gnu/lib/libminiz_oxide-5b9870310e470b38.rlib" "/opt/rustwide/rustup-home/toolchains/beta-2021-08-01-x86_64-unknown-linux-gnu/lib/rustlib/x86_64-unknown-linux-gnu/lib/libadler-260022ba8f1ab4ee.rlib" "/opt/rustwide/rustup-home/toolchains/beta-2021-08-01-x86_64-unknown-linux-gnu/lib/rustlib/x86_64-unknown-linux-gnu/lib/libobject-71377435a799394f.rlib" "/opt/rustwide/rustup-home/toolchains/beta-2021-08-01-x86_64-unknown-linux-gnu/lib/rustlib/x86_64-unknown-linux-gnu/lib/libaddr2line-658ee5924fde57cd.rlib" "/opt/rustwide/rustup-home/toolchains/beta-2021-08-01-x86_64-unknown-linux-gnu/lib/rustlib/x86_64-unknown-linux-gnu/lib/libgimli-9e8627da6bd1b94a.rlib" "/opt/rustwide/rustup-home/toolchains/beta-2021-08-01-x86_64-unknown-linux-gnu/lib/rustlib/x86_64-unknown-linux-gnu/lib/libstd_detect-19fdaac49f59be84.rlib" "/opt/rustwide/rustup-home/toolchains/beta-2021-08-01-x86_64-unknown-linux-gnu/lib/rustlib/x86_64-unknown-linux-gnu/lib/librustc_demangle-cb00e2691ea45905.rlib" "/opt/rustwide/rustup-home/toolchains/beta-2021-08-01-x86_64-unknown-linux-gnu/lib/rustlib/x86_64-unknown-linux-gnu/lib/libhashbrown-50f6726defae5ae1.rlib" "/opt/rustwide/rustup-home/toolchains/beta-2021-08-01-x86_64-unknown-linux-gnu/lib/rustlib/x86_64-unknown-linux-gnu/lib/librustc_std_workspace_alloc-2afc16311deea26e.rlib" "/opt/rustwide/rustup-home/toolchains/beta-2021-08-01-x86_64-unknown-linux-gnu/lib/rustlib/x86_64-unknown-linux-gnu/lib/libunwind-bb5cb0fe086ee8cf.rlib" "/opt/rustwide/rustup-home/toolchains/beta-2021-08-01-x86_64-unknown-linux-gnu/lib/rustlib/x86_64-unknown-linux-gnu/lib/libcfg_if-896053247b5dfd0b.rlib" "/opt/rustwide/rustup-home/toolchains/beta-2021-08-01-x86_64-unknown-linux-gnu/lib/rustlib/x86_64-unknown-linux-gnu/lib/liblibc-735e1f2ac3cf23be.rlib" "/opt/rustwide/rustup-home/toolchains/beta-2021-08-01-x86_64-unknown-linux-gnu/lib/rustlib/x86_64-unknown-linux-gnu/lib/liballoc-9dfb6622644c732c.rlib" "/opt/rustwide/rustup-home/toolchains/beta-2021-08-01-x86_64-unknown-linux-gnu/lib/rustlib/x86_64-unknown-linux-gnu/lib/librustc_std_workspace_core-beea7d9617fe25c5.rlib" "/opt/rustwide/rustup-home/toolchains/beta-2021-08-01-x86_64-unknown-linux-gnu/lib/rustlib/x86_64-unknown-linux-gnu/lib/libcore-8ef7dd43fc671f88.rlib" "-Wl,--end-group" "/opt/rustwide/rustup-home/toolchains/beta-2021-08-01-x86_64-unknown-linux-gnu/lib/rustlib/x86_64-unknown-linux-gnu/lib/libcompiler_builtins-a9a3b2ad67977f47.rlib" "-Wl,-Bdynamic" "-lssl" "-lcrypto" "-lgcc_s" "-lutil" "-lrt" "-lpthread" "-lm" "-ldl" "-lc" "-Wl,--eh-frame-hdr" "-Wl,-znoexecstack" "-L" "/opt/rustwide/rustup-home/toolchains/beta-2021-08-01-x86_64-unknown-linux-gnu/lib/rustlib/x86_64-unknown-linux-gnu/lib" "-o" "/tmp/rustdoctestn4LjE1/rust_out" "-Wl,--gc-sections" "-pie" "-Wl,-zrelro" "-Wl,-znow" "-nodefaultlibs"
[INFO] [stdout]   = note: collect2: fatal error: ld terminated with signal 9 [Killed]
[INFO] [stdout]           compilation terminated.
[INFO] [stdout]           
[INFO] [stdout] 
[INFO] [stdout] error: aborting due to previous error
[INFO] [stdout] 
[INFO] [stdout] Couldn't compile the test.
[INFO] [stdout] ---- src/honeybadger.rs - honeybadger::ConfigBuilder::with_threads (line 210) stdout ----
[INFO] [stdout] error: linking with `cc` failed: exit status: 1
[INFO] [stdout]   |
[INFO] [stdout]   = note: "cc" "-m64" "/tmp/rustdoctestdp7QV8/rust_out.rust_out.1376475e-cgu.0.rcgu.o" "/tmp/rustdoctestdp7QV8/rust_out.3oi7hjnjienb8flc.rcgu.o" "-Wl,--as-needed" "-L" "/opt/rustwide/target/debug/deps" "-L" "/opt/rustwide/target/debug/deps" "-L" "/opt/rustwide/rustup-home/toolchains/beta-2021-08-01-x86_64-unknown-linux-gnu/lib/rustlib/x86_64-unknown-linux-gnu/lib" "-Wl,-Bstatic" "/opt/rustwide/target/debug/deps/libhoneybadger-01c14395ac6ac215.rlib" "/opt/rustwide/target/debug/deps/libserde_json-058e35b5158c7e0c.rlib" "/opt/rustwide/target/debug/deps/libryu-58d6bdbbdb00e196.rlib" "/opt/rustwide/target/debug/deps/libserde-7fdb8f204cf34bbe.rlib" "/opt/rustwide/target/debug/deps/libos_type-433dab9859d7e825.rlib" "/opt/rustwide/target/debug/deps/libregex-a3872ea1c1199fca.rlib" "/opt/rustwide/target/debug/deps/libaho_corasick-e187271509b4f902.rlib" "/opt/rustwide/target/debug/deps/libregex_syntax-b1f5a8f2fb571c3f.rlib" "/opt/rustwide/target/debug/deps/libhyper_tls-7ce78f2b4c451b29.rlib" "/opt/rustwide/target/debug/deps/libnative_tls-c3bd10065278a42b.rlib" "/opt/rustwide/target/debug/deps/libopenssl_probe-c6e919ed6021c5fe.rlib" "/opt/rustwide/target/debug/deps/libopenssl-d20bbd1dc45d4573.rlib" "/opt/rustwide/target/debug/deps/libonce_cell-9cf59def09207496.rlib" "/opt/rustwide/target/debug/deps/libbitflags-e09638bf9aca31b4.rlib" "/opt/rustwide/target/debug/deps/libforeign_types-b4d4d7edd906e428.rlib" "/opt/rustwide/target/debug/deps/libforeign_types_shared-585f047ff6a62f75.rlib" "/opt/rustwide/target/debug/deps/libopenssl_sys-92c2523a4419b49c.rlib" "/opt/rustwide/target/debug/deps/libhyper-fc2972473d0b8a69.rlib" "/opt/rustwide/target/debug/deps/libwant-50dce6c28363fd67.rlib" "/opt/rustwide/target/debug/deps/libtry_lock-5413453539618953.rlib" "/opt/rustwide/target/debug/deps/libtokio-4d9063d725e7cc36.rlib" "/opt/rustwide/target/debug/deps/libtokio_uds-10deeef9b246bea1.rlib" "/opt/rustwide/target/debug/deps/libmio_uds-2b860a98499f6e61.rlib" "/opt/rustwide/target/debug/deps/libtokio_udp-30be8b9045016615.rlib" "/opt/rustwide/target/debug/deps/libtokio_timer-13a751ee669e99c6.rlib" "/opt/rustwide/target/debug/deps/libtokio_tcp-2284986c93f1c04e.rlib" "/opt/rustwide/target/debug/deps/libtokio_reactor-bbb4edf279517966.rlib" "/opt/rustwide/target/debug/deps/libtokio_sync-cef6b8c15875f604.rlib" "/opt/rustwide/target/debug/deps/libparking_lot-912cd8183a0f7b47.rlib" "/opt/rustwide/target/debug/deps/libparking_lot_core-a6e8dcce06d42d0b.rlib" "/opt/rustwide/target/debug/deps/libsmallvec-3f53ab61be893db5.rlib" "/opt/rustwide/target/debug/deps/liblock_api-354151540ba24b93.rlib" "/opt/rustwide/target/debug/deps/libtokio_fs-e70baeb0b89a461f.rlib" "/opt/rustwide/target/debug/deps/libtokio_threadpool-c00f2503c63a816c.rlib" "/opt/rustwide/target/debug/deps/libcrossbeam_queue-7e820ed6f748bdf1.rlib" "/opt/rustwide/target/debug/deps/libcrossbeam_deque-585e1e31dcd4882d.rlib" "/opt/rustwide/target/debug/deps/libcrossbeam_epoch-e969548fcbdf5d75.rlib" "/opt/rustwide/target/debug/deps/libscopeguard-77ffbe2fe379a2bf.rlib" "/opt/rustwide/target/debug/deps/libmemoffset-a12ae7293f8eed8b.rlib" "/opt/rustwide/target/debug/deps/libmaybe_uninit-695311e2d4eb5931.rlib" "/opt/rustwide/target/debug/deps/libtokio_current_thread-c22b1fa6df721136.rlib" "/opt/rustwide/target/debug/deps/libtokio_executor-b84e4b9407f610cf.rlib" "/opt/rustwide/target/debug/deps/libcrossbeam_utils-6ccdd1cb1d87c90c.rlib" "/opt/rustwide/target/debug/deps/liblazy_static-e92083d5a39a8b50.rlib" "/opt/rustwide/target/debug/deps/libtokio_codec-6381e59f3f19af77.rlib" "/opt/rustwide/target/debug/deps/libmio-de8240190648fe5c.rlib" "/opt/rustwide/target/debug/deps/libtime-14da63046ca4d618.rlib" "/opt/rustwide/target/debug/deps/libnet2-535bc888beb7bad3.rlib" "/opt/rustwide/target/debug/deps/libcfg_if-ffb7f11ad1437080.rlib" "/opt/rustwide/target/debug/deps/libhttparse-c567b0f61aebf2a9.rlib" "/opt/rustwide/target/debug/deps/libhttp_body-dddee39360938518.rlib" "/opt/rustwide/target/debug/deps/libtokio_buf-1ac20668f6212fa2.rlib" "/opt/rustwide/target/debug/deps/libh2-610ddde5e25b828f.rlib" "/opt/rustwide/target/debug/deps/libindexmap-aaa7679905b2afd3.rlib" "/opt/rustwide/target/debug/deps/libhashbrown-0a6de1fd7b8891d4.rlib" "/opt/rustwide/target/debug/deps/libstring-319aae3eb64d6f81.rlib" "/opt/rustwide/target/debug/deps/libslab-d8039491c225f987.rlib" "/opt/rustwide/target/debug/deps/libtokio_io-3c690a13ebb03ac4.rlib" "/opt/rustwide/target/debug/deps/liblog-6eac8828b0293875.rlib" "/opt/rustwide/target/debug/deps/libfutures_cpupool-3059c28ca277f26f.rlib" "/opt/rustwide/target/debug/deps/libnum_cpus-c71919f527130ee7.rlib" "/opt/rustwide/target/debug/deps/libhttp-a6b4079bb55b893a.rlib" "/opt/rustwide/target/debug/deps/libitoa-f0883342bffd153c.rlib" "/opt/rustwide/target/debug/deps/libfnv-059813dc4f8dd4c8.rlib" "/opt/rustwide/target/debug/deps/libbytes-2016cc25398dc649.rlib" "/opt/rustwide/target/debug/deps/libeither-7c6ea7c6fa08bb39.rlib" "/opt/rustwide/target/debug/deps/libiovec-fbb2024ac0bba903.rlib" "/opt/rustwide/target/debug/deps/libbyteorder-f30fa083324a1476.rlib" "/opt/rustwide/target/debug/deps/libhostname-63f92a0023c738b6.rlib" "/opt/rustwide/target/debug/deps/libfutures-c39dff430ac81ac9.rlib" "/opt/rustwide/target/debug/deps/libfailure-3cebd321507b08bf.rlib" "/opt/rustwide/target/debug/deps/liberror_chain-adf08390efb42f71.rlib" "/opt/rustwide/target/debug/deps/libbacktrace-b079ef3eadde7985.rlib" "/opt/rustwide/target/debug/deps/libminiz_oxide-0bdb5fa25f371614.rlib" "/opt/rustwide/target/debug/deps/libadler-7d22ef6d37ef0175.rlib" "/opt/rustwide/target/debug/deps/libobject-c4f475456622d51b.rlib" "/opt/rustwide/target/debug/deps/libmemchr-fdb14ed691dc70dd.rlib" "/opt/rustwide/target/debug/deps/liblibc-bd0a7f2f55865ae0.rlib" "/opt/rustwide/target/debug/deps/libaddr2line-b936c714e4d1078d.rlib" "/opt/rustwide/target/debug/deps/libgimli-49523202187b59f9.rlib" "/opt/rustwide/target/debug/deps/libcfg_if-0d27f345b2a6a3cd.rlib" "/opt/rustwide/target/debug/deps/librustc_demangle-91cfc1fbd8493277.rlib" "-Wl,--start-group" "/opt/rustwide/rustup-home/toolchains/beta-2021-08-01-x86_64-unknown-linux-gnu/lib/rustlib/x86_64-unknown-linux-gnu/lib/libstd-197d933f09d9a590.rlib" "/opt/rustwide/rustup-home/toolchains/beta-2021-08-01-x86_64-unknown-linux-gnu/lib/rustlib/x86_64-unknown-linux-gnu/lib/libpanic_unwind-46a006cddfd334f0.rlib" "/opt/rustwide/rustup-home/toolchains/beta-2021-08-01-x86_64-unknown-linux-gnu/lib/rustlib/x86_64-unknown-linux-gnu/lib/libminiz_oxide-5b9870310e470b38.rlib" "/opt/rustwide/rustup-home/toolchains/beta-2021-08-01-x86_64-unknown-linux-gnu/lib/rustlib/x86_64-unknown-linux-gnu/lib/libadler-260022ba8f1ab4ee.rlib" "/opt/rustwide/rustup-home/toolchains/beta-2021-08-01-x86_64-unknown-linux-gnu/lib/rustlib/x86_64-unknown-linux-gnu/lib/libobject-71377435a799394f.rlib" "/opt/rustwide/rustup-home/toolchains/beta-2021-08-01-x86_64-unknown-linux-gnu/lib/rustlib/x86_64-unknown-linux-gnu/lib/libaddr2line-658ee5924fde57cd.rlib" "/opt/rustwide/rustup-home/toolchains/beta-2021-08-01-x86_64-unknown-linux-gnu/lib/rustlib/x86_64-unknown-linux-gnu/lib/libgimli-9e8627da6bd1b94a.rlib" "/opt/rustwide/rustup-home/toolchains/beta-2021-08-01-x86_64-unknown-linux-gnu/lib/rustlib/x86_64-unknown-linux-gnu/lib/libstd_detect-19fdaac49f59be84.rlib" "/opt/rustwide/rustup-home/toolchains/beta-2021-08-01-x86_64-unknown-linux-gnu/lib/rustlib/x86_64-unknown-linux-gnu/lib/librustc_demangle-cb00e2691ea45905.rlib" "/opt/rustwide/rustup-home/toolchains/beta-2021-08-01-x86_64-unknown-linux-gnu/lib/rustlib/x86_64-unknown-linux-gnu/lib/libhashbrown-50f6726defae5ae1.rlib" "/opt/rustwide/rustup-home/toolchains/beta-2021-08-01-x86_64-unknown-linux-gnu/lib/rustlib/x86_64-unknown-linux-gnu/lib/librustc_std_workspace_alloc-2afc16311deea26e.rlib" "/opt/rustwide/rustup-home/toolchains/beta-2021-08-01-x86_64-unknown-linux-gnu/lib/rustlib/x86_64-unknown-linux-gnu/lib/libunwind-bb5cb0fe086ee8cf.rlib" "/opt/rustwide/rustup-home/toolchains/beta-2021-08-01-x86_64-unknown-linux-gnu/lib/rustlib/x86_64-unknown-linux-gnu/lib/libcfg_if-896053247b5dfd0b.rlib" "/opt/rustwide/rustup-home/toolchains/beta-2021-08-01-x86_64-unknown-linux-gnu/lib/rustlib/x86_64-unknown-linux-gnu/lib/liblibc-735e1f2ac3cf23be.rlib" "/opt/rustwide/rustup-home/toolchains/beta-2021-08-01-x86_64-unknown-linux-gnu/lib/rustlib/x86_64-unknown-linux-gnu/lib/liballoc-9dfb6622644c732c.rlib" "/opt/rustwide/rustup-home/toolchains/beta-2021-08-01-x86_64-unknown-linux-gnu/lib/rustlib/x86_64-unknown-linux-gnu/lib/librustc_std_workspace_core-beea7d9617fe25c5.rlib" "/opt/rustwide/rustup-home/toolchains/beta-2021-08-01-x86_64-unknown-linux-gnu/lib/rustlib/x86_64-unknown-linux-gnu/lib/libcore-8ef7dd43fc671f88.rlib" "-Wl,--end-group" "/opt/rustwide/rustup-home/toolchains/beta-2021-08-01-x86_64-unknown-linux-gnu/lib/rustlib/x86_64-unknown-linux-gnu/lib/libcompiler_builtins-a9a3b2ad67977f47.rlib" "-Wl,-Bdynamic" "-lssl" "-lcrypto" "-lgcc_s" "-lutil" "-lrt" "-lpthread" "-lm" "-ldl" "-lc" "-Wl,--eh-frame-hdr" "-Wl,-znoexecstack" "-L" "/opt/rustwide/rustup-home/toolchains/beta-2021-08-01-x86_64-unknown-linux-gnu/lib/rustlib/x86_64-unknown-linux-gnu/lib" "-o" "/tmp/rustdoctestdp7QV8/rust_out" "-Wl,--gc-sections" "-pie" "-Wl,-zrelro" "-Wl,-znow" "-nodefaultlibs"
[INFO] [stdout]   = note: collect2: fatal error: ld terminated with signal 9 [Killed]
[INFO] [stdout]           compilation terminated.
[INFO] [stdout]           
[INFO] [stdout] 
[INFO] [stdout] error: aborting due to previous error
[INFO] [stdout] 
[INFO] [stdout] Couldn't compile the test.
[INFO] [stdout] ---- src/honeybadger.rs - honeybadger::ConfigBuilder::with_endpoint (line 171) stdout ----
[INFO] [stdout] error: linking with `cc` failed: exit status: 1
[INFO] [stdout]   |
[INFO] [stdout]   = note: "cc" "-m64" "/tmp/rustdoctestx7weFv/rust_out.rust_out.1376475e-cgu.0.rcgu.o" "/tmp/rustdoctestx7weFv/rust_out.3oi7hjnjienb8flc.rcgu.o" "-Wl,--as-needed" "-L" "/opt/rustwide/target/debug/deps" "-L" "/opt/rustwide/target/debug/deps" "-L" "/opt/rustwide/rustup-home/toolchains/beta-2021-08-01-x86_64-unknown-linux-gnu/lib/rustlib/x86_64-unknown-linux-gnu/lib" "-Wl,-Bstatic" "/opt/rustwide/target/debug/deps/libhoneybadger-01c14395ac6ac215.rlib" "/opt/rustwide/target/debug/deps/libserde_json-058e35b5158c7e0c.rlib" "/opt/rustwide/target/debug/deps/libryu-58d6bdbbdb00e196.rlib" "/opt/rustwide/target/debug/deps/libserde-7fdb8f204cf34bbe.rlib" "/opt/rustwide/target/debug/deps/libos_type-433dab9859d7e825.rlib" "/opt/rustwide/target/debug/deps/libregex-a3872ea1c1199fca.rlib" "/opt/rustwide/target/debug/deps/libaho_corasick-e187271509b4f902.rlib" "/opt/rustwide/target/debug/deps/libregex_syntax-b1f5a8f2fb571c3f.rlib" "/opt/rustwide/target/debug/deps/libhyper_tls-7ce78f2b4c451b29.rlib" "/opt/rustwide/target/debug/deps/libnative_tls-c3bd10065278a42b.rlib" "/opt/rustwide/target/debug/deps/libopenssl_probe-c6e919ed6021c5fe.rlib" "/opt/rustwide/target/debug/deps/libopenssl-d20bbd1dc45d4573.rlib" "/opt/rustwide/target/debug/deps/libonce_cell-9cf59def09207496.rlib" "/opt/rustwide/target/debug/deps/libbitflags-e09638bf9aca31b4.rlib" "/opt/rustwide/target/debug/deps/libforeign_types-b4d4d7edd906e428.rlib" "/opt/rustwide/target/debug/deps/libforeign_types_shared-585f047ff6a62f75.rlib" "/opt/rustwide/target/debug/deps/libopenssl_sys-92c2523a4419b49c.rlib" "/opt/rustwide/target/debug/deps/libhyper-fc2972473d0b8a69.rlib" "/opt/rustwide/target/debug/deps/libwant-50dce6c28363fd67.rlib" "/opt/rustwide/target/debug/deps/libtry_lock-5413453539618953.rlib" "/opt/rustwide/target/debug/deps/libtokio-4d9063d725e7cc36.rlib" "/opt/rustwide/target/debug/deps/libtokio_uds-10deeef9b246bea1.rlib" "/opt/rustwide/target/debug/deps/libmio_uds-2b860a98499f6e61.rlib" "/opt/rustwide/target/debug/deps/libtokio_udp-30be8b9045016615.rlib" "/opt/rustwide/target/debug/deps/libtokio_timer-13a751ee669e99c6.rlib" "/opt/rustwide/target/debug/deps/libtokio_tcp-2284986c93f1c04e.rlib" "/opt/rustwide/target/debug/deps/libtokio_reactor-bbb4edf279517966.rlib" "/opt/rustwide/target/debug/deps/libtokio_sync-cef6b8c15875f604.rlib" "/opt/rustwide/target/debug/deps/libparking_lot-912cd8183a0f7b47.rlib" "/opt/rustwide/target/debug/deps/libparking_lot_core-a6e8dcce06d42d0b.rlib" "/opt/rustwide/target/debug/deps/libsmallvec-3f53ab61be893db5.rlib" "/opt/rustwide/target/debug/deps/liblock_api-354151540ba24b93.rlib" "/opt/rustwide/target/debug/deps/libtokio_fs-e70baeb0b89a461f.rlib" "/opt/rustwide/target/debug/deps/libtokio_threadpool-c00f2503c63a816c.rlib" "/opt/rustwide/target/debug/deps/libcrossbeam_queue-7e820ed6f748bdf1.rlib" "/opt/rustwide/target/debug/deps/libcrossbeam_deque-585e1e31dcd4882d.rlib" "/opt/rustwide/target/debug/deps/libcrossbeam_epoch-e969548fcbdf5d75.rlib" "/opt/rustwide/target/debug/deps/libscopeguard-77ffbe2fe379a2bf.rlib" "/opt/rustwide/target/debug/deps/libmemoffset-a12ae7293f8eed8b.rlib" "/opt/rustwide/target/debug/deps/libmaybe_uninit-695311e2d4eb5931.rlib" "/opt/rustwide/target/debug/deps/libtokio_current_thread-c22b1fa6df721136.rlib" "/opt/rustwide/target/debug/deps/libtokio_executor-b84e4b9407f610cf.rlib" "/opt/rustwide/target/debug/deps/libcrossbeam_utils-6ccdd1cb1d87c90c.rlib" "/opt/rustwide/target/debug/deps/liblazy_static-e92083d5a39a8b50.rlib" "/opt/rustwide/target/debug/deps/libtokio_codec-6381e59f3f19af77.rlib" "/opt/rustwide/target/debug/deps/libmio-de8240190648fe5c.rlib" "/opt/rustwide/target/debug/deps/libtime-14da63046ca4d618.rlib" "/opt/rustwide/target/debug/deps/libnet2-535bc888beb7bad3.rlib" "/opt/rustwide/target/debug/deps/libcfg_if-ffb7f11ad1437080.rlib" "/opt/rustwide/target/debug/deps/libhttparse-c567b0f61aebf2a9.rlib" "/opt/rustwide/target/debug/deps/libhttp_body-dddee39360938518.rlib" "/opt/rustwide/target/debug/deps/libtokio_buf-1ac20668f6212fa2.rlib" "/opt/rustwide/target/debug/deps/libh2-610ddde5e25b828f.rlib" "/opt/rustwide/target/debug/deps/libindexmap-aaa7679905b2afd3.rlib" "/opt/rustwide/target/debug/deps/libhashbrown-0a6de1fd7b8891d4.rlib" "/opt/rustwide/target/debug/deps/libstring-319aae3eb64d6f81.rlib" "/opt/rustwide/target/debug/deps/libslab-d8039491c225f987.rlib" "/opt/rustwide/target/debug/deps/libtokio_io-3c690a13ebb03ac4.rlib" "/opt/rustwide/target/debug/deps/liblog-6eac8828b0293875.rlib" "/opt/rustwide/target/debug/deps/libfutures_cpupool-3059c28ca277f26f.rlib" "/opt/rustwide/target/debug/deps/libnum_cpus-c71919f527130ee7.rlib" "/opt/rustwide/target/debug/deps/libhttp-a6b4079bb55b893a.rlib" "/opt/rustwide/target/debug/deps/libitoa-f0883342bffd153c.rlib" "/opt/rustwide/target/debug/deps/libfnv-059813dc4f8dd4c8.rlib" "/opt/rustwide/target/debug/deps/libbytes-2016cc25398dc649.rlib" "/opt/rustwide/target/debug/deps/libeither-7c6ea7c6fa08bb39.rlib" "/opt/rustwide/target/debug/deps/libiovec-fbb2024ac0bba903.rlib" "/opt/rustwide/target/debug/deps/libbyteorder-f30fa083324a1476.rlib" "/opt/rustwide/target/debug/deps/libhostname-63f92a0023c738b6.rlib" "/opt/rustwide/target/debug/deps/libfutures-c39dff430ac81ac9.rlib" "/opt/rustwide/target/debug/deps/libfailure-3cebd321507b08bf.rlib" "/opt/rustwide/target/debug/deps/liberror_chain-adf08390efb42f71.rlib" "/opt/rustwide/target/debug/deps/libbacktrace-b079ef3eadde7985.rlib" "/opt/rustwide/target/debug/deps/libminiz_oxide-0bdb5fa25f371614.rlib" "/opt/rustwide/target/debug/deps/libadler-7d22ef6d37ef0175.rlib" "/opt/rustwide/target/debug/deps/libobject-c4f475456622d51b.rlib" "/opt/rustwide/target/debug/deps/libmemchr-fdb14ed691dc70dd.rlib" "/opt/rustwide/target/debug/deps/liblibc-bd0a7f2f55865ae0.rlib" "/opt/rustwide/target/debug/deps/libaddr2line-b936c714e4d1078d.rlib" "/opt/rustwide/target/debug/deps/libgimli-49523202187b59f9.rlib" "/opt/rustwide/target/debug/deps/libcfg_if-0d27f345b2a6a3cd.rlib" "/opt/rustwide/target/debug/deps/librustc_demangle-91cfc1fbd8493277.rlib" "-Wl,--start-group" "/opt/rustwide/rustup-home/toolchains/beta-2021-08-01-x86_64-unknown-linux-gnu/lib/rustlib/x86_64-unknown-linux-gnu/lib/libstd-197d933f09d9a590.rlib" "/opt/rustwide/rustup-home/toolchains/beta-2021-08-01-x86_64-unknown-linux-gnu/lib/rustlib/x86_64-unknown-linux-gnu/lib/libpanic_unwind-46a006cddfd334f0.rlib" "/opt/rustwide/rustup-home/toolchains/beta-2021-08-01-x86_64-unknown-linux-gnu/lib/rustlib/x86_64-unknown-linux-gnu/lib/libminiz_oxide-5b9870310e470b38.rlib" "/opt/rustwide/rustup-home/toolchains/beta-2021-08-01-x86_64-unknown-linux-gnu/lib/rustlib/x86_64-unknown-linux-gnu/lib/libadler-260022ba8f1ab4ee.rlib" "/opt/rustwide/rustup-home/toolchains/beta-2021-08-01-x86_64-unknown-linux-gnu/lib/rustlib/x86_64-unknown-linux-gnu/lib/libobject-71377435a799394f.rlib" "/opt/rustwide/rustup-home/toolchains/beta-2021-08-01-x86_64-unknown-linux-gnu/lib/rustlib/x86_64-unknown-linux-gnu/lib/libaddr2line-658ee5924fde57cd.rlib" "/opt/rustwide/rustup-home/toolchains/beta-2021-08-01-x86_64-unknown-linux-gnu/lib/rustlib/x86_64-unknown-linux-gnu/lib/libgimli-9e8627da6bd1b94a.rlib" "/opt/rustwide/rustup-home/toolchains/beta-2021-08-01-x86_64-unknown-linux-gnu/lib/rustlib/x86_64-unknown-linux-gnu/lib/libstd_detect-19fdaac49f59be84.rlib" "/opt/rustwide/rustup-home/toolchains/beta-2021-08-01-x86_64-unknown-linux-gnu/lib/rustlib/x86_64-unknown-linux-gnu/lib/librustc_demangle-cb00e2691ea45905.rlib" "/opt/rustwide/rustup-home/toolchains/beta-2021-08-01-x86_64-unknown-linux-gnu/lib/rustlib/x86_64-unknown-linux-gnu/lib/libhashbrown-50f6726defae5ae1.rlib" "/opt/rustwide/rustup-home/toolchains/beta-2021-08-01-x86_64-unknown-linux-gnu/lib/rustlib/x86_64-unknown-linux-gnu/lib/librustc_std_workspace_alloc-2afc16311deea26e.rlib" "/opt/rustwide/rustup-home/toolchains/beta-2021-08-01-x86_64-unknown-linux-gnu/lib/rustlib/x86_64-unknown-linux-gnu/lib/libunwind-bb5cb0fe086ee8cf.rlib" "/opt/rustwide/rustup-home/toolchains/beta-2021-08-01-x86_64-unknown-linux-gnu/lib/rustlib/x86_64-unknown-linux-gnu/lib/libcfg_if-896053247b5dfd0b.rlib" "/opt/rustwide/rustup-home/toolchains/beta-2021-08-01-x86_64-unknown-linux-gnu/lib/rustlib/x86_64-unknown-linux-gnu/lib/liblibc-735e1f2ac3cf23be.rlib" "/opt/rustwide/rustup-home/toolchains/beta-2021-08-01-x86_64-unknown-linux-gnu/lib/rustlib/x86_64-unknown-linux-gnu/lib/liballoc-9dfb6622644c732c.rlib" "/opt/rustwide/rustup-home/toolchains/beta-2021-08-01-x86_64-unknown-linux-gnu/lib/rustlib/x86_64-unknown-linux-gnu/lib/librustc_std_workspace_core-beea7d9617fe25c5.rlib" "/opt/rustwide/rustup-home/toolchains/beta-2021-08-01-x86_64-unknown-linux-gnu/lib/rustlib/x86_64-unknown-linux-gnu/lib/libcore-8ef7dd43fc671f88.rlib" "-Wl,--end-group" "/opt/rustwide/rustup-home/toolchains/beta-2021-08-01-x86_64-unknown-linux-gnu/lib/rustlib/x86_64-unknown-linux-gnu/lib/libcompiler_builtins-a9a3b2ad67977f47.rlib" "-Wl,-Bdynamic" "-lssl" "-lcrypto" "-lgcc_s" "-lutil" "-lrt" "-lpthread" "-lm" "-ldl" "-lc" "-Wl,--eh-frame-hdr" "-Wl,-znoexecstack" "-L" "/opt/rustwide/rustup-home/toolchains/beta-2021-08-01-x86_64-unknown-linux-gnu/lib/rustlib/x86_64-unknown-linux-gnu/lib" "-o" "/tmp/rustdoctestx7weFv/rust_out" "-Wl,--gc-sections" "-pie" "-Wl,-zrelro" "-Wl,-znow" "-nodefaultlibs"
[INFO] [stdout]   = note: collect2: fatal error: ld terminated with signal 9 [Killed]
[INFO] [stdout]           compilation terminated.
[INFO] [stdout]           
[INFO] [stdout] 
[INFO] [stdout] error: aborting due to previous error
[INFO] [stdout] 
[INFO] [stdout] Couldn't compile the test.
[INFO] [stdout] 
[INFO] [stdout] failures:
[INFO] [stdout]     src/honeybadger.rs - honeybadger::ConfigBuilder::with_endpoint (line 171)
[INFO] [stdout]     src/honeybadger.rs - honeybadger::ConfigBuilder::with_hostname (line 152)
[INFO] [stdout]     src/honeybadger.rs - honeybadger::ConfigBuilder::with_threads (line 210)
[INFO] [stdout]     src/honeybadger.rs - honeybadger::Honeybadger::notify (line 383)
[INFO] [stdout]     src/honeybadger.rs - honeybadger::Honeybadger::notify (line 414)
[INFO] [stdout]     src/honeybadger.rs - honeybadger::Honeybadger::notify (line 446)
[INFO] [stdout]     src/lib.rs - (line 34)
[INFO] [stdout] 
[INFO] [stdout] test result: FAILED. 6 passed; 7 failed; 0 ignored; 0 measured; 0 filtered out; finished in 6.98s
[INFO] [stdout] 
[INFO] [stderr] error: test failed, to rerun pass '--doc'
[INFO] running `Command { std: "docker" "inspect" "bfc5a6250f2ed77d9659f170d2a3bd4d16c82b5f1a361b008fb50dad41cec64d", kill_on_drop: false }`
[INFO] running `Command { std: "docker" "rm" "-f" "bfc5a6250f2ed77d9659f170d2a3bd4d16c82b5f1a361b008fb50dad41cec64d", kill_on_drop: false }`
[INFO] [stdout] bfc5a6250f2ed77d9659f170d2a3bd4d16c82b5f1a361b008fb50dad41cec64d
