[INFO] fetching crate home-easy 0.2.1...
[INFO] testing home-easy-0.2.1 against 1.54.0 for beta-1.55-1
[INFO] extracting crate home-easy 0.2.1 into /workspace/builds/worker-97/source
[INFO] validating manifest of crates.io crate home-easy 0.2.1 on toolchain 1.54.0
[INFO] running `Command { std: "/workspace/cargo-home/bin/cargo" "+1.54.0" "metadata" "--manifest-path" "Cargo.toml" "--no-deps", kill_on_drop: false }`
[INFO] removed /workspace/builds/worker-97/source/.cargo/config
[INFO] started tweaking crates.io crate home-easy 0.2.1
[INFO] finished tweaking crates.io crate home-easy 0.2.1
[INFO] tweaked toml for crates.io crate home-easy 0.2.1 written to /workspace/builds/worker-97/source/Cargo.toml
[INFO] crate crates.io crate home-easy 0.2.1 already has a lockfile, it will not be regenerated
[INFO] running `Command { std: "/workspace/cargo-home/bin/cargo" "+1.54.0" "fetch" "--manifest-path" "Cargo.toml", kill_on_drop: false }`
[INFO] [stderr]     Blocking waiting for file lock on package cache
[INFO] [stderr]     Blocking waiting for file lock on package cache
[INFO] running `Command { std: "docker" "create" "-v" "/var/lib/crater-agent-workspace/builds/worker-97/target:/opt/rustwide/target:rw,Z" "-v" "/var/lib/crater-agent-workspace/builds/worker-97/source:/opt/rustwide/workdir:ro,Z" "-v" "/var/lib/crater-agent-workspace/cargo-home:/opt/rustwide/cargo-home:ro,Z" "-v" "/var/lib/crater-agent-workspace/rustup-home:/opt/rustwide/rustup-home:ro,Z" "-e" "SOURCE_DIR=/opt/rustwide/workdir" "-e" "CARGO_TARGET_DIR=/opt/rustwide/target" "-e" "CARGO_HOME=/opt/rustwide/cargo-home" "-e" "RUSTUP_HOME=/opt/rustwide/rustup-home" "-w" "/opt/rustwide/workdir" "-m" "1610612736" "--user" "0:0" "--network" "none" "ghcr.io/rust-lang/crates-build-env/linux@sha256:34b6a614d2c27851fe6cbf88fbd1137609cefab8b10d0615aaeb6fd47975d74e" "/opt/rustwide/cargo-home/bin/cargo" "+1.54.0" "metadata" "--no-deps" "--format-version=1", kill_on_drop: false }`
[INFO] [stdout] 81613a9dc1b352734c42dcaeff9aa0211be9e39bfbaadc714a764b7292dd2fa0
[INFO] running `Command { std: "docker" "start" "-a" "81613a9dc1b352734c42dcaeff9aa0211be9e39bfbaadc714a764b7292dd2fa0", kill_on_drop: false }`
[INFO] running `Command { std: "docker" "inspect" "81613a9dc1b352734c42dcaeff9aa0211be9e39bfbaadc714a764b7292dd2fa0", kill_on_drop: false }`
[INFO] running `Command { std: "docker" "rm" "-f" "81613a9dc1b352734c42dcaeff9aa0211be9e39bfbaadc714a764b7292dd2fa0", kill_on_drop: false }`
[INFO] [stdout] 81613a9dc1b352734c42dcaeff9aa0211be9e39bfbaadc714a764b7292dd2fa0
[INFO] running `Command { std: "docker" "create" "-v" "/var/lib/crater-agent-workspace/builds/worker-97/target:/opt/rustwide/target:rw,Z" "-v" "/var/lib/crater-agent-workspace/builds/worker-97/source:/opt/rustwide/workdir:ro,Z" "-v" "/var/lib/crater-agent-workspace/cargo-home:/opt/rustwide/cargo-home:ro,Z" "-v" "/var/lib/crater-agent-workspace/rustup-home:/opt/rustwide/rustup-home:ro,Z" "-e" "SOURCE_DIR=/opt/rustwide/workdir" "-e" "CARGO_TARGET_DIR=/opt/rustwide/target" "-e" "CARGO_INCREMENTAL=0" "-e" "RUST_BACKTRACE=full" "-e" "RUSTFLAGS=--cap-lints=warn" "-e" "CARGO_HOME=/opt/rustwide/cargo-home" "-e" "RUSTUP_HOME=/opt/rustwide/rustup-home" "-w" "/opt/rustwide/workdir" "-m" "1610612736" "--user" "0:0" "--network" "none" "ghcr.io/rust-lang/crates-build-env/linux@sha256:34b6a614d2c27851fe6cbf88fbd1137609cefab8b10d0615aaeb6fd47975d74e" "/opt/rustwide/cargo-home/bin/cargo" "+1.54.0" "build" "--frozen" "--message-format=json", kill_on_drop: false }`
[INFO] [stdout] 636d8251286f90479dff22189e2ce7dc172d24813cfec43cd01fd95f6a586fe1
[INFO] running `Command { std: "docker" "start" "-a" "636d8251286f90479dff22189e2ce7dc172d24813cfec43cd01fd95f6a586fe1", kill_on_drop: false }`
[INFO] [stderr]     Blocking waiting for file lock on package cache
[INFO] [stderr]     Blocking waiting for file lock on package cache
[INFO] [stderr]    Compiling libc v0.2.77
[INFO] [stderr]    Compiling proc-macro2 v1.0.21
[INFO] [stderr]    Compiling serde v1.0.116
[INFO] [stderr]    Compiling cc v1.0.60
[INFO] [stderr]    Compiling unicode-xid v0.2.1
[INFO] [stderr]    Compiling syn v1.0.41
[INFO] [stderr]    Compiling log v0.4.11
[INFO] [stderr]    Compiling linked-hash-map v0.5.3
[INFO] [stderr]    Compiling serde_json v1.0.57
[INFO] [stderr]    Compiling serde_derive v1.0.116
[INFO] [stderr]    Compiling cfg-if v0.1.10
[INFO] [stderr]    Compiling dtoa v0.4.6
[INFO] [stderr]    Compiling quick-error v1.2.3
[INFO] [stderr]    Compiling itoa v0.4.6
[INFO] [stderr]    Compiling unicode-width v0.1.8
[INFO] [stderr]    Compiling antidote v1.0.0
[INFO] [stderr]    Compiling log-mdc v0.1.0
[INFO] [stderr]    Compiling vec_map v0.8.2
[INFO] [stderr]    Compiling crossbeam v0.2.12
[INFO] [stderr]    Compiling strsim v0.8.0
[INFO] [stderr]    Compiling fnv v1.0.7
[INFO] [stderr]    Compiling ansi_term v0.11.0
[INFO] [stderr]    Compiling num-traits v0.2.12
[INFO] [stderr]    Compiling num-integer v0.1.43
[INFO] [stderr]    Compiling num-iter v0.1.41
[INFO] [stderr]    Compiling unsafe-any v0.4.2
[INFO] [stderr]    Compiling textwrap v0.11.0
[INFO] [stderr]    Compiling yaml-rust v0.4.4
[INFO] [stderr]    Compiling humantime v1.3.0
[INFO] [stderr]    Compiling typemap v0.3.3
[INFO] [stderr]    Compiling miniz-sys v0.1.12
[INFO] [stderr]    Compiling log v0.3.9
[INFO] [stderr]    Compiling ordered-float v1.1.0
[INFO] [stderr]    Compiling quote v1.0.7
[INFO] [stderr]    Compiling time v0.1.44
[INFO] [stderr]    Compiling atty v0.2.14
[INFO] [stderr]    Compiling rppal v0.11.3
[INFO] [stderr]    Compiling serde_yaml v0.7.5
[INFO] [stderr]    Compiling serde-value v0.5.3
[INFO] [stderr]    Compiling flate2 v0.2.20
[INFO] [stderr]    Compiling clap v2.33.3
[INFO] [stderr]    Compiling num v0.1.42
[INFO] [stderr]    Compiling chrono v0.3.0
[INFO] [stderr]    Compiling log4rs v0.7.0
[INFO] [stderr]    Compiling home-easy v0.2.1 (/opt/rustwide/workdir)
[INFO] [stderr]     Finished dev [unoptimized + debuginfo] target(s) in 50.12s
[INFO] running `Command { std: "docker" "inspect" "636d8251286f90479dff22189e2ce7dc172d24813cfec43cd01fd95f6a586fe1", kill_on_drop: false }`
[INFO] running `Command { std: "docker" "rm" "-f" "636d8251286f90479dff22189e2ce7dc172d24813cfec43cd01fd95f6a586fe1", kill_on_drop: false }`
[INFO] [stdout] 636d8251286f90479dff22189e2ce7dc172d24813cfec43cd01fd95f6a586fe1
[INFO] running `Command { std: "docker" "create" "-v" "/var/lib/crater-agent-workspace/builds/worker-97/target:/opt/rustwide/target:rw,Z" "-v" "/var/lib/crater-agent-workspace/builds/worker-97/source:/opt/rustwide/workdir:ro,Z" "-v" "/var/lib/crater-agent-workspace/cargo-home:/opt/rustwide/cargo-home:ro,Z" "-v" "/var/lib/crater-agent-workspace/rustup-home:/opt/rustwide/rustup-home:ro,Z" "-e" "SOURCE_DIR=/opt/rustwide/workdir" "-e" "CARGO_TARGET_DIR=/opt/rustwide/target" "-e" "CARGO_INCREMENTAL=0" "-e" "RUST_BACKTRACE=full" "-e" "RUSTFLAGS=--cap-lints=warn" "-e" "CARGO_HOME=/opt/rustwide/cargo-home" "-e" "RUSTUP_HOME=/opt/rustwide/rustup-home" "-w" "/opt/rustwide/workdir" "-m" "1610612736" "--user" "0:0" "--network" "none" "ghcr.io/rust-lang/crates-build-env/linux@sha256:34b6a614d2c27851fe6cbf88fbd1137609cefab8b10d0615aaeb6fd47975d74e" "/opt/rustwide/cargo-home/bin/cargo" "+1.54.0" "test" "--frozen" "--no-run" "--message-format=json", kill_on_drop: false }`
[INFO] [stdout] 77ff80ffac4ba7baea89da9cf9d9842b799b5df58990759a794174452df428e3
[INFO] running `Command { std: "docker" "start" "-a" "77ff80ffac4ba7baea89da9cf9d9842b799b5df58990759a794174452df428e3", kill_on_drop: false }`
[INFO] [stderr]    Compiling home-easy v0.2.1 (/opt/rustwide/workdir)
[INFO] [stderr]     Finished test [unoptimized + debuginfo] target(s) in 0.78s
[INFO] running `Command { std: "docker" "inspect" "77ff80ffac4ba7baea89da9cf9d9842b799b5df58990759a794174452df428e3", kill_on_drop: false }`
[INFO] running `Command { std: "docker" "rm" "-f" "77ff80ffac4ba7baea89da9cf9d9842b799b5df58990759a794174452df428e3", kill_on_drop: false }`
[INFO] [stdout] 77ff80ffac4ba7baea89da9cf9d9842b799b5df58990759a794174452df428e3
[INFO] running `Command { std: "docker" "create" "-v" "/var/lib/crater-agent-workspace/builds/worker-97/target:/opt/rustwide/target:rw,Z" "-v" "/var/lib/crater-agent-workspace/builds/worker-97/source:/opt/rustwide/workdir:ro,Z" "-v" "/var/lib/crater-agent-workspace/cargo-home:/opt/rustwide/cargo-home:ro,Z" "-v" "/var/lib/crater-agent-workspace/rustup-home:/opt/rustwide/rustup-home:ro,Z" "-e" "SOURCE_DIR=/opt/rustwide/workdir" "-e" "CARGO_TARGET_DIR=/opt/rustwide/target" "-e" "CARGO_INCREMENTAL=0" "-e" "RUST_BACKTRACE=full" "-e" "RUSTFLAGS=--cap-lints=warn" "-e" "CARGO_HOME=/opt/rustwide/cargo-home" "-e" "RUSTUP_HOME=/opt/rustwide/rustup-home" "-w" "/opt/rustwide/workdir" "-m" "1610612736" "--user" "0:0" "--network" "none" "ghcr.io/rust-lang/crates-build-env/linux@sha256:34b6a614d2c27851fe6cbf88fbd1137609cefab8b10d0615aaeb6fd47975d74e" "/opt/rustwide/cargo-home/bin/cargo" "+1.54.0" "test" "--frozen", kill_on_drop: false }`
[INFO] [stdout] fdbf20dea0fdbbe060900a71562c3207146ab4bad03af5941bb5f7a703dfbe0c
[INFO] running `Command { std: "docker" "start" "-a" "fdbf20dea0fdbbe060900a71562c3207146ab4bad03af5941bb5f7a703dfbe0c", kill_on_drop: false }`
[INFO] [stderr]     Finished test [unoptimized + debuginfo] target(s) in 0.06s
[INFO] [stdout] 
[INFO] [stderr]      Running unittests (/opt/rustwide/target/debug/deps/home_easy-ca70dbe212f6aa6d)
[INFO] [stdout] running 2 tests
[INFO] [stderr] error: test failed, to rerun pass '--lib'
[INFO] [stdout] test tests::it_cannot_switch_to_rt_scheduler - should panic ... FAILED
[INFO] [stdout] test tests::it_cannot_switch_to_standard_scheduler - should panic ... FAILED
[INFO] [stdout] 
[INFO] [stdout] failures:
[INFO] [stdout] 
[INFO] [stdout] ---- tests::it_cannot_switch_to_rt_scheduler stdout ----
[INFO] [stdout] Failed to switch to realtime scheduler.
[INFO] [stdout] note: test did not panic as expected
[INFO] [stdout] ---- tests::it_cannot_switch_to_standard_scheduler stdout ----
[INFO] [stdout] note: test did not panic as expected
[INFO] [stdout] 
[INFO] [stdout] failures:
[INFO] [stdout]     tests::it_cannot_switch_to_rt_scheduler
[INFO] [stdout]     tests::it_cannot_switch_to_standard_scheduler
[INFO] [stdout] 
[INFO] [stdout] test result: FAILED. 0 passed; 2 failed; 0 ignored; 0 measured; 0 filtered out; finished in 0.00s
[INFO] [stdout] 
[INFO] running `Command { std: "docker" "inspect" "fdbf20dea0fdbbe060900a71562c3207146ab4bad03af5941bb5f7a703dfbe0c", kill_on_drop: false }`
[INFO] running `Command { std: "docker" "rm" "-f" "fdbf20dea0fdbbe060900a71562c3207146ab4bad03af5941bb5f7a703dfbe0c", kill_on_drop: false }`
[INFO] [stdout] fdbf20dea0fdbbe060900a71562c3207146ab4bad03af5941bb5f7a703dfbe0c
