[INFO] fetching crate holochain_wasmer_host 0.0.73...
[INFO] testing holochain_wasmer_host-0.0.73 against beta-2021-08-01 for beta-1.55-1
[INFO] extracting crate holochain_wasmer_host 0.0.73 into /workspace/builds/worker-16/source
[INFO] validating manifest of crates.io crate holochain_wasmer_host 0.0.73 on toolchain beta-2021-08-01
[INFO] running `Command { std: "/workspace/cargo-home/bin/cargo" "+beta-2021-08-01" "metadata" "--manifest-path" "Cargo.toml" "--no-deps", kill_on_drop: false }`
[INFO] started tweaking crates.io crate holochain_wasmer_host 0.0.73
[INFO] finished tweaking crates.io crate holochain_wasmer_host 0.0.73
[INFO] tweaked toml for crates.io crate holochain_wasmer_host 0.0.73 written to /workspace/builds/worker-16/source/Cargo.toml
[INFO] running `Command { std: "/workspace/cargo-home/bin/cargo" "+beta-2021-08-01" "generate-lockfile" "--manifest-path" "Cargo.toml" "-Zno-index-update", kill_on_drop: false }`
[INFO] [stderr]     Blocking waiting for file lock on package cache
[INFO] running `Command { std: "/workspace/cargo-home/bin/cargo" "+beta-2021-08-01" "fetch" "--manifest-path" "Cargo.toml", kill_on_drop: false }`
[INFO] [stderr]     Blocking waiting for file lock on package cache
[INFO] [stderr]     Blocking waiting for file lock on package cache
[INFO] running `Command { std: "docker" "create" "-v" "/var/lib/crater-agent-workspace/builds/worker-16/target:/opt/rustwide/target:rw,Z" "-v" "/var/lib/crater-agent-workspace/builds/worker-16/source:/opt/rustwide/workdir:ro,Z" "-v" "/var/lib/crater-agent-workspace/cargo-home:/opt/rustwide/cargo-home:ro,Z" "-v" "/var/lib/crater-agent-workspace/rustup-home:/opt/rustwide/rustup-home:ro,Z" "-e" "SOURCE_DIR=/opt/rustwide/workdir" "-e" "CARGO_TARGET_DIR=/opt/rustwide/target" "-e" "CARGO_HOME=/opt/rustwide/cargo-home" "-e" "RUSTUP_HOME=/opt/rustwide/rustup-home" "-w" "/opt/rustwide/workdir" "-m" "1610612736" "--user" "0:0" "--network" "none" "ghcr.io/rust-lang/crates-build-env/linux@sha256:34b6a614d2c27851fe6cbf88fbd1137609cefab8b10d0615aaeb6fd47975d74e" "/opt/rustwide/cargo-home/bin/cargo" "+beta-2021-08-01" "metadata" "--no-deps" "--format-version=1", kill_on_drop: false }`
[INFO] [stdout] 86e1559fa97684d9ba7c378a5da8b314535773602ae90cce90b7ac54ecba66a8
[INFO] running `Command { std: "docker" "start" "-a" "86e1559fa97684d9ba7c378a5da8b314535773602ae90cce90b7ac54ecba66a8", kill_on_drop: false }`
[INFO] running `Command { std: "docker" "inspect" "86e1559fa97684d9ba7c378a5da8b314535773602ae90cce90b7ac54ecba66a8", kill_on_drop: false }`
[INFO] running `Command { std: "docker" "rm" "-f" "86e1559fa97684d9ba7c378a5da8b314535773602ae90cce90b7ac54ecba66a8", kill_on_drop: false }`
[INFO] [stdout] 86e1559fa97684d9ba7c378a5da8b314535773602ae90cce90b7ac54ecba66a8
[INFO] running `Command { std: "docker" "create" "-v" "/var/lib/crater-agent-workspace/builds/worker-16/target:/opt/rustwide/target:rw,Z" "-v" "/var/lib/crater-agent-workspace/builds/worker-16/source:/opt/rustwide/workdir:ro,Z" "-v" "/var/lib/crater-agent-workspace/cargo-home:/opt/rustwide/cargo-home:ro,Z" "-v" "/var/lib/crater-agent-workspace/rustup-home:/opt/rustwide/rustup-home:ro,Z" "-e" "SOURCE_DIR=/opt/rustwide/workdir" "-e" "CARGO_TARGET_DIR=/opt/rustwide/target" "-e" "CARGO_INCREMENTAL=0" "-e" "RUST_BACKTRACE=full" "-e" "RUSTFLAGS=--cap-lints=warn" "-e" "CARGO_HOME=/opt/rustwide/cargo-home" "-e" "RUSTUP_HOME=/opt/rustwide/rustup-home" "-w" "/opt/rustwide/workdir" "-m" "1610612736" "--user" "0:0" "--network" "none" "ghcr.io/rust-lang/crates-build-env/linux@sha256:34b6a614d2c27851fe6cbf88fbd1137609cefab8b10d0615aaeb6fd47975d74e" "/opt/rustwide/cargo-home/bin/cargo" "+beta-2021-08-01" "build" "--frozen" "--message-format=json", kill_on_drop: false }`
[INFO] [stdout] 0e189d4ca49e7b0082edff253b21de3d0ed3ee0ec57bf207b36f4ad3a7517986
[INFO] running `Command { std: "docker" "start" "-a" "0e189d4ca49e7b0082edff253b21de3d0ed3ee0ec57bf207b36f4ad3a7517986", kill_on_drop: false }`
[INFO] [stderr]     Blocking waiting for file lock on package cache
[INFO] [stderr]    Compiling proc-macro2 v1.0.28
[INFO] [stderr]    Compiling unicode-xid v0.2.2
[INFO] [stderr]    Compiling syn v1.0.74
[INFO] [stderr]    Compiling autocfg v1.0.1
[INFO] [stderr]    Compiling cfg-if v1.0.0
[INFO] [stderr]    Compiling serde_derive v1.0.123
[INFO] [stderr]    Compiling libc v0.2.98
[INFO] [stderr]    Compiling serde v1.0.123
[INFO] [stderr]    Compiling hashbrown v0.11.2
[INFO] [stderr]    Compiling cc v1.0.69
[INFO] [stderr]    Compiling lazy_static v1.4.0
[INFO] [stderr]    Compiling memchr v2.4.0
[INFO] [stderr]    Compiling smallvec v1.6.1
[INFO] [stderr]    Compiling fnv v1.0.7
[INFO] [stderr]    Compiling ident_case v1.0.1
[INFO] [stderr]    Compiling strsim v0.10.0
[INFO] [stderr]    Compiling rustversion v1.0.5
[INFO] [stderr]    Compiling target-lexicon v0.12.1
[INFO] [stderr]    Compiling rkyv v0.6.7
[INFO] [stderr]    Compiling bitflags v1.2.1
[INFO] [stderr]    Compiling gimli v0.25.0
[INFO] [stderr]    Compiling seahash v4.1.0
[INFO] [stderr]    Compiling adler v1.0.2
[INFO] [stderr]    Compiling rustc-demangle v0.1.20
[INFO] [stderr]    Compiling crossbeam-utils v0.8.5
[INFO] [stderr]    Compiling more-asserts v0.2.1
[INFO] [stderr]    Compiling cranelift-entity v0.74.0
[INFO] [stderr]    Compiling scopeguard v1.1.0
[INFO] [stderr]    Compiling version_check v0.9.3
[INFO] [stderr]    Compiling crossbeam-epoch v0.9.5
[INFO] [stderr]    Compiling log v0.4.14
[INFO] [stderr]    Compiling wasmparser v0.78.2
[INFO] [stderr]    Compiling cranelift-codegen-shared v0.74.0
[INFO] [stderr]    Compiling rayon-core v1.9.1
[INFO] [stderr]    Compiling crc32fast v1.2.1
[INFO] [stderr]    Compiling either v1.6.1
[INFO] [stderr]    Compiling rustc-hash v1.1.0
[INFO] [stderr]    Compiling fallible-iterator v0.2.0
[INFO] [stderr]    Compiling stable_deref_trait v1.2.0
[INFO] [stderr]    Compiling ryu v1.0.5
[INFO] [stderr]    Compiling ppv-lite86 v0.2.10
[INFO] [stderr]    Compiling leb128 v0.2.4
[INFO] [stderr]    Compiling serde_json v1.0.66
[INFO] [stderr]    Compiling pin-project-lite v0.2.7
[INFO] [stderr]    Compiling byteorder v1.4.3
[INFO] [stderr]    Compiling wasmer-compiler-cranelift v2.0.0
[INFO] [stderr]    Compiling remove_dir_all v0.5.3
[INFO] [stderr]    Compiling itoa v0.4.7
[INFO] [stderr]    Compiling once_cell v1.8.0
[INFO] [stderr]    Compiling bimap v0.6.1
[INFO] [stderr]    Compiling tracing-core v0.1.18
[INFO] [stderr]    Compiling instant v0.1.10
[INFO] [stderr]    Compiling libloading v0.7.0
[INFO] [stderr]    Compiling lock_api v0.4.4
[INFO] [stderr]    Compiling cranelift-codegen-meta v0.74.0
[INFO] [stderr]    Compiling cranelift-bforest v0.74.0
[INFO] [stderr]    Compiling indexmap v1.7.0
[INFO] [stderr]    Compiling memoffset v0.6.4
[INFO] [stderr]    Compiling miniz_oxide v0.4.4
[INFO] [stderr]    Compiling num-traits v0.2.14
[INFO] [stderr]    Compiling rayon v1.5.1
[INFO] [stderr]    Compiling backtrace v0.3.61
[INFO] [stderr]    Compiling wasmer-vm v2.0.0
[INFO] [stderr]    Compiling proc-macro-error-attr v1.0.4
[INFO] [stderr]    Compiling proc-macro-error v1.0.4
[INFO] [stderr]    Compiling regalloc v0.0.31
[INFO] [stderr]    Compiling wast v37.0.0
[INFO] [stderr]    Compiling addr2line v0.16.0
[INFO] [stderr]    Compiling crossbeam-channel v0.5.1
[INFO] [stderr]    Compiling region v2.2.0
[INFO] [stderr]    Compiling getrandom v0.2.3
[INFO] [stderr]    Compiling memmap2 v0.2.3
[INFO] [stderr]    Compiling num_cpus v1.13.0
[INFO] [stderr]    Compiling which v4.2.2
[INFO] [stderr]    Compiling parking_lot_core v0.8.3
[INFO] [stderr]    Compiling object v0.26.0
[INFO] [stderr]    Compiling quote v1.0.9
[INFO] [stderr]    Compiling rmp v0.8.10
[INFO] [stderr]    Compiling rand_core v0.6.3
[INFO] [stderr]    Compiling parking_lot v0.11.1
[INFO] [stderr]    Compiling rand_chacha v0.3.1
[INFO] [stderr]    Compiling crossbeam-deque v0.8.1
[INFO] [stderr]    Compiling rand v0.8.4
[INFO] [stderr]    Compiling wat v1.0.39
[INFO] [stderr]    Compiling tempfile v3.2.0
[INFO] [stderr]    Compiling cranelift-codegen v0.74.0
[INFO] [stderr]    Compiling darling_core v0.13.0
[INFO] [stderr]    Compiling thiserror-impl v1.0.26
[INFO] [stderr]    Compiling ptr_meta_derive v0.1.4
[INFO] [stderr]    Compiling loupe-derive v0.1.3
[INFO] [stderr]    Compiling rkyv_derive v0.6.7
[INFO] [stderr]    Compiling tracing-attributes v0.1.15
[INFO] [stderr]    Compiling holochain_serialized_bytes_derive v0.0.51
[INFO] [stderr]    Compiling wasmer-derive v2.0.0
[INFO] [stderr]    Compiling darling_macro v0.13.0
[INFO] [stderr]    Compiling ptr_meta v0.1.4
[INFO] [stderr]    Compiling darling v0.13.0
[INFO] [stderr]    Compiling enumset_derive v0.5.5
[INFO] [stderr]    Compiling thiserror v1.0.26
[INFO] [stderr]    Compiling tracing v0.1.26
[INFO] [stderr]    Compiling enumset v1.0.7
[INFO] [stderr]    Compiling serde_bytes v0.11.5
[INFO] [stderr]    Compiling serde-transcode v1.1.1
[INFO] [stderr]    Compiling rmp-serde v0.15.5
[INFO] [stderr]    Compiling loupe v0.1.3
[INFO] [stderr]    Compiling gimli v0.24.0
[INFO] [stderr]    Compiling object v0.25.3
[INFO] [stderr]    Compiling wasmer-types v2.0.0
[INFO] [stderr]    Compiling holochain_serialized_bytes v0.0.51
[INFO] [stderr]    Compiling holochain_wasmer_common v0.0.73
[INFO] [stderr]    Compiling wasmer-compiler v2.0.0
[INFO] [stderr]    Compiling wasmer-engine v2.0.0
[INFO] [stderr]    Compiling wasmer-object v2.0.0
[INFO] [stderr]    Compiling wasmer-engine-dylib v2.0.0
[INFO] [stderr]    Compiling wasmer-engine-universal v2.0.0
[INFO] [stderr]    Compiling cranelift-frontend v0.74.0
[INFO] [stderr]    Compiling wasmer v2.0.0
[INFO] [stderr]    Compiling holochain_wasmer_host v0.0.73 (/opt/rustwide/workdir)
[INFO] [stderr]     Finished dev [unoptimized + debuginfo] target(s) in 1m 40s
[INFO] running `Command { std: "docker" "inspect" "0e189d4ca49e7b0082edff253b21de3d0ed3ee0ec57bf207b36f4ad3a7517986", kill_on_drop: false }`
[INFO] running `Command { std: "docker" "rm" "-f" "0e189d4ca49e7b0082edff253b21de3d0ed3ee0ec57bf207b36f4ad3a7517986", kill_on_drop: false }`
[INFO] [stdout] 0e189d4ca49e7b0082edff253b21de3d0ed3ee0ec57bf207b36f4ad3a7517986
[INFO] running `Command { std: "docker" "create" "-v" "/var/lib/crater-agent-workspace/builds/worker-16/target:/opt/rustwide/target:rw,Z" "-v" "/var/lib/crater-agent-workspace/builds/worker-16/source:/opt/rustwide/workdir:ro,Z" "-v" "/var/lib/crater-agent-workspace/cargo-home:/opt/rustwide/cargo-home:ro,Z" "-v" "/var/lib/crater-agent-workspace/rustup-home:/opt/rustwide/rustup-home:ro,Z" "-e" "SOURCE_DIR=/opt/rustwide/workdir" "-e" "CARGO_TARGET_DIR=/opt/rustwide/target" "-e" "CARGO_INCREMENTAL=0" "-e" "RUST_BACKTRACE=full" "-e" "RUSTFLAGS=--cap-lints=warn" "-e" "CARGO_HOME=/opt/rustwide/cargo-home" "-e" "RUSTUP_HOME=/opt/rustwide/rustup-home" "-w" "/opt/rustwide/workdir" "-m" "1610612736" "--user" "0:0" "--network" "none" "ghcr.io/rust-lang/crates-build-env/linux@sha256:34b6a614d2c27851fe6cbf88fbd1137609cefab8b10d0615aaeb6fd47975d74e" "/opt/rustwide/cargo-home/bin/cargo" "+beta-2021-08-01" "test" "--frozen" "--no-run" "--message-format=json", kill_on_drop: false }`
[INFO] [stdout] 4167fd46f9ed1cff4273556e0629bfb425ec8514ded82ad2abbfb191a9654ae2
[INFO] running `Command { std: "docker" "start" "-a" "4167fd46f9ed1cff4273556e0629bfb425ec8514ded82ad2abbfb191a9654ae2", kill_on_drop: false }`
[INFO] [stderr]     Blocking waiting for file lock on package cache
[INFO] [stderr]     Blocking waiting for file lock on package cache
[INFO] [stderr]    Compiling holochain_wasmer_host v0.0.73 (/opt/rustwide/workdir)
[INFO] [stderr]     Finished test [unoptimized + debuginfo] target(s) in 7.58s
[INFO] running `Command { std: "docker" "inspect" "4167fd46f9ed1cff4273556e0629bfb425ec8514ded82ad2abbfb191a9654ae2", kill_on_drop: false }`
[INFO] running `Command { std: "docker" "rm" "-f" "4167fd46f9ed1cff4273556e0629bfb425ec8514ded82ad2abbfb191a9654ae2", kill_on_drop: false }`
[INFO] [stdout] 4167fd46f9ed1cff4273556e0629bfb425ec8514ded82ad2abbfb191a9654ae2
[INFO] running `Command { std: "docker" "create" "-v" "/var/lib/crater-agent-workspace/builds/worker-16/target:/opt/rustwide/target:rw,Z" "-v" "/var/lib/crater-agent-workspace/builds/worker-16/source:/opt/rustwide/workdir:ro,Z" "-v" "/var/lib/crater-agent-workspace/cargo-home:/opt/rustwide/cargo-home:ro,Z" "-v" "/var/lib/crater-agent-workspace/rustup-home:/opt/rustwide/rustup-home:ro,Z" "-e" "SOURCE_DIR=/opt/rustwide/workdir" "-e" "CARGO_TARGET_DIR=/opt/rustwide/target" "-e" "CARGO_INCREMENTAL=0" "-e" "RUST_BACKTRACE=full" "-e" "RUSTFLAGS=--cap-lints=warn" "-e" "CARGO_HOME=/opt/rustwide/cargo-home" "-e" "RUSTUP_HOME=/opt/rustwide/rustup-home" "-w" "/opt/rustwide/workdir" "-m" "1610612736" "--user" "0:0" "--network" "none" "ghcr.io/rust-lang/crates-build-env/linux@sha256:34b6a614d2c27851fe6cbf88fbd1137609cefab8b10d0615aaeb6fd47975d74e" "/opt/rustwide/cargo-home/bin/cargo" "+beta-2021-08-01" "test" "--frozen", kill_on_drop: false }`
[INFO] [stdout] acfac09a2bce2f40d9bc0f490e97f6e8e7bbefb5edac4cf1f1fe8af1f96e5009
[INFO] running `Command { std: "docker" "start" "-a" "acfac09a2bce2f40d9bc0f490e97f6e8e7bbefb5edac4cf1f1fe8af1f96e5009", kill_on_drop: false }`
[INFO] [stderr]     Finished test [unoptimized + debuginfo] target(s) in 0.20s
[INFO] [stderr]      Running unittests (/opt/rustwide/target/debug/deps/holochain_wasmer_host-48757b9427050fa7)
[INFO] [stdout] 
[INFO] [stdout] running 10 tests
[INFO] [stdout] test plru::tests::cache_sizes ... ok
[INFO] [stdout] test plru::tests::default ... ok
[INFO] [stdout] test plru::tests::replace_and_touch ... ok
[INFO] [stdout] test plru::tests::create ... ok
[INFO] [stdout] test plru::tests::replace_cold ... ok
[INFO] [stdout] test plru::tests::inflation ... ok
[INFO] [stdout] test plru::tests::simple_replace ... ok
[INFO] [stdout] test plru::tests::trash_cold ... ok
[INFO] [stdout] test plru::tests::replace_touch_trash ... ok
[INFO] [stdout] test plru::tests::line_oob - should panic ... ok
[INFO] [stdout] 
[INFO] [stdout] test result: ok. 10 passed; 0 failed; 0 ignored; 0 measured; 0 filtered out; finished in 0.06s
[INFO] [stdout] 
[INFO] [stderr]    Doc-tests holochain_wasmer_host
[INFO] [stdout] 
[INFO] [stdout] running 10 tests
[INFO] [stdout] test src/guest.rs - guest::read_bytes (line 115) ... ignored
[INFO] [stdout] test src/guest.rs - guest::read_bytes (line 90) ... ignored
[INFO] [stdout] test src/guest.rs - guest::write_bytes (line 16) ... ignored
[INFO] [stdout] test src/guest.rs - guest::write_bytes (line 60) ... ignored
[INFO] [stdout] test src/plru.rs - plru::Cache<B>::new (line 154) ... ok
[INFO] [stdout] test src/plru.rs - plru::Cache<B>::len (line 268) ... FAILED
[INFO] [stdout] test src/plru.rs - plru::Cache<B>::is_hot (line 284) ... FAILED
[INFO] [stdout] test src/plru.rs - plru::Cache<B>::replace (line 229) ... ok
[INFO] [stdout] test src/plru.rs - plru::Cache<B>::touch (line 175) ... ok
[INFO] [stdout] test src/plru.rs - plru::Cache<B>::trash (line 198) ... ok
[INFO] [stdout] 
[INFO] [stdout] failures:
[INFO] [stdout] 
[INFO] [stdout] ---- src/plru.rs - plru::Cache<B>::len (line 268) stdout ----
[INFO] [stdout] error: linking with `cc` failed: exit status: 1
[INFO] [stdout]   |
[INFO] [stdout]   = note: "cc" "-m64" "/tmp/rustdoctest0uSH1A/rust_out.rust_out.1376475e-cgu.0.rcgu.o" "/tmp/rustdoctest0uSH1A/rust_out.3oi7hjnjienb8flc.rcgu.o" "-Wl,--as-needed" "-L" "/opt/rustwide/target/debug/deps" "-L" "/opt/rustwide/target/debug/deps" "-L" "/opt/rustwide/target/debug/build/wasmer-vm-31fdbaafa0cde271/out" "-L" "/opt/rustwide/rustup-home/toolchains/beta-2021-08-01-x86_64-unknown-linux-gnu/lib/rustlib/x86_64-unknown-linux-gnu/lib" "-Wl,-Bstatic" "/opt/rustwide/target/debug/deps/libholochain_wasmer_host.rlib" "/opt/rustwide/target/debug/deps/libonce_cell-9cf59def09207496.rlib" "/opt/rustwide/target/debug/deps/libholochain_wasmer_common-c42fb478ffa0f647.rlib" "/opt/rustwide/target/debug/deps/libbimap-e5e9ad9b7980b299.rlib" "/opt/rustwide/target/debug/deps/libholochain_serialized_bytes-095243bbee65d0e9.rlib" "/opt/rustwide/target/debug/deps/libserde_transcode-fe8c5af538d0b685.rlib" "/opt/rustwide/target/debug/deps/librmp_serde-277dccc87cb175cd.rlib" "/opt/rustwide/target/debug/deps/librmp-afbdb86e11339abf.rlib" "/opt/rustwide/target/debug/deps/libnum_traits-d0a58c91d8ef5575.rlib" "/opt/rustwide/target/debug/deps/libbyteorder-f30fa083324a1476.rlib" "/opt/rustwide/target/debug/deps/libserde_json-dae1dfc11205eba6.rlib" "/opt/rustwide/target/debug/deps/libryu-58d6bdbbdb00e196.rlib" "/opt/rustwide/target/debug/deps/libitoa-3af14a1bb7e125c4.rlib" "/opt/rustwide/target/debug/deps/libwasmer-d53fa5e1b4553f65.rlib" "/opt/rustwide/target/debug/deps/libwasmer_engine_universal-aca961290b2d9e9b.rlib" "/opt/rustwide/target/debug/deps/libwasmer_compiler_cranelift-48ffcf5c8960d44e.rlib" "/opt/rustwide/target/debug/deps/libtracing-13a8c0f964958b12.rlib" "/opt/rustwide/target/debug/deps/libpin_project_lite-b8424bd0fc23518f.rlib" "/opt/rustwide/target/debug/deps/libtracing_core-bde469cdf682d713.rlib" "/opt/rustwide/target/debug/deps/libcranelift_frontend-733839a7a1ec2937.rlib" "/opt/rustwide/target/debug/deps/librayon-fbae52ccf7a64572.rlib" "/opt/rustwide/target/debug/deps/librayon_core-b511b8173b20f493.rlib" "/opt/rustwide/target/debug/deps/libnum_cpus-c71919f527130ee7.rlib" "/opt/rustwide/target/debug/deps/libcrossbeam_deque-f2b23af11cc4f04c.rlib" "/opt/rustwide/target/debug/deps/libcrossbeam_epoch-360f83b335670031.rlib" "/opt/rustwide/target/debug/deps/libcrossbeam_channel-91f991540701651d.rlib" "/opt/rustwide/target/debug/deps/libcrossbeam_utils-3e099b1fb8f128e1.rlib" "/opt/rustwide/target/debug/deps/libeither-7c6ea7c6fa08bb39.rlib" "/opt/rustwide/target/debug/deps/libcranelift_codegen-15e46c1ebb237900.rlib" "/opt/rustwide/target/debug/deps/libregalloc-1de07b61c23c659a.rlib" "/opt/rustwide/target/debug/deps/librustc_hash-e308a47475271ab5.rlib" "/opt/rustwide/target/debug/deps/libgimli-1d2a916671bf763a.rlib" "/opt/rustwide/target/debug/deps/libfallible_iterator-63c1b0e26f532b40.rlib" "/opt/rustwide/target/debug/deps/libstable_deref_trait-7db9f5f30346c83f.rlib" "/opt/rustwide/target/debug/deps/libcranelift_codegen_shared-b9ac0e54610eea94.rlib" "/opt/rustwide/target/debug/deps/liblog-6eac8828b0293875.rlib" "/opt/rustwide/target/debug/deps/libcranelift_bforest-9fa6d6ad3172cd57.rlib" "/opt/rustwide/target/debug/deps/libcranelift_entity-bbd32dcc5a9a78ef.rlib" "/opt/rustwide/target/debug/deps/libwat-43d37edb5f0ee891.rlib" "/opt/rustwide/target/debug/deps/libwast-6059edb44c710628.rlib" "/opt/rustwide/target/debug/deps/libleb128-4675acf764d81a63.rlib" "/opt/rustwide/target/debug/deps/libwasmer_engine-6530091257893ca4.rlib" "/opt/rustwide/target/debug/deps/liblazy_static-e92083d5a39a8b50.rlib" "/opt/rustwide/target/debug/deps/libmemmap2-e5dadbd4da5dda8b.rlib" "/opt/rustwide/target/debug/deps/libwasmer_compiler-5c9968f219d805ba.rlib" "/opt/rustwide/target/debug/deps/libserde_bytes-d0d55dfa14ebf11e.rlib" "/opt/rustwide/target/debug/deps/libtarget_lexicon-666817014c7621ff.rlib" "/opt/rustwide/target/debug/deps/libenumset-54cb7ebb913d9d75.rlib" "/opt/rustwide/target/debug/deps/libwasmer_vm-14919406c28a623e.rlib" "/opt/rustwide/target/debug/deps/libregion-ab943b35331c26fa.rlib" "/opt/rustwide/target/debug/deps/libbitflags-e09638bf9aca31b4.rlib" "/opt/rustwide/target/debug/deps/libbacktrace-9a4e827cff13d16f.rlib" "/opt/rustwide/target/debug/deps/libminiz_oxide-0bdb5fa25f371614.rlib" "/opt/rustwide/target/debug/deps/libadler-7d22ef6d37ef0175.rlib" "/opt/rustwide/target/debug/deps/libobject-e173359347bb080a.rlib" "/opt/rustwide/target/debug/deps/libmemchr-7090cc68e0ec2cfc.rlib" "/opt/rustwide/target/debug/deps/libaddr2line-b936c714e4d1078d.rlib" "/opt/rustwide/target/debug/deps/libgimli-49523202187b59f9.rlib" "/opt/rustwide/target/debug/deps/librustc_demangle-91cfc1fbd8493277.rlib" "/opt/rustwide/target/debug/deps/libmore_asserts-372b0c3f661286ca.rlib" "/opt/rustwide/target/debug/deps/libwasmparser-97f496dd1c64925e.rlib" "/opt/rustwide/target/debug/deps/libwasmer_types-93d75c2edadcbc40.rlib" "/opt/rustwide/target/debug/deps/librkyv-e226addaeff7970f.rlib" "/opt/rustwide/target/debug/deps/libseahash-41b26103460f2913.rlib" "/opt/rustwide/target/debug/deps/libmemoffset-3e61ca8e83be7f2b.rlib" "/opt/rustwide/target/debug/deps/libptr_meta-736d48dfe9f8fe4d.rlib" "/opt/rustwide/target/debug/deps/libloupe-70becc483267626a.rlib" "/opt/rustwide/target/debug/deps/libindexmap-c9bb7697e4503768.rlib" "/opt/rustwide/target/debug/deps/libhashbrown-0a6de1fd7b8891d4.rlib" "/opt/rustwide/target/debug/deps/libserde-ce65bb3d95e3ea5d.rlib" "/opt/rustwide/target/debug/deps/libthiserror-26bcb3d3bb2076f0.rlib" "/opt/rustwide/target/debug/deps/libparking_lot-2272e228ed482946.rlib" "/opt/rustwide/target/debug/deps/libparking_lot_core-353b20746405797e.rlib" "/opt/rustwide/target/debug/deps/liblibc-bd0a7f2f55865ae0.rlib" "/opt/rustwide/target/debug/deps/libsmallvec-1c8854a0d5bb57ee.rlib" "/opt/rustwide/target/debug/deps/liblock_api-308f2cdc0ff2adb9.rlib" "/opt/rustwide/target/debug/deps/libscopeguard-77ffbe2fe379a2bf.rlib" "/opt/rustwide/target/debug/deps/libinstant-b5a3c319c29ae019.rlib" "/opt/rustwide/target/debug/deps/libcfg_if-0d27f345b2a6a3cd.rlib" "-Wl,--start-group" "/opt/rustwide/rustup-home/toolchains/beta-2021-08-01-x86_64-unknown-linux-gnu/lib/rustlib/x86_64-unknown-linux-gnu/lib/libstd-197d933f09d9a590.rlib" "/opt/rustwide/rustup-home/toolchains/beta-2021-08-01-x86_64-unknown-linux-gnu/lib/rustlib/x86_64-unknown-linux-gnu/lib/libpanic_unwind-46a006cddfd334f0.rlib" "/opt/rustwide/rustup-home/toolchains/beta-2021-08-01-x86_64-unknown-linux-gnu/lib/rustlib/x86_64-unknown-linux-gnu/lib/libminiz_oxide-5b9870310e470b38.rlib" "/opt/rustwide/rustup-home/toolchains/beta-2021-08-01-x86_64-unknown-linux-gnu/lib/rustlib/x86_64-unknown-linux-gnu/lib/libadler-260022ba8f1ab4ee.rlib" "/opt/rustwide/rustup-home/toolchains/beta-2021-08-01-x86_64-unknown-linux-gnu/lib/rustlib/x86_64-unknown-linux-gnu/lib/libobject-71377435a799394f.rlib" "/opt/rustwide/rustup-home/toolchains/beta-2021-08-01-x86_64-unknown-linux-gnu/lib/rustlib/x86_64-unknown-linux-gnu/lib/libaddr2line-658ee5924fde57cd.rlib" "/opt/rustwide/rustup-home/toolchains/beta-2021-08-01-x86_64-unknown-linux-gnu/lib/rustlib/x86_64-unknown-linux-gnu/lib/libgimli-9e8627da6bd1b94a.rlib" "/opt/rustwide/rustup-home/toolchains/beta-2021-08-01-x86_64-unknown-linux-gnu/lib/rustlib/x86_64-unknown-linux-gnu/lib/libstd_detect-19fdaac49f59be84.rlib" "/opt/rustwide/rustup-home/toolchains/beta-2021-08-01-x86_64-unknown-linux-gnu/lib/rustlib/x86_64-unknown-linux-gnu/lib/librustc_demangle-cb00e2691ea45905.rlib" "/opt/rustwide/rustup-home/toolchains/beta-2021-08-01-x86_64-unknown-linux-gnu/lib/rustlib/x86_64-unknown-linux-gnu/lib/libhashbrown-50f6726defae5ae1.rlib" "/opt/rustwide/rustup-home/toolchains/beta-2021-08-01-x86_64-unknown-linux-gnu/lib/rustlib/x86_64-unknown-linux-gnu/lib/librustc_std_workspace_alloc-2afc16311deea26e.rlib" "/opt/rustwide/rustup-home/toolchains/beta-2021-08-01-x86_64-unknown-linux-gnu/lib/rustlib/x86_64-unknown-linux-gnu/lib/libunwind-bb5cb0fe086ee8cf.rlib" "/opt/rustwide/rustup-home/toolchains/beta-2021-08-01-x86_64-unknown-linux-gnu/lib/rustlib/x86_64-unknown-linux-gnu/lib/libcfg_if-896053247b5dfd0b.rlib" "/opt/rustwide/rustup-home/toolchains/beta-2021-08-01-x86_64-unknown-linux-gnu/lib/rustlib/x86_64-unknown-linux-gnu/lib/liblibc-735e1f2ac3cf23be.rlib" "/opt/rustwide/rustup-home/toolchains/beta-2021-08-01-x86_64-unknown-linux-gnu/lib/rustlib/x86_64-unknown-linux-gnu/lib/liballoc-9dfb6622644c732c.rlib" "/opt/rustwide/rustup-home/toolchains/beta-2021-08-01-x86_64-unknown-linux-gnu/lib/rustlib/x86_64-unknown-linux-gnu/lib/librustc_std_workspace_core-beea7d9617fe25c5.rlib" "/opt/rustwide/rustup-home/toolchains/beta-2021-08-01-x86_64-unknown-linux-gnu/lib/rustlib/x86_64-unknown-linux-gnu/lib/libcore-8ef7dd43fc671f88.rlib" "-Wl,--end-group" "/opt/rustwide/rustup-home/toolchains/beta-2021-08-01-x86_64-unknown-linux-gnu/lib/rustlib/x86_64-unknown-linux-gnu/lib/libcompiler_builtins-a9a3b2ad67977f47.rlib" "-Wl,-Bdynamic" "-lgcc_s" "-lutil" "-lrt" "-lpthread" "-lm" "-ldl" "-lc" "-Wl,--eh-frame-hdr" "-Wl,-znoexecstack" "-L" "/opt/rustwide/rustup-home/toolchains/beta-2021-08-01-x86_64-unknown-linux-gnu/lib/rustlib/x86_64-unknown-linux-gnu/lib" "-o" "/tmp/rustdoctest0uSH1A/rust_out" "-Wl,--gc-sections" "-pie" "-Wl,-zrelro" "-Wl,-znow" "-nodefaultlibs"
[INFO] [stdout]   = note: collect2: fatal error: ld terminated with signal 9 [Killed]
[INFO] [stdout]           compilation terminated.
[INFO] [stdout]           
[INFO] [stdout] 
[INFO] [stdout] error: aborting due to previous error
[INFO] [stdout] 
[INFO] [stdout] Couldn't compile the test.
[INFO] [stdout] ---- src/plru.rs - plru::Cache<B>::is_hot (line 284) stdout ----
[INFO] [stdout] error: linking with `cc` failed: exit status: 1
[INFO] [stdout]   |
[INFO] [stdout]   = note: "cc" "-m64" "/tmp/rustdoctestc88EOv/rust_out.rust_out.1376475e-cgu.0.rcgu.o" "/tmp/rustdoctestc88EOv/rust_out.3oi7hjnjienb8flc.rcgu.o" "-Wl,--as-needed" "-L" "/opt/rustwide/target/debug/deps" "-L" "/opt/rustwide/target/debug/deps" "-L" "/opt/rustwide/target/debug/build/wasmer-vm-31fdbaafa0cde271/out" "-L" "/opt/rustwide/rustup-home/toolchains/beta-2021-08-01-x86_64-unknown-linux-gnu/lib/rustlib/x86_64-unknown-linux-gnu/lib" "-Wl,-Bstatic" "/opt/rustwide/target/debug/deps/libholochain_wasmer_host.rlib" "/opt/rustwide/target/debug/deps/libonce_cell-9cf59def09207496.rlib" "/opt/rustwide/target/debug/deps/libholochain_wasmer_common-c42fb478ffa0f647.rlib" "/opt/rustwide/target/debug/deps/libbimap-e5e9ad9b7980b299.rlib" "/opt/rustwide/target/debug/deps/libholochain_serialized_bytes-095243bbee65d0e9.rlib" "/opt/rustwide/target/debug/deps/libserde_transcode-fe8c5af538d0b685.rlib" "/opt/rustwide/target/debug/deps/librmp_serde-277dccc87cb175cd.rlib" "/opt/rustwide/target/debug/deps/librmp-afbdb86e11339abf.rlib" "/opt/rustwide/target/debug/deps/libnum_traits-d0a58c91d8ef5575.rlib" "/opt/rustwide/target/debug/deps/libbyteorder-f30fa083324a1476.rlib" "/opt/rustwide/target/debug/deps/libserde_json-dae1dfc11205eba6.rlib" "/opt/rustwide/target/debug/deps/libryu-58d6bdbbdb00e196.rlib" "/opt/rustwide/target/debug/deps/libitoa-3af14a1bb7e125c4.rlib" "/opt/rustwide/target/debug/deps/libwasmer-d53fa5e1b4553f65.rlib" "/opt/rustwide/target/debug/deps/libwasmer_engine_universal-aca961290b2d9e9b.rlib" "/opt/rustwide/target/debug/deps/libwasmer_compiler_cranelift-48ffcf5c8960d44e.rlib" "/opt/rustwide/target/debug/deps/libtracing-13a8c0f964958b12.rlib" "/opt/rustwide/target/debug/deps/libpin_project_lite-b8424bd0fc23518f.rlib" "/opt/rustwide/target/debug/deps/libtracing_core-bde469cdf682d713.rlib" "/opt/rustwide/target/debug/deps/libcranelift_frontend-733839a7a1ec2937.rlib" "/opt/rustwide/target/debug/deps/librayon-fbae52ccf7a64572.rlib" "/opt/rustwide/target/debug/deps/librayon_core-b511b8173b20f493.rlib" "/opt/rustwide/target/debug/deps/libnum_cpus-c71919f527130ee7.rlib" "/opt/rustwide/target/debug/deps/libcrossbeam_deque-f2b23af11cc4f04c.rlib" "/opt/rustwide/target/debug/deps/libcrossbeam_epoch-360f83b335670031.rlib" "/opt/rustwide/target/debug/deps/libcrossbeam_channel-91f991540701651d.rlib" "/opt/rustwide/target/debug/deps/libcrossbeam_utils-3e099b1fb8f128e1.rlib" "/opt/rustwide/target/debug/deps/libeither-7c6ea7c6fa08bb39.rlib" "/opt/rustwide/target/debug/deps/libcranelift_codegen-15e46c1ebb237900.rlib" "/opt/rustwide/target/debug/deps/libregalloc-1de07b61c23c659a.rlib" "/opt/rustwide/target/debug/deps/librustc_hash-e308a47475271ab5.rlib" "/opt/rustwide/target/debug/deps/libgimli-1d2a916671bf763a.rlib" "/opt/rustwide/target/debug/deps/libfallible_iterator-63c1b0e26f532b40.rlib" "/opt/rustwide/target/debug/deps/libstable_deref_trait-7db9f5f30346c83f.rlib" "/opt/rustwide/target/debug/deps/libcranelift_codegen_shared-b9ac0e54610eea94.rlib" "/opt/rustwide/target/debug/deps/liblog-6eac8828b0293875.rlib" "/opt/rustwide/target/debug/deps/libcranelift_bforest-9fa6d6ad3172cd57.rlib" "/opt/rustwide/target/debug/deps/libcranelift_entity-bbd32dcc5a9a78ef.rlib" "/opt/rustwide/target/debug/deps/libwat-43d37edb5f0ee891.rlib" "/opt/rustwide/target/debug/deps/libwast-6059edb44c710628.rlib" "/opt/rustwide/target/debug/deps/libleb128-4675acf764d81a63.rlib" "/opt/rustwide/target/debug/deps/libwasmer_engine-6530091257893ca4.rlib" "/opt/rustwide/target/debug/deps/liblazy_static-e92083d5a39a8b50.rlib" "/opt/rustwide/target/debug/deps/libmemmap2-e5dadbd4da5dda8b.rlib" "/opt/rustwide/target/debug/deps/libwasmer_compiler-5c9968f219d805ba.rlib" "/opt/rustwide/target/debug/deps/libserde_bytes-d0d55dfa14ebf11e.rlib" "/opt/rustwide/target/debug/deps/libtarget_lexicon-666817014c7621ff.rlib" "/opt/rustwide/target/debug/deps/libenumset-54cb7ebb913d9d75.rlib" "/opt/rustwide/target/debug/deps/libwasmer_vm-14919406c28a623e.rlib" "/opt/rustwide/target/debug/deps/libregion-ab943b35331c26fa.rlib" "/opt/rustwide/target/debug/deps/libbitflags-e09638bf9aca31b4.rlib" "/opt/rustwide/target/debug/deps/libbacktrace-9a4e827cff13d16f.rlib" "/opt/rustwide/target/debug/deps/libminiz_oxide-0bdb5fa25f371614.rlib" "/opt/rustwide/target/debug/deps/libadler-7d22ef6d37ef0175.rlib" "/opt/rustwide/target/debug/deps/libobject-e173359347bb080a.rlib" "/opt/rustwide/target/debug/deps/libmemchr-7090cc68e0ec2cfc.rlib" "/opt/rustwide/target/debug/deps/libaddr2line-b936c714e4d1078d.rlib" "/opt/rustwide/target/debug/deps/libgimli-49523202187b59f9.rlib" "/opt/rustwide/target/debug/deps/librustc_demangle-91cfc1fbd8493277.rlib" "/opt/rustwide/target/debug/deps/libmore_asserts-372b0c3f661286ca.rlib" "/opt/rustwide/target/debug/deps/libwasmparser-97f496dd1c64925e.rlib" "/opt/rustwide/target/debug/deps/libwasmer_types-93d75c2edadcbc40.rlib" "/opt/rustwide/target/debug/deps/librkyv-e226addaeff7970f.rlib" "/opt/rustwide/target/debug/deps/libseahash-41b26103460f2913.rlib" "/opt/rustwide/target/debug/deps/libmemoffset-3e61ca8e83be7f2b.rlib" "/opt/rustwide/target/debug/deps/libptr_meta-736d48dfe9f8fe4d.rlib" "/opt/rustwide/target/debug/deps/libloupe-70becc483267626a.rlib" "/opt/rustwide/target/debug/deps/libindexmap-c9bb7697e4503768.rlib" "/opt/rustwide/target/debug/deps/libhashbrown-0a6de1fd7b8891d4.rlib" "/opt/rustwide/target/debug/deps/libserde-ce65bb3d95e3ea5d.rlib" "/opt/rustwide/target/debug/deps/libthiserror-26bcb3d3bb2076f0.rlib" "/opt/rustwide/target/debug/deps/libparking_lot-2272e228ed482946.rlib" "/opt/rustwide/target/debug/deps/libparking_lot_core-353b20746405797e.rlib" "/opt/rustwide/target/debug/deps/liblibc-bd0a7f2f55865ae0.rlib" "/opt/rustwide/target/debug/deps/libsmallvec-1c8854a0d5bb57ee.rlib" "/opt/rustwide/target/debug/deps/liblock_api-308f2cdc0ff2adb9.rlib" "/opt/rustwide/target/debug/deps/libscopeguard-77ffbe2fe379a2bf.rlib" "/opt/rustwide/target/debug/deps/libinstant-b5a3c319c29ae019.rlib" "/opt/rustwide/target/debug/deps/libcfg_if-0d27f345b2a6a3cd.rlib" "-Wl,--start-group" "/opt/rustwide/rustup-home/toolchains/beta-2021-08-01-x86_64-unknown-linux-gnu/lib/rustlib/x86_64-unknown-linux-gnu/lib/libstd-197d933f09d9a590.rlib" "/opt/rustwide/rustup-home/toolchains/beta-2021-08-01-x86_64-unknown-linux-gnu/lib/rustlib/x86_64-unknown-linux-gnu/lib/libpanic_unwind-46a006cddfd334f0.rlib" "/opt/rustwide/rustup-home/toolchains/beta-2021-08-01-x86_64-unknown-linux-gnu/lib/rustlib/x86_64-unknown-linux-gnu/lib/libminiz_oxide-5b9870310e470b38.rlib" "/opt/rustwide/rustup-home/toolchains/beta-2021-08-01-x86_64-unknown-linux-gnu/lib/rustlib/x86_64-unknown-linux-gnu/lib/libadler-260022ba8f1ab4ee.rlib" "/opt/rustwide/rustup-home/toolchains/beta-2021-08-01-x86_64-unknown-linux-gnu/lib/rustlib/x86_64-unknown-linux-gnu/lib/libobject-71377435a799394f.rlib" "/opt/rustwide/rustup-home/toolchains/beta-2021-08-01-x86_64-unknown-linux-gnu/lib/rustlib/x86_64-unknown-linux-gnu/lib/libaddr2line-658ee5924fde57cd.rlib" "/opt/rustwide/rustup-home/toolchains/beta-2021-08-01-x86_64-unknown-linux-gnu/lib/rustlib/x86_64-unknown-linux-gnu/lib/libgimli-9e8627da6bd1b94a.rlib" "/opt/rustwide/rustup-home/toolchains/beta-2021-08-01-x86_64-unknown-linux-gnu/lib/rustlib/x86_64-unknown-linux-gnu/lib/libstd_detect-19fdaac49f59be84.rlib" "/opt/rustwide/rustup-home/toolchains/beta-2021-08-01-x86_64-unknown-linux-gnu/lib/rustlib/x86_64-unknown-linux-gnu/lib/librustc_demangle-cb00e2691ea45905.rlib" "/opt/rustwide/rustup-home/toolchains/beta-2021-08-01-x86_64-unknown-linux-gnu/lib/rustlib/x86_64-unknown-linux-gnu/lib/libhashbrown-50f6726defae5ae1.rlib" "/opt/rustwide/rustup-home/toolchains/beta-2021-08-01-x86_64-unknown-linux-gnu/lib/rustlib/x86_64-unknown-linux-gnu/lib/librustc_std_workspace_alloc-2afc16311deea26e.rlib" "/opt/rustwide/rustup-home/toolchains/beta-2021-08-01-x86_64-unknown-linux-gnu/lib/rustlib/x86_64-unknown-linux-gnu/lib/libunwind-bb5cb0fe086ee8cf.rlib" "/opt/rustwide/rustup-home/toolchains/beta-2021-08-01-x86_64-unknown-linux-gnu/lib/rustlib/x86_64-unknown-linux-gnu/lib/libcfg_if-896053247b5dfd0b.rlib" "/opt/rustwide/rustup-home/toolchains/beta-2021-08-01-x86_64-unknown-linux-gnu/lib/rustlib/x86_64-unknown-linux-gnu/lib/liblibc-735e1f2ac3cf23be.rlib" "/opt/rustwide/rustup-home/toolchains/beta-2021-08-01-x86_64-unknown-linux-gnu/lib/rustlib/x86_64-unknown-linux-gnu/lib/liballoc-9dfb6622644c732c.rlib" "/opt/rustwide/rustup-home/toolchains/beta-2021-08-01-x86_64-unknown-linux-gnu/lib/rustlib/x86_64-unknown-linux-gnu/lib/librustc_std_workspace_core-beea7d9617fe25c5.rlib" "/opt/rustwide/rustup-home/toolchains/beta-2021-08-01-x86_64-unknown-linux-gnu/lib/rustlib/x86_64-unknown-linux-gnu/lib/libcore-8ef7dd43fc671f88.rlib" "-Wl,--end-group" "/opt/rustwide/rustup-home/toolchains/beta-2021-08-01-x86_64-unknown-linux-gnu/lib/rustlib/x86_64-unknown-linux-gnu/lib/libcompiler_builtins-a9a3b2ad67977f47.rlib" "-Wl,-Bdynamic" "-lgcc_s" "-lutil" "-lrt" "-lpthread" "-lm" "-ldl" "-lc" "-Wl,--eh-frame-hdr" "-Wl,-znoexecstack" "-L" "/opt/rustwide/rustup-home/toolchains/beta-2021-08-01-x86_64-unknown-linux-gnu/lib/rustlib/x86_64-unknown-linux-gnu/lib" "-o" "/tmp/rustdoctestc88EOv/rust_out" "-Wl,--gc-sections" "-pie" "-Wl,-zrelro" "-Wl,-znow" "-nodefaultlibs"
[INFO] [stdout]   = note: collect2: fatal error: ld terminated with signal 9 [Killed]
[INFO] [stdout]           compilation terminated.
[INFO] [stdout]           
[INFO] [stdout] 
[INFO] [stdout] error: aborting due to previous error
[INFO] [stdout] 
[INFO] [stdout] Couldn't compile the test.
[INFO] [stdout] 
[INFO] [stdout] failures:
[INFO] [stdout]     src/plru.rs - plru::Cache<B>::is_hot (line 284)
[INFO] [stdout]     src/plru.rs - plru::Cache<B>::len (line 268)
[INFO] [stdout] 
[INFO] [stdout] test result: FAILED. 4 passed; 2 failed; 4 ignored; 0 measured; 0 filtered out; finished in 5.67s
[INFO] [stdout] 
[INFO] [stderr] error: test failed, to rerun pass '--doc'
[INFO] running `Command { std: "docker" "inspect" "acfac09a2bce2f40d9bc0f490e97f6e8e7bbefb5edac4cf1f1fe8af1f96e5009", kill_on_drop: false }`
[INFO] running `Command { std: "docker" "rm" "-f" "acfac09a2bce2f40d9bc0f490e97f6e8e7bbefb5edac4cf1f1fe8af1f96e5009", kill_on_drop: false }`
[INFO] [stdout] acfac09a2bce2f40d9bc0f490e97f6e8e7bbefb5edac4cf1f1fe8af1f96e5009
