[INFO] fetching crate holochain-client-core 0.1.0...
[INFO] testing holochain-client-core-0.1.0 against 1.54.0 for beta-1.55-1
[INFO] extracting crate holochain-client-core 0.1.0 into /workspace/builds/worker-55/source
[INFO] validating manifest of crates.io crate holochain-client-core 0.1.0 on toolchain 1.54.0
[INFO] running `Command { std: "/workspace/cargo-home/bin/cargo" "+1.54.0" "metadata" "--manifest-path" "Cargo.toml" "--no-deps", kill_on_drop: false }`
[INFO] started tweaking crates.io crate holochain-client-core 0.1.0
[INFO] finished tweaking crates.io crate holochain-client-core 0.1.0
[INFO] tweaked toml for crates.io crate holochain-client-core 0.1.0 written to /workspace/builds/worker-55/source/Cargo.toml
[INFO] crate crates.io crate holochain-client-core 0.1.0 already has a lockfile, it will not be regenerated
[INFO] running `Command { std: "/workspace/cargo-home/bin/cargo" "+1.54.0" "fetch" "--manifest-path" "Cargo.toml", kill_on_drop: false }`
[INFO] [stderr]     Blocking waiting for file lock on package cache
[INFO] [stderr]     Blocking waiting for file lock on package cache
[INFO] [stderr]  Downloading crates ...
[INFO] [stderr]   Downloaded websocket-base v0.24.0
[INFO] [stderr]   Downloaded parking_lot v0.10.0
[INFO] [stderr]   Downloaded parking_lot_core v0.7.0
[INFO] [stderr]   Downloaded jsonrpc-derive v14.0.5
[INFO] [stderr]   Downloaded jsonrpc-pubsub v14.0.6
[INFO] [stderr]   Downloaded jsonrpc-core v14.0.5
[INFO] [stderr]   Downloaded jsonrpc-core-client v14.0.5
[INFO] [stderr]   Downloaded hermit-abi v0.1.7
[INFO] [stderr]   Downloaded tokio-tls v0.2.1
[INFO] [stderr]   Downloaded websocket v0.24.0
[INFO] [stderr]   Downloaded proc-macro-crate v0.1.4
[INFO] [stderr]   Downloaded jsonrpc-client-transports v14.0.5
[INFO] running `Command { std: "docker" "create" "-v" "/var/lib/crater-agent-workspace/builds/worker-55/target:/opt/rustwide/target:rw,Z" "-v" "/var/lib/crater-agent-workspace/builds/worker-55/source:/opt/rustwide/workdir:ro,Z" "-v" "/var/lib/crater-agent-workspace/cargo-home:/opt/rustwide/cargo-home:ro,Z" "-v" "/var/lib/crater-agent-workspace/rustup-home:/opt/rustwide/rustup-home:ro,Z" "-e" "SOURCE_DIR=/opt/rustwide/workdir" "-e" "CARGO_TARGET_DIR=/opt/rustwide/target" "-e" "CARGO_HOME=/opt/rustwide/cargo-home" "-e" "RUSTUP_HOME=/opt/rustwide/rustup-home" "-w" "/opt/rustwide/workdir" "-m" "1610612736" "--user" "0:0" "--network" "none" "ghcr.io/rust-lang/crates-build-env/linux@sha256:34b6a614d2c27851fe6cbf88fbd1137609cefab8b10d0615aaeb6fd47975d74e" "/opt/rustwide/cargo-home/bin/cargo" "+1.54.0" "metadata" "--no-deps" "--format-version=1", kill_on_drop: false }`
[INFO] [stdout] 918a30f1b8168efe1c56a75ba2c34b48c63b2525700561d20f4180cfe649a838
[INFO] running `Command { std: "docker" "start" "-a" "918a30f1b8168efe1c56a75ba2c34b48c63b2525700561d20f4180cfe649a838", kill_on_drop: false }`
[INFO] running `Command { std: "docker" "inspect" "918a30f1b8168efe1c56a75ba2c34b48c63b2525700561d20f4180cfe649a838", kill_on_drop: false }`
[INFO] running `Command { std: "docker" "rm" "-f" "918a30f1b8168efe1c56a75ba2c34b48c63b2525700561d20f4180cfe649a838", kill_on_drop: false }`
[INFO] [stdout] 918a30f1b8168efe1c56a75ba2c34b48c63b2525700561d20f4180cfe649a838
[INFO] running `Command { std: "docker" "create" "-v" "/var/lib/crater-agent-workspace/builds/worker-55/target:/opt/rustwide/target:rw,Z" "-v" "/var/lib/crater-agent-workspace/builds/worker-55/source:/opt/rustwide/workdir:ro,Z" "-v" "/var/lib/crater-agent-workspace/cargo-home:/opt/rustwide/cargo-home:ro,Z" "-v" "/var/lib/crater-agent-workspace/rustup-home:/opt/rustwide/rustup-home:ro,Z" "-e" "SOURCE_DIR=/opt/rustwide/workdir" "-e" "CARGO_TARGET_DIR=/opt/rustwide/target" "-e" "CARGO_INCREMENTAL=0" "-e" "RUST_BACKTRACE=full" "-e" "RUSTFLAGS=--cap-lints=warn" "-e" "CARGO_HOME=/opt/rustwide/cargo-home" "-e" "RUSTUP_HOME=/opt/rustwide/rustup-home" "-w" "/opt/rustwide/workdir" "-m" "1610612736" "--user" "0:0" "--network" "none" "ghcr.io/rust-lang/crates-build-env/linux@sha256:34b6a614d2c27851fe6cbf88fbd1137609cefab8b10d0615aaeb6fd47975d74e" "/opt/rustwide/cargo-home/bin/cargo" "+1.54.0" "build" "--frozen" "--message-format=json", kill_on_drop: false }`
[INFO] [stdout] b85ae96095a18bcab7a062bc09c0b36007b68e5c304128988953e0d3183b61c7
[INFO] running `Command { std: "docker" "start" "-a" "b85ae96095a18bcab7a062bc09c0b36007b68e5c304128988953e0d3183b61c7", kill_on_drop: false }`
[INFO] [stderr]    Compiling libc v0.2.66
[INFO] [stderr]    Compiling autocfg v0.1.7
[INFO] [stderr]    Compiling semver-parser v0.7.0
[INFO] [stderr]    Compiling futures v0.1.29
[INFO] [stderr]    Compiling proc-macro2 v1.0.8
[INFO] [stderr]    Compiling syn v1.0.14
[INFO] [stderr]    Compiling rand_core v0.4.2
[INFO] [stderr]    Compiling pkg-config v0.3.17
[INFO] [stderr]    Compiling serde v1.0.104
[INFO] [stderr]    Compiling smallvec v1.2.0
[INFO] [stderr]    Compiling fnv v1.0.6
[INFO] [stderr]    Compiling foreign-types-shared v0.1.1
[INFO] [stderr]    Compiling openssl v0.10.28
[INFO] [stderr]    Compiling version_check v0.1.5
[INFO] [stderr]    Compiling native-tls v0.2.3
[INFO] [stderr]    Compiling ryu v1.0.2
[INFO] [stderr]    Compiling openssl-probe v0.1.2
[INFO] [stderr]    Compiling httparse v1.3.4
[INFO] [stderr]    Compiling percent-encoding v1.0.1
[INFO] [stderr]    Compiling failure_derive v0.1.6
[INFO] [stderr]    Compiling safemem v0.3.3
[INFO] [stderr]    Compiling sha1 v0.6.0
[INFO] [stderr]    Compiling traitobject v0.1.0
[INFO] [stderr]    Compiling language-tags v0.2.2
[INFO] [stderr]    Compiling typeable v0.1.2
[INFO] [stderr]    Compiling lock_api v0.3.3
[INFO] [stderr]    Compiling backtrace-sys v0.1.32
[INFO] [stderr]    Compiling unicode-bidi v0.3.4
[INFO] [stderr]    Compiling smallvec v0.6.13
[INFO] [stderr]    Compiling log v0.3.9
[INFO] [stderr]    Compiling base64 v0.10.1
[INFO] [stderr]    Compiling foreign-types v0.3.2
[INFO] [stderr]    Compiling semver v0.9.0
[INFO] [stderr]    Compiling base64 v0.9.3
[INFO] [stderr]    Compiling openssl-sys v0.9.54
[INFO] [stderr]    Compiling unicase v1.4.2
[INFO] [stderr]    Compiling rustc_version v0.2.3
[INFO] [stderr]    Compiling rand_core v0.3.1
[INFO] [stderr]    Compiling rand_jitter v0.1.4
[INFO] [stderr]    Compiling mime v0.2.6
[INFO] [stderr]    Compiling crossbeam-utils v0.7.0
[INFO] [stderr]    Compiling crossbeam-epoch v0.8.0
[INFO] [stderr]    Compiling rand_pcg v0.1.2
[INFO] [stderr]    Compiling rand_chacha v0.1.1
[INFO] [stderr]    Compiling rand v0.6.5
[INFO] [stderr]    Compiling unicode-normalization v0.1.12
[INFO] [stderr]    Compiling rand_xorshift v0.1.1
[INFO] [stderr]    Compiling rand_hc v0.1.0
[INFO] [stderr]    Compiling rand_isaac v0.1.1
[INFO] [stderr]    Compiling tokio-sync v0.1.8
[INFO] [stderr]    Compiling iovec v0.1.4
[INFO] [stderr]    Compiling num_cpus v1.12.0
[INFO] [stderr]    Compiling net2 v0.2.33
[INFO] [stderr]    Compiling rand_os v0.1.3
[INFO] [stderr]    Compiling time v0.1.42
[INFO] [stderr]    Compiling parking_lot_core v0.7.0
[INFO] [stderr]    Compiling parking_lot_core v0.6.2
[INFO] [stderr]    Compiling parking_lot v0.9.0
[INFO] [stderr]    Compiling memoffset v0.5.3
[INFO] [stderr]    Compiling quote v1.0.2
[INFO] [stderr]    Compiling bytes v0.4.12
[INFO] [stderr]    Compiling parking_lot v0.10.0
[INFO] [stderr]    Compiling idna v0.1.5
[INFO] [stderr]    Compiling mio v0.6.21
[INFO] [stderr]    Compiling tokio-executor v0.1.10
[INFO] [stderr]    Compiling crossbeam-queue v0.2.1
[INFO] [stderr]    Compiling tokio-io v0.1.13
[INFO] [stderr]    Compiling url v1.7.2
[INFO] [stderr]    Compiling mio-uds v0.6.7
[INFO] [stderr]    Compiling backtrace v0.3.44
[INFO] [stderr]    Compiling crossbeam-deque v0.7.2
[INFO] [stderr]    Compiling tokio-current-thread v0.1.7
[INFO] [stderr]    Compiling tokio-timer v0.2.13
[INFO] [stderr]    Compiling tokio-codec v0.1.2
[INFO] [stderr]    Compiling tokio-reactor v0.1.12
[INFO] [stderr]    Compiling hyper v0.10.16
[INFO] [stderr]    Compiling tokio-threadpool v0.1.18
[INFO] [stderr]    Compiling tokio-tcp v0.1.4
[INFO] [stderr]    Compiling tokio-uds v0.2.6
[INFO] [stderr]    Compiling tokio-udp v0.1.6
[INFO] [stderr]    Compiling tokio-fs v0.1.7
[INFO] [stderr]    Compiling tokio v0.1.22
[INFO] [stderr]    Compiling tokio-tls v0.2.1
[INFO] [stderr]    Compiling websocket-base v0.24.0
[INFO] [stderr]    Compiling websocket v0.24.0
[INFO] [stderr]    Compiling synstructure v0.12.3
[INFO] [stderr]    Compiling serde_derive v1.0.104
[INFO] [stderr]    Compiling failure v0.1.6
[INFO] [stderr]    Compiling serde_json v1.0.48
[INFO] [stderr]    Compiling toml v0.5.6
[INFO] [stderr]    Compiling jsonrpc-core v14.0.5
[INFO] [stderr]    Compiling proc-macro-crate v0.1.4
[INFO] [stderr]    Compiling jsonrpc-pubsub v14.0.6
[INFO] [stderr]    Compiling jsonrpc-derive v14.0.5
[INFO] [stderr]    Compiling jsonrpc-client-transports v14.0.5
[INFO] [stderr]    Compiling jsonrpc-core-client v14.0.5
[INFO] [stderr]    Compiling holochain-client-core v0.1.0 (/opt/rustwide/workdir)
[INFO] [stderr]     Finished dev [unoptimized + debuginfo] target(s) in 51.27s
[INFO] running `Command { std: "docker" "inspect" "b85ae96095a18bcab7a062bc09c0b36007b68e5c304128988953e0d3183b61c7", kill_on_drop: false }`
[INFO] running `Command { std: "docker" "rm" "-f" "b85ae96095a18bcab7a062bc09c0b36007b68e5c304128988953e0d3183b61c7", kill_on_drop: false }`
[INFO] [stdout] b85ae96095a18bcab7a062bc09c0b36007b68e5c304128988953e0d3183b61c7
[INFO] running `Command { std: "docker" "create" "-v" "/var/lib/crater-agent-workspace/builds/worker-55/target:/opt/rustwide/target:rw,Z" "-v" "/var/lib/crater-agent-workspace/builds/worker-55/source:/opt/rustwide/workdir:ro,Z" "-v" "/var/lib/crater-agent-workspace/cargo-home:/opt/rustwide/cargo-home:ro,Z" "-v" "/var/lib/crater-agent-workspace/rustup-home:/opt/rustwide/rustup-home:ro,Z" "-e" "SOURCE_DIR=/opt/rustwide/workdir" "-e" "CARGO_TARGET_DIR=/opt/rustwide/target" "-e" "CARGO_INCREMENTAL=0" "-e" "RUST_BACKTRACE=full" "-e" "RUSTFLAGS=--cap-lints=warn" "-e" "CARGO_HOME=/opt/rustwide/cargo-home" "-e" "RUSTUP_HOME=/opt/rustwide/rustup-home" "-w" "/opt/rustwide/workdir" "-m" "1610612736" "--user" "0:0" "--network" "none" "ghcr.io/rust-lang/crates-build-env/linux@sha256:34b6a614d2c27851fe6cbf88fbd1137609cefab8b10d0615aaeb6fd47975d74e" "/opt/rustwide/cargo-home/bin/cargo" "+1.54.0" "test" "--frozen" "--no-run" "--message-format=json", kill_on_drop: false }`
[INFO] [stdout] 4e7cea5444e51a53a342a15a0e3899e147a9bbddf8d0bb4aff86638f28ec3c11
[INFO] running `Command { std: "docker" "start" "-a" "4e7cea5444e51a53a342a15a0e3899e147a9bbddf8d0bb4aff86638f28ec3c11", kill_on_drop: false }`
[INFO] [stderr]    Compiling holochain-client-core v0.1.0 (/opt/rustwide/workdir)
[INFO] [stderr]     Finished test [unoptimized + debuginfo] target(s) in 3.92s
[INFO] running `Command { std: "docker" "inspect" "4e7cea5444e51a53a342a15a0e3899e147a9bbddf8d0bb4aff86638f28ec3c11", kill_on_drop: false }`
[INFO] running `Command { std: "docker" "rm" "-f" "4e7cea5444e51a53a342a15a0e3899e147a9bbddf8d0bb4aff86638f28ec3c11", kill_on_drop: false }`
[INFO] [stdout] 4e7cea5444e51a53a342a15a0e3899e147a9bbddf8d0bb4aff86638f28ec3c11
[INFO] running `Command { std: "docker" "create" "-v" "/var/lib/crater-agent-workspace/builds/worker-55/target:/opt/rustwide/target:rw,Z" "-v" "/var/lib/crater-agent-workspace/builds/worker-55/source:/opt/rustwide/workdir:ro,Z" "-v" "/var/lib/crater-agent-workspace/cargo-home:/opt/rustwide/cargo-home:ro,Z" "-v" "/var/lib/crater-agent-workspace/rustup-home:/opt/rustwide/rustup-home:ro,Z" "-e" "SOURCE_DIR=/opt/rustwide/workdir" "-e" "CARGO_TARGET_DIR=/opt/rustwide/target" "-e" "CARGO_INCREMENTAL=0" "-e" "RUST_BACKTRACE=full" "-e" "RUSTFLAGS=--cap-lints=warn" "-e" "CARGO_HOME=/opt/rustwide/cargo-home" "-e" "RUSTUP_HOME=/opt/rustwide/rustup-home" "-w" "/opt/rustwide/workdir" "-m" "1610612736" "--user" "0:0" "--network" "none" "ghcr.io/rust-lang/crates-build-env/linux@sha256:34b6a614d2c27851fe6cbf88fbd1137609cefab8b10d0615aaeb6fd47975d74e" "/opt/rustwide/cargo-home/bin/cargo" "+1.54.0" "test" "--frozen", kill_on_drop: false }`
[INFO] [stdout] c529b544d9f39cbec54fd553a5f6a4f9182a4d1770c7b02b91e1648de8661ae7
[INFO] running `Command { std: "docker" "start" "-a" "c529b544d9f39cbec54fd553a5f6a4f9182a4d1770c7b02b91e1648de8661ae7", kill_on_drop: false }`
[INFO] [stderr]     Blocking waiting for file lock on package cache
[INFO] [stderr]     Finished test [unoptimized + debuginfo] target(s) in 0.93s
[INFO] [stderr]      Running unittests (/opt/rustwide/target/debug/deps/holochain_client_core-1a37413b4cdb4d10)
[INFO] [stdout] 
[INFO] [stdout] running 0 tests
[INFO] [stdout] 
[INFO] [stdout] test result: ok. 0 passed; 0 failed; 0 ignored; 0 measured; 0 filtered out; finished in 0.00s
[INFO] [stdout] 
[INFO] [stderr]    Doc-tests holochain-client-core
[INFO] [stdout] 
[INFO] [stdout] running 2 tests
[INFO] [stdout] test src/lib.rs - (line 35) ... FAILED
[INFO] [stdout] test src/lib.rs - (line 12) ... FAILED
[INFO] [stdout] 
[INFO] [stdout] failures:
[INFO] [stdout] 
[INFO] [stdout] ---- src/lib.rs - (line 35) stdout ----
[INFO] [stdout] error: expected `;`, found keyword `use`
[INFO] [stdout]  --> src/lib.rs:39:1
[INFO] [stdout]   |
[INFO] [stdout] 6 | }
[INFO] [stdout]   |  - expected `;`
[INFO] [stdout] 7 | use jsonrpc_core_client::transports::http;
[INFO] [stdout]   | ^^^ unexpected token
[INFO] [stdout]   |
[INFO] [stdout]   = note: glob-like brace syntax must be last on the path
[INFO] [stdout] 
[INFO] [stdout] error: aborting due to previous error
[INFO] [stdout] 
[INFO] [stdout] Couldn't compile the test.
[INFO] [stdout] ---- src/lib.rs - (line 12) stdout ----
[INFO] [stdout] error[E0599]: no method named `zome_call` found for struct `ConductorClient` in the current scope
[INFO] [stdout]   --> src/lib.rs:22:25
[INFO] [stdout]    |
[INFO] [stdout] 12 |     let result = client.zome_call( // calling a function also returns a future
[INFO] [stdout]    |                         ^^^^^^^^^ method not found in `ConductorClient`
[INFO] [stdout] 
[INFO] [stdout] error: aborting due to previous error
[INFO] [stdout] 
[INFO] [stdout] For more information about this error, try `rustc --explain E0599`.
[INFO] [stdout] Couldn't compile the test.
[INFO] [stdout] 
[INFO] [stdout] failures:
[INFO] [stdout]     src/lib.rs - (line 12)
[INFO] [stdout]     src/lib.rs - (line 35)
[INFO] [stdout] 
[INFO] [stdout] test result: FAILED. 0 passed; 2 failed; 0 ignored; 0 measured; 0 filtered out; finished in 0.38s
[INFO] [stdout] 
[INFO] [stderr] error: test failed, to rerun pass '--doc'
[INFO] running `Command { std: "docker" "inspect" "c529b544d9f39cbec54fd553a5f6a4f9182a4d1770c7b02b91e1648de8661ae7", kill_on_drop: false }`
[INFO] running `Command { std: "docker" "rm" "-f" "c529b544d9f39cbec54fd553a5f6a4f9182a4d1770c7b02b91e1648de8661ae7", kill_on_drop: false }`
[INFO] [stdout] c529b544d9f39cbec54fd553a5f6a4f9182a4d1770c7b02b91e1648de8661ae7
