[INFO] fetching crate hole-punch-connect 0.1.0...
[INFO] testing hole-punch-connect-0.1.0 against beta-2021-08-01 for beta-1.55-1
[INFO] extracting crate hole-punch-connect 0.1.0 into /workspace/builds/worker-47/source
[INFO] validating manifest of crates.io crate hole-punch-connect 0.1.0 on toolchain beta-2021-08-01
[INFO] running `Command { std: "/workspace/cargo-home/bin/cargo" "+beta-2021-08-01" "metadata" "--manifest-path" "Cargo.toml" "--no-deps", kill_on_drop: false }`
[INFO] started tweaking crates.io crate hole-punch-connect 0.1.0
[INFO] finished tweaking crates.io crate hole-punch-connect 0.1.0
[INFO] tweaked toml for crates.io crate hole-punch-connect 0.1.0 written to /workspace/builds/worker-47/source/Cargo.toml
[INFO] crate crates.io crate hole-punch-connect 0.1.0 already has a lockfile, it will not be regenerated
[INFO] running `Command { std: "/workspace/cargo-home/bin/cargo" "+beta-2021-08-01" "fetch" "--manifest-path" "Cargo.toml", kill_on_drop: false }`
[INFO] running `Command { std: "docker" "create" "-v" "/var/lib/crater-agent-workspace/builds/worker-47/target:/opt/rustwide/target:rw,Z" "-v" "/var/lib/crater-agent-workspace/builds/worker-47/source:/opt/rustwide/workdir:ro,Z" "-v" "/var/lib/crater-agent-workspace/cargo-home:/opt/rustwide/cargo-home:ro,Z" "-v" "/var/lib/crater-agent-workspace/rustup-home:/opt/rustwide/rustup-home:ro,Z" "-e" "SOURCE_DIR=/opt/rustwide/workdir" "-e" "CARGO_TARGET_DIR=/opt/rustwide/target" "-e" "CARGO_HOME=/opt/rustwide/cargo-home" "-e" "RUSTUP_HOME=/opt/rustwide/rustup-home" "-w" "/opt/rustwide/workdir" "-m" "1610612736" "--user" "0:0" "--network" "none" "ghcr.io/rust-lang/crates-build-env/linux@sha256:34b6a614d2c27851fe6cbf88fbd1137609cefab8b10d0615aaeb6fd47975d74e" "/opt/rustwide/cargo-home/bin/cargo" "+beta-2021-08-01" "metadata" "--no-deps" "--format-version=1", kill_on_drop: false }`
[INFO] [stdout] 6fa3f56609881907abdad06b2f8f3262a8ac4e28b69023d54e2498008cca2d6b
[INFO] running `Command { std: "docker" "start" "-a" "6fa3f56609881907abdad06b2f8f3262a8ac4e28b69023d54e2498008cca2d6b", kill_on_drop: false }`
[INFO] running `Command { std: "docker" "inspect" "6fa3f56609881907abdad06b2f8f3262a8ac4e28b69023d54e2498008cca2d6b", kill_on_drop: false }`
[INFO] running `Command { std: "docker" "rm" "-f" "6fa3f56609881907abdad06b2f8f3262a8ac4e28b69023d54e2498008cca2d6b", kill_on_drop: false }`
[INFO] [stdout] 6fa3f56609881907abdad06b2f8f3262a8ac4e28b69023d54e2498008cca2d6b
[INFO] running `Command { std: "docker" "create" "-v" "/var/lib/crater-agent-workspace/builds/worker-47/target:/opt/rustwide/target:rw,Z" "-v" "/var/lib/crater-agent-workspace/builds/worker-47/source:/opt/rustwide/workdir:ro,Z" "-v" "/var/lib/crater-agent-workspace/cargo-home:/opt/rustwide/cargo-home:ro,Z" "-v" "/var/lib/crater-agent-workspace/rustup-home:/opt/rustwide/rustup-home:ro,Z" "-e" "SOURCE_DIR=/opt/rustwide/workdir" "-e" "CARGO_TARGET_DIR=/opt/rustwide/target" "-e" "CARGO_INCREMENTAL=0" "-e" "RUST_BACKTRACE=full" "-e" "RUSTFLAGS=--cap-lints=warn" "-e" "CARGO_HOME=/opt/rustwide/cargo-home" "-e" "RUSTUP_HOME=/opt/rustwide/rustup-home" "-w" "/opt/rustwide/workdir" "-m" "1610612736" "--user" "0:0" "--network" "none" "ghcr.io/rust-lang/crates-build-env/linux@sha256:34b6a614d2c27851fe6cbf88fbd1137609cefab8b10d0615aaeb6fd47975d74e" "/opt/rustwide/cargo-home/bin/cargo" "+beta-2021-08-01" "build" "--frozen" "--message-format=json", kill_on_drop: false }`
[INFO] [stdout] 4924da055021cd639c8c43f79acaf7dffd8f7a6cc2f7b302647bcb183acb49d4
[INFO] running `Command { std: "docker" "start" "-a" "4924da055021cd639c8c43f79acaf7dffd8f7a6cc2f7b302647bcb183acb49d4", kill_on_drop: false }`
[INFO] [stderr]    Compiling hole-punch-connect v0.1.0 (/opt/rustwide/workdir)
[INFO] [stderr]     Finished dev [unoptimized + debuginfo] target(s) in 7.50s
[INFO] running `Command { std: "docker" "inspect" "4924da055021cd639c8c43f79acaf7dffd8f7a6cc2f7b302647bcb183acb49d4", kill_on_drop: false }`
[INFO] running `Command { std: "docker" "rm" "-f" "4924da055021cd639c8c43f79acaf7dffd8f7a6cc2f7b302647bcb183acb49d4", kill_on_drop: false }`
[INFO] [stdout] 4924da055021cd639c8c43f79acaf7dffd8f7a6cc2f7b302647bcb183acb49d4
[INFO] running `Command { std: "docker" "create" "-v" "/var/lib/crater-agent-workspace/builds/worker-47/target:/opt/rustwide/target:rw,Z" "-v" "/var/lib/crater-agent-workspace/builds/worker-47/source:/opt/rustwide/workdir:ro,Z" "-v" "/var/lib/crater-agent-workspace/cargo-home:/opt/rustwide/cargo-home:ro,Z" "-v" "/var/lib/crater-agent-workspace/rustup-home:/opt/rustwide/rustup-home:ro,Z" "-e" "SOURCE_DIR=/opt/rustwide/workdir" "-e" "CARGO_TARGET_DIR=/opt/rustwide/target" "-e" "CARGO_INCREMENTAL=0" "-e" "RUST_BACKTRACE=full" "-e" "RUSTFLAGS=--cap-lints=warn" "-e" "CARGO_HOME=/opt/rustwide/cargo-home" "-e" "RUSTUP_HOME=/opt/rustwide/rustup-home" "-w" "/opt/rustwide/workdir" "-m" "1610612736" "--user" "0:0" "--network" "none" "ghcr.io/rust-lang/crates-build-env/linux@sha256:34b6a614d2c27851fe6cbf88fbd1137609cefab8b10d0615aaeb6fd47975d74e" "/opt/rustwide/cargo-home/bin/cargo" "+beta-2021-08-01" "test" "--frozen" "--no-run" "--message-format=json", kill_on_drop: false }`
[INFO] [stdout] c45c92acb1249489339479bade8e8d894cab6f5211eed4c614f68e14a4a57544
[INFO] running `Command { std: "docker" "start" "-a" "c45c92acb1249489339479bade8e8d894cab6f5211eed4c614f68e14a4a57544", kill_on_drop: false }`
[INFO] [stderr]     Blocking waiting for file lock on package cache
[INFO] [stderr]    Compiling hole-punch-connect v0.1.0 (/opt/rustwide/workdir)
[INFO] [stderr]     Finished test [unoptimized + debuginfo] target(s) in 0.93s
[INFO] running `Command { std: "docker" "inspect" "c45c92acb1249489339479bade8e8d894cab6f5211eed4c614f68e14a4a57544", kill_on_drop: false }`
[INFO] running `Command { std: "docker" "rm" "-f" "c45c92acb1249489339479bade8e8d894cab6f5211eed4c614f68e14a4a57544", kill_on_drop: false }`
[INFO] [stdout] c45c92acb1249489339479bade8e8d894cab6f5211eed4c614f68e14a4a57544
[INFO] running `Command { std: "docker" "create" "-v" "/var/lib/crater-agent-workspace/builds/worker-47/target:/opt/rustwide/target:rw,Z" "-v" "/var/lib/crater-agent-workspace/builds/worker-47/source:/opt/rustwide/workdir:ro,Z" "-v" "/var/lib/crater-agent-workspace/cargo-home:/opt/rustwide/cargo-home:ro,Z" "-v" "/var/lib/crater-agent-workspace/rustup-home:/opt/rustwide/rustup-home:ro,Z" "-e" "SOURCE_DIR=/opt/rustwide/workdir" "-e" "CARGO_TARGET_DIR=/opt/rustwide/target" "-e" "CARGO_INCREMENTAL=0" "-e" "RUST_BACKTRACE=full" "-e" "RUSTFLAGS=--cap-lints=warn" "-e" "CARGO_HOME=/opt/rustwide/cargo-home" "-e" "RUSTUP_HOME=/opt/rustwide/rustup-home" "-w" "/opt/rustwide/workdir" "-m" "1610612736" "--user" "0:0" "--network" "none" "ghcr.io/rust-lang/crates-build-env/linux@sha256:34b6a614d2c27851fe6cbf88fbd1137609cefab8b10d0615aaeb6fd47975d74e" "/opt/rustwide/cargo-home/bin/cargo" "+beta-2021-08-01" "test" "--frozen", kill_on_drop: false }`
[INFO] [stdout] fc0a24201ed06fbf1864dc7cbf3ded53ca96bc0817479544f7bdddcb189a5e57
[INFO] running `Command { std: "docker" "start" "-a" "fc0a24201ed06fbf1864dc7cbf3ded53ca96bc0817479544f7bdddcb189a5e57", kill_on_drop: false }`
[INFO] [stderr]     Finished test [unoptimized + debuginfo] target(s) in 0.02s
[INFO] [stderr]      Running unittests (/opt/rustwide/target/debug/deps/hole_punch_connect-41d3773c7b3bba6f)
[INFO] [stdout] 
[INFO] [stdout] running 0 tests
[INFO] [stdout] 
[INFO] [stdout] test result: ok. 0 passed; 0 failed; 0 ignored; 0 measured; 0 filtered out; finished in 0.00s
[INFO] [stdout] 
[INFO] [stderr]      Running unittests (/opt/rustwide/target/debug/deps/hole_punch_connect-ca3c2e514e492f75)
[INFO] [stdout] 
[INFO] [stdout] running 0 tests
[INFO] [stdout] 
[INFO] [stdout] test result: ok. 0 passed; 0 failed; 0 ignored; 0 measured; 0 filtered out; finished in 0.00s
[INFO] [stdout] 
[INFO] [stderr]    Doc-tests hole-punch-connect
[INFO] [stdout] 
[INFO] [stdout] running 2 tests
[INFO] [stdout] test src/client.rs - client::HolePunchConnect::hole_punch_connect (line 69) ... FAILED
[INFO] [stdout] test src/client.rs - client::HolePunchConnect::new_hole_punched (line 17) ... FAILED
[INFO] [stdout] 
[INFO] [stdout] failures:
[INFO] [stdout] 
[INFO] [stdout] ---- src/client.rs - client::HolePunchConnect::hole_punch_connect (line 69) stdout ----
[INFO] [stdout] error[E0433]: failed to resolve: use of undeclared type `UdpSocket`
[INFO] [stdout]  --> src/client.rs:70:14
[INFO] [stdout]   |
[INFO] [stdout] 4 | let socket = UdpSocket::bind("0.0.0.0:0")?;
[INFO] [stdout]   |              ^^^^^^^^^ not found in this scope
[INFO] [stdout]   |
[INFO] [stdout] help: consider importing this struct
[INFO] [stdout]   |
[INFO] [stdout] 3 | use std::net::UdpSocket;
[INFO] [stdout]   |
[INFO] [stdout] 
[INFO] [stdout] error[E0277]: the `?` operator can only be used in a function that returns `Result` or `Option` (or another type that implements `FromResidual`)
[INFO] [stdout]    --> src/client.rs:70:42
[INFO] [stdout]     |
[INFO] [stdout] 3   |   fn main() { #[allow(non_snake_case)] fn _doctest_main_src_client_rs_69_0() {
[INFO] [stdout]     |  ______________________________________-
[INFO] [stdout] 4   | | let socket = UdpSocket::bind("0.0.0.0:0")?;
[INFO] [stdout]     | |                                          ^ cannot use the `?` operator in a function that returns `()`
[INFO] [stdout] 5   | | socket.hole_punch_connect("domain.name:420")?;
[INFO] [stdout] 6   | | socket.send(b"Hello there")?;
[INFO] [stdout] ...   |
[INFO] [stdout] 9   | | socket.send(b"General Kenobi")?;
[INFO] [stdout] 10  | | } _doctest_main_src_client_rs_69_0() }
[INFO] [stdout]     | |_- this function should return `Result` or `Option` to accept `?`
[INFO] [stdout]     |
[INFO] [stdout]     = help: the trait `FromResidual<_>` is not implemented for `()`
[INFO] [stdout] note: required by `from_residual`
[INFO] [stdout] 
[INFO] [stdout] error[E0277]: the `?` operator can only be used in a function that returns `Result` or `Option` (or another type that implements `FromResidual`)
[INFO] [stdout]    --> src/client.rs:71:45
[INFO] [stdout]     |
[INFO] [stdout] 3   |   fn main() { #[allow(non_snake_case)] fn _doctest_main_src_client_rs_69_0() {
[INFO] [stdout]     |  ______________________________________-
[INFO] [stdout] 4   | | let socket = UdpSocket::bind("0.0.0.0:0")?;
[INFO] [stdout] 5   | | socket.hole_punch_connect("domain.name:420")?;
[INFO] [stdout]     | |                                             ^ cannot use the `?` operator in a function that returns `()`
[INFO] [stdout] 6   | | socket.send(b"Hello there")?;
[INFO] [stdout] ...   |
[INFO] [stdout] 9   | | socket.send(b"General Kenobi")?;
[INFO] [stdout] 10  | | } _doctest_main_src_client_rs_69_0() }
[INFO] [stdout]     | |_- this function should return `Result` or `Option` to accept `?`
[INFO] [stdout]     |
[INFO] [stdout]     = help: the trait `FromResidual<_>` is not implemented for `()`
[INFO] [stdout] note: required by `from_residual`
[INFO] [stdout] 
[INFO] [stdout] error[E0277]: the `?` operator can only be used in a function that returns `Result` or `Option` (or another type that implements `FromResidual`)
[INFO] [stdout]    --> src/client.rs:72:28
[INFO] [stdout]     |
[INFO] [stdout] 3   |   fn main() { #[allow(non_snake_case)] fn _doctest_main_src_client_rs_69_0() {
[INFO] [stdout]     |  ______________________________________-
[INFO] [stdout] 4   | | let socket = UdpSocket::bind("0.0.0.0:0")?;
[INFO] [stdout] 5   | | socket.hole_punch_connect("domain.name:420")?;
[INFO] [stdout] 6   | | socket.send(b"Hello there")?;
[INFO] [stdout]     | |                            ^ cannot use the `?` operator in a function that returns `()`
[INFO] [stdout] ...   |
[INFO] [stdout] 9   | | socket.send(b"General Kenobi")?;
[INFO] [stdout] 10  | | } _doctest_main_src_client_rs_69_0() }
[INFO] [stdout]     | |_- this function should return `Result` or `Option` to accept `?`
[INFO] [stdout]     |
[INFO] [stdout]     = help: the trait `FromResidual<_>` is not implemented for `()`
[INFO] [stdout] note: required by `from_residual`
[INFO] [stdout] 
[INFO] [stdout] error[E0277]: the `?` operator can only be used in a function that returns `Result` or `Option` (or another type that implements `FromResidual`)
[INFO] [stdout]    --> src/client.rs:74:47
[INFO] [stdout]     |
[INFO] [stdout] 3   |   fn main() { #[allow(non_snake_case)] fn _doctest_main_src_client_rs_69_0() {
[INFO] [stdout]     |  ______________________________________-
[INFO] [stdout] 4   | | let socket = UdpSocket::bind("0.0.0.0:0")?;
[INFO] [stdout] 5   | | socket.hole_punch_connect("domain.name:420")?;
[INFO] [stdout] 6   | | socket.send(b"Hello there")?;
[INFO] [stdout] 7   | |
[INFO] [stdout] 8   | | socket.hole_punch_connect("other.domain:6392")?;
[INFO] [stdout]     | |                                               ^ cannot use the `?` operator in a function that returns `()`
[INFO] [stdout] 9   | | socket.send(b"General Kenobi")?;
[INFO] [stdout] 10  | | } _doctest_main_src_client_rs_69_0() }
[INFO] [stdout]     | |_- this function should return `Result` or `Option` to accept `?`
[INFO] [stdout]     |
[INFO] [stdout]     = help: the trait `FromResidual<_>` is not implemented for `()`
[INFO] [stdout] note: required by `from_residual`
[INFO] [stdout] 
[INFO] [stdout] error[E0277]: the `?` operator can only be used in a function that returns `Result` or `Option` (or another type that implements `FromResidual`)
[INFO] [stdout]    --> src/client.rs:75:31
[INFO] [stdout]     |
[INFO] [stdout] 3   |   fn main() { #[allow(non_snake_case)] fn _doctest_main_src_client_rs_69_0() {
[INFO] [stdout]     |  ______________________________________-
[INFO] [stdout] 4   | | let socket = UdpSocket::bind("0.0.0.0:0")?;
[INFO] [stdout] 5   | | socket.hole_punch_connect("domain.name:420")?;
[INFO] [stdout] 6   | | socket.send(b"Hello there")?;
[INFO] [stdout] ...   |
[INFO] [stdout] 9   | | socket.send(b"General Kenobi")?;
[INFO] [stdout]     | |                               ^ cannot use the `?` operator in a function that returns `()`
[INFO] [stdout] 10  | | } _doctest_main_src_client_rs_69_0() }
[INFO] [stdout]     | |_- this function should return `Result` or `Option` to accept `?`
[INFO] [stdout]     |
[INFO] [stdout]     = help: the trait `FromResidual<_>` is not implemented for `()`
[INFO] [stdout] note: required by `from_residual`
[INFO] [stdout] 
[INFO] [stdout] error: aborting due to 6 previous errors
[INFO] [stdout] 
[INFO] [stdout] Some errors have detailed explanations: E0277, E0433.
[INFO] [stdout] For more information about an error, try `rustc --explain E0277`.
[INFO] [stdout] Couldn't compile the test.
[INFO] [stdout] ---- src/client.rs - client::HolePunchConnect::new_hole_punched (line 17) stdout ----
[INFO] [stdout] Test executable failed (exit code 1).
[INFO] [stdout] 
[INFO] [stdout] stderr:
[INFO] [stdout] Error: Custom { kind: Uncategorized, error: "failed to lookup address information: Temporary failure in name resolution" }
[INFO] [stdout] 
[INFO] [stdout] 
[INFO] [stdout] 
[INFO] [stdout] failures:
[INFO] [stdout]     src/client.rs - client::HolePunchConnect::hole_punch_connect (line 69)
[INFO] [stdout]     src/client.rs - client::HolePunchConnect::new_hole_punched (line 17)
[INFO] [stdout] 
[INFO] [stdout] test result: FAILED. 0 passed; 2 failed; 0 ignored; 0 measured; 0 filtered out; finished in 0.61s
[INFO] [stdout] 
[INFO] [stderr] error: test failed, to rerun pass '--doc'
[INFO] running `Command { std: "docker" "inspect" "fc0a24201ed06fbf1864dc7cbf3ded53ca96bc0817479544f7bdddcb189a5e57", kill_on_drop: false }`
[INFO] running `Command { std: "docker" "rm" "-f" "fc0a24201ed06fbf1864dc7cbf3ded53ca96bc0817479544f7bdddcb189a5e57", kill_on_drop: false }`
[INFO] [stdout] fc0a24201ed06fbf1864dc7cbf3ded53ca96bc0817479544f7bdddcb189a5e57
