[INFO] fetching crate hoard 0.2.0...
[INFO] testing hoard-0.2.0 against beta-2021-08-01 for beta-1.55-1
[INFO] extracting crate hoard 0.2.0 into /workspace/builds/worker-85/source
[INFO] validating manifest of crates.io crate hoard 0.2.0 on toolchain beta-2021-08-01
[INFO] running `Command { std: "/workspace/cargo-home/bin/cargo" "+beta-2021-08-01" "metadata" "--manifest-path" "Cargo.toml" "--no-deps", kill_on_drop: false }`
[INFO] started tweaking crates.io crate hoard 0.2.0
[INFO] finished tweaking crates.io crate hoard 0.2.0
[INFO] tweaked toml for crates.io crate hoard 0.2.0 written to /workspace/builds/worker-85/source/Cargo.toml
[INFO] crate crates.io crate hoard 0.2.0 already has a lockfile, it will not be regenerated
[INFO] running `Command { std: "/workspace/cargo-home/bin/cargo" "+beta-2021-08-01" "fetch" "--manifest-path" "Cargo.toml", kill_on_drop: false }`
[INFO] [stderr]     Blocking waiting for file lock on package cache
[INFO] [stderr]     Blocking waiting for file lock on package cache
[INFO] [stderr]  Downloading crates ...
[INFO] [stderr]   Downloaded generator v0.6.24
[INFO] [stderr]   Downloaded loom v0.4.0
[INFO] [stderr]   Downloaded rustversion v1.0.4
[INFO] [stderr]   Downloaded crossbeam-utils v0.8.2
[INFO] [stderr]   Downloaded serde_test v1.0.125
[INFO] running `Command { std: "docker" "create" "-v" "/var/lib/crater-agent-workspace/builds/worker-85/target:/opt/rustwide/target:rw,Z" "-v" "/var/lib/crater-agent-workspace/builds/worker-85/source:/opt/rustwide/workdir:ro,Z" "-v" "/var/lib/crater-agent-workspace/cargo-home:/opt/rustwide/cargo-home:ro,Z" "-v" "/var/lib/crater-agent-workspace/rustup-home:/opt/rustwide/rustup-home:ro,Z" "-e" "SOURCE_DIR=/opt/rustwide/workdir" "-e" "CARGO_TARGET_DIR=/opt/rustwide/target" "-e" "CARGO_HOME=/opt/rustwide/cargo-home" "-e" "RUSTUP_HOME=/opt/rustwide/rustup-home" "-w" "/opt/rustwide/workdir" "-m" "1610612736" "--user" "0:0" "--network" "none" "ghcr.io/rust-lang/crates-build-env/linux@sha256:34b6a614d2c27851fe6cbf88fbd1137609cefab8b10d0615aaeb6fd47975d74e" "/opt/rustwide/cargo-home/bin/cargo" "+beta-2021-08-01" "metadata" "--no-deps" "--format-version=1", kill_on_drop: false }`
[INFO] [stdout] 8bfaf689076d65e206e1496052b301589593fd6340a67b375478555f83902aac
[INFO] running `Command { std: "docker" "start" "-a" "8bfaf689076d65e206e1496052b301589593fd6340a67b375478555f83902aac", kill_on_drop: false }`
[INFO] running `Command { std: "docker" "inspect" "8bfaf689076d65e206e1496052b301589593fd6340a67b375478555f83902aac", kill_on_drop: false }`
[INFO] running `Command { std: "docker" "rm" "-f" "8bfaf689076d65e206e1496052b301589593fd6340a67b375478555f83902aac", kill_on_drop: false }`
[INFO] [stdout] 8bfaf689076d65e206e1496052b301589593fd6340a67b375478555f83902aac
[INFO] running `Command { std: "docker" "create" "-v" "/var/lib/crater-agent-workspace/builds/worker-85/target:/opt/rustwide/target:rw,Z" "-v" "/var/lib/crater-agent-workspace/builds/worker-85/source:/opt/rustwide/workdir:ro,Z" "-v" "/var/lib/crater-agent-workspace/cargo-home:/opt/rustwide/cargo-home:ro,Z" "-v" "/var/lib/crater-agent-workspace/rustup-home:/opt/rustwide/rustup-home:ro,Z" "-e" "SOURCE_DIR=/opt/rustwide/workdir" "-e" "CARGO_TARGET_DIR=/opt/rustwide/target" "-e" "CARGO_INCREMENTAL=0" "-e" "RUST_BACKTRACE=full" "-e" "RUSTFLAGS=--cap-lints=warn" "-e" "CARGO_HOME=/opt/rustwide/cargo-home" "-e" "RUSTUP_HOME=/opt/rustwide/rustup-home" "-w" "/opt/rustwide/workdir" "-m" "1610612736" "--user" "0:0" "--network" "none" "ghcr.io/rust-lang/crates-build-env/linux@sha256:34b6a614d2c27851fe6cbf88fbd1137609cefab8b10d0615aaeb6fd47975d74e" "/opt/rustwide/cargo-home/bin/cargo" "+beta-2021-08-01" "build" "--frozen" "--message-format=json", kill_on_drop: false }`
[INFO] [stdout] 3e2b15fe3d043732b88867e177995b06b560fa2d17e5cfd5d06f3edbd75b8d3c
[INFO] running `Command { std: "docker" "start" "-a" "3e2b15fe3d043732b88867e177995b06b560fa2d17e5cfd5d06f3edbd75b8d3c", kill_on_drop: false }`
[INFO] [stderr]    Compiling syn v1.0.60
[INFO] [stderr]    Compiling libc v0.2.86
[INFO] [stderr]    Compiling memchr v2.4.0
[INFO] [stderr]    Compiling serde_derive v1.0.123
[INFO] [stderr]    Compiling serde v1.0.123
[INFO] [stderr]    Compiling unicode-segmentation v1.7.1
[INFO] [stderr]    Compiling log v0.4.14
[INFO] [stderr]    Compiling hashbrown v0.9.1
[INFO] [stderr]    Compiling regex-syntax v0.6.25
[INFO] [stderr]    Compiling match_cfg v0.1.0
[INFO] [stderr]    Compiling humantime v2.1.0
[INFO] [stderr]    Compiling either v1.6.1
[INFO] [stderr]    Compiling fixedbitset v0.2.0
[INFO] [stderr]    Compiling termcolor v1.1.2
[INFO] [stderr]    Compiling indexmap v1.6.2
[INFO] [stderr]    Compiling quote v1.0.9
[INFO] [stderr]    Compiling proc-macro-error-attr v1.0.4
[INFO] [stderr]    Compiling heck v0.3.2
[INFO] [stderr]    Compiling aho-corasick v0.7.18
[INFO] [stderr]    Compiling petgraph v0.5.1
[INFO] [stderr]    Compiling atty v0.2.14
[INFO] [stderr]    Compiling dirs-sys v0.3.5
[INFO] [stderr]    Compiling hostname v0.3.1
[INFO] [stderr]    Compiling which v4.1.0
[INFO] [stderr]    Compiling clap v2.33.3
[INFO] [stderr]    Compiling directories v3.0.1
[INFO] [stderr]    Compiling regex v1.5.4
[INFO] [stderr]    Compiling proc-macro-error v1.0.4
[INFO] [stderr]    Compiling env_logger v0.8.3
[INFO] [stderr]    Compiling structopt-derive v0.4.14
[INFO] [stderr]    Compiling thiserror-impl v1.0.24
[INFO] [stderr]    Compiling thiserror v1.0.24
[INFO] [stderr]    Compiling structopt v0.3.21
[INFO] [stderr]    Compiling toml v0.5.8
[INFO] [stderr]    Compiling hoard v0.2.0 (/opt/rustwide/workdir)
[INFO] [stderr]     Finished dev [unoptimized + debuginfo] target(s) in 25.89s
[INFO] running `Command { std: "docker" "inspect" "3e2b15fe3d043732b88867e177995b06b560fa2d17e5cfd5d06f3edbd75b8d3c", kill_on_drop: false }`
[INFO] running `Command { std: "docker" "rm" "-f" "3e2b15fe3d043732b88867e177995b06b560fa2d17e5cfd5d06f3edbd75b8d3c", kill_on_drop: false }`
[INFO] [stdout] 3e2b15fe3d043732b88867e177995b06b560fa2d17e5cfd5d06f3edbd75b8d3c
[INFO] running `Command { std: "docker" "create" "-v" "/var/lib/crater-agent-workspace/builds/worker-85/target:/opt/rustwide/target:rw,Z" "-v" "/var/lib/crater-agent-workspace/builds/worker-85/source:/opt/rustwide/workdir:ro,Z" "-v" "/var/lib/crater-agent-workspace/cargo-home:/opt/rustwide/cargo-home:ro,Z" "-v" "/var/lib/crater-agent-workspace/rustup-home:/opt/rustwide/rustup-home:ro,Z" "-e" "SOURCE_DIR=/opt/rustwide/workdir" "-e" "CARGO_TARGET_DIR=/opt/rustwide/target" "-e" "CARGO_INCREMENTAL=0" "-e" "RUST_BACKTRACE=full" "-e" "RUSTFLAGS=--cap-lints=warn" "-e" "CARGO_HOME=/opt/rustwide/cargo-home" "-e" "RUSTUP_HOME=/opt/rustwide/rustup-home" "-w" "/opt/rustwide/workdir" "-m" "1610612736" "--user" "0:0" "--network" "none" "ghcr.io/rust-lang/crates-build-env/linux@sha256:34b6a614d2c27851fe6cbf88fbd1137609cefab8b10d0615aaeb6fd47975d74e" "/opt/rustwide/cargo-home/bin/cargo" "+beta-2021-08-01" "test" "--frozen" "--no-run" "--message-format=json", kill_on_drop: false }`
[INFO] [stdout] 3a75854ecab056b488a727bef4a91efaa4b7da8937ea39ebf612ca9b43d09ef5
[INFO] running `Command { std: "docker" "start" "-a" "3a75854ecab056b488a727bef4a91efaa4b7da8937ea39ebf612ca9b43d09ef5", kill_on_drop: false }`
[INFO] [stderr]    Compiling getrandom v0.2.2
[INFO] [stderr]    Compiling ppv-lite86 v0.2.10
[INFO] [stderr]    Compiling once_cell v1.7.2
[INFO] [stderr]    Compiling serde_test v1.0.125
[INFO] [stderr]    Compiling rand_core v0.6.2
[INFO] [stderr]    Compiling rand_chacha v0.3.0
[INFO] [stderr]    Compiling rand v0.8.3
[INFO] [stderr]    Compiling tempfile v3.2.0
[INFO] [stderr]    Compiling hoard v0.2.0 (/opt/rustwide/workdir)
[INFO] [stderr]     Finished test [unoptimized + debuginfo] target(s) in 10.08s
[INFO] running `Command { std: "docker" "inspect" "3a75854ecab056b488a727bef4a91efaa4b7da8937ea39ebf612ca9b43d09ef5", kill_on_drop: false }`
[INFO] running `Command { std: "docker" "rm" "-f" "3a75854ecab056b488a727bef4a91efaa4b7da8937ea39ebf612ca9b43d09ef5", kill_on_drop: false }`
[INFO] [stdout] 3a75854ecab056b488a727bef4a91efaa4b7da8937ea39ebf612ca9b43d09ef5
[INFO] running `Command { std: "docker" "create" "-v" "/var/lib/crater-agent-workspace/builds/worker-85/target:/opt/rustwide/target:rw,Z" "-v" "/var/lib/crater-agent-workspace/builds/worker-85/source:/opt/rustwide/workdir:ro,Z" "-v" "/var/lib/crater-agent-workspace/cargo-home:/opt/rustwide/cargo-home:ro,Z" "-v" "/var/lib/crater-agent-workspace/rustup-home:/opt/rustwide/rustup-home:ro,Z" "-e" "SOURCE_DIR=/opt/rustwide/workdir" "-e" "CARGO_TARGET_DIR=/opt/rustwide/target" "-e" "CARGO_INCREMENTAL=0" "-e" "RUST_BACKTRACE=full" "-e" "RUSTFLAGS=--cap-lints=warn" "-e" "CARGO_HOME=/opt/rustwide/cargo-home" "-e" "RUSTUP_HOME=/opt/rustwide/rustup-home" "-w" "/opt/rustwide/workdir" "-m" "1610612736" "--user" "0:0" "--network" "none" "ghcr.io/rust-lang/crates-build-env/linux@sha256:34b6a614d2c27851fe6cbf88fbd1137609cefab8b10d0615aaeb6fd47975d74e" "/opt/rustwide/cargo-home/bin/cargo" "+beta-2021-08-01" "test" "--frozen", kill_on_drop: false }`
[INFO] [stdout] 5f8a20f8caae721f0ec0a91fba0bcd77071194f32556539498f979c19336b466
[INFO] running `Command { std: "docker" "start" "-a" "5f8a20f8caae721f0ec0a91fba0bcd77071194f32556539498f979c19336b466", kill_on_drop: false }`
[INFO] [stderr]     Blocking waiting for file lock on package cache
[INFO] [stderr]     Blocking waiting for file lock on package cache
[INFO] [stderr]     Finished test [unoptimized + debuginfo] target(s) in 0.39s
[INFO] [stderr]      Running unittests (/opt/rustwide/target/debug/deps/hoard-a190f8d0128084c7)
[INFO] [stdout] 
[INFO] [stdout] running 58 tests
[INFO] [stdout] test combinator::tests::test_combinator_to_boolean_string ... ok
[INFO] [stdout] test combinator::tests::test_inner_serde_single ... ok
[INFO] [stdout] test combinator::tests::test_is_complex ... ok
[INFO] [stdout] test combinator::tests::test_combinator_to_toml_string ... ok
[INFO] [stdout] test combinator::tests::test_inner ... ok
[INFO] [stdout] test combinator::tests::test_is_only_and ... ok
[INFO] [stdout] test combinator::tests::test_combinator_is_empty ... ok
[INFO] [stdout] test combinator::tests::test_combinator ... ok
[INFO] [stdout] test combinator::tests::test_is_only_or ... ok
[INFO] [stdout] test combinator::tests::test_inner_serde_multiple ... ok
[INFO] [stdout] test combinator::tests::test_is_singleton ... ok
[INFO] [stdout] test command::tests::default_command_is_help ... ok
[INFO] [stdout] test config::builder::environment::hostname::tests::test_correct_hostname ... ok
[INFO] [stdout] test config::builder::environment::exe::tests::test_exe_does_not_exist ... ok
[INFO] [stdout] test config::builder::environment::os::tests::test_correct_os ... ok
[INFO] [stdout] test config::builder::environment::hostname::tests::test_incorrect_hostname ... ok
[INFO] [stdout] test config::builder::environment::os::tests::test_incorrect_os ... ok
[INFO] [stdout] test config::builder::environment::path::tests::test_dir_does_not_exist ... ok
[INFO] [stdout] test config::builder::environment::path::tests::test_file_does_not_exist ... ok
[INFO] [stdout] test config::builder::environment::path::tests::test_dir_does_exist ... ok
[INFO] [stdout] test config::builder::environment::path::tests::test_file_does_exist ... ok
[INFO] [stdout] test config::builder::environment::tests::validate_hostname::test_env_condition_invalid_hostname_complex ... ok
[INFO] [stdout] test config::builder::environment::tests::validate_hostname::test_env_condition_invalid_hostname_only_and ... ok
[INFO] [stdout] test config::builder::environment::tests::validate_hostname::test_env_condition_valid_hostname ... ok
[INFO] [stdout] test config::builder::environment::tests::validate_operating_system::test_env_condition_invalid_os_complex ... ok
[INFO] [stdout] test config::builder::environment::tests::validate_operating_system::test_env_condition_invalid_os_only_and ... ok
[INFO] [stdout] test config::builder::envtrie::tests::test_combine_mutually_exclusive_is_invalid ... ok
[INFO] [stdout] test config::builder::environment::tests::validate_operating_system::test_env_condition_valid_os ... ok
[INFO] [stdout] test config::builder::envtrie::tests::test_invalid_consecutive_separator ... ok
[INFO] [stdout] test config::builder::envtrie::tests::test_empty_condition_is_invalid ... ok
[INFO] [stdout] test config::builder::envtrie::tests::test_same_condition_twice_is_invalid ... ok
[INFO] [stdout] test config::builder::envtrie::tests::test_valid_single_env ... ok
[INFO] [stdout] test config::builder::tests::builder::builder_command_unsets_correctly ... ok
[INFO] [stdout] test config::builder::tests::builder::builder_command_sets_correctly ... ok
[INFO] [stdout] test config::builder::tests::builder::builder_config_file_unsets_correctly ... ok
[INFO] [stdout] test config::builder::tests::builder::builder_log_level_sets_correctly ... ok
[INFO] [stdout] test config::builder::tests::builder::builder_log_level_unsets_correctly ... ok
[INFO] [stdout] test config::builder::envtrie::tests::test_invalid_separator_suffix ... ok
[INFO] [stdout] test config::builder::tests::builder::builder_saves_root_sets_correctly ... ok
[INFO] [stdout] test config::builder::tests::builder::builder_saves_root_unsets_correctly ... ok
[INFO] [stdout] test config::builder::tests::builder::builder_with_nothing_set_uses_defaults ... ok
[INFO] [stdout] test config::builder::tests::builder::layered_builder_prefers_some_over_none ... ok
[INFO] [stdout] test config::builder::tests::builder::builder_with_options_set_uses_options ... ok
[INFO] [stdout] test config::tests::test_config_default_builds_from_new_builder ... ok
[INFO] [stdout] test config::tests::test_config_builder_returns_new_builder ... ok
[INFO] [stdout] test config::tests::test_config_get_config_file_returns_config_file_path ... ok
[INFO] [stdout] test config::builder::tests::builder::new_builder_is_all_none ... ok
[INFO] [stdout] test config::builder::tests::builder::default_builder_is_new ... ok
[INFO] [stdout] test config::tests::test_config_get_saves_root_returns_saves_root_path ... ok
[INFO] [stdout] test config::builder::tests::builder::layered_builder_prefers_argument_to_self ... ok
[INFO] [stdout] test config::builder::hoard::tests::serde::multiple_entry_with_config ... ok
[INFO] [stdout] test config::builder::envtrie::tests::test_valid_multi_env ... ok
[INFO] [stdout] test config::builder::tests::builder::builder_config_file_sets_correctly ... ok
[INFO] [stdout] test config::builder::envtrie::tests::test_invalid_separator_prefix ... ok
[INFO] [stdout] test config::builder::hoard::tests::serde::multiple_entry_no_config ... ok
[INFO] [stdout] test config::builder::hoard::tests::serde::single_entry_no_config ... ok
[INFO] [stdout] test config::builder::hoard::tests::serde::single_entry_with_config ... ok
[INFO] [stderr] error: test failed, to rerun pass '--lib'
[INFO] [stdout] test config::builder::environment::exe::tests::test_exe_exists ... FAILED
[INFO] [stdout] 
[INFO] [stdout] failures:
[INFO] [stdout] 
[INFO] [stdout] ---- config::builder::environment::exe::tests::test_exe_exists stdout ----
[INFO] [stdout] thread 'config::builder::environment::exe::tests::test_exe_exists' panicked at 'assertion failed: exists', src/config/builder/environment/exe.rs:64:13
[INFO] [stdout] stack backtrace:
[INFO] [stdout]    0:     0x55b331a63e60 - std::backtrace_rs::backtrace::libunwind::trace::hff4d1766e93f64f1
[INFO] [stdout]                                at /rustc/53fd98ca776cb875bc9e5514f56b52eb74f9e7a9/library/std/src/../../backtrace/src/backtrace/libunwind.rs:90:5
[INFO] [stdout]    1:     0x55b331a63e60 - std::backtrace_rs::backtrace::trace_unsynchronized::h56bbc8eb78770bcb
[INFO] [stdout]                                at /rustc/53fd98ca776cb875bc9e5514f56b52eb74f9e7a9/library/std/src/../../backtrace/src/backtrace/mod.rs:66:5
[INFO] [stdout]    2:     0x55b331a63e60 - std::sys_common::backtrace::_print_fmt::h5c8e75464faca780
[INFO] [stdout]                                at /rustc/53fd98ca776cb875bc9e5514f56b52eb74f9e7a9/library/std/src/sys_common/backtrace.rs:67:5
[INFO] [stdout]    3:     0x55b331a63e60 - <std::sys_common::backtrace::_print::DisplayBacktrace as core::fmt::Display>::fmt::h48b88277def8b362
[INFO] [stdout]                                at /rustc/53fd98ca776cb875bc9e5514f56b52eb74f9e7a9/library/std/src/sys_common/backtrace.rs:46:22
[INFO] [stdout]    4:     0x55b331a8876c - core::fmt::write::h3381b3176fe2b3d3
[INFO] [stdout]                                at /rustc/53fd98ca776cb875bc9e5514f56b52eb74f9e7a9/library/core/src/fmt/mod.rs:1115:17
[INFO] [stdout]    5:     0x55b331a60ad5 - std::io::Write::write_fmt::h5f34a676f60246b5
[INFO] [stdout]                                at /rustc/53fd98ca776cb875bc9e5514f56b52eb74f9e7a9/library/std/src/io/mod.rs:1665:15
[INFO] [stdout]    6:     0x55b331a6647b - std::sys_common::backtrace::_print::ha537687d6c17dd0d
[INFO] [stdout]                                at /rustc/53fd98ca776cb875bc9e5514f56b52eb74f9e7a9/library/std/src/sys_common/backtrace.rs:49:5
[INFO] [stdout]    7:     0x55b331a6647b - std::sys_common::backtrace::print::h61376ae57d131d72
[INFO] [stdout]                                at /rustc/53fd98ca776cb875bc9e5514f56b52eb74f9e7a9/library/std/src/sys_common/backtrace.rs:36:9
[INFO] [stdout]    8:     0x55b331a6647b - std::panicking::default_hook::{{closure}}::h0f7208c0b9644a54
[INFO] [stdout]                                at /rustc/53fd98ca776cb875bc9e5514f56b52eb74f9e7a9/library/std/src/panicking.rs:208:50
[INFO] [stdout]    9:     0x55b331a65f8c - std::panicking::default_hook::hdac7fc06578c14ce
[INFO] [stdout]                                at /rustc/53fd98ca776cb875bc9e5514f56b52eb74f9e7a9/library/std/src/panicking.rs:222:9
[INFO] [stdout]   10:     0x55b331a66b44 - std::panicking::rust_panic_with_hook::h72b21c283da3d1ef
[INFO] [stdout]                                at /rustc/53fd98ca776cb875bc9e5514f56b52eb74f9e7a9/library/std/src/panicking.rs:622:17
[INFO] [stdout]   11:     0x55b331a665f7 - std::panicking::begin_panic_handler::{{closure}}::he5778f1729cff84a
[INFO] [stdout]                                at /rustc/53fd98ca776cb875bc9e5514f56b52eb74f9e7a9/library/std/src/panicking.rs:517:13
[INFO] [stdout]   12:     0x55b331a6433c - std::sys_common::backtrace::__rust_end_short_backtrace::h2d11ca8b453b4b1d
[INFO] [stdout]                                at /rustc/53fd98ca776cb875bc9e5514f56b52eb74f9e7a9/library/std/src/sys_common/backtrace.rs:141:18
[INFO] [stdout]   13:     0x55b331a66589 - rust_begin_unwind
[INFO] [stdout]                                at /rustc/53fd98ca776cb875bc9e5514f56b52eb74f9e7a9/library/std/src/panicking.rs:515:5
[INFO] [stdout]   14:     0x55b33181f7e1 - core::panicking::panic_fmt::hf9de31d4acbce4db
[INFO] [stdout]                                at /rustc/53fd98ca776cb875bc9e5514f56b52eb74f9e7a9/library/core/src/panicking.rs:92:14
[INFO] [stdout]   15:     0x55b33181f72d - core::panicking::panic::h8a6bc58a21c6c095
[INFO] [stdout]                                at /rustc/53fd98ca776cb875bc9e5514f56b52eb74f9e7a9/library/core/src/panicking.rs:50:5
[INFO] [stdout]   16:     0x55b331919905 - hoard::config::builder::environment::exe::tests::test_exe_exists::h13fb1b8293f03343
[INFO] [stdout]                                at /opt/rustwide/workdir/src/config/builder/environment/exe.rs:64:13
[INFO] [stdout]   17:     0x55b3319197da - hoard::config::builder::environment::exe::tests::test_exe_exists::{{closure}}::h42b4526f55b68786
[INFO] [stdout]                                at /opt/rustwide/workdir/src/config/builder/environment/exe.rs:58:5
[INFO] [stdout]   18:     0x55b33194e8ee - core::ops::function::FnOnce::call_once::hb8db309efe9f495e
[INFO] [stdout]                                at /rustc/53fd98ca776cb875bc9e5514f56b52eb74f9e7a9/library/core/src/ops/function.rs:227:5
[INFO] [stdout]   19:     0x55b3319cdf63 - core::ops::function::FnOnce::call_once::hbb52c4519d3137b0
[INFO] [stdout]                                at /rustc/53fd98ca776cb875bc9e5514f56b52eb74f9e7a9/library/core/src/ops/function.rs:227:5
[INFO] [stdout]   20:     0x55b3319cdf63 - test::__rust_begin_short_backtrace::h86fe3a2a5a5121af
[INFO] [stdout]                                at /rustc/53fd98ca776cb875bc9e5514f56b52eb74f9e7a9/library/test/src/lib.rs:578:5
[INFO] [stdout]   21:     0x55b3319cca18 - <alloc::boxed::Box<F,A> as core::ops::function::FnOnce<Args>>::call_once::hfd956bc3d57399be
[INFO] [stdout]                                at /rustc/53fd98ca776cb875bc9e5514f56b52eb74f9e7a9/library/alloc/src/boxed.rs:1572:9
[INFO] [stdout]   22:     0x55b3319cca18 - <std::panic::AssertUnwindSafe<F> as core::ops::function::FnOnce<()>>::call_once::h40dc93e0ddb5938a
[INFO] [stdout]                                at /rustc/53fd98ca776cb875bc9e5514f56b52eb74f9e7a9/library/std/src/panic.rs:347:9
[INFO] [stdout]   23:     0x55b3319cca18 - std::panicking::try::do_call::h90d07750cb47c562
[INFO] [stdout]                                at /rustc/53fd98ca776cb875bc9e5514f56b52eb74f9e7a9/library/std/src/panicking.rs:401:40
[INFO] [stdout]   24:     0x55b3319cca18 - std::panicking::try::h063c84733ad2a629
[INFO] [stdout]                                at /rustc/53fd98ca776cb875bc9e5514f56b52eb74f9e7a9/library/std/src/panicking.rs:365:19
[INFO] [stdout]   25:     0x55b3319cca18 - std::panic::catch_unwind::h0c464836a84e7c08
[INFO] [stdout]                                at /rustc/53fd98ca776cb875bc9e5514f56b52eb74f9e7a9/library/std/src/panic.rs:434:14
[INFO] [stdout]   26:     0x55b3319cca18 - test::run_test_in_process::h5cb06ef620b157fc
[INFO] [stdout]                                at /rustc/53fd98ca776cb875bc9e5514f56b52eb74f9e7a9/library/test/src/lib.rs:601:18
[INFO] [stdout]   27:     0x55b3319cca18 - test::run_test::run_test_inner::{{closure}}::h76f677f4b93f9828
[INFO] [stdout]                                at /rustc/53fd98ca776cb875bc9e5514f56b52eb74f9e7a9/library/test/src/lib.rs:493:39
[INFO] [stdout]   28:     0x55b33199b1ad - test::run_test::run_test_inner::{{closure}}::h366d01fe04f4d67a
[INFO] [stdout]                                at /rustc/53fd98ca776cb875bc9e5514f56b52eb74f9e7a9/library/test/src/lib.rs:520:37
[INFO] [stdout]   29:     0x55b33199b1ad - std::sys_common::backtrace::__rust_begin_short_backtrace::h7dfa0de4eb395af2
[INFO] [stdout]                                at /rustc/53fd98ca776cb875bc9e5514f56b52eb74f9e7a9/library/std/src/sys_common/backtrace.rs:125:18
[INFO] [stdout]   30:     0x55b33199f978 - std::thread::Builder::spawn_unchecked::{{closure}}::{{closure}}::hf0a74bb58798037f
[INFO] [stdout]                                at /rustc/53fd98ca776cb875bc9e5514f56b52eb74f9e7a9/library/std/src/thread/mod.rs:476:17
[INFO] [stdout]   31:     0x55b33199f978 - <std::panic::AssertUnwindSafe<F> as core::ops::function::FnOnce<()>>::call_once::hb024e854818586ac
[INFO] [stdout]                                at /rustc/53fd98ca776cb875bc9e5514f56b52eb74f9e7a9/library/std/src/panic.rs:347:9
[INFO] [stdout]   32:     0x55b33199f978 - std::panicking::try::do_call::hb2dd9f1d0d48e41d
[INFO] [stdout]                                at /rustc/53fd98ca776cb875bc9e5514f56b52eb74f9e7a9/library/std/src/panicking.rs:401:40
[INFO] [stdout]   33:     0x55b33199f978 - std::panicking::try::h4717ae7bac8b2bf3
[INFO] [stdout]                                at /rustc/53fd98ca776cb875bc9e5514f56b52eb74f9e7a9/library/std/src/panicking.rs:365:19
[INFO] [stdout]   34:     0x55b33199f978 - std::panic::catch_unwind::h0dc8a061326ce8d8
[INFO] [stdout]                                at /rustc/53fd98ca776cb875bc9e5514f56b52eb74f9e7a9/library/std/src/panic.rs:434:14
[INFO] [stdout]   35:     0x55b33199f978 - std::thread::Builder::spawn_unchecked::{{closure}}::haa369e2d6fd00aa1
[INFO] [stdout]                                at /rustc/53fd98ca776cb875bc9e5514f56b52eb74f9e7a9/library/std/src/thread/mod.rs:475:30
[INFO] [stdout]   36:     0x55b33199f978 - core::ops::function::FnOnce::call_once{{vtable.shim}}::h36dcf3de8b056f17
[INFO] [stdout]                                at /rustc/53fd98ca776cb875bc9e5514f56b52eb74f9e7a9/library/core/src/ops/function.rs:227:5
[INFO] [stdout]   37:     0x55b331a6c327 - <alloc::boxed::Box<F,A> as core::ops::function::FnOnce<Args>>::call_once::h65c29e4642be2358
[INFO] [stdout]                                at /rustc/53fd98ca776cb875bc9e5514f56b52eb74f9e7a9/library/alloc/src/boxed.rs:1572:9
[INFO] [stdout]   38:     0x55b331a6c327 - <alloc::boxed::Box<F,A> as core::ops::function::FnOnce<Args>>::call_once::hd0f8f7fbbd9fffbf
[INFO] [stdout]                                at /rustc/53fd98ca776cb875bc9e5514f56b52eb74f9e7a9/library/alloc/src/boxed.rs:1572:9
[INFO] [stdout]   39:     0x55b331a6c327 - std::sys::unix::thread::Thread::new::thread_start::h2fd22fee3ca77b65
[INFO] [stdout]                                at /rustc/53fd98ca776cb875bc9e5514f56b52eb74f9e7a9/library/std/src/sys/unix/thread.rs:74:17
[INFO] [stdout]   40:     0x7fe8414ab609 - start_thread
[INFO] [stdout]   41:     0x7fe84127d293 - clone
[INFO] [stdout]   42:                0x0 - <unknown>
[INFO] [stdout] 
[INFO] [stdout] 
[INFO] [stdout] failures:
[INFO] [stdout]     config::builder::environment::exe::tests::test_exe_exists
[INFO] [stdout] 
[INFO] [stdout] test result: FAILED. 57 passed; 1 failed; 0 ignored; 0 measured; 0 filtered out; finished in 0.06s
[INFO] [stdout] 
[INFO] running `Command { std: "docker" "inspect" "5f8a20f8caae721f0ec0a91fba0bcd77071194f32556539498f979c19336b466", kill_on_drop: false }`
[INFO] running `Command { std: "docker" "rm" "-f" "5f8a20f8caae721f0ec0a91fba0bcd77071194f32556539498f979c19336b466", kill_on_drop: false }`
[INFO] [stdout] 5f8a20f8caae721f0ec0a91fba0bcd77071194f32556539498f979c19336b466
