[INFO] fetching crate hlua 0.4.1...
[INFO] testing hlua-0.4.1 against 1.54.0 for beta-1.55-1
[INFO] extracting crate hlua 0.4.1 into /workspace/builds/worker-43/source
[INFO] validating manifest of crates.io crate hlua 0.4.1 on toolchain 1.54.0
[INFO] running `Command { std: "/workspace/cargo-home/bin/cargo" "+1.54.0" "metadata" "--manifest-path" "Cargo.toml" "--no-deps", kill_on_drop: false }`
[INFO] started tweaking crates.io crate hlua 0.4.1
[INFO] finished tweaking crates.io crate hlua 0.4.1
[INFO] tweaked toml for crates.io crate hlua 0.4.1 written to /workspace/builds/worker-43/source/Cargo.toml
[INFO] running `Command { std: "/workspace/cargo-home/bin/cargo" "+1.54.0" "generate-lockfile" "--manifest-path" "Cargo.toml" "-Zno-index-update", kill_on_drop: false }`
[INFO] running `Command { std: "/workspace/cargo-home/bin/cargo" "+1.54.0" "fetch" "--manifest-path" "Cargo.toml", kill_on_drop: false }`
[INFO] running `Command { std: "docker" "create" "-v" "/var/lib/crater-agent-workspace/builds/worker-43/target:/opt/rustwide/target:rw,Z" "-v" "/var/lib/crater-agent-workspace/builds/worker-43/source:/opt/rustwide/workdir:ro,Z" "-v" "/var/lib/crater-agent-workspace/cargo-home:/opt/rustwide/cargo-home:ro,Z" "-v" "/var/lib/crater-agent-workspace/rustup-home:/opt/rustwide/rustup-home:ro,Z" "-e" "SOURCE_DIR=/opt/rustwide/workdir" "-e" "CARGO_TARGET_DIR=/opt/rustwide/target" "-e" "CARGO_HOME=/opt/rustwide/cargo-home" "-e" "RUSTUP_HOME=/opt/rustwide/rustup-home" "-w" "/opt/rustwide/workdir" "-m" "1610612736" "--user" "0:0" "--network" "none" "ghcr.io/rust-lang/crates-build-env/linux@sha256:34b6a614d2c27851fe6cbf88fbd1137609cefab8b10d0615aaeb6fd47975d74e" "/opt/rustwide/cargo-home/bin/cargo" "+1.54.0" "metadata" "--no-deps" "--format-version=1", kill_on_drop: false }`
[INFO] [stdout] 86a5982eb015c459f629a44311a14dcbaeb71cef1fabbf09ea82cf6b8e28013f
[INFO] running `Command { std: "docker" "start" "-a" "86a5982eb015c459f629a44311a14dcbaeb71cef1fabbf09ea82cf6b8e28013f", kill_on_drop: false }`
[INFO] running `Command { std: "docker" "inspect" "86a5982eb015c459f629a44311a14dcbaeb71cef1fabbf09ea82cf6b8e28013f", kill_on_drop: false }`
[INFO] running `Command { std: "docker" "rm" "-f" "86a5982eb015c459f629a44311a14dcbaeb71cef1fabbf09ea82cf6b8e28013f", kill_on_drop: false }`
[INFO] [stdout] 86a5982eb015c459f629a44311a14dcbaeb71cef1fabbf09ea82cf6b8e28013f
[INFO] running `Command { std: "docker" "create" "-v" "/var/lib/crater-agent-workspace/builds/worker-43/target:/opt/rustwide/target:rw,Z" "-v" "/var/lib/crater-agent-workspace/builds/worker-43/source:/opt/rustwide/workdir:ro,Z" "-v" "/var/lib/crater-agent-workspace/cargo-home:/opt/rustwide/cargo-home:ro,Z" "-v" "/var/lib/crater-agent-workspace/rustup-home:/opt/rustwide/rustup-home:ro,Z" "-e" "SOURCE_DIR=/opt/rustwide/workdir" "-e" "CARGO_TARGET_DIR=/opt/rustwide/target" "-e" "CARGO_INCREMENTAL=0" "-e" "RUST_BACKTRACE=full" "-e" "RUSTFLAGS=--cap-lints=warn" "-e" "CARGO_HOME=/opt/rustwide/cargo-home" "-e" "RUSTUP_HOME=/opt/rustwide/rustup-home" "-w" "/opt/rustwide/workdir" "-m" "1610612736" "--user" "0:0" "--network" "none" "ghcr.io/rust-lang/crates-build-env/linux@sha256:34b6a614d2c27851fe6cbf88fbd1137609cefab8b10d0615aaeb6fd47975d74e" "/opt/rustwide/cargo-home/bin/cargo" "+1.54.0" "build" "--frozen" "--message-format=json", kill_on_drop: false }`
[INFO] [stdout] 0690bfc6b3be12476943dd84994f6d656de433b9e7fb1caebf60cba03ebc3db6
[INFO] running `Command { std: "docker" "start" "-a" "0690bfc6b3be12476943dd84994f6d656de433b9e7fb1caebf60cba03ebc3db6", kill_on_drop: false }`
[INFO] [stderr]     Blocking waiting for file lock on package cache
[INFO] [stderr]    Compiling lua52-sys v0.1.2
[INFO] [stderr]    Compiling hlua v0.4.1 (/opt/rustwide/workdir)
[INFO] [stdout] warning: trait objects without an explicit `dyn` are deprecated
[INFO] [stdout]   --> src/any.rs:67:61
[INFO] [stdout]    |
[INFO] [stdout] 67 |                 let size = val.push_no_err(&mut lua as &mut AsMutLua<'lua>).forget_internal();
[INFO] [stdout]    |                                                             ^^^^^^^^^^^^^^ help: use `dyn`: `dyn AsMutLua<'lua>`
[INFO] [stdout]    |
[INFO] [stdout]    = note: `#[warn(bare_trait_objects)]` on by default
[INFO] [stdout]    = warning: this was previously accepted by the compiler but is being phased out; it will become a hard error in the 2021 edition!
[INFO] [stdout]    = note: for more information, see issue #80165 <https://github.com/rust-lang/rust/issues/80165>
[INFO] [stdout] 
[INFO] [stdout] 
[INFO] [stdout] warning: trait objects without an explicit `dyn` are deprecated
[INFO] [stdout]    --> src/any.rs:152:61
[INFO] [stdout]     |
[INFO] [stdout] 152 |                 let size = val.push_no_err(&mut lua as &mut AsMutLua<'lua>).forget_internal();
[INFO] [stdout]     |                                                             ^^^^^^^^^^^^^^ help: use `dyn`: `dyn AsMutLua<'lua>`
[INFO] [stdout]     |
[INFO] [stdout]     = warning: this was previously accepted by the compiler but is being phased out; it will become a hard error in the 2021 edition!
[INFO] [stdout]     = note: for more information, see issue #80165 <https://github.com/rust-lang/rust/issues/80165>
[INFO] [stdout] 
[INFO] [stdout] 
[INFO] [stdout] warning: trait objects without an explicit `dyn` are deprecated
[INFO] [stdout]    --> src/lua_functions.rs:392:32
[INFO] [stdout]     |
[INFO] [stdout] 392 |     fn cause(&self) -> Option<&Error> {
[INFO] [stdout]     |                                ^^^^^ help: use `dyn`: `dyn Error`
[INFO] [stdout]     |
[INFO] [stdout]     = warning: this was previously accepted by the compiler but is being phased out; it will become a hard error in the 2021 edition!
[INFO] [stdout]     = note: for more information, see issue #80165 <https://github.com/rust-lang/rust/issues/80165>
[INFO] [stdout] 
[INFO] [stdout] 
[INFO] [stdout] warning: trait objects without an explicit `dyn` are deprecated
[INFO] [stdout]    --> src/lua_functions.rs:408:32
[INFO] [stdout]     |
[INFO] [stdout] 408 |     fn cause(&self) -> Option<&Error> {
[INFO] [stdout]     |                                ^^^^^ help: use `dyn`: `dyn Error`
[INFO] [stdout]     |
[INFO] [stdout]     = warning: this was previously accepted by the compiler but is being phased out; it will become a hard error in the 2021 edition!
[INFO] [stdout]     = note: for more information, see issue #80165 <https://github.com/rust-lang/rust/issues/80165>
[INFO] [stdout] 
[INFO] [stdout] 
[INFO] [stdout] warning: unnecessary parentheses around method argument
[INFO] [stdout]   --> src/rust_tables.rs:24:39
[INFO] [stdout]    |
[INFO] [stdout] 24 |     for (elem, index) in iterator.zip((1..)) {
[INFO] [stdout]    |                                       ^^^^^ help: remove these parentheses
[INFO] [stdout]    |
[INFO] [stdout]    = note: `#[warn(unused_parens)]` on by default
[INFO] [stdout] 
[INFO] [stdout] 
[INFO] [stdout] warning: trait objects without an explicit `dyn` are deprecated
[INFO] [stdout]    --> src/lib.rs:447:32
[INFO] [stdout]     |
[INFO] [stdout] 447 |     fn cause(&self) -> Option<&Error> {
[INFO] [stdout]     |                                ^^^^^ help: use `dyn`: `dyn Error`
[INFO] [stdout]     |
[INFO] [stdout]     = warning: this was previously accepted by the compiler but is being phased out; it will become a hard error in the 2021 edition!
[INFO] [stdout]     = note: for more information, see issue #80165 <https://github.com/rust-lang/rust/issues/80165>
[INFO] [stdout] 
[INFO] [stdout] 
[INFO] [stdout] warning: use of deprecated macro `try`: use the `?` operator instead
[INFO] [stdout]    --> src/lib.rs:678:21
[INFO] [stdout]     |
[INFO] [stdout] 678 |         let mut f = try!(lua_functions::LuaFunction::load(self, code));
[INFO] [stdout]     |                     ^^^
[INFO] [stdout]     |
[INFO] [stdout]     = note: `#[warn(deprecated)]` on by default
[INFO] [stdout] 
[INFO] [stdout] 
[INFO] [stdout] warning: use of deprecated macro `try`: use the `?` operator instead
[INFO] [stdout]    --> src/lib.rs:706:21
[INFO] [stdout]     |
[INFO] [stdout] 706 |         let mut f = try!(lua_functions::LuaFunction::load_from_reader(self, code));
[INFO] [stdout]     |                     ^^^
[INFO] [stdout] 
[INFO] [stdout] 
[INFO] [stdout] warning: use of deprecated function `std::mem::uninitialized`: use `mem::MaybeUninit` instead
[INFO] [stdout]    --> src/lib.rs:230:19
[INFO] [stdout]     |
[INFO] [stdout] 230 |             res = mem::uninitialized();
[INFO] [stdout]     |                   ^^^^^^^^^^^^^^^^^^
[INFO] [stdout] 
[INFO] [stdout] 
[INFO] [stdout] warning: use of deprecated function `std::mem::uninitialized`: use `mem::MaybeUninit` instead
[INFO] [stdout]   --> src/lua_functions.rs:99:25
[INFO] [stdout]    |
[INFO] [stdout] 99 |                 buffer: mem::uninitialized(),
[INFO] [stdout]    |                         ^^^^^^^^^^^^^^^^^^
[INFO] [stdout] 
[INFO] [stdout] 
[INFO] [stdout] warning: use of deprecated function `std::mem::uninitialized`: use `mem::MaybeUninit` instead
[INFO] [stdout]    --> src/values.rs:150:47
[INFO] [stdout]     |
[INFO] [stdout] 150 |         let mut size: libc::size_t = unsafe { mem::uninitialized() };
[INFO] [stdout]     |                                               ^^^^^^^^^^^^^^^^^^
[INFO] [stdout] 
[INFO] [stdout] 
[INFO] [stdout] warning: use of deprecated function `std::mem::uninitialized`: use `mem::MaybeUninit` instead
[INFO] [stdout]    --> src/values.rs:193:47
[INFO] [stdout]     |
[INFO] [stdout] 193 |         let mut size: libc::size_t = unsafe { mem::uninitialized() };
[INFO] [stdout]     |                                               ^^^^^^^^^^^^^^^^^^
[INFO] [stdout] 
[INFO] [stdout] 
[INFO] [stdout] warning: use of deprecated function `std::mem::uninitialized`: use `mem::MaybeUninit` instead
[INFO] [stdout]    --> src/values.rs:257:42
[INFO] [stdout]     |
[INFO] [stdout] 257 |             let mut size: libc::size_t = mem::uninitialized();
[INFO] [stdout]     |                                          ^^^^^^^^^^^^^^^^^^
[INFO] [stdout] 
[INFO] [stdout] 
[INFO] [stdout] warning: use of deprecated function `std::mem::uninitialized`: use `mem::MaybeUninit` instead
[INFO] [stdout]   --> src/values.rs:37:44
[INFO] [stdout]    |
[INFO] [stdout] 37 |                 let mut success = unsafe { mem::uninitialized() };
[INFO] [stdout]    |                                            ^^^^^^^^^^^^^^^^^^
[INFO] [stdout] ...
[INFO] [stdout] 48 | integer_impl!(i8);
[INFO] [stdout]    | ------------------ in this macro invocation
[INFO] [stdout]    |
[INFO] [stdout]    = note: this warning originates in the macro `integer_impl` (in Nightly builds, run with -Z macro-backtrace for more info)
[INFO] [stdout] 
[INFO] [stdout] 
[INFO] [stdout] warning: use of deprecated function `std::mem::uninitialized`: use `mem::MaybeUninit` instead
[INFO] [stdout]   --> src/values.rs:37:44
[INFO] [stdout]    |
[INFO] [stdout] 37 |                 let mut success = unsafe { mem::uninitialized() };
[INFO] [stdout]    |                                            ^^^^^^^^^^^^^^^^^^
[INFO] [stdout] ...
[INFO] [stdout] 49 | integer_impl!(i16);
[INFO] [stdout]    | ------------------- in this macro invocation
[INFO] [stdout]    |
[INFO] [stdout]    = note: this warning originates in the macro `integer_impl` (in Nightly builds, run with -Z macro-backtrace for more info)
[INFO] [stdout] 
[INFO] [stdout] 
[INFO] [stdout] warning: use of deprecated function `std::mem::uninitialized`: use `mem::MaybeUninit` instead
[INFO] [stdout]   --> src/values.rs:37:44
[INFO] [stdout]    |
[INFO] [stdout] 37 |                 let mut success = unsafe { mem::uninitialized() };
[INFO] [stdout]    |                                            ^^^^^^^^^^^^^^^^^^
[INFO] [stdout] ...
[INFO] [stdout] 50 | integer_impl!(i32);
[INFO] [stdout]    | ------------------- in this macro invocation
[INFO] [stdout]    |
[INFO] [stdout]    = note: this warning originates in the macro `integer_impl` (in Nightly builds, run with -Z macro-backtrace for more info)
[INFO] [stdout] 
[INFO] [stdout] 
[INFO] [stdout] warning: use of deprecated function `std::mem::uninitialized`: use `mem::MaybeUninit` instead
[INFO] [stdout]   --> src/values.rs:72:44
[INFO] [stdout]    |
[INFO] [stdout] 72 |                 let mut success = unsafe { mem::uninitialized() };
[INFO] [stdout]    |                                            ^^^^^^^^^^^^^^^^^^
[INFO] [stdout] ...
[INFO] [stdout] 83 | unsigned_impl!(u8);
[INFO] [stdout]    | ------------------- in this macro invocation
[INFO] [stdout]    |
[INFO] [stdout]    = note: this warning originates in the macro `unsigned_impl` (in Nightly builds, run with -Z macro-backtrace for more info)
[INFO] [stdout] 
[INFO] [stdout] 
[INFO] [stdout] warning: use of deprecated function `std::mem::uninitialized`: use `mem::MaybeUninit` instead
[INFO] [stdout]   --> src/values.rs:72:44
[INFO] [stdout]    |
[INFO] [stdout] 72 |                 let mut success = unsafe { mem::uninitialized() };
[INFO] [stdout]    |                                            ^^^^^^^^^^^^^^^^^^
[INFO] [stdout] ...
[INFO] [stdout] 84 | unsigned_impl!(u16);
[INFO] [stdout]    | -------------------- in this macro invocation
[INFO] [stdout]    |
[INFO] [stdout]    = note: this warning originates in the macro `unsigned_impl` (in Nightly builds, run with -Z macro-backtrace for more info)
[INFO] [stdout] 
[INFO] [stdout] 
[INFO] [stdout] warning: use of deprecated function `std::mem::uninitialized`: use `mem::MaybeUninit` instead
[INFO] [stdout]   --> src/values.rs:72:44
[INFO] [stdout]    |
[INFO] [stdout] 72 |                 let mut success = unsafe { mem::uninitialized() };
[INFO] [stdout]    |                                            ^^^^^^^^^^^^^^^^^^
[INFO] [stdout] ...
[INFO] [stdout] 85 | unsigned_impl!(u32);
[INFO] [stdout]    | -------------------- in this macro invocation
[INFO] [stdout]    |
[INFO] [stdout]    = note: this warning originates in the macro `unsigned_impl` (in Nightly builds, run with -Z macro-backtrace for more info)
[INFO] [stdout] 
[INFO] [stdout] 
[INFO] [stdout] warning: use of deprecated function `std::mem::uninitialized`: use `mem::MaybeUninit` instead
[INFO] [stdout]    --> src/values.rs:107:44
[INFO] [stdout]     |
[INFO] [stdout] 107 |                 let mut success = unsafe { mem::uninitialized() };
[INFO] [stdout]     |                                            ^^^^^^^^^^^^^^^^^^
[INFO] [stdout] ...
[INFO] [stdout] 118 | numeric_impl!(f32);
[INFO] [stdout]     | ------------------- in this macro invocation
[INFO] [stdout]     |
[INFO] [stdout]     = note: this warning originates in the macro `numeric_impl` (in Nightly builds, run with -Z macro-backtrace for more info)
[INFO] [stdout] 
[INFO] [stdout] 
[INFO] [stdout] warning: use of deprecated function `std::mem::uninitialized`: use `mem::MaybeUninit` instead
[INFO] [stdout]    --> src/values.rs:107:44
[INFO] [stdout]     |
[INFO] [stdout] 107 |                 let mut success = unsafe { mem::uninitialized() };
[INFO] [stdout]     |                                            ^^^^^^^^^^^^^^^^^^
[INFO] [stdout] ...
[INFO] [stdout] 119 | numeric_impl!(f64);
[INFO] [stdout]     | ------------------- in this macro invocation
[INFO] [stdout]     |
[INFO] [stdout]     = note: this warning originates in the macro `numeric_impl` (in Nightly builds, run with -Z macro-backtrace for more info)
[INFO] [stdout] 
[INFO] [stdout] 
[INFO] [stdout] warning: variable does not need to be mutable
[INFO] [stdout]    --> src/functions_write.rs:368:26
[INFO] [stdout]     |
[INFO] [stdout] 368 |     fn push_to_lua(self, mut lua: &'a mut InsideCallback) -> Result<PushGuard<&'a mut InsideCallback>, (P, &'a mut InsideCallback)> {
[INFO] [stdout]     |                          ----^^^
[INFO] [stdout]     |                          |
[INFO] [stdout]     |                          help: remove this `mut`
[INFO] [stdout]     |
[INFO] [stdout]     = note: `#[warn(unused_mut)]` on by default
[INFO] [stdout] 
[INFO] [stdout] 
[INFO] [stdout] warning: variable does not need to be mutable
[INFO] [stdout]    --> src/userdata.rs:124:33
[INFO] [stdout]     |
[INFO] [stdout] 124 | pub fn read_userdata<'t, 'c, T>(mut lua: &'c mut InsideCallback,
[INFO] [stdout]     |                                 ----^^^
[INFO] [stdout]     |                                 |
[INFO] [stdout]     |                                 help: remove this `mut`
[INFO] [stdout] 
[INFO] [stdout] 
[INFO] [stdout] warning: 23 warnings emitted
[INFO] [stdout] 
[INFO] [stdout] 
[INFO] [stderr]     Finished dev [unoptimized + debuginfo] target(s) in 8.31s
[INFO] running `Command { std: "docker" "inspect" "0690bfc6b3be12476943dd84994f6d656de433b9e7fb1caebf60cba03ebc3db6", kill_on_drop: false }`
[INFO] running `Command { std: "docker" "rm" "-f" "0690bfc6b3be12476943dd84994f6d656de433b9e7fb1caebf60cba03ebc3db6", kill_on_drop: false }`
[INFO] [stdout] 0690bfc6b3be12476943dd84994f6d656de433b9e7fb1caebf60cba03ebc3db6
[INFO] running `Command { std: "docker" "create" "-v" "/var/lib/crater-agent-workspace/builds/worker-43/target:/opt/rustwide/target:rw,Z" "-v" "/var/lib/crater-agent-workspace/builds/worker-43/source:/opt/rustwide/workdir:ro,Z" "-v" "/var/lib/crater-agent-workspace/cargo-home:/opt/rustwide/cargo-home:ro,Z" "-v" "/var/lib/crater-agent-workspace/rustup-home:/opt/rustwide/rustup-home:ro,Z" "-e" "SOURCE_DIR=/opt/rustwide/workdir" "-e" "CARGO_TARGET_DIR=/opt/rustwide/target" "-e" "CARGO_INCREMENTAL=0" "-e" "RUST_BACKTRACE=full" "-e" "RUSTFLAGS=--cap-lints=warn" "-e" "CARGO_HOME=/opt/rustwide/cargo-home" "-e" "RUSTUP_HOME=/opt/rustwide/rustup-home" "-w" "/opt/rustwide/workdir" "-m" "1610612736" "--user" "0:0" "--network" "none" "ghcr.io/rust-lang/crates-build-env/linux@sha256:34b6a614d2c27851fe6cbf88fbd1137609cefab8b10d0615aaeb6fd47975d74e" "/opt/rustwide/cargo-home/bin/cargo" "+1.54.0" "test" "--frozen" "--no-run" "--message-format=json", kill_on_drop: false }`
[INFO] [stdout] 91fd9aec0a7062a0e2236a3c29a01e0b152c8441f9b3c61164e6b769387bb429
[INFO] running `Command { std: "docker" "start" "-a" "91fd9aec0a7062a0e2236a3c29a01e0b152c8441f9b3c61164e6b769387bb429", kill_on_drop: false }`
[INFO] [stdout] warning: trait objects without an explicit `dyn` are deprecated
[INFO] [stdout]   --> src/any.rs:67:61
[INFO] [stdout]    |
[INFO] [stdout] 67 |                 let size = val.push_no_err(&mut lua as &mut AsMutLua<'lua>).forget_internal();
[INFO] [stdout]    |                                                             ^^^^^^^^^^^^^^ help: use `dyn`: `dyn AsMutLua<'lua>`
[INFO] [stdout]    |
[INFO] [stdout]    = note: `#[warn(bare_trait_objects)]` on by default
[INFO] [stdout]    = warning: this was previously accepted by the compiler but is being phased out; it will become a hard error in the 2021 edition!
[INFO] [stdout]    = note: for more information, see issue #80165 <https://github.com/rust-lang/rust/issues/80165>
[INFO] [stdout] 
[INFO] [stdout] 
[INFO] [stdout] warning: trait objects without an explicit `dyn` are deprecated
[INFO] [stdout]    --> src/any.rs:152:61
[INFO] [stdout]     |
[INFO] [stdout] 152 |                 let size = val.push_no_err(&mut lua as &mut AsMutLua<'lua>).forget_internal();
[INFO] [stdout]     |                                                             ^^^^^^^^^^^^^^ help: use `dyn`: `dyn AsMutLua<'lua>`
[INFO] [stdout]     |
[INFO] [stdout]     = warning: this was previously accepted by the compiler but is being phased out; it will become a hard error in the 2021 edition!
[INFO] [stdout]     = note: for more information, see issue #80165 <https://github.com/rust-lang/rust/issues/80165>
[INFO] [stdout] 
[INFO] [stdout] 
[INFO] [stdout] warning: trait objects without an explicit `dyn` are deprecated
[INFO] [stdout]    --> src/lua_functions.rs:392:32
[INFO] [stdout]     |
[INFO] [stdout] 392 |     fn cause(&self) -> Option<&Error> {
[INFO] [stdout]     |                                ^^^^^ help: use `dyn`: `dyn Error`
[INFO] [stdout]     |
[INFO] [stdout]     = warning: this was previously accepted by the compiler but is being phased out; it will become a hard error in the 2021 edition!
[INFO] [stdout]     = note: for more information, see issue #80165 <https://github.com/rust-lang/rust/issues/80165>
[INFO] [stdout] 
[INFO] [stdout] 
[INFO] [stdout] warning: trait objects without an explicit `dyn` are deprecated
[INFO] [stdout]    --> src/lua_functions.rs:408:32
[INFO] [stdout]     |
[INFO] [stdout] 408 |     fn cause(&self) -> Option<&Error> {
[INFO] [stdout]     |                                ^^^^^ help: use `dyn`: `dyn Error`
[INFO] [stdout]     |
[INFO] [stdout]     = warning: this was previously accepted by the compiler but is being phased out; it will become a hard error in the 2021 edition!
[INFO] [stdout]     = note: for more information, see issue #80165 <https://github.com/rust-lang/rust/issues/80165>
[INFO] [stdout] 
[INFO] [stdout] 
[INFO] [stdout] warning: unnecessary parentheses around method argument
[INFO] [stdout]   --> src/rust_tables.rs:24:39
[INFO] [stdout]    |
[INFO] [stdout] 24 |     for (elem, index) in iterator.zip((1..)) {
[INFO] [stdout]    |                                       ^^^^^ help: remove these parentheses
[INFO] [stdout]    |
[INFO] [stdout]    = note: `#[warn(unused_parens)]` on by default
[INFO] [stdout] 
[INFO] [stdout] 
[INFO] [stdout] warning: trait objects without an explicit `dyn` are deprecated
[INFO] [stdout]    --> src/lib.rs:447:32
[INFO] [stdout]     |
[INFO] [stdout] 447 |     fn cause(&self) -> Option<&Error> {
[INFO] [stdout]     |                                ^^^^^ help: use `dyn`: `dyn Error`
[INFO] [stdout]     |
[INFO] [stdout]     = warning: this was previously accepted by the compiler but is being phased out; it will become a hard error in the 2021 edition!
[INFO] [stdout]     = note: for more information, see issue #80165 <https://github.com/rust-lang/rust/issues/80165>
[INFO] [stdout] 
[INFO] [stdout] 
[INFO] [stdout] warning: use of deprecated macro `try`: use the `?` operator instead
[INFO] [stdout]    --> src/lib.rs:678:21
[INFO] [stdout]     |
[INFO] [stdout] 678 |         let mut f = try!(lua_functions::LuaFunction::load(self, code));
[INFO] [stdout]     |                     ^^^
[INFO] [stdout]     |
[INFO] [stdout]     = note: `#[warn(deprecated)]` on by default
[INFO] [stdout] 
[INFO] [stdout] 
[INFO] [stdout] warning: use of deprecated macro `try`: use the `?` operator instead
[INFO] [stdout]    --> src/lib.rs:706:21
[INFO] [stdout]     |
[INFO] [stdout] 706 |         let mut f = try!(lua_functions::LuaFunction::load_from_reader(self, code));
[INFO] [stdout]     |                     ^^^
[INFO] [stdout] 
[INFO] [stdout] 
[INFO] [stdout] warning: use of deprecated function `std::mem::uninitialized`: use `mem::MaybeUninit` instead
[INFO] [stdout]    --> src/lib.rs:230:19
[INFO] [stdout]     |
[INFO] [stdout] 230 |             res = mem::uninitialized();
[INFO] [stdout]     |                   ^^^^^^^^^^^^^^^^^^
[INFO] [stdout] 
[INFO] [stdout] 
[INFO] [stdout] warning: use of deprecated function `std::mem::uninitialized`: use `mem::MaybeUninit` instead
[INFO] [stdout]   --> src/lua_functions.rs:99:25
[INFO] [stdout]    |
[INFO] [stdout] 99 |                 buffer: mem::uninitialized(),
[INFO] [stdout]    |                         ^^^^^^^^^^^^^^^^^^
[INFO] [stdout] 
[INFO] [stdout] 
[INFO] [stdout] warning: use of deprecated function `std::mem::uninitialized`: use `mem::MaybeUninit` instead
[INFO] [stdout]    --> src/values.rs:150:47
[INFO] [stdout]     |
[INFO] [stdout] 150 |         let mut size: libc::size_t = unsafe { mem::uninitialized() };
[INFO] [stdout]     |                                               ^^^^^^^^^^^^^^^^^^
[INFO] [stdout] 
[INFO] [stdout] 
[INFO] [stdout] warning: use of deprecated function `std::mem::uninitialized`: use `mem::MaybeUninit` instead
[INFO] [stdout]    --> src/values.rs:193:47
[INFO] [stdout]     |
[INFO] [stdout] 193 |         let mut size: libc::size_t = unsafe { mem::uninitialized() };
[INFO] [stdout]     |                                               ^^^^^^^^^^^^^^^^^^
[INFO] [stdout] 
[INFO] [stdout] 
[INFO] [stdout] warning: use of deprecated function `std::mem::uninitialized`: use `mem::MaybeUninit` instead
[INFO] [stdout]    --> src/values.rs:257:42
[INFO] [stdout]     |
[INFO] [stdout] 257 |             let mut size: libc::size_t = mem::uninitialized();
[INFO] [stdout]     |                                          ^^^^^^^^^^^^^^^^^^
[INFO] [stdout] 
[INFO] [stdout] 
[INFO] [stdout] warning: use of deprecated function `std::mem::uninitialized`: use `mem::MaybeUninit` instead
[INFO] [stdout]   --> src/values.rs:37:44
[INFO] [stdout]    |
[INFO] [stdout] 37 |                 let mut success = unsafe { mem::uninitialized() };
[INFO] [stdout]    |                                            ^^^^^^^^^^^^^^^^^^
[INFO] [stdout] ...
[INFO] [stdout] 48 | integer_impl!(i8);
[INFO] [stdout]    | ------------------ in this macro invocation
[INFO] [stdout]    |
[INFO] [stdout]    = note: this warning originates in the macro `integer_impl` (in Nightly builds, run with -Z macro-backtrace for more info)
[INFO] [stdout] 
[INFO] [stdout] 
[INFO] [stdout] warning: use of deprecated function `std::mem::uninitialized`: use `mem::MaybeUninit` instead
[INFO] [stdout]   --> src/values.rs:37:44
[INFO] [stdout]    |
[INFO] [stdout] 37 |                 let mut success = unsafe { mem::uninitialized() };
[INFO] [stdout]    |                                            ^^^^^^^^^^^^^^^^^^
[INFO] [stdout] ...
[INFO] [stdout] 49 | integer_impl!(i16);
[INFO] [stdout]    | ------------------- in this macro invocation
[INFO] [stdout]    |
[INFO] [stdout]    = note: this warning originates in the macro `integer_impl` (in Nightly builds, run with -Z macro-backtrace for more info)
[INFO] [stdout] 
[INFO] [stdout] 
[INFO] [stdout] warning: use of deprecated function `std::mem::uninitialized`: use `mem::MaybeUninit` instead
[INFO] [stdout]   --> src/values.rs:37:44
[INFO] [stdout]    |
[INFO] [stdout] 37 |                 let mut success = unsafe { mem::uninitialized() };
[INFO] [stdout]    |                                            ^^^^^^^^^^^^^^^^^^
[INFO] [stdout] ...
[INFO] [stdout] 50 | integer_impl!(i32);
[INFO] [stdout]    | ------------------- in this macro invocation
[INFO] [stdout]    |
[INFO] [stdout]    = note: this warning originates in the macro `integer_impl` (in Nightly builds, run with -Z macro-backtrace for more info)
[INFO] [stdout] 
[INFO] [stdout] 
[INFO] [stdout] warning: use of deprecated function `std::mem::uninitialized`: use `mem::MaybeUninit` instead
[INFO] [stdout]   --> src/values.rs:72:44
[INFO] [stdout]    |
[INFO] [stdout] 72 |                 let mut success = unsafe { mem::uninitialized() };
[INFO] [stdout]    |                                            ^^^^^^^^^^^^^^^^^^
[INFO] [stdout] ...
[INFO] [stdout] 83 | unsigned_impl!(u8);
[INFO] [stdout]    | ------------------- in this macro invocation
[INFO] [stdout]    |
[INFO] [stdout]    = note: this warning originates in the macro `unsigned_impl` (in Nightly builds, run with -Z macro-backtrace for more info)
[INFO] [stdout] 
[INFO] [stdout] 
[INFO] [stdout] warning: use of deprecated function `std::mem::uninitialized`: use `mem::MaybeUninit` instead
[INFO] [stdout]   --> src/values.rs:72:44
[INFO] [stdout]    |
[INFO] [stdout] 72 |                 let mut success = unsafe { mem::uninitialized() };
[INFO] [stdout]    |                                            ^^^^^^^^^^^^^^^^^^
[INFO] [stdout] ...
[INFO] [stdout] 84 | unsigned_impl!(u16);
[INFO] [stdout]    | -------------------- in this macro invocation
[INFO] [stdout]    |
[INFO] [stdout]    = note: this warning originates in the macro `unsigned_impl` (in Nightly builds, run with -Z macro-backtrace for more info)
[INFO] [stdout] 
[INFO] [stdout] 
[INFO] [stdout] warning: use of deprecated function `std::mem::uninitialized`: use `mem::MaybeUninit` instead
[INFO] [stdout]   --> src/values.rs:72:44
[INFO] [stdout]    |
[INFO] [stdout] 72 |                 let mut success = unsafe { mem::uninitialized() };
[INFO] [stdout]    |                                            ^^^^^^^^^^^^^^^^^^
[INFO] [stdout] ...
[INFO] [stdout] 85 | unsigned_impl!(u32);
[INFO] [stdout]    | -------------------- in this macro invocation
[INFO] [stdout]    |
[INFO] [stdout]    = note: this warning originates in the macro `unsigned_impl` (in Nightly builds, run with -Z macro-backtrace for more info)
[INFO] [stdout] 
[INFO] [stdout] 
[INFO] [stdout] warning: use of deprecated function `std::mem::uninitialized`: use `mem::MaybeUninit` instead
[INFO] [stdout]    --> src/values.rs:107:44
[INFO] [stdout]     |
[INFO] [stdout] 107 |                 let mut success = unsafe { mem::uninitialized() };
[INFO] [stdout]     |                                            ^^^^^^^^^^^^^^^^^^
[INFO] [stdout] ...
[INFO] [stdout] 118 | numeric_impl!(f32);
[INFO] [stdout]     | ------------------- in this macro invocation
[INFO] [stdout]     |
[INFO] [stdout]     = note: this warning originates in the macro `numeric_impl` (in Nightly builds, run with -Z macro-backtrace for more info)
[INFO] [stdout] 
[INFO] [stdout] 
[INFO] [stderr]    Compiling hlua v0.4.1 (/opt/rustwide/workdir)
[INFO] [stdout] warning: use of deprecated function `std::mem::uninitialized`: use `mem::MaybeUninit` instead
[INFO] [stdout]    --> src/values.rs:107:44
[INFO] [stdout]     |
[INFO] [stdout] 107 |                 let mut success = unsafe { mem::uninitialized() };
[INFO] [stdout]     |                                            ^^^^^^^^^^^^^^^^^^
[INFO] [stdout] ...
[INFO] [stdout] 119 | numeric_impl!(f64);
[INFO] [stdout]     | ------------------- in this macro invocation
[INFO] [stdout]     |
[INFO] [stdout]     = note: this warning originates in the macro `numeric_impl` (in Nightly builds, run with -Z macro-backtrace for more info)
[INFO] [stdout] 
[INFO] [stdout] 
[INFO] [stdout] warning: variable does not need to be mutable
[INFO] [stdout]    --> src/functions_write.rs:368:26
[INFO] [stdout]     |
[INFO] [stdout] 368 |     fn push_to_lua(self, mut lua: &'a mut InsideCallback) -> Result<PushGuard<&'a mut InsideCallback>, (P, &'a mut InsideCallback)> {
[INFO] [stdout]     |                          ----^^^
[INFO] [stdout]     |                          |
[INFO] [stdout]     |                          help: remove this `mut`
[INFO] [stdout]     |
[INFO] [stdout]     = note: `#[warn(unused_mut)]` on by default
[INFO] [stdout] 
[INFO] [stdout] 
[INFO] [stdout] warning: variable does not need to be mutable
[INFO] [stdout]    --> src/userdata.rs:124:33
[INFO] [stdout]     |
[INFO] [stdout] 124 | pub fn read_userdata<'t, 'c, T>(mut lua: &'c mut InsideCallback,
[INFO] [stdout]     |                                 ----^^^
[INFO] [stdout]     |                                 |
[INFO] [stdout]     |                                 help: remove this `mut`
[INFO] [stdout] 
[INFO] [stdout] 
[INFO] [stdout] warning: 23 warnings emitted
[INFO] [stdout] 
[INFO] [stdout] 
[INFO] [stdout] warning: trait objects without an explicit `dyn` are deprecated
[INFO] [stdout]   --> src/any.rs:67:61
[INFO] [stdout]    |
[INFO] [stdout] 67 |                 let size = val.push_no_err(&mut lua as &mut AsMutLua<'lua>).forget_internal();
[INFO] [stdout]    |                                                             ^^^^^^^^^^^^^^ help: use `dyn`: `dyn AsMutLua<'lua>`
[INFO] [stdout]    |
[INFO] [stdout]    = note: `#[warn(bare_trait_objects)]` on by default
[INFO] [stdout]    = warning: this was previously accepted by the compiler but is being phased out; it will become a hard error in the 2021 edition!
[INFO] [stdout]    = note: for more information, see issue #80165 <https://github.com/rust-lang/rust/issues/80165>
[INFO] [stdout] 
[INFO] [stdout] 
[INFO] [stdout] warning: trait objects without an explicit `dyn` are deprecated
[INFO] [stdout]    --> src/any.rs:152:61
[INFO] [stdout]     |
[INFO] [stdout] 152 |                 let size = val.push_no_err(&mut lua as &mut AsMutLua<'lua>).forget_internal();
[INFO] [stdout]     |                                                             ^^^^^^^^^^^^^^ help: use `dyn`: `dyn AsMutLua<'lua>`
[INFO] [stdout]     |
[INFO] [stdout]     = warning: this was previously accepted by the compiler but is being phased out; it will become a hard error in the 2021 edition!
[INFO] [stdout]     = note: for more information, see issue #80165 <https://github.com/rust-lang/rust/issues/80165>
[INFO] [stdout] 
[INFO] [stdout] 
[INFO] [stdout] warning: unnecessary trailing semicolon
[INFO] [stdout]    --> src/functions_write.rs:441:10
[INFO] [stdout]     |
[INFO] [stdout] 441 |         };
[INFO] [stdout]     |          ^ help: remove this semicolon
[INFO] [stdout]     |
[INFO] [stdout]     = note: `#[warn(redundant_semicolons)]` on by default
[INFO] [stdout] 
[INFO] [stdout] 
[INFO] [stdout] warning: unnecessary trailing semicolon
[INFO] [stdout]    --> src/functions_write.rs:454:10
[INFO] [stdout]     |
[INFO] [stdout] 454 |         };
[INFO] [stdout]     |          ^ help: remove this semicolon
[INFO] [stdout] 
[INFO] [stdout] 
[INFO] [stdout] warning: unnecessary trailing semicolon
[INFO] [stdout]    --> src/functions_write.rs:467:10
[INFO] [stdout]     |
[INFO] [stdout] 467 |         };
[INFO] [stdout]     |          ^ help: remove this semicolon
[INFO] [stdout] 
[INFO] [stdout] 
[INFO] [stdout] warning: unnecessary trailing semicolon
[INFO] [stdout]    --> src/functions_write.rs:480:10
[INFO] [stdout]     |
[INFO] [stdout] 480 |         };
[INFO] [stdout]     |          ^ help: remove this semicolon
[INFO] [stdout] 
[INFO] [stdout] 
[INFO] [stdout] warning: unnecessary trailing semicolon
[INFO] [stdout]    --> src/functions_write.rs:496:10
[INFO] [stdout]     |
[INFO] [stdout] 496 |         };
[INFO] [stdout]     |          ^ help: remove this semicolon
[INFO] [stdout] 
[INFO] [stdout] 
[INFO] [stdout] warning: unnecessary trailing semicolon
[INFO] [stdout]    --> src/functions_write.rs:560:23
[INFO] [stdout]     |
[INFO] [stdout] 560 |         struct Foo { };
[INFO] [stdout]     |                       ^ help: remove this semicolon
[INFO] [stdout] 
[INFO] [stdout] 
[INFO] [stdout] warning: trait objects without an explicit `dyn` are deprecated
[INFO] [stdout]    --> src/lua_functions.rs:392:32
[INFO] [stdout]     |
[INFO] [stdout] 392 |     fn cause(&self) -> Option<&Error> {
[INFO] [stdout]     |                                ^^^^^ help: use `dyn`: `dyn Error`
[INFO] [stdout]     |
[INFO] [stdout]     = warning: this was previously accepted by the compiler but is being phased out; it will become a hard error in the 2021 edition!
[INFO] [stdout]     = note: for more information, see issue #80165 <https://github.com/rust-lang/rust/issues/80165>
[INFO] [stdout] 
[INFO] [stdout] 
[INFO] [stdout] warning: trait objects without an explicit `dyn` are deprecated
[INFO] [stdout]    --> src/lua_functions.rs:408:32
[INFO] [stdout]     |
[INFO] [stdout] 408 |     fn cause(&self) -> Option<&Error> {
[INFO] [stdout]     |                                ^^^^^ help: use `dyn`: `dyn Error`
[INFO] [stdout]     |
[INFO] [stdout]     = warning: this was previously accepted by the compiler but is being phased out; it will become a hard error in the 2021 edition!
[INFO] [stdout]     = note: for more information, see issue #80165 <https://github.com/rust-lang/rust/issues/80165>
[INFO] [stdout] 
[INFO] [stdout] 
[INFO] [stdout] warning: unnecessary parentheses around method argument
[INFO] [stdout]    --> src/lua_functions.rs:461:84
[INFO] [stdout]     |
[INFO] [stdout] 461 |         let val: i32 = lua.get::<LuaFunction<_>, _>("foo").unwrap().call_with_args((3)).unwrap();
[INFO] [stdout]     |                                                                                    ^^^ help: remove these parentheses
[INFO] [stdout]     |
[INFO] [stdout]     = note: `#[warn(unused_parens)]` on by default
[INFO] [stdout] 
[INFO] [stdout] 
[INFO] [stdout] warning: unnecessary trailing semicolon
[INFO] [stdout]    --> src/lua_functions.rs:522:26
[INFO] [stdout]     |
[INFO] [stdout] 522 |         struct Reader { };
[INFO] [stdout]     |                          ^ help: remove this semicolon
[INFO] [stdout] 
[INFO] [stdout] 
[INFO] [stdout] warning: unnecessary trailing semicolon
[INFO] [stdout]    --> src/lua_tables.rs:579:14
[INFO] [stdout]     |
[INFO] [stdout] 579 |             };
[INFO] [stdout]     |              ^ help: remove this semicolon
[INFO] [stdout] 
[INFO] [stdout] 
[INFO] [stdout] warning: unnecessary parentheses around method argument
[INFO] [stdout]   --> src/rust_tables.rs:24:39
[INFO] [stdout]    |
[INFO] [stdout] 24 |     for (elem, index) in iterator.zip((1..)) {
[INFO] [stdout]    |                                       ^^^^^ help: remove these parentheses
[INFO] [stdout] 
[INFO] [stdout] 
[INFO] [stdout] warning: trait objects without an explicit `dyn` are deprecated
[INFO] [stdout]    --> src/lib.rs:447:32
[INFO] [stdout]     |
[INFO] [stdout] 447 |     fn cause(&self) -> Option<&Error> {
[INFO] [stdout]     |                                ^^^^^ help: use `dyn`: `dyn Error`
[INFO] [stdout]     |
[INFO] [stdout]     = warning: this was previously accepted by the compiler but is being phased out; it will become a hard error in the 2021 edition!
[INFO] [stdout]     = note: for more information, see issue #80165 <https://github.com/rust-lang/rust/issues/80165>
[INFO] [stdout] 
[INFO] [stdout] 
[INFO] [stdout] warning: use of deprecated macro `try`: use the `?` operator instead
[INFO] [stdout]    --> src/lib.rs:678:21
[INFO] [stdout]     |
[INFO] [stdout] 678 |         let mut f = try!(lua_functions::LuaFunction::load(self, code));
[INFO] [stdout]     |                     ^^^
[INFO] [stdout]     |
[INFO] [stdout]     = note: `#[warn(deprecated)]` on by default
[INFO] [stdout] 
[INFO] [stdout] 
[INFO] [stdout] warning: use of deprecated macro `try`: use the `?` operator instead
[INFO] [stdout]    --> src/lib.rs:706:21
[INFO] [stdout]     |
[INFO] [stdout] 706 |         let mut f = try!(lua_functions::LuaFunction::load_from_reader(self, code));
[INFO] [stdout]     |                     ^^^
[INFO] [stdout] 
[INFO] [stdout] 
[INFO] [stdout] warning: use of deprecated function `std::mem::uninitialized`: use `mem::MaybeUninit` instead
[INFO] [stdout]    --> src/lib.rs:230:19
[INFO] [stdout]     |
[INFO] [stdout] 230 |             res = mem::uninitialized();
[INFO] [stdout]     |                   ^^^^^^^^^^^^^^^^^^
[INFO] [stdout] 
[INFO] [stdout] 
[INFO] [stdout] warning: use of deprecated function `std::mem::uninitialized`: use `mem::MaybeUninit` instead
[INFO] [stdout]   --> src/lua_functions.rs:99:25
[INFO] [stdout]    |
[INFO] [stdout] 99 |                 buffer: mem::uninitialized(),
[INFO] [stdout]    |                         ^^^^^^^^^^^^^^^^^^
[INFO] [stdout] 
[INFO] [stdout] 
[INFO] [stdout] warning: use of deprecated function `std::mem::uninitialized`: use `mem::MaybeUninit` instead
[INFO] [stdout]    --> src/values.rs:150:47
[INFO] [stdout]     |
[INFO] [stdout] 150 |         let mut size: libc::size_t = unsafe { mem::uninitialized() };
[INFO] [stdout]     |                                               ^^^^^^^^^^^^^^^^^^
[INFO] [stdout] 
[INFO] [stdout] 
[INFO] [stdout] warning: use of deprecated function `std::mem::uninitialized`: use `mem::MaybeUninit` instead
[INFO] [stdout]    --> src/values.rs:193:47
[INFO] [stdout]     |
[INFO] [stdout] 193 |         let mut size: libc::size_t = unsafe { mem::uninitialized() };
[INFO] [stdout]     |                                               ^^^^^^^^^^^^^^^^^^
[INFO] [stdout] 
[INFO] [stdout] 
[INFO] [stdout] warning: use of deprecated function `std::mem::uninitialized`: use `mem::MaybeUninit` instead
[INFO] [stdout]    --> src/values.rs:257:42
[INFO] [stdout]     |
[INFO] [stdout] 257 |             let mut size: libc::size_t = mem::uninitialized();
[INFO] [stdout]     |                                          ^^^^^^^^^^^^^^^^^^
[INFO] [stdout] 
[INFO] [stdout] 
[INFO] [stdout] warning: use of deprecated function `std::mem::uninitialized`: use `mem::MaybeUninit` instead
[INFO] [stdout]   --> src/values.rs:37:44
[INFO] [stdout]    |
[INFO] [stdout] 37 |                 let mut success = unsafe { mem::uninitialized() };
[INFO] [stdout]    |                                            ^^^^^^^^^^^^^^^^^^
[INFO] [stdout] ...
[INFO] [stdout] 48 | integer_impl!(i8);
[INFO] [stdout]    | ------------------ in this macro invocation
[INFO] [stdout]    |
[INFO] [stdout]    = note: this warning originates in the macro `integer_impl` (in Nightly builds, run with -Z macro-backtrace for more info)
[INFO] [stdout] 
[INFO] [stdout] 
[INFO] [stdout] warning: use of deprecated function `std::mem::uninitialized`: use `mem::MaybeUninit` instead
[INFO] [stdout]   --> src/values.rs:37:44
[INFO] [stdout]    |
[INFO] [stdout] 37 |                 let mut success = unsafe { mem::uninitialized() };
[INFO] [stdout]    |                                            ^^^^^^^^^^^^^^^^^^
[INFO] [stdout] ...
[INFO] [stdout] 49 | integer_impl!(i16);
[INFO] [stdout]    | ------------------- in this macro invocation
[INFO] [stdout]    |
[INFO] [stdout]    = note: this warning originates in the macro `integer_impl` (in Nightly builds, run with -Z macro-backtrace for more info)
[INFO] [stdout] 
[INFO] [stdout] 
[INFO] [stdout] warning: use of deprecated function `std::mem::uninitialized`: use `mem::MaybeUninit` instead
[INFO] [stdout]   --> src/values.rs:37:44
[INFO] [stdout]    |
[INFO] [stdout] 37 |                 let mut success = unsafe { mem::uninitialized() };
[INFO] [stdout]    |                                            ^^^^^^^^^^^^^^^^^^
[INFO] [stdout] ...
[INFO] [stdout] 50 | integer_impl!(i32);
[INFO] [stdout]    | ------------------- in this macro invocation
[INFO] [stdout]    |
[INFO] [stdout]    = note: this warning originates in the macro `integer_impl` (in Nightly builds, run with -Z macro-backtrace for more info)
[INFO] [stdout] 
[INFO] [stdout] 
[INFO] [stdout] warning: use of deprecated function `std::mem::uninitialized`: use `mem::MaybeUninit` instead
[INFO] [stdout]   --> src/values.rs:72:44
[INFO] [stdout]    |
[INFO] [stdout] 72 |                 let mut success = unsafe { mem::uninitialized() };
[INFO] [stdout]    |                                            ^^^^^^^^^^^^^^^^^^
[INFO] [stdout] ...
[INFO] [stdout] 83 | unsigned_impl!(u8);
[INFO] [stdout]    | ------------------- in this macro invocation
[INFO] [stdout]    |
[INFO] [stdout]    = note: this warning originates in the macro `unsigned_impl` (in Nightly builds, run with -Z macro-backtrace for more info)
[INFO] [stdout] 
[INFO] [stdout] 
[INFO] [stdout] warning: use of deprecated function `std::mem::uninitialized`: use `mem::MaybeUninit` instead
[INFO] [stdout]   --> src/values.rs:72:44
[INFO] [stdout]    |
[INFO] [stdout] 72 |                 let mut success = unsafe { mem::uninitialized() };
[INFO] [stdout]    |                                            ^^^^^^^^^^^^^^^^^^
[INFO] [stdout] ...
[INFO] [stdout] 84 | unsigned_impl!(u16);
[INFO] [stdout]    | -------------------- in this macro invocation
[INFO] [stdout]    |
[INFO] [stdout]    = note: this warning originates in the macro `unsigned_impl` (in Nightly builds, run with -Z macro-backtrace for more info)
[INFO] [stdout] 
[INFO] [stdout] 
[INFO] [stdout] warning: use of deprecated function `std::mem::uninitialized`: use `mem::MaybeUninit` instead
[INFO] [stdout]   --> src/values.rs:72:44
[INFO] [stdout]    |
[INFO] [stdout] 72 |                 let mut success = unsafe { mem::uninitialized() };
[INFO] [stdout]    |                                            ^^^^^^^^^^^^^^^^^^
[INFO] [stdout] ...
[INFO] [stdout] 85 | unsigned_impl!(u32);
[INFO] [stdout]    | -------------------- in this macro invocation
[INFO] [stdout]    |
[INFO] [stdout]    = note: this warning originates in the macro `unsigned_impl` (in Nightly builds, run with -Z macro-backtrace for more info)
[INFO] [stdout] 
[INFO] [stdout] 
[INFO] [stdout] warning: use of deprecated function `std::mem::uninitialized`: use `mem::MaybeUninit` instead
[INFO] [stdout]    --> src/values.rs:107:44
[INFO] [stdout]     |
[INFO] [stdout] 107 |                 let mut success = unsafe { mem::uninitialized() };
[INFO] [stdout]     |                                            ^^^^^^^^^^^^^^^^^^
[INFO] [stdout] ...
[INFO] [stdout] 118 | numeric_impl!(f32);
[INFO] [stdout]     | ------------------- in this macro invocation
[INFO] [stdout]     |
[INFO] [stdout]     = note: this warning originates in the macro `numeric_impl` (in Nightly builds, run with -Z macro-backtrace for more info)
[INFO] [stdout] 
[INFO] [stdout] 
[INFO] [stdout] warning: use of deprecated function `std::mem::uninitialized`: use `mem::MaybeUninit` instead
[INFO] [stdout]    --> src/values.rs:107:44
[INFO] [stdout]     |
[INFO] [stdout] 107 |                 let mut success = unsafe { mem::uninitialized() };
[INFO] [stdout]     |                                            ^^^^^^^^^^^^^^^^^^
[INFO] [stdout] ...
[INFO] [stdout] 119 | numeric_impl!(f64);
[INFO] [stdout]     | ------------------- in this macro invocation
[INFO] [stdout]     |
[INFO] [stdout]     = note: this warning originates in the macro `numeric_impl` (in Nightly builds, run with -Z macro-backtrace for more info)
[INFO] [stdout] 
[INFO] [stdout] 
[INFO] [stdout] warning: use of deprecated associated function `std::error::Error::description`: use the Display impl or to_string()
[INFO] [stdout]    --> src/lua_functions.rs:536:69
[INFO] [stdout]     |
[INFO] [stdout] 536 |             Err(LuaError::ReadError(e)) => { assert_eq!("oh no!", e.description()) },
[INFO] [stdout]     |                                                                     ^^^^^^^^^^^
[INFO] [stdout] 
[INFO] [stdout] 
[INFO] [stdout] warning: variable does not need to be mutable
[INFO] [stdout]    --> src/functions_write.rs:368:26
[INFO] [stdout]     |
[INFO] [stdout] 368 |     fn push_to_lua(self, mut lua: &'a mut InsideCallback) -> Result<PushGuard<&'a mut InsideCallback>, (P, &'a mut InsideCallback)> {
[INFO] [stdout]     |                          ----^^^
[INFO] [stdout]     |                          |
[INFO] [stdout]     |                          help: remove this `mut`
[INFO] [stdout]     |
[INFO] [stdout]     = note: `#[warn(unused_mut)]` on by default
[INFO] [stdout] 
[INFO] [stdout] 
[INFO] [stdout] warning: variable does not need to be mutable
[INFO] [stdout]    --> src/userdata.rs:124:33
[INFO] [stdout]     |
[INFO] [stdout] 124 | pub fn read_userdata<'t, 'c, T>(mut lua: &'c mut InsideCallback,
[INFO] [stdout]     |                                 ----^^^
[INFO] [stdout]     |                                 |
[INFO] [stdout]     |                                 help: remove this `mut`
[INFO] [stdout] 
[INFO] [stdout] 
[INFO] [stdout] warning: this method call currently resolves to `<&[T; N] as IntoIterator>::into_iter` (due to autoref coercions), but that might change in the future when `IntoIterator` impls for arrays are added.
[INFO] [stdout]    --> src/rust_tables.rs:442:52
[INFO] [stdout]     |
[INFO] [stdout] 442 |         let orig: HashMap<i32, f64> = [1., 2., 3.].into_iter().enumerate().map(|(k, v)| (k as i32, *v as f64)).collect();
[INFO] [stdout]     |                                                    ^^^^^^^^^ help: use `.iter()` instead of `.into_iter()` to avoid ambiguity: `iter`
[INFO] [stdout]     |
[INFO] [stdout]     = note: `#[warn(array_into_iter)]` on by default
[INFO] [stdout]     = warning: this was previously accepted by the compiler but is being phased out; it will become a hard error in a future release!
[INFO] [stdout]     = note: for more information, see issue #66145 <https://github.com/rust-lang/rust/issues/66145>
[INFO] [stdout] 
[INFO] [stdout] 
[INFO] [stdout] warning: 34 warnings emitted
[INFO] [stdout] 
[INFO] [stdout] 
[INFO] [stderr]     Finished test [unoptimized + debuginfo] target(s) in 3.66s
[INFO] running `Command { std: "docker" "inspect" "91fd9aec0a7062a0e2236a3c29a01e0b152c8441f9b3c61164e6b769387bb429", kill_on_drop: false }`
[INFO] running `Command { std: "docker" "rm" "-f" "91fd9aec0a7062a0e2236a3c29a01e0b152c8441f9b3c61164e6b769387bb429", kill_on_drop: false }`
[INFO] [stdout] 91fd9aec0a7062a0e2236a3c29a01e0b152c8441f9b3c61164e6b769387bb429
[INFO] running `Command { std: "docker" "create" "-v" "/var/lib/crater-agent-workspace/builds/worker-43/target:/opt/rustwide/target:rw,Z" "-v" "/var/lib/crater-agent-workspace/builds/worker-43/source:/opt/rustwide/workdir:ro,Z" "-v" "/var/lib/crater-agent-workspace/cargo-home:/opt/rustwide/cargo-home:ro,Z" "-v" "/var/lib/crater-agent-workspace/rustup-home:/opt/rustwide/rustup-home:ro,Z" "-e" "SOURCE_DIR=/opt/rustwide/workdir" "-e" "CARGO_TARGET_DIR=/opt/rustwide/target" "-e" "CARGO_INCREMENTAL=0" "-e" "RUST_BACKTRACE=full" "-e" "RUSTFLAGS=--cap-lints=warn" "-e" "CARGO_HOME=/opt/rustwide/cargo-home" "-e" "RUSTUP_HOME=/opt/rustwide/rustup-home" "-w" "/opt/rustwide/workdir" "-m" "1610612736" "--user" "0:0" "--network" "none" "ghcr.io/rust-lang/crates-build-env/linux@sha256:34b6a614d2c27851fe6cbf88fbd1137609cefab8b10d0615aaeb6fd47975d74e" "/opt/rustwide/cargo-home/bin/cargo" "+1.54.0" "test" "--frozen", kill_on_drop: false }`
[INFO] [stdout] 8dfb254956b1ce4bf30748d6b4e26525d7fc978d7b49cf18ab82857d17ac508f
[INFO] running `Command { std: "docker" "start" "-a" "8dfb254956b1ce4bf30748d6b4e26525d7fc978d7b49cf18ab82857d17ac508f", kill_on_drop: false }`
[INFO] [stderr]     Blocking waiting for file lock on package cache
[INFO] [stderr] warning: trait objects without an explicit `dyn` are deprecated
[INFO] [stderr]   --> src/any.rs:67:61
[INFO] [stderr]    |
[INFO] [stderr] 67 |                 let size = val.push_no_err(&mut lua as &mut AsMutLua<'lua>).forget_internal();
[INFO] [stderr]    |                                                             ^^^^^^^^^^^^^^ help: use `dyn`: `dyn AsMutLua<'lua>`
[INFO] [stderr]    |
[INFO] [stderr]    = note: `#[warn(bare_trait_objects)]` on by default
[INFO] [stderr]    = warning: this was previously accepted by the compiler but is being phased out; it will become a hard error in the 2021 edition!
[INFO] [stderr]    = note: for more information, see issue #80165 <https://github.com/rust-lang/rust/issues/80165>
[INFO] [stderr] 
[INFO] [stderr] warning: trait objects without an explicit `dyn` are deprecated
[INFO] [stderr]    --> src/any.rs:152:61
[INFO] [stderr]     |
[INFO] [stderr] 152 |                 let size = val.push_no_err(&mut lua as &mut AsMutLua<'lua>).forget_internal();
[INFO] [stderr]     |                                                             ^^^^^^^^^^^^^^ help: use `dyn`: `dyn AsMutLua<'lua>`
[INFO] [stderr]     |
[INFO] [stderr]     = warning: this was previously accepted by the compiler but is being phased out; it will become a hard error in the 2021 edition!
[INFO] [stderr]     = note: for more information, see issue #80165 <https://github.com/rust-lang/rust/issues/80165>
[INFO] [stderr] 
[INFO] [stderr] warning: trait objects without an explicit `dyn` are deprecated
[INFO] [stderr]    --> src/lua_functions.rs:392:32
[INFO] [stderr]     |
[INFO] [stderr] 392 |     fn cause(&self) -> Option<&Error> {
[INFO] [stderr]     |                                ^^^^^ help: use `dyn`: `dyn Error`
[INFO] [stderr]     |
[INFO] [stderr]     = warning: this was previously accepted by the compiler but is being phased out; it will become a hard error in the 2021 edition!
[INFO] [stderr]     = note: for more information, see issue #80165 <https://github.com/rust-lang/rust/issues/80165>
[INFO] [stderr] 
[INFO] [stderr] warning: trait objects without an explicit `dyn` are deprecated
[INFO] [stderr]    --> src/lua_functions.rs:408:32
[INFO] [stderr]     |
[INFO] [stderr] 408 |     fn cause(&self) -> Option<&Error> {
[INFO] [stderr]     |                                ^^^^^ help: use `dyn`: `dyn Error`
[INFO] [stderr]     |
[INFO] [stderr]     = warning: this was previously accepted by the compiler but is being phased out; it will become a hard error in the 2021 edition!
[INFO] [stderr]     = note: for more information, see issue #80165 <https://github.com/rust-lang/rust/issues/80165>
[INFO] [stderr] 
[INFO] [stderr] warning: unnecessary parentheses around method argument
[INFO] [stderr]   --> src/rust_tables.rs:24:39
[INFO] [stderr]    |
[INFO] [stderr] 24 |     for (elem, index) in iterator.zip((1..)) {
[INFO] [stderr]    |                                       ^^^^^ help: remove these parentheses
[INFO] [stderr]    |
[INFO] [stderr]    = note: `#[warn(unused_parens)]` on by default
[INFO] [stderr] 
[INFO] [stderr] warning: trait objects without an explicit `dyn` are deprecated
[INFO] [stderr]    --> src/lib.rs:447:32
[INFO] [stderr]     |
[INFO] [stderr] 447 |     fn cause(&self) -> Option<&Error> {
[INFO] [stderr]     |                                ^^^^^ help: use `dyn`: `dyn Error`
[INFO] [stderr]     |
[INFO] [stderr]     = warning: this was previously accepted by the compiler but is being phased out; it will become a hard error in the 2021 edition!
[INFO] [stderr]     = note: for more information, see issue #80165 <https://github.com/rust-lang/rust/issues/80165>
[INFO] [stderr] 
[INFO] [stderr] warning: use of deprecated macro `try`: use the `?` operator instead
[INFO] [stderr]    --> src/lib.rs:678:21
[INFO] [stderr]     |
[INFO] [stderr] 678 |         let mut f = try!(lua_functions::LuaFunction::load(self, code));
[INFO] [stderr]     |                     ^^^
[INFO] [stderr]     |
[INFO] [stderr]     = note: `#[warn(deprecated)]` on by default
[INFO] [stderr] 
[INFO] [stderr] warning: use of deprecated macro `try`: use the `?` operator instead
[INFO] [stderr]    --> src/lib.rs:706:21
[INFO] [stderr]     |
[INFO] [stderr] 706 |         let mut f = try!(lua_functions::LuaFunction::load_from_reader(self, code));
[INFO] [stderr]     |                     ^^^
[INFO] [stderr] 
[INFO] [stderr] warning: use of deprecated function `std::mem::uninitialized`: use `mem::MaybeUninit` instead
[INFO] [stderr]    --> src/lib.rs:230:19
[INFO] [stderr]     |
[INFO] [stderr] 230 |             res = mem::uninitialized();
[INFO] [stderr]     |                   ^^^^^^^^^^^^^^^^^^
[INFO] [stderr] 
[INFO] [stderr] warning: use of deprecated function `std::mem::uninitialized`: use `mem::MaybeUninit` instead
[INFO] [stderr]   --> src/lua_functions.rs:99:25
[INFO] [stderr]    |
[INFO] [stderr] 99 |                 buffer: mem::uninitialized(),
[INFO] [stderr]    |                         ^^^^^^^^^^^^^^^^^^
[INFO] [stderr] 
[INFO] [stderr] warning: use of deprecated function `std::mem::uninitialized`: use `mem::MaybeUninit` instead
[INFO] [stderr]    --> src/values.rs:150:47
[INFO] [stderr]     |
[INFO] [stderr] 150 |         let mut size: libc::size_t = unsafe { mem::uninitialized() };
[INFO] [stderr]     |                                               ^^^^^^^^^^^^^^^^^^
[INFO] [stderr] 
[INFO] [stderr] warning: use of deprecated function `std::mem::uninitialized`: use `mem::MaybeUninit` instead
[INFO] [stderr]    --> src/values.rs:193:47
[INFO] [stderr]     |
[INFO] [stderr] 193 |         let mut size: libc::size_t = unsafe { mem::uninitialized() };
[INFO] [stderr]     |                                               ^^^^^^^^^^^^^^^^^^
[INFO] [stderr] 
[INFO] [stderr] warning: use of deprecated function `std::mem::uninitialized`: use `mem::MaybeUninit` instead
[INFO] [stderr]    --> src/values.rs:257:42
[INFO] [stderr]     |
[INFO] [stderr] 257 |             let mut size: libc::size_t = mem::uninitialized();
[INFO] [stderr]     |                                          ^^^^^^^^^^^^^^^^^^
[INFO] [stderr] 
[INFO] [stderr] warning: use of deprecated function `std::mem::uninitialized`: use `mem::MaybeUninit` instead
[INFO] [stderr]   --> src/values.rs:37:44
[INFO] [stderr]    |
[INFO] [stderr] 37 |                 let mut success = unsafe { mem::uninitialized() };
[INFO] [stderr]    |                                            ^^^^^^^^^^^^^^^^^^
[INFO] [stderr] ...
[INFO] [stderr] 48 | integer_impl!(i8);
[INFO] [stderr]    | ------------------ in this macro invocation
[INFO] [stderr]    |
[INFO] [stderr]    = note: this warning originates in the macro `integer_impl` (in Nightly builds, run with -Z macro-backtrace for more info)
[INFO] [stderr] 
[INFO] [stderr] warning: use of deprecated function `std::mem::uninitialized`: use `mem::MaybeUninit` instead
[INFO] [stderr]   --> src/values.rs:37:44
[INFO] [stderr]    |
[INFO] [stderr] 37 |                 let mut success = unsafe { mem::uninitialized() };
[INFO] [stderr]    |                                            ^^^^^^^^^^^^^^^^^^
[INFO] [stderr] ...
[INFO] [stderr] 49 | integer_impl!(i16);
[INFO] [stderr]    | ------------------- in this macro invocation
[INFO] [stderr]    |
[INFO] [stderr]    = note: this warning originates in the macro `integer_impl` (in Nightly builds, run with -Z macro-backtrace for more info)
[INFO] [stderr] 
[INFO] [stderr] warning: use of deprecated function `std::mem::uninitialized`: use `mem::MaybeUninit` instead
[INFO] [stderr]   --> src/values.rs:37:44
[INFO] [stderr]    |
[INFO] [stderr] 37 |                 let mut success = unsafe { mem::uninitialized() };
[INFO] [stderr]    |                                            ^^^^^^^^^^^^^^^^^^
[INFO] [stderr] ...
[INFO] [stderr] 50 | integer_impl!(i32);
[INFO] [stderr]    | ------------------- in this macro invocation
[INFO] [stderr]    |
[INFO] [stderr]    = note: this warning originates in the macro `integer_impl` (in Nightly builds, run with -Z macro-backtrace for more info)
[INFO] [stderr] 
[INFO] [stderr] warning: use of deprecated function `std::mem::uninitialized`: use `mem::MaybeUninit` instead
[INFO] [stderr]   --> src/values.rs:72:44
[INFO] [stderr]    |
[INFO] [stderr] 72 |                 let mut success = unsafe { mem::uninitialized() };
[INFO] [stderr]    |                                            ^^^^^^^^^^^^^^^^^^
[INFO] [stderr] ...
[INFO] [stderr] 83 | unsigned_impl!(u8);
[INFO] [stderr]    | ------------------- in this macro invocation
[INFO] [stderr]    |
[INFO] [stderr]    = note: this warning originates in the macro `unsigned_impl` (in Nightly builds, run with -Z macro-backtrace for more info)
[INFO] [stderr] 
[INFO] [stderr] warning: use of deprecated function `std::mem::uninitialized`: use `mem::MaybeUninit` instead
[INFO] [stderr]   --> src/values.rs:72:44
[INFO] [stderr]    |
[INFO] [stderr] 72 |                 let mut success = unsafe { mem::uninitialized() };
[INFO] [stderr]    |                                            ^^^^^^^^^^^^^^^^^^
[INFO] [stderr] ...
[INFO] [stderr] 84 | unsigned_impl!(u16);
[INFO] [stderr]    | -------------------- in this macro invocation
[INFO] [stderr]    |
[INFO] [stderr]    = note: this warning originates in the macro `unsigned_impl` (in Nightly builds, run with -Z macro-backtrace for more info)
[INFO] [stderr] 
[INFO] [stderr] warning: use of deprecated function `std::mem::uninitialized`: use `mem::MaybeUninit` instead
[INFO] [stderr]   --> src/values.rs:72:44
[INFO] [stderr]    |
[INFO] [stderr] 72 |                 let mut success = unsafe { mem::uninitialized() };
[INFO] [stderr]    |                                            ^^^^^^^^^^^^^^^^^^
[INFO] [stderr] ...
[INFO] [stderr] 85 | unsigned_impl!(u32);
[INFO] [stderr]    | -------------------- in this macro invocation
[INFO] [stderr]    |
[INFO] [stderr]    = note: this warning originates in the macro `unsigned_impl` (in Nightly builds, run with -Z macro-backtrace for more info)
[INFO] [stderr] 
[INFO] [stderr] warning: use of deprecated function `std::mem::uninitialized`: use `mem::MaybeUninit` instead
[INFO] [stderr]    --> src/values.rs:107:44
[INFO] [stderr]     |
[INFO] [stderr] 107 |                 let mut success = unsafe { mem::uninitialized() };
[INFO] [stderr]     |                                            ^^^^^^^^^^^^^^^^^^
[INFO] [stderr] ...
[INFO] [stderr] 118 | numeric_impl!(f32);
[INFO] [stderr]     | ------------------- in this macro invocation
[INFO] [stderr]     |
[INFO] [stderr]     = note: this warning originates in the macro `numeric_impl` (in Nightly builds, run with -Z macro-backtrace for more info)
[INFO] [stderr] 
[INFO] [stderr] warning: use of deprecated function `std::mem::uninitialized`: use `mem::MaybeUninit` instead
[INFO] [stderr]    --> src/values.rs:107:44
[INFO] [stderr]     |
[INFO] [stderr] 107 |                 let mut success = unsafe { mem::uninitialized() };
[INFO] [stderr]     |                                            ^^^^^^^^^^^^^^^^^^
[INFO] [stderr] ...
[INFO] [stderr] 119 | numeric_impl!(f64);
[INFO] [stderr]     | ------------------- in this macro invocation
[INFO] [stderr]     |
[INFO] [stderr]     = note: this warning originates in the macro `numeric_impl` (in Nightly builds, run with -Z macro-backtrace for more info)
[INFO] [stderr] 
[INFO] [stderr] warning: variable does not need to be mutable
[INFO] [stderr]    --> src/functions_write.rs:368:26
[INFO] [stderr]     |
[INFO] [stderr] 368 |     fn push_to_lua(self, mut lua: &'a mut InsideCallback) -> Result<PushGuard<&'a mut InsideCallback>, (P, &'a mut InsideCallback)> {
[INFO] [stderr]     |                          ----^^^
[INFO] [stderr]     |                          |
[INFO] [stderr]     |                          help: remove this `mut`
[INFO] [stderr]     |
[INFO] [stderr]     = note: `#[warn(unused_mut)]` on by default
[INFO] [stderr] 
[INFO] [stderr] warning: variable does not need to be mutable
[INFO] [stderr]    --> src/userdata.rs:124:33
[INFO] [stderr]     |
[INFO] [stderr] 124 | pub fn read_userdata<'t, 'c, T>(mut lua: &'c mut InsideCallback,
[INFO] [stderr]     |                                 ----^^^
[INFO] [stderr]     |                                 |
[INFO] [stderr]     |                                 help: remove this `mut`
[INFO] [stderr] 
[INFO] [stderr] warning: 23 warnings emitted
[INFO] [stderr] 
[INFO] [stderr] warning: trait objects without an explicit `dyn` are deprecated
[INFO] [stderr]   --> src/any.rs:67:61
[INFO] [stderr]    |
[INFO] [stderr] 67 |                 let size = val.push_no_err(&mut lua as &mut AsMutLua<'lua>).forget_internal();
[INFO] [stderr]    |                                                             ^^^^^^^^^^^^^^ help: use `dyn`: `dyn AsMutLua<'lua>`
[INFO] [stderr]    |
[INFO] [stderr]    = note: `#[warn(bare_trait_objects)]` on by default
[INFO] [stderr]    = warning: this was previously accepted by the compiler but is being phased out; it will become a hard error in the 2021 edition!
[INFO] [stderr]    = note: for more information, see issue #80165 <https://github.com/rust-lang/rust/issues/80165>
[INFO] [stderr] 
[INFO] [stderr] warning: trait objects without an explicit `dyn` are deprecated
[INFO] [stderr]    --> src/any.rs:152:61
[INFO] [stderr]     |
[INFO] [stderr] 152 |                 let size = val.push_no_err(&mut lua as &mut AsMutLua<'lua>).forget_internal();
[INFO] [stderr]     |                                                             ^^^^^^^^^^^^^^ help: use `dyn`: `dyn AsMutLua<'lua>`
[INFO] [stderr]     |
[INFO] [stderr]     = warning: this was previously accepted by the compiler but is being phased out; it will become a hard error in the 2021 edition!
[INFO] [stderr]     = note: for more information, see issue #80165 <https://github.com/rust-lang/rust/issues/80165>
[INFO] [stderr] 
[INFO] [stderr] warning: unnecessary trailing semicolon
[INFO] [stderr]    --> src/functions_write.rs:441:10
[INFO] [stderr]     |
[INFO] [stderr] 441 |         };
[INFO] [stderr]     |          ^ help: remove this semicolon
[INFO] [stderr]     |
[INFO] [stderr]     = note: `#[warn(redundant_semicolons)]` on by default
[INFO] [stderr] 
[INFO] [stderr] warning: unnecessary trailing semicolon
[INFO] [stderr]    --> src/functions_write.rs:454:10
[INFO] [stderr]     |
[INFO] [stderr] 454 |         };
[INFO] [stderr]     |          ^ help: remove this semicolon
[INFO] [stderr] 
[INFO] [stderr] warning: unnecessary trailing semicolon
[INFO] [stderr]    --> src/functions_write.rs:467:10
[INFO] [stderr]     |
[INFO] [stderr] 467 |         };
[INFO] [stderr]     |          ^ help: remove this semicolon
[INFO] [stderr] 
[INFO] [stderr] warning: unnecessary trailing semicolon
[INFO] [stderr]    --> src/functions_write.rs:480:10
[INFO] [stderr]     |
[INFO] [stderr] 480 |         };
[INFO] [stderr]     |          ^ help: remove this semicolon
[INFO] [stderr] 
[INFO] [stderr] warning: unnecessary trailing semicolon
[INFO] [stderr]    --> src/functions_write.rs:496:10
[INFO] [stderr]     |
[INFO] [stderr] 496 |         };
[INFO] [stderr]     |          ^ help: remove this semicolon
[INFO] [stderr] 
[INFO] [stderr] warning: unnecessary trailing semicolon
[INFO] [stderr]    --> src/functions_write.rs:560:23
[INFO] [stderr]     |
[INFO] [stderr] 560 |         struct Foo { };
[INFO] [stderr]     |                       ^ help: remove this semicolon
[INFO] [stderr] 
[INFO] [stderr] warning: trait objects without an explicit `dyn` are deprecated
[INFO] [stderr]    --> src/lua_functions.rs:392:32
[INFO] [stderr]     |
[INFO] [stderr] 392 |     fn cause(&self) -> Option<&Error> {
[INFO] [stderr]     |                                ^^^^^ help: use `dyn`: `dyn Error`
[INFO] [stderr]     |
[INFO] [stderr]     = warning: this was previously accepted by the compiler but is being phased out; it will become a hard error in the 2021 edition!
[INFO] [stderr]     = note: for more information, see issue #80165 <https://github.com/rust-lang/rust/issues/80165>
[INFO] [stderr] 
[INFO] [stderr] warning: trait objects without an explicit `dyn` are deprecated
[INFO] [stderr]    --> src/lua_functions.rs:408:32
[INFO] [stderr]     |
[INFO] [stderr] 408 |     fn cause(&self) -> Option<&Error> {
[INFO] [stderr]     |                                ^^^^^ help: use `dyn`: `dyn Error`
[INFO] [stderr]     |
[INFO] [stderr]     = warning: this was previously accepted by the compiler but is being phased out; it will become a hard error in the 2021 edition!
[INFO] [stderr]     = note: for more information, see issue #80165 <https://github.com/rust-lang/rust/issues/80165>
[INFO] [stderr] 
[INFO] [stderr] warning: unnecessary parentheses around method argument
[INFO] [stderr]    --> src/lua_functions.rs:461:84
[INFO] [stderr]     |
[INFO] [stderr] 461 |         let val: i32 = lua.get::<LuaFunction<_>, _>("foo").unwrap().call_with_args((3)).unwrap();
[INFO] [stderr]     |                                                                                    ^^^ help: remove these parentheses
[INFO] [stderr]     |
[INFO] [stderr]     = note: `#[warn(unused_parens)]` on by default
[INFO] [stderr] 
[INFO] [stderr] warning: unnecessary trailing semicolon
[INFO] [stderr]    --> src/lua_functions.rs:522:26
[INFO] [stderr]     |
[INFO] [stderr] 522 |         struct Reader { };
[INFO] [stderr]     |                          ^ help: remove this semicolon
[INFO] [stderr] 
[INFO] [stderr] warning: unnecessary trailing semicolon
[INFO] [stderr]    --> src/lua_tables.rs:579:14
[INFO] [stderr]     |
[INFO] [stderr] 579 |             };
[INFO] [stderr]     |              ^ help: remove this semicolon
[INFO] [stderr] 
[INFO] [stderr] warning: unnecessary parentheses around method argument
[INFO] [stderr]   --> src/rust_tables.rs:24:39
[INFO] [stderr]    |
[INFO] [stderr] 24 |     for (elem, index) in iterator.zip((1..)) {
[INFO] [stderr]    |                                       ^^^^^ help: remove these parentheses
[INFO] [stderr] 
[INFO] [stderr] warning: trait objects without an explicit `dyn` are deprecated
[INFO] [stderr]    --> src/lib.rs:447:32
[INFO] [stderr]     |
[INFO] [stderr] 447 |     fn cause(&self) -> Option<&Error> {
[INFO] [stderr]     |                                ^^^^^ help: use `dyn`: `dyn Error`
[INFO] [stderr]     |
[INFO] [stderr]     = warning: this was previously accepted by the compiler but is being phased out; it will become a hard error in the 2021 edition!
[INFO] [stderr]     = note: for more information, see issue #80165 <https://github.com/rust-lang/rust/issues/80165>
[INFO] [stderr] 
[INFO] [stderr] warning: use of deprecated macro `try`: use the `?` operator instead
[INFO] [stderr]    --> src/lib.rs:678:21
[INFO] [stderr]     |
[INFO] [stderr] 678 |         let mut f = try!(lua_functions::LuaFunction::load(self, code));
[INFO] [stderr]     |                     ^^^
[INFO] [stderr]     |
[INFO] [stderr]     = note: `#[warn(deprecated)]` on by default
[INFO] [stderr] 
[INFO] [stderr] warning: use of deprecated macro `try`: use the `?` operator instead
[INFO] [stderr]    --> src/lib.rs:706:21
[INFO] [stderr]     |
[INFO] [stderr] 706 |         let mut f = try!(lua_functions::LuaFunction::load_from_reader(self, code));
[INFO] [stderr]     |                     ^^^
[INFO] [stderr] 
[INFO] [stderr] warning: use of deprecated function `std::mem::uninitialized`: use `mem::MaybeUninit` instead
[INFO] [stderr]    --> src/lib.rs:230:19
[INFO] [stderr]     |
[INFO] [stderr] 230 |             res = mem::uninitialized();
[INFO] [stderr]     |                   ^^^^^^^^^^^^^^^^^^
[INFO] [stderr] 
[INFO] [stderr] warning: use of deprecated function `std::mem::uninitialized`: use `mem::MaybeUninit` instead
[INFO] [stderr]   --> src/lua_functions.rs:99:25
[INFO] [stderr]    |
[INFO] [stderr] 99 |                 buffer: mem::uninitialized(),
[INFO] [stderr]    |                         ^^^^^^^^^^^^^^^^^^
[INFO] [stderr] 
[INFO] [stderr] warning: use of deprecated function `std::mem::uninitialized`: use `mem::MaybeUninit` instead
[INFO] [stderr]    --> src/values.rs:150:47
[INFO] [stderr]     |
[INFO] [stderr] 150 |         let mut size: libc::size_t = unsafe { mem::uninitialized() };
[INFO] [stderr]     |                                               ^^^^^^^^^^^^^^^^^^
[INFO] [stderr] 
[INFO] [stderr] warning: use of deprecated function `std::mem::uninitialized`: use `mem::MaybeUninit` instead
[INFO] [stderr]    --> src/values.rs:193:47
[INFO] [stderr]     |
[INFO] [stderr] 193 |         let mut size: libc::size_t = unsafe { mem::uninitialized() };
[INFO] [stderr]     |                                               ^^^^^^^^^^^^^^^^^^
[INFO] [stderr] 
[INFO] [stderr] warning: use of deprecated function `std::mem::uninitialized`: use `mem::MaybeUninit` instead
[INFO] [stderr]    --> src/values.rs:257:42
[INFO] [stderr]     |
[INFO] [stderr] 257 |             let mut size: libc::size_t = mem::uninitialized();
[INFO] [stderr]     |                                          ^^^^^^^^^^^^^^^^^^
[INFO] [stderr] 
[INFO] [stderr] warning: use of deprecated function `std::mem::uninitialized`: use `mem::MaybeUninit` instead
[INFO] [stderr]   --> src/values.rs:37:44
[INFO] [stderr]    |
[INFO] [stderr] 37 |                 let mut success = unsafe { mem::uninitialized() };
[INFO] [stderr]    |                                            ^^^^^^^^^^^^^^^^^^
[INFO] [stderr] ...
[INFO] [stderr] 48 | integer_impl!(i8);
[INFO] [stderr]    | ------------------ in this macro invocation
[INFO] [stderr]    |
[INFO] [stderr]    = note: this warning originates in the macro `integer_impl` (in Nightly builds, run with -Z macro-backtrace for more info)
[INFO] [stderr] 
[INFO] [stderr] warning: use of deprecated function `std::mem::uninitialized`: use `mem::MaybeUninit` instead
[INFO] [stderr]   --> src/values.rs:37:44
[INFO] [stderr]    |
[INFO] [stderr] 37 |                 let mut success = unsafe { mem::uninitialized() };
[INFO] [stderr]    |                                            ^^^^^^^^^^^^^^^^^^
[INFO] [stderr] ...
[INFO] [stderr] 49 | integer_impl!(i16);
[INFO] [stderr]    | ------------------- in this macro invocation
[INFO] [stderr]    |
[INFO] [stderr]    = note: this warning originates in the macro `integer_impl` (in Nightly builds, run with -Z macro-backtrace for more info)
[INFO] [stderr] 
[INFO] [stderr] warning: use of deprecated function `std::mem::uninitialized`: use `mem::MaybeUninit` instead
[INFO] [stderr]   --> src/values.rs:37:44
[INFO] [stderr]    |
[INFO] [stderr] 37 |                 let mut success = unsafe { mem::uninitialized() };
[INFO] [stderr]    |                                            ^^^^^^^^^^^^^^^^^^
[INFO] [stderr] ...
[INFO] [stderr] 50 | integer_impl!(i32);
[INFO] [stderr]    | ------------------- in this macro invocation
[INFO] [stderr]    |
[INFO] [stderr]    = note: this warning originates in the macro `integer_impl` (in Nightly builds, run with -Z macro-backtrace for more info)
[INFO] [stderr] 
[INFO] [stderr] warning: use of deprecated function `std::mem::uninitialized`: use `mem::MaybeUninit` instead
[INFO] [stderr]   --> src/values.rs:72:44
[INFO] [stderr]    |
[INFO] [stderr] 72 |                 let mut success = unsafe { mem::uninitialized() };
[INFO] [stderr]    |                                            ^^^^^^^^^^^^^^^^^^
[INFO] [stderr] ...
[INFO] [stderr] 83 | unsigned_impl!(u8);
[INFO] [stderr]    | ------------------- in this macro invocation
[INFO] [stderr]    |
[INFO] [stderr]    = note: this warning originates in the macro `unsigned_impl` (in Nightly builds, run with -Z macro-backtrace for more info)
[INFO] [stderr] 
[INFO] [stderr] warning: use of deprecated function `std::mem::uninitialized`: use `mem::MaybeUninit` instead
[INFO] [stderr]   --> src/values.rs:72:44
[INFO] [stderr]    |
[INFO] [stderr] 72 |                 let mut success = unsafe { mem::uninitialized() };
[INFO] [stderr]    |                                            ^^^^^^^^^^^^^^^^^^
[INFO] [stderr] ...
[INFO] [stderr] 84 | unsigned_impl!(u16);
[INFO] [stderr]    | -------------------- in this macro invocation
[INFO] [stderr]    |
[INFO] [stderr]    = note: this warning originates in the macro `unsigned_impl` (in Nightly builds, run with -Z macro-backtrace for more info)
[INFO] [stderr] 
[INFO] [stderr] warning: use of deprecated function `std::mem::uninitialized`: use `mem::MaybeUninit` instead
[INFO] [stderr]   --> src/values.rs:72:44
[INFO] [stderr]    |
[INFO] [stderr] 72 |                 let mut success = unsafe { mem::uninitialized() };
[INFO] [stderr]    |                                            ^^^^^^^^^^^^^^^^^^
[INFO] [stderr] ...
[INFO] [stderr] 85 | unsigned_impl!(u32);
[INFO] [stderr]    | -------------------- in this macro invocation
[INFO] [stderr]    |
[INFO] [stderr]    = note: this warning originates in the macro `unsigned_impl` (in Nightly builds, run with -Z macro-backtrace for more info)
[INFO] [stderr] 
[INFO] [stderr] warning: use of deprecated function `std::mem::uninitialized`: use `mem::MaybeUninit` instead
[INFO] [stderr]    --> src/values.rs:107:44
[INFO] [stderr]     |
[INFO] [stderr] 107 |                 let mut success = unsafe { mem::uninitialized() };
[INFO] [stderr]     |                                            ^^^^^^^^^^^^^^^^^^
[INFO] [stderr] ...
[INFO] [stderr] 118 | numeric_impl!(f32);
[INFO] [stderr]     | ------------------- in this macro invocation
[INFO] [stderr]     |
[INFO] [stderr]     = note: this warning originates in the macro `numeric_impl` (in Nightly builds, run with -Z macro-backtrace for more info)
[INFO] [stderr] 
[INFO] [stderr] warning: use of deprecated function `std::mem::uninitialized`: use `mem::MaybeUninit` instead
[INFO] [stderr]    --> src/values.rs:107:44
[INFO] [stderr]     |
[INFO] [stderr] 107 |                 let mut success = unsafe { mem::uninitialized() };
[INFO] [stderr]     |                                            ^^^^^^^^^^^^^^^^^^
[INFO] [stderr] ...
[INFO] [stderr] 119 | numeric_impl!(f64);
[INFO] [stderr]     | ------------------- in this macro invocation
[INFO] [stderr]     |
[INFO] [stderr]     = note: this warning originates in the macro `numeric_impl` (in Nightly builds, run with -Z macro-backtrace for more info)
[INFO] [stderr] 
[INFO] [stderr] warning: use of deprecated associated function `std::error::Error::description`: use the Display impl or to_string()
[INFO] [stderr]    --> src/lua_functions.rs:536:69
[INFO] [stderr]     |
[INFO] [stderr] 536 |             Err(LuaError::ReadError(e)) => { assert_eq!("oh no!", e.description()) },
[INFO] [stderr]     |                                                                     ^^^^^^^^^^^
[INFO] [stderr] 
[INFO] [stderr] warning: variable does not need to be mutable
[INFO] [stderr]    --> src/functions_write.rs:368:26
[INFO] [stderr]     |
[INFO] [stderr] 368 |     fn push_to_lua(self, mut lua: &'a mut InsideCallback) -> Result<PushGuard<&'a mut InsideCallback>, (P, &'a mut InsideCallback)> {
[INFO] [stderr]     |                          ----^^^
[INFO] [stderr]     |                          |
[INFO] [stderr]     |                          help: remove this `mut`
[INFO] [stderr]     |
[INFO] [stderr]     = note: `#[warn(unused_mut)]` on by default
[INFO] [stderr] 
[INFO] [stderr] warning: variable does not need to be mutable
[INFO] [stderr]    --> src/userdata.rs:124:33
[INFO] [stderr]     |
[INFO] [stderr] 124 | pub fn read_userdata<'t, 'c, T>(mut lua: &'c mut InsideCallback,
[INFO] [stderr]     |                                 ----^^^
[INFO] [stderr]     |                                 |
[INFO] [stderr]     |                                 help: remove this `mut`
[INFO] [stderr] 
[INFO] [stderr] warning: this method call currently resolves to `<&[T; N] as IntoIterator>::into_iter` (due to autoref coercions), but that might change in the future when `IntoIterator` impls for arrays are added.
[INFO] [stderr]    --> src/rust_tables.rs:442:52
[INFO] [stderr]     |
[INFO] [stderr] 442 |         let orig: HashMap<i32, f64> = [1., 2., 3.].into_iter().enumerate().map(|(k, v)| (k as i32, *v as f64)).collect();
[INFO] [stderr]     |                                                    ^^^^^^^^^ help: use `.iter()` instead of `.into_iter()` to avoid ambiguity: `iter`
[INFO] [stderr]     |
[INFO] [stderr]     = note: `#[warn(array_into_iter)]` on by default
[INFO] [stderr]     = warning: this was previously accepted by the compiler but is being phased out; it will become a hard error in a future release!
[INFO] [stderr]     = note: for more information, see issue #66145 <https://github.com/rust-lang/rust/issues/66145>
[INFO] [stderr] 
[INFO] [stderr] warning: 34 warnings emitted
[INFO] [stderr] 
[INFO] [stderr]     Finished test [unoptimized + debuginfo] target(s) in 1.06s
[INFO] [stderr]      Running unittests (/opt/rustwide/target/debug/deps/hlua-00aaa89e227f6c44)
[INFO] [stdout] 
[INFO] [stdout] running 70 tests
[INFO] [stdout] test any::tests::non_utf_8_string ... ok
[INFO] [stdout] test any::tests::push_hashable_booleans ... ok
[INFO] [stdout] test any::tests::push_hashable_strings ... ok
[INFO] [stdout] test lua_functions::tests::call_and_read_table ... ok
[INFO] [stdout] test lua_functions::tests::execution_error ... ok
[INFO] [stdout] test lua_functions::tests::args_in_order ... ok
[INFO] [stdout] test functions_write::tests::closures ... ok
[INFO] [stdout] test functions_write::tests::closures_drop_env ... ok
[INFO] [stdout] test functions_write::tests::closures_extern_access ... ok
[INFO] [stdout] test functions_write::tests::two_arguments ... ok
[INFO] [stdout] test any::tests::push_hashable_nil ... ok
[INFO] [stdout] test values::tests::write_i32s ... ok
[INFO] [stdout] test functions_write::tests::wrong_arguments_types ... ok
[INFO] [stdout] test any::tests::push_strings ... ok
[INFO] [stdout] test values::tests::string_to_i32 ... ok
[INFO] [stdout] test values::tests::readwrite_strings ... ok
[INFO] [stdout] test functions_write::tests::closures_lifetime ... ok
[INFO] [stdout] test any::tests::push_booleans ... ok
[INFO] [stdout] test values::tests::string_on_lua ... ok
[INFO] [stdout] test lua_tables::tests::empty_array ... ok
[INFO] [stdout] test rust_tables::tests::reading_heterogenous_hashmap_works ... ok
[INFO] [stdout] test lua_tables::tests::registry_metatable ... ok
[INFO] [stdout] test rust_tables::tests::globals_table ... ok
[INFO] [stdout] test lua_functions::tests::basic ... ok
[INFO] [stdout] test any::tests::read_strings ... ok
[INFO] [stdout] test any::tests::push_nil ... ok
[INFO] [stdout] test lua_tables::tests::registry ... ok
[INFO] [stdout] test lua_functions::tests::wrong_type ... ok
[INFO] [stdout] test any::tests::read_numbers ... ok
[INFO] [stdout] test any::tests::read_hashable_strings ... ok
[INFO] [stdout] test values::tests::readwrite_floats ... ok
[INFO] [stdout] test any::tests::push_hashable_numbers ... ok
[INFO] [stdout] test functions_write::tests::one_argument ... ok
[INFO] [stdout] test values::tests::i32_to_string ... ok
[INFO] [stdout] test functions_write::tests::simple_function ... ok
[INFO] [stdout] test lua_functions::tests::lua_function_returns_function ... ok
[INFO] [stdout] test rust_tables::tests::write_map ... ok
[INFO] [stdout] test lua_tables::tests::get_set ... ok
[INFO] [stdout] test rust_tables::tests::write ... ok
[INFO] [stdout] test lua_tables::tests::iterable ... ok
[INFO] [stdout] test lua_tables::tests::iterable_multipletimes ... ok
[INFO] [stdout] test lua_tables::tests::metatable ... ok
[INFO] [stdout] test rust_tables::tests::write_set ... ok
[INFO] [stdout] test any::tests::read_hashable_numbers ... ok
[INFO] [stdout] test rust_tables::tests::reading_hashmap_set_from_lua_works ... ok
[INFO] [stdout] test any::tests::push_numbers ... ok
[INFO] [stdout] test rust_tables::tests::reading_hashmap_with_empty_table_works ... ok
[INFO] [stdout] test lua_functions::tests::args ... ok
[INFO] [stdout] test any::tests::read_hashable_booleans ... ok
[INFO] [stdout] test values::tests::read_i32s ... ok
[INFO] [stdout] test values::tests::readwrite_bools ... ok
[INFO] [stdout] test rust_tables::tests::reading_hashmap_from_sparse_table_works ... ok
[INFO] [stdout] test rust_tables::tests::reading_hashmap_with_complex_indexes_works ... ok
[INFO] [stdout] test rust_tables::tests::reading_hashmap_with_floating_indexes_works ... ok
[INFO] [stdout] test lua_tables::tests::table_over_table ... ok
[INFO] [stdout] test rust_tables::tests::reading_vec_from_sparse_table_doesnt_work ... ok
[INFO] [stdout] test rust_tables::tests::reading_vec_with_complex_indexes_doesnt_work ... ok
[INFO] [stdout] test rust_tables::tests::reading_vec_set_from_lua_works ... ok
[INFO] [stdout] test rust_tables::tests::reading_vec_with_empty_table_works ... ok
[INFO] [stdout] test rust_tables::tests::reading_heterogenous_vec_works ... ok
[INFO] [stdout] test rust_tables::tests::reading_vec_works ... ok
[INFO] [stdout] test values::tests::push_opt ... ok
[INFO] [stdout] test rust_tables::tests::reading_hashmap_works ... ok
[INFO] [stdout] test any::tests::read_booleans ... ok
[INFO] [stdout] test tests::open_base_opens_base_library ... ok
[INFO] [stdout] test tests::opening_all_libraries_doesnt_panic ... ok
[INFO] [stdout] test functions_write::tests::return_result ... ok
[INFO] [stdout] test lua_tables::tests::by_value ... FAILED
[INFO] [stdout] test lua_functions::tests::execute_from_reader_errors_if_cant_read ... FAILED
[INFO] [stdout] test lua_functions::tests::syntax_error ... FAILED
[INFO] [stdout] 
[INFO] [stdout] failures:
[INFO] [stdout] 
[INFO] [stdout] ---- lua_tables::tests::by_value stdout ----
[INFO] [stdout] thread 'lua_tables::tests::by_value' panicked at 'attempted to leave type `lua_tables::LuaTable<PushGuard<Lua>>` uninitialized, which is invalid', /rustc/a178d0322ce20e33eac124758e837cbd80a6f633/library/core/src/mem/mod.rs:660:9
[INFO] [stdout] stack backtrace:
[INFO] [stdout]    0:     0x56340135bf20 - std::backtrace_rs::backtrace::libunwind::trace::h34055254b57d8e79
[INFO] [stdout]                                at /rustc/a178d0322ce20e33eac124758e837cbd80a6f633/library/std/src/../../backtrace/src/backtrace/libunwind.rs:90:5
[INFO] [stdout]    1:     0x56340135bf20 - std::backtrace_rs::backtrace::trace_unsynchronized::h8f1e3fbd9afff6ec
[INFO] [stdout]                                at /rustc/a178d0322ce20e33eac124758e837cbd80a6f633/library/std/src/../../backtrace/src/backtrace/mod.rs:66:5
[INFO] [stdout]    2:     0x56340135bf20 - std::sys_common::backtrace::_print_fmt::h3a99a796b770c360
[INFO] [stdout]                                at /rustc/a178d0322ce20e33eac124758e837cbd80a6f633/library/std/src/sys_common/backtrace.rs:67:5
[INFO] [stdout]    3:     0x56340135bf20 - <std::sys_common::backtrace::_print::DisplayBacktrace as core::fmt::Display>::fmt::h32d1f94a80615d18
[INFO] [stdout]                                at /rustc/a178d0322ce20e33eac124758e837cbd80a6f633/library/std/src/sys_common/backtrace.rs:46:22
[INFO] [stdout]    4:     0x56340137ebac - core::fmt::write::h306731c068f7162c
[INFO] [stdout]                                at /rustc/a178d0322ce20e33eac124758e837cbd80a6f633/library/core/src/fmt/mod.rs:1110:17
[INFO] [stdout]    5:     0x563401358e45 - std::io::Write::write_fmt::h87f19b0a2cd190bc
[INFO] [stdout]                                at /rustc/a178d0322ce20e33eac124758e837cbd80a6f633/library/std/src/io/mod.rs:1588:15
[INFO] [stdout]    6:     0x56340135e08b - std::sys_common::backtrace::_print::h5abaa2601a852287
[INFO] [stdout]                                at /rustc/a178d0322ce20e33eac124758e837cbd80a6f633/library/std/src/sys_common/backtrace.rs:49:5
[INFO] [stdout]    7:     0x56340135e08b - std::sys_common::backtrace::print::h8d81445442bb638f
[INFO] [stdout]                                at /rustc/a178d0322ce20e33eac124758e837cbd80a6f633/library/std/src/sys_common/backtrace.rs:36:9
[INFO] [stdout]    8:     0x56340135e08b - std::panicking::default_hook::{{closure}}::hcfe804496a9fa747
[INFO] [stdout]                                at /rustc/a178d0322ce20e33eac124758e837cbd80a6f633/library/std/src/panicking.rs:208:50
[INFO] [stdout]    9:     0x56340135db9c - std::panicking::default_hook::hbea8e3ccf2ba8901
[INFO] [stdout]                                at /rustc/a178d0322ce20e33eac124758e837cbd80a6f633/library/std/src/panicking.rs:222:9
[INFO] [stdout]   10:     0x56340135e754 - std::panicking::rust_panic_with_hook::h7ee9e1a2d0f8975a
[INFO] [stdout]                                at /rustc/a178d0322ce20e33eac124758e837cbd80a6f633/library/std/src/panicking.rs:622:17
[INFO] [stdout]   11:     0x56340135e207 - std::panicking::begin_panic_handler::{{closure}}::h8ab3b4491718b2c7
[INFO] [stdout]                                at /rustc/a178d0322ce20e33eac124758e837cbd80a6f633/library/std/src/panicking.rs:517:13
[INFO] [stdout]   12:     0x56340135c41c - std::sys_common::backtrace::__rust_end_short_backtrace::hd489062ffa586a9f
[INFO] [stdout]                                at /rustc/a178d0322ce20e33eac124758e837cbd80a6f633/library/std/src/sys_common/backtrace.rs:141:18
[INFO] [stdout]   13:     0x56340135e199 - rust_begin_unwind
[INFO] [stdout]                                at /rustc/a178d0322ce20e33eac124758e837cbd80a6f633/library/std/src/panicking.rs:515:5
[INFO] [stdout]   14:     0x563401234b61 - core::panicking::panic_fmt::hca6330e3e14086b4
[INFO] [stdout]                                at /rustc/a178d0322ce20e33eac124758e837cbd80a6f633/library/core/src/panicking.rs:92:14
[INFO] [stdout]   15:     0x563401234aad - core::panicking::panic::h1a48d878ff3dcd40
[INFO] [stdout]                                at /rustc/a178d0322ce20e33eac124758e837cbd80a6f633/library/core/src/panicking.rs:50:5
[INFO] [stdout]   16:     0x5634012cf76a - core::mem::uninitialized::h8992b9eb64ec4f98
[INFO] [stdout]                                at /rustc/a178d0322ce20e33eac124758e837cbd80a6f633/library/core/src/mem/mod.rs:660:9
[INFO] [stdout]   17:     0x5634012cf76a - hlua::PushGuard<L>::into_inner::h80c02dbec43b44ef
[INFO] [stdout]                                at /opt/rustwide/workdir/src/lib.rs:230:19
[INFO] [stdout]   18:     0x563401273df2 - hlua::lua_tables::tests::by_value::hbd68f93ca998fa26
[INFO] [stdout]                                at /opt/rustwide/workdir/src/lua_tables.rs:616:47
[INFO] [stdout]   19:     0x563401273aca - hlua::lua_tables::tests::by_value::{{closure}}::h6464667b52ed14ca
[INFO] [stdout]                                at /opt/rustwide/workdir/src/lua_tables.rs:601:5
[INFO] [stdout]   20:     0x5634012828ee - core::ops::function::FnOnce::call_once::hdf59921fcfec0c45
[INFO] [stdout]                                at /rustc/a178d0322ce20e33eac124758e837cbd80a6f633/library/core/src/ops/function.rs:227:5
[INFO] [stdout]   21:     0x5634013085e3 - core::ops::function::FnOnce::call_once::h152e7e439ff59e19
[INFO] [stdout]                                at /rustc/a178d0322ce20e33eac124758e837cbd80a6f633/library/core/src/ops/function.rs:227:5
[INFO] [stdout]   22:     0x5634013085e3 - test::__rust_begin_short_backtrace::h0908f3b1fdbb72ab
[INFO] [stdout]                                at /rustc/a178d0322ce20e33eac124758e837cbd80a6f633/library/test/src/lib.rs:577:5
[INFO] [stdout]   23:     0x5634013070a0 - <alloc::boxed::Box<F,A> as core::ops::function::FnOnce<Args>>::call_once::hf6d2a51e5587546c
[INFO] [stdout]                                at /rustc/a178d0322ce20e33eac124758e837cbd80a6f633/library/alloc/src/boxed.rs:1575:9
[INFO] [stdout]   24:     0x5634013070a0 - <std::panic::AssertUnwindSafe<F> as core::ops::function::FnOnce<()>>::call_once::h8af660f3a89ef593
[INFO] [stdout]                                at /rustc/a178d0322ce20e33eac124758e837cbd80a6f633/library/std/src/panic.rs:347:9
[INFO] [stdout]   25:     0x5634013070a0 - std::panicking::try::do_call::hd36aef60f84b6d36
[INFO] [stdout]                                at /rustc/a178d0322ce20e33eac124758e837cbd80a6f633/library/std/src/panicking.rs:401:40
[INFO] [stdout]   26:     0x5634013070a0 - std::panicking::try::h9932b4480e69817c
[INFO] [stdout]                                at /rustc/a178d0322ce20e33eac124758e837cbd80a6f633/library/std/src/panicking.rs:365:19
[INFO] [stdout]   27:     0x5634013070a0 - std::panic::catch_unwind::h6aa177099cfff5f8
[INFO] [stdout]                                at /rustc/a178d0322ce20e33eac124758e837cbd80a6f633/library/std/src/panic.rs:434:14
[INFO] [stdout]   28:     0x5634013070a0 - test::run_test_in_process::h5884d6f2d99e20c3
[INFO] [stdout]                                at /rustc/a178d0322ce20e33eac124758e837cbd80a6f633/library/test/src/lib.rs:600:18
[INFO] [stdout]   29:     0x5634013070a0 - test::run_test::run_test_inner::{{closure}}::h6fdc58c6d5f5b6e3
[INFO] [stdout]                                at /rustc/a178d0322ce20e33eac124758e837cbd80a6f633/library/test/src/lib.rs:492:39
[INFO] [stdout]   30:     0x5634012e0752 - test::run_test::run_test_inner::{{closure}}::h408365d67a78ade8
[INFO] [stdout]                                at /rustc/a178d0322ce20e33eac124758e837cbd80a6f633/library/test/src/lib.rs:519:37
[INFO] [stdout]   31:     0x5634012e0752 - std::sys_common::backtrace::__rust_begin_short_backtrace::hb560b77c4f701523
[INFO] [stdout]                                at /rustc/a178d0322ce20e33eac124758e837cbd80a6f633/library/std/src/sys_common/backtrace.rs:125:18
[INFO] [stdout]   32:     0x5634012e4308 - std::thread::Builder::spawn_unchecked::{{closure}}::{{closure}}::hf2e7831dad93c597
[INFO] [stdout]                                at /rustc/a178d0322ce20e33eac124758e837cbd80a6f633/library/std/src/thread/mod.rs:481:17
[INFO] [stdout]   33:     0x5634012e4308 - <std::panic::AssertUnwindSafe<F> as core::ops::function::FnOnce<()>>::call_once::hd2e08783d8be4d02
[INFO] [stdout]                                at /rustc/a178d0322ce20e33eac124758e837cbd80a6f633/library/std/src/panic.rs:347:9
[INFO] [stdout]   34:     0x5634012e4308 - std::panicking::try::do_call::h062597b7acfd6b82
[INFO] [stdout]                                at /rustc/a178d0322ce20e33eac124758e837cbd80a6f633/library/std/src/panicking.rs:401:40
[INFO] [stdout]   35:     0x5634012e4308 - std::panicking::try::h0d7b79db04c14552
[INFO] [stdout]                                at /rustc/a178d0322ce20e33eac124758e837cbd80a6f633/library/std/src/panicking.rs:365:19
[INFO] [stdout]   36:     0x5634012e4308 - std::panic::catch_unwind::hb01a0b5e7c8cd43b
[INFO] [stdout]                                at /rustc/a178d0322ce20e33eac124758e837cbd80a6f633/library/std/src/panic.rs:434:14
[INFO] [stdout]   37:     0x5634012e4308 - std::thread::Builder::spawn_unchecked::{{closure}}::h5bde48cc887e0d1e
[INFO] [stdout]                                at /rustc/a178d0322ce20e33eac124758e837cbd80a6f633/library/std/src/thread/mod.rs:480:30
[INFO] [stdout]   38:     0x5634012e4308 - core::ops::function::FnOnce::call_once{{vtable.shim}}::h745ea30807a29e55
[INFO] [stdout]                                at /rustc/a178d0322ce20e33eac124758e837cbd80a6f633/library/core/src/ops/function.rs:227:5
[INFO] [stdout]   39:     0x563401363217 - <alloc::boxed::Box<F,A> as core::ops::function::FnOnce<Args>>::call_once::h7ece6cfefaff1005
[INFO] [stdout]                                at /rustc/a178d0322ce20e33eac124758e837cbd80a6f633/library/alloc/src/boxed.rs:1575:9
[INFO] [stdout]   40:     0x563401363217 - <alloc::boxed::Box<F,A> as core::ops::function::FnOnce<Args>>::call_once::hb8b48e55c21f193e
[INFO] [stdout]                                at /rustc/a178d0322ce20e33eac124758e837cbd80a6f633/library/alloc/src/boxed.rs:1575:9
[INFO] [stdout]   41:     0x563401363217 - std::sys::unix::thread::Thread::new::thread_start::h8c7c4450dba62914
[INFO] [stdout]                                at /rustc/a178d0322ce20e33eac124758e837cbd80a6f633/library/std/src/sys/unix/thread.rs:71:17
[INFO] [stdout]   42:     0x7f59f1f87609 - start_thread
[INFO] [stdout]   43:     0x7f59f1d59293 - clone
[INFO] [stdout]   44:                0x0 - <unknown>
[INFO] [stdout] 
[INFO] [stdout] ---- lua_functions::tests::execute_from_reader_errors_if_cant_read stdout ----
[INFO] [stdout] thread 'lua_functions::tests::execute_from_reader_errors_if_cant_read' panicked at 'attempted to leave type `&mut Lua` uninitialized, which is invalid', /rustc/a178d0322ce20e33eac124758e837cbd80a6f633/library/core/src/mem/mod.rs:660:9
[INFO] [stdout] stack backtrace:
[INFO] [stdout]    0:     0x56340135bf20 - std::backtrace_rs::backtrace::libunwind::trace::h34055254b57d8e79
[INFO] [stdout]                                at /rustc/a178d0322ce20e33eac124758e837cbd80a6f633/library/std/src/../../backtrace/src/backtrace/libunwind.rs:90:5
[INFO] [stdout]    1:     0x56340135bf20 - std::backtrace_rs::backtrace::trace_unsynchronized::h8f1e3fbd9afff6ec
[INFO] [stdout]                                at /rustc/a178d0322ce20e33eac124758e837cbd80a6f633/library/std/src/../../backtrace/src/backtrace/mod.rs:66:5
[INFO] [stdout]    2:     0x56340135bf20 - std::sys_common::backtrace::_print_fmt::h3a99a796b770c360
[INFO] [stdout]                                at /rustc/a178d0322ce20e33eac124758e837cbd80a6f633/library/std/src/sys_common/backtrace.rs:67:5
[INFO] [stdout]    3:     0x56340135bf20 - <std::sys_common::backtrace::_print::DisplayBacktrace as core::fmt::Display>::fmt::h32d1f94a80615d18
[INFO] [stdout]                                at /rustc/a178d0322ce20e33eac124758e837cbd80a6f633/library/std/src/sys_common/backtrace.rs:46:22
[INFO] [stdout]    4:     0x56340137ebac - core::fmt::write::h306731c068f7162c
[INFO] [stdout]                                at /rustc/a178d0322ce20e33eac124758e837cbd80a6f633/library/core/src/fmt/mod.rs:1110:17
[INFO] [stdout]    5:     0x563401358e45 - std::io::Write::write_fmt::h87f19b0a2cd190bc
[INFO] [stdout]                                at /rustc/a178d0322ce20e33eac124758e837cbd80a6f633/library/std/src/io/mod.rs:1588:15
[INFO] [stdout]    6:     0x56340135e08b - std::sys_common::backtrace::_print::h5abaa2601a852287
[INFO] [stdout]                                at /rustc/a178d0322ce20e33eac124758e837cbd80a6f633/library/std/src/sys_common/backtrace.rs:49:5
[INFO] [stdout]    7:     0x56340135e08b - std::sys_common::backtrace::print::h8d81445442bb638f
[INFO] [stdout]                                at /rustc/a178d0322ce20e33eac124758e837cbd80a6f633/library/std/src/sys_common/backtrace.rs:36:9
[INFO] [stdout]    8:     0x56340135e08b - std::panicking::default_hook::{{closure}}::hcfe804496a9fa747
[INFO] [stdout]                                at /rustc/a178d0322ce20e33eac124758e837cbd80a6f633/library/std/src/panicking.rs:208:50
[INFO] [stdout]    9:     0x56340135db9c - std::panicking::default_hook::hbea8e3ccf2ba8901
[INFO] [stdout]                                at /rustc/a178d0322ce20e33eac124758e837cbd80a6f633/library/std/src/panicking.rs:222:9
[INFO] [stdout]   10:     0x56340135e754 - std::panicking::rust_panic_with_hook::h7ee9e1a2d0f8975a
[INFO] [stdout]                                at /rustc/a178d0322ce20e33eac124758e837cbd80a6f633/library/std/src/panicking.rs:622:17
[INFO] [stdout]   11:     0x56340135e207 - std::panicking::begin_panic_handler::{{closure}}::h8ab3b4491718b2c7
[INFO] [stdout]                                at /rustc/a178d0322ce20e33eac124758e837cbd80a6f633/library/std/src/panicking.rs:517:13
[INFO] [stdout]   12:     0x56340135c41c - std::sys_common::backtrace::__rust_end_short_backtrace::hd489062ffa586a9f
[INFO] [stdout]                                at /rustc/a178d0322ce20e33eac124758e837cbd80a6f633/library/std/src/sys_common/backtrace.rs:141:18
[INFO] [stdout]   13:     0x56340135e199 - rust_begin_unwind
[INFO] [stdout]                                at /rustc/a178d0322ce20e33eac124758e837cbd80a6f633/library/std/src/panicking.rs:515:5
[INFO] [stdout]   14:     0x563401234b61 - core::panicking::panic_fmt::hca6330e3e14086b4
[INFO] [stdout]                                at /rustc/a178d0322ce20e33eac124758e837cbd80a6f633/library/core/src/panicking.rs:92:14
[INFO] [stdout]   15:     0x563401234aad - core::panicking::panic::h1a48d878ff3dcd40
[INFO] [stdout]                                at /rustc/a178d0322ce20e33eac124758e837cbd80a6f633/library/core/src/panicking.rs:50:5
[INFO] [stdout]   16:     0x5634012cf3a7 - core::mem::uninitialized::h221d3372c8a3df1d
[INFO] [stdout]                                at /rustc/a178d0322ce20e33eac124758e837cbd80a6f633/library/core/src/mem/mod.rs:660:9
[INFO] [stdout]   17:     0x5634012cf3a7 - hlua::PushGuard<L>::into_inner::h16ba3839f986b0e3
[INFO] [stdout]                                at /opt/rustwide/workdir/src/lib.rs:230:19
[INFO] [stdout]   18:     0x5634012918f1 - <hlua::lua_functions::LuaCodeFromReader<R> as hlua::Push<L>>::push_to_lua::h8eba30cad4726685
[INFO] [stdout]                                at /opt/rustwide/workdir/src/lua_functions.rs:147:57
[INFO] [stdout]   19:     0x56340129664a - hlua::lua_functions::LuaFunction<L>::load_from_reader::h0a18843ead03bac4
[INFO] [stdout]                                at /opt/rustwide/workdir/src/lua_functions.rs:324:15
[INFO] [stdout]   20:     0x5634012d14b2 - hlua::Lua::execute_from_reader::h8488b0c1509eae36
[INFO] [stdout]                                at /opt/rustwide/workdir/src/lib.rs:706:26
[INFO] [stdout]   21:     0x5634012721f4 - hlua::lua_functions::tests::execute_from_reader_errors_if_cant_read::h435057e5300f528a
[INFO] [stdout]                                at /opt/rustwide/workdir/src/lua_functions.rs:533:34
[INFO] [stdout]   22:     0x5634012721aa - hlua::lua_functions::tests::execute_from_reader_errors_if_cant_read::{{closure}}::hd0a58ce61f48fedc
[INFO] [stdout]                                at /opt/rustwide/workdir/src/lua_functions.rs:521:5
[INFO] [stdout]   23:     0x563401281f4e - core::ops::function::FnOnce::call_once::h4612a0cedb09771b
[INFO] [stdout]                                at /rustc/a178d0322ce20e33eac124758e837cbd80a6f633/library/core/src/ops/function.rs:227:5
[INFO] [stdout]   24:     0x5634013085e3 - core::ops::function::FnOnce::call_once::h152e7e439ff59e19
[INFO] [stdout]                                at /rustc/a178d0322ce20e33eac124758e837cbd80a6f633/library/core/src/ops/function.rs:227:5
[INFO] [stdout]   25:     0x5634013085e3 - test::__rust_begin_short_backtrace::h0908f3b1fdbb72ab
[INFO] [stdout]                                at /rustc/a178d0322ce20e33eac124758e837cbd80a6f633/library/test/src/lib.rs:577:5
[INFO] [stdout]   26:     0x5634013070a0 - <alloc::boxed::Box<F,A> as core::ops::function::FnOnce<Args>>::call_once::hf6d2a51e5587546c
[INFO] [stdout]                                at /rustc/a178d0322ce20e33eac124758e837cbd80a6f633/library/alloc/src/boxed.rs:1575:9
[INFO] [stdout]   27:     0x5634013070a0 - <std::panic::AssertUnwindSafe<F> as core::ops::function::FnOnce<()>>::call_once::h8af660f3a89ef593
[INFO] [stdout]                                at /rustc/a178d0322ce20e33eac124758e837cbd80a6f633/library/std/src/panic.rs:347:9
[INFO] [stdout]   28:     0x5634013070a0 - std::panicking::try::do_call::hd36aef60f84b6d36
[INFO] [stdout]                                at /rustc/a178d0322ce20e33eac124758e837cbd80a6f633/library/std/src/panicking.rs:401:40
[INFO] [stdout]   29:     0x5634013070a0 - std::panicking::try::h9932b4480e69817c
[INFO] [stdout]                                at /rustc/a178d0322ce20e33eac124758e837cbd80a6f633/library/std/src/panicking.rs:365:19
[INFO] [stdout]   30:     0x5634013070a0 - std::panic::catch_unwind::h6aa177099cfff5f8
[INFO] [stdout]                                at /rustc/a178d0322ce20e33eac124758e837cbd80a6f633/library/std/src/panic.rs:434:14
[INFO] [stdout]   31:     0x5634013070a0 - test::run_test_in_process::h5884d6f2d99e20c3
[INFO] [stdout]                                at /rustc/a178d0322ce20e33eac124758e837cbd80a6f633/library/test/src/lib.rs:600:18
[INFO] [stdout]   32:     0x5634013070a0 - test::run_test::run_test_inner::{{closure}}::h6fdc58c6d5f5b6e3
[INFO] [stdout]                                at /rustc/a178d0322ce20e33eac124758e837cbd80a6f633/library/test/src/lib.rs:492:39
[INFO] [stdout]   33:     0x5634012e0752 - test::run_test::run_test_inner::{{closure}}::h408365d67a78ade8
[INFO] [stdout]                                at /rustc/a178d0322ce20e33eac124758e837cbd80a6f633/library/test/src/lib.rs:519:37
[INFO] [stdout]   34:     0x5634012e0752 - std::sys_common::backtrace::__rust_begin_short_backtrace::hb560b77c4f701523
[INFO] [stdout]                                at /rustc/a178d0322ce20e33eac124758e837cbd80a6f633/library/std/src/sys_common/backtrace.rs:125:18
[INFO] [stdout]   35:     0x5634012e4308 - std::thread::Builder::spawn_unchecked::{{closure}}::{{closure}}::hf2e7831dad93c597
[INFO] [stdout]                                at /rustc/a178d0322ce20e33eac124758e837cbd80a6f633/library/std/src/thread/mod.rs:481:17
[INFO] [stdout]   36:     0x5634012e4308 - <std::panic::AssertUnwindSafe<F> as core::ops::function::FnOnce<()>>::call_once::hd2e08783d8be4d02
[INFO] [stdout]                                at /rustc/a178d0322ce20e33eac124758e837cbd80a6f633/library/std/src/panic.rs:347:9
[INFO] [stdout]   37:     0x5634012e4308 - std::panicking::try::do_call::h062597b7acfd6b82
[INFO] [stdout]                                at /rustc/a178d0322ce20e33eac124758e837cbd80a6f633/library/std/src/panicking.rs:401:40
[INFO] [stdout]   38:     0x5634012e4308 - std::panicking::try::h0d7b79db04c14552
[INFO] [stdout]                                at /rustc/a178d0322ce20e33eac124758e837cbd80a6f633/library/std/src/panicking.rs:365:19
[INFO] [stdout]   39:     0x5634012e4308 - std::panic::catch_unwind::hb01a0b5e7c8cd43b
[INFO] [stdout]                                at /rustc/a178d0322ce20e33eac124758e837cbd80a6f633/library/std/src/panic.rs:434:14
[INFO] [stdout]   40:     0x5634012e4308 - std::thread::Builder::spawn_unchecked::{{closure}}::h5bde48cc887e0d1e
[INFO] [stdout]                                at /rustc/a178d0322ce20e33eac124758e837cbd80a6f633/library/std/src/thread/mod.rs:480:30
[INFO] [stdout]   41:     0x5634012e4308 - core::ops::function::FnOnce::call_once{{vtable.shim}}::h745ea30807a29e55
[INFO] [stdout]                                at /rustc/a178d0322ce20e33eac124758e837cbd80a6f633/library/core/src/ops/function.rs:227:5
[INFO] [stdout]   42:     0x563401363217 - <alloc::boxed::Box<F,A> as core::ops::function::FnOnce<Args>>::call_once::h7ece6cfefaff1005
[INFO] [stdout]                                at /rustc/a178d0322ce20e33eac124758e837cbd80a6f633/library/alloc/src/boxed.rs:1575:9
[INFO] [stdout]   43:     0x563401363217 - <alloc::boxed::Box<F,A> as core::ops::function::FnOnce<Args>>::call_once::hb8b48e55c21f193e
[INFO] [stdout]                                at /rustc/a178d0322ce20e33eac124758e837cbd80a6f633/library/alloc/src/boxed.rs:1575:9
[INFO] [stdout]   44:     0x563401363217 - std::sys::unix::thread::Thread::new::thread_start::h8c7c4450dba62914
[INFO] [stdout]                                at /rustc/a178d0322ce20e33eac124758e837cbd80a6f633/library/std/src/sys/unix/thread.rs:71:17
[INFO] [stdout]   45:     0x7f59f1f87609 - start_thread
[INFO] [stdout]   46:     0x7f59f1d59293 - clone
[INFO] [stdout]   47:                0x0 - <unknown>
[INFO] [stdout] 
[INFO] [stdout] ---- lua_functions::tests::syntax_error stdout ----
[INFO] [stdout] thread 'lua_functions::tests::syntax_error' panicked at 'attempted to leave type `&mut Lua` uninitialized, which is invalid', /rustc/a178d0322ce20e33eac124758e837cbd80a6f633/library/core/src/mem/mod.rs:660:9
[INFO] [stdout] stack backtrace:
[INFO] [stdout]    0:     0x56340135bf20 - std::backtrace_rs::backtrace::libunwind::trace::h34055254b57d8e79
[INFO] [stdout]                                at /rustc/a178d0322ce20e33eac124758e837cbd80a6f633/library/std/src/../../backtrace/src/backtrace/libunwind.rs:90:5
[INFO] [stdout]    1:     0x56340135bf20 - std::backtrace_rs::backtrace::trace_unsynchronized::h8f1e3fbd9afff6ec
[INFO] [stdout]                                at /rustc/a178d0322ce20e33eac124758e837cbd80a6f633/library/std/src/../../backtrace/src/backtrace/mod.rs:66:5
[INFO] [stdout]    2:     0x56340135bf20 - std::sys_common::backtrace::_print_fmt::h3a99a796b770c360
[INFO] [stdout]                                at /rustc/a178d0322ce20e33eac124758e837cbd80a6f633/library/std/src/sys_common/backtrace.rs:67:5
[INFO] [stdout]    3:     0x56340135bf20 - <std::sys_common::backtrace::_print::DisplayBacktrace as core::fmt::Display>::fmt::h32d1f94a80615d18
[INFO] [stdout]                                at /rustc/a178d0322ce20e33eac124758e837cbd80a6f633/library/std/src/sys_common/backtrace.rs:46:22
[INFO] [stdout]    4:     0x56340137ebac - core::fmt::write::h306731c068f7162c
[INFO] [stdout]                                at /rustc/a178d0322ce20e33eac124758e837cbd80a6f633/library/core/src/fmt/mod.rs:1110:17
[INFO] [stdout]    5:     0x563401358e45 - std::io::Write::write_fmt::h87f19b0a2cd190bc
[INFO] [stdout]                                at /rustc/a178d0322ce20e33eac124758e837cbd80a6f633/library/std/src/io/mod.rs:1588:15
[INFO] [stdout]    6:     0x56340135e08b - std::sys_common::backtrace::_print::h5abaa2601a852287
[INFO] [stdout]                                at /rustc/a178d0322ce20e33eac124758e837cbd80a6f633/library/std/src/sys_common/backtrace.rs:49:5
[INFO] [stdout]    7:     0x56340135e08b - std::sys_common::backtrace::print::h8d81445442bb638f
[INFO] [stdout]                                at /rustc/a178d0322ce20e33eac124758e837cbd80a6f633/library/std/src/sys_common/backtrace.rs:36:9
[INFO] [stdout]    8:     0x56340135e08b - std::panicking::default_hook::{{closure}}::hcfe804496a9fa747
[INFO] [stdout]                                at /rustc/a178d0322ce20e33eac124758e837cbd80a6f633/library/std/src/panicking.rs:208:50
[INFO] [stdout]    9:     0x56340135db9c - std::panicking::default_hook::hbea8e3ccf2ba8901
[INFO] [stdout]                                at /rustc/a178d0322ce20e33eac124758e837cbd80a6f633/library/std/src/panicking.rs:222:9
[INFO] [stdout]   10:     0x56340135e754 - std::panicking::rust_panic_with_hook::h7ee9e1a2d0f8975a
[INFO] [stdout]                                at /rustc/a178d0322ce20e33eac124758e837cbd80a6f633/library/std/src/panicking.rs:622:17
[INFO] [stdout]   11:     0x56340135e207 - std::panicking::begin_panic_handler::{{closure}}::h8ab3b4491718b2c7
[INFO] [stdout]                                at /rustc/a178d0322ce20e33eac124758e837cbd80a6f633/library/std/src/panicking.rs:517:13
[INFO] [stdout]   12:     0x56340135c41c - std::sys_common::backtrace::__rust_end_short_backtrace::hd489062ffa586a9f
[INFO] [stdout]                                at /rustc/a178d0322ce20e33eac124758e837cbd80a6f633/library/std/src/sys_common/backtrace.rs:141:18
[INFO] [stdout]   13:     0x56340135e199 - rust_begin_unwind
[INFO] [stdout]                                at /rustc/a178d0322ce20e33eac124758e837cbd80a6f633/library/std/src/panicking.rs:515:5
[INFO] [stdout]   14:     0x563401234b61 - core::panicking::panic_fmt::hca6330e3e14086b4
[INFO] [stdout]                                at /rustc/a178d0322ce20e33eac124758e837cbd80a6f633/library/core/src/panicking.rs:92:14
[INFO] [stdout]   15:     0x563401234aad - core::panicking::panic::h1a48d878ff3dcd40
[INFO] [stdout]                                at /rustc/a178d0322ce20e33eac124758e837cbd80a6f633/library/core/src/panicking.rs:50:5
[INFO] [stdout]   16:     0x5634012cf3a7 - core::mem::uninitialized::h221d3372c8a3df1d
[INFO] [stdout]                                at /rustc/a178d0322ce20e33eac124758e837cbd80a6f633/library/core/src/mem/mod.rs:660:9
[INFO] [stdout]   17:     0x5634012cf3a7 - hlua::PushGuard<L>::into_inner::h16ba3839f986b0e3
[INFO] [stdout]                                at /opt/rustwide/workdir/src/lib.rs:230:19
[INFO] [stdout]   18:     0x563401291415 - <hlua::lua_functions::LuaCodeFromReader<R> as hlua::Push<L>>::push_to_lua::h5d949f43da0f77ca
[INFO] [stdout]                                at /opt/rustwide/workdir/src/lua_functions.rs:163:63
[INFO] [stdout]   19:     0x56340129684d - hlua::lua_functions::LuaFunction<L>::load_from_reader::h3e8efabb4d5be1e7
[INFO] [stdout]                                at /opt/rustwide/workdir/src/lua_functions.rs:324:15
[INFO] [stdout]   20:     0x563401296ac6 - hlua::lua_functions::LuaFunction<L>::load::he83ebdc273677136
[INFO] [stdout]                                at /opt/rustwide/workdir/src/lua_functions.rs:338:9
[INFO] [stdout]   21:     0x5634012719fa - hlua::lua_functions::tests::syntax_error::hccb32bfbc1045fe8
[INFO] [stdout]                                at /opt/rustwide/workdir/src/lua_functions.rs:476:15
[INFO] [stdout]   22:     0x5634012719ba - hlua::lua_functions::tests::syntax_error::{{closure}}::h77ecf6c3469e6c7a
[INFO] [stdout]                                at /opt/rustwide/workdir/src/lua_functions.rs:474:5
[INFO] [stdout]   23:     0x56340128299e - core::ops::function::FnOnce::call_once::he62b2033b80138c4
[INFO] [stdout]                                at /rustc/a178d0322ce20e33eac124758e837cbd80a6f633/library/core/src/ops/function.rs:227:5
[INFO] [stdout]   24:     0x5634013085e3 - core::ops::function::FnOnce::call_once::h152e7e439ff59e19
[INFO] [stdout]                                at /rustc/a178d0322ce20e33eac124758e837cbd80a6f633/library/core/src/ops/function.rs:227:5
[INFO] [stdout]   25:     0x5634013085e3 - test::__rust_begin_short_backtrace::h0908f3b1fdbb72ab
[INFO] [stdout]                                at /rustc/a178d0322ce20e33eac124758e837cbd80a6f633/library/test/src/lib.rs:577:5
[INFO] [stdout]   26:     0x5634013070a0 - <alloc::boxed::Box<F,A> as core::ops::function::FnOnce<Args>>::call_once::hf6d2a51e5587546c
[INFO] [stdout]                                at /rustc/a178d0322ce20e33eac124758e837cbd80a6f633/library/alloc/src/boxed.rs:1575:9
[INFO] [stdout]   27:     0x5634013070a0 - <std::panic::AssertUnwindSafe<F> as core::ops::function::FnOnce<()>>::call_once::h8af660f3a89ef593
[INFO] [stdout]                                at /rustc/a178d0322ce20e33eac124758e837cbd80a6f633/library/std/src/panic.rs:347:9
[INFO] [stdout]   28:     0x5634013070a0 - std::panicking::try::do_call::hd36aef60f84b6d36
[INFO] [stdout]                                at /rustc/a178d0322ce20e33eac124758e837cbd80a6f633/library/std/src/panicking.rs:401:40
[INFO] [stdout]   29:     0x5634013070a0 - std::panicking::try::h9932b4480e69817c
[INFO] [stdout]                                at /rustc/a178d0322ce20e33eac124758e837cbd80a6f633/library/std/src/panicking.rs:365:19
[INFO] [stdout]   30:     0x5634013070a0 - std::panic::catch_unwind::h6aa177099cfff5f8
[INFO] [stdout]                                at /rustc/a178d0322ce20e33eac124758e837cbd80a6f633/library/std/src/panic.rs:434:14
[INFO] [stdout]   31:     0x5634013070a0 - test::run_test_in_process::h5884d6f2d99e20c3
[INFO] [stdout]                                at /rustc/a178d0322ce20e33eac124758e837cbd80a6f633/library/test/src/lib.rs:600:18
[INFO] [stdout]   32:     0x5634013070a0 - test::run_test::run_test_inner::{{closure}}::h6fdc58c6d5f5b6e3
[INFO] [stdout]                                at /rustc/a178d0322ce20e33eac124758e837cbd80a6f633/library/test/src/lib.rs:492:39
[INFO] [stdout]   33:     0x5634012e0752 - test::run_test::run_test_inner::{{closure}}::h408365d67a78ade8
[INFO] [stdout]                                at /rustc/a178d0322ce20e33eac124758e837cbd80a6f633/library/test/src/lib.rs:519:37
[INFO] [stdout]   34:     0x5634012e0752 - std::sys_common::backtrace::__rust_begin_short_backtrace::hb560b77c4f701523
[INFO] [stdout]                                at /rustc/a178d0322ce20e33eac124758e837cbd80a6f633/library/std/src/sys_common/backtrace.rs:125:18
[INFO] [stdout]   35:     0x5634012e4308 - std::thread::Builder::spawn_unchecked::{{closure}}::{{closure}}::hf2e7831dad93c597
[INFO] [stdout]                                at /rustc/a178d0322ce20e33eac124758e837cbd80a6f633/library/std/src/thread/mod.rs:481:17
[INFO] [stdout]   36:     0x5634012e4308 - <std::panic::AssertUnwindSafe<F> as core::ops::function::FnOnce<()>>::call_once::hd2e08783d8be4d02
[INFO] [stdout]                                at /rustc/a178d0322ce20e33eac124758e837cbd80a6f633/library/std/src/panic.rs:347:9
[INFO] [stdout]   37:     0x5634012e4308 - std::panicking::try::do_call::h062597b7acfd6b82
[INFO] [stdout]                                at /rustc/a178d0322ce20e33eac124758e837cbd80a6f633/library/std/src/panicking.rs:401:40
[INFO] [stdout]   38:     0x5634012e4308 - std::panicking::try::h0d7b79db04c14552
[INFO] [stdout]                                at /rustc/a178d0322ce20e33eac124758e837cbd80a6f633/library/std/src/panicking.rs:365:19
[INFO] [stdout]   39:     0x5634012e4308 - std::panic::catch_unwind::hb01a0b5e7c8cd43b
[INFO] [stdout]                                at /rustc/a178d0322ce20e33eac124758e837cbd80a6f633/library/std/src/panic.rs:434:14
[INFO] [stdout]   40:     0x5634012e4308 - std::thread::Builder::spawn_unchecked::{{closure}}::h5bde48cc887e0d1e
[INFO] [stdout]                                at /rustc/a178d0322ce20e33eac124758e837cbd80a6f633/library/std/src/thread/mod.rs:480:30
[INFO] [stdout]   41:     0x5634012e4308 - core::ops::function::FnOnce::call_once{{vtable.shim}}::h745ea30807a29e55
[INFO] [stdout]                                at /rustc/a178d0322ce20e33eac124758e837cbd80a6f633/library/core/src/ops/function.rs:227:5
[INFO] [stdout]   42:     0x563401363217 - <alloc::boxed::Box<F,A> as core::ops::function::FnOnce<Args>>::call_once::h7ece6cfefaff1005
[INFO] [stdout]                                at /rustc/a178d0322ce20e33eac124758e837cbd80a6f633/library/alloc/src/boxed.rs:1575:9
[INFO] [stdout]   43:     0x563401363217 - <alloc::boxed::Box<F,A> as core::ops::function::FnOnce<Args>>::call_once::hb8b48e55c21f193e
[INFO] [stdout]                                at /rustc/a178d0322ce20e33eac124758e837cbd80a6f633/library/alloc/src/boxed.rs:1575:9
[INFO] [stdout]   44:     0x563401363217 - std::sys::unix::thread::Thread::new::thread_start::h8c7c4450dba62914
[INFO] [stdout]                                at /rustc/a178d0322ce20e33eac124758e837cbd80a6f633/library/std/src/sys/unix/thread.rs:71:17
[INFO] [stdout]   45:     0x7f59f1f87609 - start_thread
[INFO] [stdout]   46:     0x7f59f1d59293 - clone
[INFO] [stdout]   47:                0x0 - <unknown>
[INFO] [stdout] 
[INFO] [stdout] 
[INFO] [stdout] failures:
[INFO] [stdout]     lua_functions::tests::execute_from_reader_errors_if_cant_read
[INFO] [stdout]     lua_functions::tests::syntax_error
[INFO] [stdout]     lua_tables::tests::by_value
[INFO] [stdout] 
[INFO] [stdout] test result: FAILED. 67 passed; 3 failed; 0 ignored; 0 measured; 0 filtered out; finished in 0.16s
[INFO] [stdout] 
[INFO] [stderr] error: test failed, to rerun pass '--lib'
[INFO] running `Command { std: "docker" "inspect" "8dfb254956b1ce4bf30748d6b4e26525d7fc978d7b49cf18ab82857d17ac508f", kill_on_drop: false }`
[INFO] running `Command { std: "docker" "rm" "-f" "8dfb254956b1ce4bf30748d6b4e26525d7fc978d7b49cf18ab82857d17ac508f", kill_on_drop: false }`
[INFO] [stdout] 8dfb254956b1ce4bf30748d6b4e26525d7fc978d7b49cf18ab82857d17ac508f
