[INFO] fetching crate hinku 0.1.0...
[INFO] testing hinku-0.1.0 against 1.54.0 for beta-1.55-1
[INFO] extracting crate hinku 0.1.0 into /workspace/builds/worker-53/source
[INFO] validating manifest of crates.io crate hinku 0.1.0 on toolchain 1.54.0
[INFO] running `Command { std: "/workspace/cargo-home/bin/cargo" "+1.54.0" "metadata" "--manifest-path" "Cargo.toml" "--no-deps", kill_on_drop: false }`
[INFO] started tweaking crates.io crate hinku 0.1.0
[INFO] finished tweaking crates.io crate hinku 0.1.0
[INFO] tweaked toml for crates.io crate hinku 0.1.0 written to /workspace/builds/worker-53/source/Cargo.toml
[INFO] running `Command { std: "/workspace/cargo-home/bin/cargo" "+1.54.0" "generate-lockfile" "--manifest-path" "Cargo.toml" "-Zno-index-update", kill_on_drop: false }`
[INFO] [stderr]     Blocking waiting for file lock on package cache
[INFO] running `Command { std: "/workspace/cargo-home/bin/cargo" "+1.54.0" "fetch" "--manifest-path" "Cargo.toml", kill_on_drop: false }`
[INFO] [stderr]     Blocking waiting for file lock on package cache
[INFO] running `Command { std: "docker" "create" "-v" "/var/lib/crater-agent-workspace/builds/worker-53/target:/opt/rustwide/target:rw,Z" "-v" "/var/lib/crater-agent-workspace/builds/worker-53/source:/opt/rustwide/workdir:ro,Z" "-v" "/var/lib/crater-agent-workspace/cargo-home:/opt/rustwide/cargo-home:ro,Z" "-v" "/var/lib/crater-agent-workspace/rustup-home:/opt/rustwide/rustup-home:ro,Z" "-e" "SOURCE_DIR=/opt/rustwide/workdir" "-e" "CARGO_TARGET_DIR=/opt/rustwide/target" "-e" "CARGO_HOME=/opt/rustwide/cargo-home" "-e" "RUSTUP_HOME=/opt/rustwide/rustup-home" "-w" "/opt/rustwide/workdir" "-m" "1610612736" "--user" "0:0" "--network" "none" "ghcr.io/rust-lang/crates-build-env/linux@sha256:34b6a614d2c27851fe6cbf88fbd1137609cefab8b10d0615aaeb6fd47975d74e" "/opt/rustwide/cargo-home/bin/cargo" "+1.54.0" "metadata" "--no-deps" "--format-version=1", kill_on_drop: false }`
[INFO] [stdout] 2243f3a63a163caf88b85eb0dbda58473ac89cf962b97856dcfc0e710f525242
[INFO] running `Command { std: "docker" "start" "-a" "2243f3a63a163caf88b85eb0dbda58473ac89cf962b97856dcfc0e710f525242", kill_on_drop: false }`
[INFO] running `Command { std: "docker" "inspect" "2243f3a63a163caf88b85eb0dbda58473ac89cf962b97856dcfc0e710f525242", kill_on_drop: false }`
[INFO] running `Command { std: "docker" "rm" "-f" "2243f3a63a163caf88b85eb0dbda58473ac89cf962b97856dcfc0e710f525242", kill_on_drop: false }`
[INFO] [stdout] 2243f3a63a163caf88b85eb0dbda58473ac89cf962b97856dcfc0e710f525242
[INFO] running `Command { std: "docker" "create" "-v" "/var/lib/crater-agent-workspace/builds/worker-53/target:/opt/rustwide/target:rw,Z" "-v" "/var/lib/crater-agent-workspace/builds/worker-53/source:/opt/rustwide/workdir:ro,Z" "-v" "/var/lib/crater-agent-workspace/cargo-home:/opt/rustwide/cargo-home:ro,Z" "-v" "/var/lib/crater-agent-workspace/rustup-home:/opt/rustwide/rustup-home:ro,Z" "-e" "SOURCE_DIR=/opt/rustwide/workdir" "-e" "CARGO_TARGET_DIR=/opt/rustwide/target" "-e" "CARGO_INCREMENTAL=0" "-e" "RUST_BACKTRACE=full" "-e" "RUSTFLAGS=--cap-lints=warn" "-e" "CARGO_HOME=/opt/rustwide/cargo-home" "-e" "RUSTUP_HOME=/opt/rustwide/rustup-home" "-w" "/opt/rustwide/workdir" "-m" "1610612736" "--user" "0:0" "--network" "none" "ghcr.io/rust-lang/crates-build-env/linux@sha256:34b6a614d2c27851fe6cbf88fbd1137609cefab8b10d0615aaeb6fd47975d74e" "/opt/rustwide/cargo-home/bin/cargo" "+1.54.0" "build" "--frozen" "--message-format=json", kill_on_drop: false }`
[INFO] [stdout] 5589d70022efa55a9635d8d1d4267d606d06897e809b912881c194ce5e5bd888
[INFO] running `Command { std: "docker" "start" "-a" "5589d70022efa55a9635d8d1d4267d606d06897e809b912881c194ce5e5bd888", kill_on_drop: false }`
[INFO] [stderr]     Blocking waiting for file lock on package cache
[INFO] [stderr]    Compiling hinku v0.1.0 (/opt/rustwide/workdir)
[INFO] [stderr]     Finished dev [unoptimized + debuginfo] target(s) in 0.45s
[INFO] running `Command { std: "docker" "inspect" "5589d70022efa55a9635d8d1d4267d606d06897e809b912881c194ce5e5bd888", kill_on_drop: false }`
[INFO] running `Command { std: "docker" "rm" "-f" "5589d70022efa55a9635d8d1d4267d606d06897e809b912881c194ce5e5bd888", kill_on_drop: false }`
[INFO] [stdout] 5589d70022efa55a9635d8d1d4267d606d06897e809b912881c194ce5e5bd888
[INFO] running `Command { std: "docker" "create" "-v" "/var/lib/crater-agent-workspace/builds/worker-53/target:/opt/rustwide/target:rw,Z" "-v" "/var/lib/crater-agent-workspace/builds/worker-53/source:/opt/rustwide/workdir:ro,Z" "-v" "/var/lib/crater-agent-workspace/cargo-home:/opt/rustwide/cargo-home:ro,Z" "-v" "/var/lib/crater-agent-workspace/rustup-home:/opt/rustwide/rustup-home:ro,Z" "-e" "SOURCE_DIR=/opt/rustwide/workdir" "-e" "CARGO_TARGET_DIR=/opt/rustwide/target" "-e" "CARGO_INCREMENTAL=0" "-e" "RUST_BACKTRACE=full" "-e" "RUSTFLAGS=--cap-lints=warn" "-e" "CARGO_HOME=/opt/rustwide/cargo-home" "-e" "RUSTUP_HOME=/opt/rustwide/rustup-home" "-w" "/opt/rustwide/workdir" "-m" "1610612736" "--user" "0:0" "--network" "none" "ghcr.io/rust-lang/crates-build-env/linux@sha256:34b6a614d2c27851fe6cbf88fbd1137609cefab8b10d0615aaeb6fd47975d74e" "/opt/rustwide/cargo-home/bin/cargo" "+1.54.0" "test" "--frozen" "--no-run" "--message-format=json", kill_on_drop: false }`
[INFO] [stdout] 23613cea1192d4f1b41987140c43a864575f5e8b646d3adc2bc99a4c5700e7cd
[INFO] running `Command { std: "docker" "start" "-a" "23613cea1192d4f1b41987140c43a864575f5e8b646d3adc2bc99a4c5700e7cd", kill_on_drop: false }`
[INFO] [stderr]    Compiling hinku v0.1.0 (/opt/rustwide/workdir)
[INFO] [stderr]     Finished test [unoptimized + debuginfo] target(s) in 1.05s
[INFO] running `Command { std: "docker" "inspect" "23613cea1192d4f1b41987140c43a864575f5e8b646d3adc2bc99a4c5700e7cd", kill_on_drop: false }`
[INFO] running `Command { std: "docker" "rm" "-f" "23613cea1192d4f1b41987140c43a864575f5e8b646d3adc2bc99a4c5700e7cd", kill_on_drop: false }`
[INFO] [stdout] 23613cea1192d4f1b41987140c43a864575f5e8b646d3adc2bc99a4c5700e7cd
[INFO] running `Command { std: "docker" "create" "-v" "/var/lib/crater-agent-workspace/builds/worker-53/target:/opt/rustwide/target:rw,Z" "-v" "/var/lib/crater-agent-workspace/builds/worker-53/source:/opt/rustwide/workdir:ro,Z" "-v" "/var/lib/crater-agent-workspace/cargo-home:/opt/rustwide/cargo-home:ro,Z" "-v" "/var/lib/crater-agent-workspace/rustup-home:/opt/rustwide/rustup-home:ro,Z" "-e" "SOURCE_DIR=/opt/rustwide/workdir" "-e" "CARGO_TARGET_DIR=/opt/rustwide/target" "-e" "CARGO_INCREMENTAL=0" "-e" "RUST_BACKTRACE=full" "-e" "RUSTFLAGS=--cap-lints=warn" "-e" "CARGO_HOME=/opt/rustwide/cargo-home" "-e" "RUSTUP_HOME=/opt/rustwide/rustup-home" "-w" "/opt/rustwide/workdir" "-m" "1610612736" "--user" "0:0" "--network" "none" "ghcr.io/rust-lang/crates-build-env/linux@sha256:34b6a614d2c27851fe6cbf88fbd1137609cefab8b10d0615aaeb6fd47975d74e" "/opt/rustwide/cargo-home/bin/cargo" "+1.54.0" "test" "--frozen", kill_on_drop: false }`
[INFO] [stdout] b373718ff329a9decb87da2ba4c5e54b0a98e673e18b263eda3e62dda951a5b8
[INFO] running `Command { std: "docker" "start" "-a" "b373718ff329a9decb87da2ba4c5e54b0a98e673e18b263eda3e62dda951a5b8", kill_on_drop: false }`
[INFO] [stderr]     Finished test [unoptimized + debuginfo] target(s) in 0.03s
[INFO] [stderr]      Running unittests (/opt/rustwide/target/debug/deps/hinku-268d3237e244e831)
[INFO] [stdout] 
[INFO] [stderr]    Doc-tests hinku
[INFO] [stdout] running 0 tests
[INFO] [stdout] 
[INFO] [stdout] test result: ok. 0 passed; 0 failed; 0 ignored; 0 measured; 0 filtered out; finished in 0.00s
[INFO] [stdout] 
[INFO] [stdout] 
[INFO] [stdout] running 1 test
[INFO] [stdout] test src/lib.rs - (line 5) ... FAILED
[INFO] [stdout] 
[INFO] [stdout] failures:
[INFO] [stdout] 
[INFO] [stdout] ---- src/lib.rs - (line 5) stdout ----
[INFO] [stdout] error[E0432]: unresolved import `hinku::logos`
[INFO] [stdout]  --> src/lib.rs:8:5
[INFO] [stdout]   |
[INFO] [stdout] 6 |     logos::BufferedLexer,
[INFO] [stdout]   |     ^^^^^ could not find `logos` in `hinku`
[INFO] [stdout] 
[INFO] [stdout] error[E0432]: unresolved import `logos`
[INFO] [stdout]  --> src/lib.rs:6:5
[INFO] [stdout]   |
[INFO] [stdout] 4 | use logos::Logos;
[INFO] [stdout]   |     ^^^^^ use of undeclared crate or module `logos`
[INFO] [stdout] 
[INFO] [stdout] error: cannot determine resolution for the derive macro `Logos`
[INFO] [stdout]   --> src/lib.rs:16:10
[INFO] [stdout]    |
[INFO] [stdout] 14 | #[derive(Logos, Debug, Clone, PartialEq)]
[INFO] [stdout]    |          ^^^^^
[INFO] [stdout]    |
[INFO] [stdout]    = note: import resolution is stuck, try simplifying macro imports
[INFO] [stdout] 
[INFO] [stdout] error: cannot find attribute `token` in this scope
[INFO] [stdout]   --> src/lib.rs:18:7
[INFO] [stdout]    |
[INFO] [stdout] 16 |     #[token("foo")]
[INFO] [stdout]    |       ^^^^^
[INFO] [stdout] 
[INFO] [stdout] error: cannot find attribute `token` in this scope
[INFO] [stdout]   --> src/lib.rs:21:7
[INFO] [stdout]    |
[INFO] [stdout] 19 |     #[token("bar")]
[INFO] [stdout]    |       ^^^^^
[INFO] [stdout] 
[INFO] [stdout] error: cannot find attribute `error` in this scope
[INFO] [stdout]   --> src/lib.rs:24:7
[INFO] [stdout]    |
[INFO] [stdout] 22 |     #[error]
[INFO] [stdout]    |       ^^^^^
[INFO] [stdout] 
[INFO] [stdout] error: cannot find attribute `regex` in this scope
[INFO] [stdout]   --> src/lib.rs:25:7
[INFO] [stdout]    |
[INFO] [stdout] 23 |     #[regex(r"[ \n\r\f\t]+", logos::skip)]
[INFO] [stdout]    |       ^^^^^
[INFO] [stdout] 
[INFO] [stdout] error[E0599]: no variant or associated item named `lexer` found for enum `Token` in the current scope
[INFO] [stdout]   --> src/lib.rs:62:18
[INFO] [stdout]    |
[INFO] [stdout] 15 | enum Token {
[INFO] [stdout]    | ---------- variant or associated item `lexer` not found here
[INFO] [stdout] ...
[INFO] [stdout] 60 | let lex = Token::lexer("foo bar bar foo bar");
[INFO] [stdout]    |                  ^^^^^ variant or associated item not found in `Token`
[INFO] [stdout] 
[INFO] [stdout] error[E0599]: no method named `expected` found for enum `Result` in the current scope
[INFO] [stdout]    --> src/lib.rs:51:10
[INFO] [stdout]     |
[INFO] [stdout] 49  |         .expected("expected either a foo or a bar")
[INFO] [stdout]     |          ^^^^^^^^
[INFO] [stdout]     | 
[INFO] [stdout]    ::: /opt/rustwide/workdir/src/lib.rs:305:8
[INFO] [stdout]     |
[INFO] [stdout] 305 |     fn expected<C>(self, context: C) -> ParseResult<T,E> where E: From<C>;
[INFO] [stdout]     |        -------- the method is available for `Result<Token, ParseError<String>>` here
[INFO] [stdout]     |
[INFO] [stdout]     = help: items from traits can only be used if the trait is in scope
[INFO] [stdout] help: the following trait is implemented but not in scope; perhaps add a `use` for it:
[INFO] [stdout]     |
[INFO] [stdout] 3   | use crate::hinku::ParseResultExt;
[INFO] [stdout]     |
[INFO] [stdout] help: there is an associated function with a similar name
[INFO] [stdout]     |
[INFO] [stdout] 49  |         .expect("expected either a foo or a bar")
[INFO] [stdout]     |          ^^^^^^
[INFO] [stdout] 
[INFO] [stdout] error: aborting due to 9 previous errors
[INFO] [stdout] 
[INFO] [stdout] Some errors have detailed explanations: E0432, E0599.
[INFO] [stdout] For more information about an error, try `rustc --explain E0432`.
[INFO] [stdout] Couldn't compile the test.
[INFO] [stdout] 
[INFO] [stdout] failures:
[INFO] [stdout]     src/lib.rs - (line 5)
[INFO] [stdout] 
[INFO] [stdout] test result: FAILED. 0 passed; 1 failed; 0 ignored; 0 measured; 0 filtered out; finished in 0.28s
[INFO] [stdout] 
[INFO] [stderr] error: test failed, to rerun pass '--doc'
[INFO] running `Command { std: "docker" "inspect" "b373718ff329a9decb87da2ba4c5e54b0a98e673e18b263eda3e62dda951a5b8", kill_on_drop: false }`
[INFO] running `Command { std: "docker" "rm" "-f" "b373718ff329a9decb87da2ba4c5e54b0a98e673e18b263eda3e62dda951a5b8", kill_on_drop: false }`
[INFO] [stdout] b373718ff329a9decb87da2ba4c5e54b0a98e673e18b263eda3e62dda951a5b8
