[INFO] fetching crate hierarchical_pathfinding 0.4.3...
[INFO] testing hierarchical_pathfinding-0.4.3 against beta-2021-08-01 for beta-1.55-1
[INFO] extracting crate hierarchical_pathfinding 0.4.3 into /workspace/builds/worker-3/source
[INFO] validating manifest of crates.io crate hierarchical_pathfinding 0.4.3 on toolchain beta-2021-08-01
[INFO] running `Command { std: "/workspace/cargo-home/bin/cargo" "+beta-2021-08-01" "metadata" "--manifest-path" "Cargo.toml" "--no-deps", kill_on_drop: false }`
[INFO] started tweaking crates.io crate hierarchical_pathfinding 0.4.3
[INFO] finished tweaking crates.io crate hierarchical_pathfinding 0.4.3
[INFO] tweaked toml for crates.io crate hierarchical_pathfinding 0.4.3 written to /workspace/builds/worker-3/source/Cargo.toml
[INFO] running `Command { std: "/workspace/cargo-home/bin/cargo" "+beta-2021-08-01" "generate-lockfile" "--manifest-path" "Cargo.toml" "-Zno-index-update", kill_on_drop: false }`
[INFO] [stderr]     Blocking waiting for file lock on package cache
[INFO] running `Command { std: "/workspace/cargo-home/bin/cargo" "+beta-2021-08-01" "fetch" "--manifest-path" "Cargo.toml", kill_on_drop: false }`
[INFO] [stderr]     Blocking waiting for file lock on package cache
[INFO] [stderr]     Blocking waiting for file lock on package cache
[INFO] running `Command { std: "docker" "create" "-v" "/var/lib/crater-agent-workspace/builds/worker-3/target:/opt/rustwide/target:rw,Z" "-v" "/var/lib/crater-agent-workspace/builds/worker-3/source:/opt/rustwide/workdir:ro,Z" "-v" "/var/lib/crater-agent-workspace/cargo-home:/opt/rustwide/cargo-home:ro,Z" "-v" "/var/lib/crater-agent-workspace/rustup-home:/opt/rustwide/rustup-home:ro,Z" "-e" "SOURCE_DIR=/opt/rustwide/workdir" "-e" "CARGO_TARGET_DIR=/opt/rustwide/target" "-e" "CARGO_HOME=/opt/rustwide/cargo-home" "-e" "RUSTUP_HOME=/opt/rustwide/rustup-home" "-w" "/opt/rustwide/workdir" "-m" "1610612736" "--user" "0:0" "--network" "none" "ghcr.io/rust-lang/crates-build-env/linux@sha256:34b6a614d2c27851fe6cbf88fbd1137609cefab8b10d0615aaeb6fd47975d74e" "/opt/rustwide/cargo-home/bin/cargo" "+beta-2021-08-01" "metadata" "--no-deps" "--format-version=1", kill_on_drop: false }`
[INFO] [stdout] 154c68a29d9ccd5ff14ca1a67c7854976cb9d5aaa203c1b413729b0c3634f3a4
[INFO] running `Command { std: "docker" "start" "-a" "154c68a29d9ccd5ff14ca1a67c7854976cb9d5aaa203c1b413729b0c3634f3a4", kill_on_drop: false }`
[INFO] running `Command { std: "docker" "inspect" "154c68a29d9ccd5ff14ca1a67c7854976cb9d5aaa203c1b413729b0c3634f3a4", kill_on_drop: false }`
[INFO] running `Command { std: "docker" "rm" "-f" "154c68a29d9ccd5ff14ca1a67c7854976cb9d5aaa203c1b413729b0c3634f3a4", kill_on_drop: false }`
[INFO] [stdout] 154c68a29d9ccd5ff14ca1a67c7854976cb9d5aaa203c1b413729b0c3634f3a4
[INFO] running `Command { std: "docker" "create" "-v" "/var/lib/crater-agent-workspace/builds/worker-3/target:/opt/rustwide/target:rw,Z" "-v" "/var/lib/crater-agent-workspace/builds/worker-3/source:/opt/rustwide/workdir:ro,Z" "-v" "/var/lib/crater-agent-workspace/cargo-home:/opt/rustwide/cargo-home:ro,Z" "-v" "/var/lib/crater-agent-workspace/rustup-home:/opt/rustwide/rustup-home:ro,Z" "-e" "SOURCE_DIR=/opt/rustwide/workdir" "-e" "CARGO_TARGET_DIR=/opt/rustwide/target" "-e" "CARGO_INCREMENTAL=0" "-e" "RUST_BACKTRACE=full" "-e" "RUSTFLAGS=--cap-lints=warn" "-e" "CARGO_HOME=/opt/rustwide/cargo-home" "-e" "RUSTUP_HOME=/opt/rustwide/rustup-home" "-w" "/opt/rustwide/workdir" "-m" "1610612736" "--user" "0:0" "--network" "none" "ghcr.io/rust-lang/crates-build-env/linux@sha256:34b6a614d2c27851fe6cbf88fbd1137609cefab8b10d0615aaeb6fd47975d74e" "/opt/rustwide/cargo-home/bin/cargo" "+beta-2021-08-01" "build" "--frozen" "--message-format=json", kill_on_drop: false }`
[INFO] [stdout] 3b237b912e1fa5c72fbceeec1f3d288760fe1bec67b5b4486586c51bfa28e0ca
[INFO] running `Command { std: "docker" "start" "-a" "3b237b912e1fa5c72fbceeec1f3d288760fe1bec67b5b4486586c51bfa28e0ca", kill_on_drop: false }`
[INFO] [stderr]    Compiling crossbeam-utils v0.8.5
[INFO] [stderr]    Compiling crossbeam-epoch v0.9.5
[INFO] [stderr]    Compiling libc v0.2.98
[INFO] [stderr]    Compiling rayon-core v1.9.1
[INFO] [stderr]    Compiling memoffset v0.6.4
[INFO] [stderr]    Compiling rayon v1.5.1
[INFO] [stderr]    Compiling crossbeam-channel v0.5.1
[INFO] [stderr]    Compiling crossbeam-deque v0.8.1
[INFO] [stderr]    Compiling num_cpus v1.13.0
[INFO] [stderr]    Compiling hierarchical_pathfinding v0.4.3 (/opt/rustwide/workdir)
[INFO] [stderr]     Finished dev [unoptimized + debuginfo] target(s) in 7.02s
[INFO] running `Command { std: "docker" "inspect" "3b237b912e1fa5c72fbceeec1f3d288760fe1bec67b5b4486586c51bfa28e0ca", kill_on_drop: false }`
[INFO] running `Command { std: "docker" "rm" "-f" "3b237b912e1fa5c72fbceeec1f3d288760fe1bec67b5b4486586c51bfa28e0ca", kill_on_drop: false }`
[INFO] [stdout] 3b237b912e1fa5c72fbceeec1f3d288760fe1bec67b5b4486586c51bfa28e0ca
[INFO] running `Command { std: "docker" "create" "-v" "/var/lib/crater-agent-workspace/builds/worker-3/target:/opt/rustwide/target:rw,Z" "-v" "/var/lib/crater-agent-workspace/builds/worker-3/source:/opt/rustwide/workdir:ro,Z" "-v" "/var/lib/crater-agent-workspace/cargo-home:/opt/rustwide/cargo-home:ro,Z" "-v" "/var/lib/crater-agent-workspace/rustup-home:/opt/rustwide/rustup-home:ro,Z" "-e" "SOURCE_DIR=/opt/rustwide/workdir" "-e" "CARGO_TARGET_DIR=/opt/rustwide/target" "-e" "CARGO_INCREMENTAL=0" "-e" "RUST_BACKTRACE=full" "-e" "RUSTFLAGS=--cap-lints=warn" "-e" "CARGO_HOME=/opt/rustwide/cargo-home" "-e" "RUSTUP_HOME=/opt/rustwide/rustup-home" "-w" "/opt/rustwide/workdir" "-m" "1610612736" "--user" "0:0" "--network" "none" "ghcr.io/rust-lang/crates-build-env/linux@sha256:34b6a614d2c27851fe6cbf88fbd1137609cefab8b10d0615aaeb6fd47975d74e" "/opt/rustwide/cargo-home/bin/cargo" "+beta-2021-08-01" "test" "--frozen" "--no-run" "--message-format=json", kill_on_drop: false }`
[INFO] [stdout] f51b7b0194adef4ec9f57513aa68a9b804ccb39263386f9009a880902160ebda
[INFO] running `Command { std: "docker" "start" "-a" "f51b7b0194adef4ec9f57513aa68a9b804ccb39263386f9009a880902160ebda", kill_on_drop: false }`
[INFO] [stderr]     Blocking waiting for file lock on package cache
[INFO] [stderr]    Compiling ppv-lite86 v0.2.10
[INFO] [stderr]    Compiling getrandom v0.2.3
[INFO] [stderr]    Compiling rand_core v0.6.3
[INFO] [stderr]    Compiling rand_chacha v0.3.1
[INFO] [stderr]    Compiling rand v0.8.4
[INFO] [stderr]    Compiling hierarchical_pathfinding v0.4.3 (/opt/rustwide/workdir)
[INFO] [stderr]     Finished test [unoptimized + debuginfo] target(s) in 6.71s
[INFO] running `Command { std: "docker" "inspect" "f51b7b0194adef4ec9f57513aa68a9b804ccb39263386f9009a880902160ebda", kill_on_drop: false }`
[INFO] running `Command { std: "docker" "rm" "-f" "f51b7b0194adef4ec9f57513aa68a9b804ccb39263386f9009a880902160ebda", kill_on_drop: false }`
[INFO] [stdout] f51b7b0194adef4ec9f57513aa68a9b804ccb39263386f9009a880902160ebda
[INFO] running `Command { std: "docker" "create" "-v" "/var/lib/crater-agent-workspace/builds/worker-3/target:/opt/rustwide/target:rw,Z" "-v" "/var/lib/crater-agent-workspace/builds/worker-3/source:/opt/rustwide/workdir:ro,Z" "-v" "/var/lib/crater-agent-workspace/cargo-home:/opt/rustwide/cargo-home:ro,Z" "-v" "/var/lib/crater-agent-workspace/rustup-home:/opt/rustwide/rustup-home:ro,Z" "-e" "SOURCE_DIR=/opt/rustwide/workdir" "-e" "CARGO_TARGET_DIR=/opt/rustwide/target" "-e" "CARGO_INCREMENTAL=0" "-e" "RUST_BACKTRACE=full" "-e" "RUSTFLAGS=--cap-lints=warn" "-e" "CARGO_HOME=/opt/rustwide/cargo-home" "-e" "RUSTUP_HOME=/opt/rustwide/rustup-home" "-w" "/opt/rustwide/workdir" "-m" "1610612736" "--user" "0:0" "--network" "none" "ghcr.io/rust-lang/crates-build-env/linux@sha256:34b6a614d2c27851fe6cbf88fbd1137609cefab8b10d0615aaeb6fd47975d74e" "/opt/rustwide/cargo-home/bin/cargo" "+beta-2021-08-01" "test" "--frozen", kill_on_drop: false }`
[INFO] [stdout] 08d3f2530ae2d5289c5c8f2cebf65604382c9b9d6e93e3049c8171d8531efc64
[INFO] running `Command { std: "docker" "start" "-a" "08d3f2530ae2d5289c5c8f2cebf65604382c9b9d6e93e3049c8171d8531efc64", kill_on_drop: false }`
[INFO] [stderr]     Blocking waiting for file lock on package cache
[INFO] [stderr]     Finished test [unoptimized + debuginfo] target(s) in 0.44s
[INFO] [stderr]      Running unittests (/opt/rustwide/target/debug/deps/hierarchical_pathfinding-4678902f3869d890)
[INFO] [stdout] 
[INFO] [stdout] running 18 tests
[INFO] [stdout] test graph::node_map::absorb ... ok
[INFO] [stdout] test grid::a_star::tests::basic ... ok
[INFO] [stdout] test grid::a_star::tests::unreachable_goal ... ok
[INFO] [stdout] test neighbors::tests::manhattan::get_all_neighbors ... ok
[INFO] [stdout] test neighbors::tests::manhattan::heuristic ... ok
[INFO] [stdout] test grid::dijkstra::tests::basic ... ok
[INFO] [stdout] test neighbors::tests::moore::get_all_neighbors ... ok
[INFO] [stdout] test neighbors::tests::moore::heuristic ... ok
[INFO] [stdout] test path::abstract_path::tests::count_and_last ... ok
[INFO] [stdout] test path::abstract_path::tests::next ... ok
[INFO] [stdout] test path::abstract_path::tests::size_hint_and_len ... ok
[INFO] [stdout] test path::generic_path::tests::display ... ok
[INFO] [stdout] test path::generic_path::tests::display_empty ... ok
[INFO] [stdout] test path::generic_path::tests::index ... ok
[INFO] [stdout] test path::abstract_path::tests::nth ... ok
[INFO] [stdout] test utils::tests::jump_test ... ok
[INFO] [stdout] test path_cache::tests::new_parallel ... ok
[INFO] [stdout] test path::abstract_path::tests::disconnected_segment_on_long_paths ... ok
[INFO] [stdout] 
[INFO] [stdout] test result: ok. 18 passed; 0 failed; 0 ignored; 0 measured; 0 filtered out; finished in 4.13s
[INFO] [stdout] 
[INFO] [stderr]    Doc-tests hierarchical_pathfinding
[INFO] [stdout] 
[INFO] [stdout] running 22 tests
[INFO] [stdout] test src/lib.rs - (line 60) ... ignored
[INFO] [stdout] test src/path_cache/cache_config.rs - path_cache::cache_config::PathCacheConfig::HIGH_PERFORMANCE (line 127) ... ok
[INFO] [stdout] test src/path_cache/cache_config.rs - path_cache::cache_config::PathCacheConfig::LOW_MEM (line 106) ... ok
[INFO] [stdout] test src/path_cache/cache_config.rs - path_cache::cache_config::PathCacheConfig (line 4) ... ok
[INFO] [stdout] test src/path_cache.rs - path_cache::PathCache<N>::tiles_changed (line 743) ... FAILED
[INFO] [stdout] test src/path_cache.rs - path_cache::PathCache<N>::find_closest_goal (line 609) ... FAILED
[INFO] [stdout] test src/lib.rs - (line 327) ... FAILED
[INFO] [stdout] test src/path_cache.rs - path_cache::PathCache<N>::find_closest_goal (line 563) ... FAILED
[INFO] [stdout] test src/lib.rs - (line 179) ... FAILED
[INFO] [stdout] test src/path_cache.rs - path_cache::PathCache<N>::find_paths (line 507) ... FAILED
[INFO] [stdout] test src/path_cache.rs - path_cache::PathCache<N>::new (line 61) ... ok
[INFO] [stdout] test src/path_cache.rs - path_cache::PathCache<N>::inspect_nodes (line 956) ... ok
[INFO] [stdout] test src/lib.rs - (line 109) ... ok
[INFO] [stdout] test src/lib.rs - (line 78) ... ok
[INFO] [stdout] test src/lib.rs - (line 369) ... ok
[INFO] [stdout] test src/path_cache.rs - path_cache::PathCache<N>::find_path (line 305) ... ok
[INFO] [stdout] test src/lib.rs - (line 141) ... ok
[INFO] [stdout] test src/path_cache.rs - path_cache::PathCache<N>::find_path (line 356) ... ok
[INFO] [stdout] test src/lib.rs - (line 295) ... ok
[INFO] [stdout] test src/path_cache.rs - path_cache::PathCache<N>::find_paths (line 468) ... ok
[INFO] [stdout] test src/lib.rs - (line 238) ... ok
[INFO] [stdout] test src/path_cache.rs - path_cache::PathCache<N>::find_path (line 259) ... ok
[INFO] [stdout] 
[INFO] [stdout] failures:
[INFO] [stdout] 
[INFO] [stdout] ---- src/path_cache.rs - path_cache::PathCache<N>::tiles_changed (line 743) stdout ----
[INFO] [stdout] Couldn't compile the test.
[INFO] [stdout] ---- src/path_cache.rs - path_cache::PathCache<N>::find_closest_goal (line 609) stdout ----
[INFO] [stdout] Couldn't compile the test.
[INFO] [stdout] ---- src/lib.rs - (line 327) stdout ----
[INFO] [stdout] Couldn't compile the test.
[INFO] [stdout] ---- src/path_cache.rs - path_cache::PathCache<N>::find_closest_goal (line 563) stdout ----
[INFO] [stdout] Couldn't compile the test.
[INFO] [stdout] ---- src/lib.rs - (line 179) stdout ----
[INFO] [stdout] Couldn't compile the test.
[INFO] [stdout] ---- src/path_cache.rs - path_cache::PathCache<N>::find_paths (line 507) stdout ----
[INFO] [stdout] Couldn't compile the test.
[INFO] [stdout] 
[INFO] [stdout] failures:
[INFO] [stdout]     src/lib.rs - (line 179)
[INFO] [stdout]     src/lib.rs - (line 327)
[INFO] [stdout]     src/path_cache.rs - path_cache::PathCache<N>::find_closest_goal (line 563)
[INFO] [stdout]     src/path_cache.rs - path_cache::PathCache<N>::find_closest_goal (line 609)
[INFO] [stdout]     src/path_cache.rs - path_cache::PathCache<N>::find_paths (line 507)
[INFO] [stdout]     src/path_cache.rs - path_cache::PathCache<N>::tiles_changed (line 743)
[INFO] [stdout] 
[INFO] [stdout] test result: FAILED. 15 passed; 6 failed; 1 ignored; 0 measured; 0 filtered out; finished in 4.12s
[INFO] [stdout] 
[INFO] [stderr] error: test failed, to rerun pass '--doc'
[INFO] running `Command { std: "docker" "inspect" "08d3f2530ae2d5289c5c8f2cebf65604382c9b9d6e93e3049c8171d8531efc64", kill_on_drop: false }`
[INFO] running `Command { std: "docker" "rm" "-f" "08d3f2530ae2d5289c5c8f2cebf65604382c9b9d6e93e3049c8171d8531efc64", kill_on_drop: false }`
[INFO] [stdout] 08d3f2530ae2d5289c5c8f2cebf65604382c9b9d6e93e3049c8171d8531efc64
