[INFO] fetching crate hdf5-bitshuffle 0.2.0...
[INFO] testing hdf5-bitshuffle-0.2.0 against 1.54.0 for beta-1.55-1
[INFO] extracting crate hdf5-bitshuffle 0.2.0 into /workspace/builds/worker-35/source
[INFO] validating manifest of crates.io crate hdf5-bitshuffle 0.2.0 on toolchain 1.54.0
[INFO] running `Command { std: "/workspace/cargo-home/bin/cargo" "+1.54.0" "metadata" "--manifest-path" "Cargo.toml" "--no-deps", kill_on_drop: false }`
[INFO] started tweaking crates.io crate hdf5-bitshuffle 0.2.0
[INFO] finished tweaking crates.io crate hdf5-bitshuffle 0.2.0
[INFO] tweaked toml for crates.io crate hdf5-bitshuffle 0.2.0 written to /workspace/builds/worker-35/source/Cargo.toml
[INFO] running `Command { std: "/workspace/cargo-home/bin/cargo" "+1.54.0" "generate-lockfile" "--manifest-path" "Cargo.toml" "-Zno-index-update", kill_on_drop: false }`
[INFO] running `Command { std: "/workspace/cargo-home/bin/cargo" "+1.54.0" "fetch" "--manifest-path" "Cargo.toml", kill_on_drop: false }`
[INFO] [stderr]     Blocking waiting for file lock on package cache
[INFO] running `Command { std: "docker" "create" "-v" "/var/lib/crater-agent-workspace/builds/worker-35/target:/opt/rustwide/target:rw,Z" "-v" "/var/lib/crater-agent-workspace/builds/worker-35/source:/opt/rustwide/workdir:ro,Z" "-v" "/var/lib/crater-agent-workspace/cargo-home:/opt/rustwide/cargo-home:ro,Z" "-v" "/var/lib/crater-agent-workspace/rustup-home:/opt/rustwide/rustup-home:ro,Z" "-e" "SOURCE_DIR=/opt/rustwide/workdir" "-e" "CARGO_TARGET_DIR=/opt/rustwide/target" "-e" "CARGO_HOME=/opt/rustwide/cargo-home" "-e" "RUSTUP_HOME=/opt/rustwide/rustup-home" "-w" "/opt/rustwide/workdir" "-m" "1610612736" "--user" "0:0" "--network" "none" "ghcr.io/rust-lang/crates-build-env/linux@sha256:34b6a614d2c27851fe6cbf88fbd1137609cefab8b10d0615aaeb6fd47975d74e" "/opt/rustwide/cargo-home/bin/cargo" "+1.54.0" "metadata" "--no-deps" "--format-version=1", kill_on_drop: false }`
[INFO] [stdout] 10e3b792a524c0e8b933c31b2bad5323ed33b0385888e62cad704bb0a9d45885
[INFO] running `Command { std: "docker" "start" "-a" "10e3b792a524c0e8b933c31b2bad5323ed33b0385888e62cad704bb0a9d45885", kill_on_drop: false }`
[INFO] running `Command { std: "docker" "inspect" "10e3b792a524c0e8b933c31b2bad5323ed33b0385888e62cad704bb0a9d45885", kill_on_drop: false }`
[INFO] running `Command { std: "docker" "rm" "-f" "10e3b792a524c0e8b933c31b2bad5323ed33b0385888e62cad704bb0a9d45885", kill_on_drop: false }`
[INFO] [stdout] 10e3b792a524c0e8b933c31b2bad5323ed33b0385888e62cad704bb0a9d45885
[INFO] running `Command { std: "docker" "create" "-v" "/var/lib/crater-agent-workspace/builds/worker-35/target:/opt/rustwide/target:rw,Z" "-v" "/var/lib/crater-agent-workspace/builds/worker-35/source:/opt/rustwide/workdir:ro,Z" "-v" "/var/lib/crater-agent-workspace/cargo-home:/opt/rustwide/cargo-home:ro,Z" "-v" "/var/lib/crater-agent-workspace/rustup-home:/opt/rustwide/rustup-home:ro,Z" "-e" "SOURCE_DIR=/opt/rustwide/workdir" "-e" "CARGO_TARGET_DIR=/opt/rustwide/target" "-e" "CARGO_INCREMENTAL=0" "-e" "RUST_BACKTRACE=full" "-e" "RUSTFLAGS=--cap-lints=warn" "-e" "CARGO_HOME=/opt/rustwide/cargo-home" "-e" "RUSTUP_HOME=/opt/rustwide/rustup-home" "-w" "/opt/rustwide/workdir" "-m" "1610612736" "--user" "0:0" "--network" "none" "ghcr.io/rust-lang/crates-build-env/linux@sha256:34b6a614d2c27851fe6cbf88fbd1137609cefab8b10d0615aaeb6fd47975d74e" "/opt/rustwide/cargo-home/bin/cargo" "+1.54.0" "build" "--frozen" "--message-format=json", kill_on_drop: false }`
[INFO] [stdout] 82a52c53db207abda4e068bb6c1d1465815d4e9048085f2a55586d8068fd81f2
[INFO] running `Command { std: "docker" "start" "-a" "82a52c53db207abda4e068bb6c1d1465815d4e9048085f2a55586d8068fd81f2", kill_on_drop: false }`
[INFO] [stderr]     Blocking waiting for file lock on package cache
[INFO] [stderr]    Compiling regex-syntax v0.6.25
[INFO] [stderr]    Compiling libloading v0.6.7
[INFO] [stderr]    Compiling jobserver v0.1.23
[INFO] [stderr]    Compiling aho-corasick v0.7.18
[INFO] [stderr]    Compiling cc v1.0.69
[INFO] [stderr]    Compiling cmake v0.1.45
[INFO] [stderr]    Compiling hdf5-src v0.7.1
[INFO] [stderr]    Compiling hdf5-bitshuffle v0.2.0 (/opt/rustwide/workdir)
[INFO] [stderr]    Compiling regex v1.5.4
[INFO] [stderr]    Compiling hdf5-sys v0.7.1
[INFO] [stderr]     Finished dev [unoptimized + debuginfo] target(s) in 1m 37s
[INFO] running `Command { std: "docker" "inspect" "82a52c53db207abda4e068bb6c1d1465815d4e9048085f2a55586d8068fd81f2", kill_on_drop: false }`
[INFO] running `Command { std: "docker" "rm" "-f" "82a52c53db207abda4e068bb6c1d1465815d4e9048085f2a55586d8068fd81f2", kill_on_drop: false }`
[INFO] [stdout] 82a52c53db207abda4e068bb6c1d1465815d4e9048085f2a55586d8068fd81f2
[INFO] running `Command { std: "docker" "create" "-v" "/var/lib/crater-agent-workspace/builds/worker-35/target:/opt/rustwide/target:rw,Z" "-v" "/var/lib/crater-agent-workspace/builds/worker-35/source:/opt/rustwide/workdir:ro,Z" "-v" "/var/lib/crater-agent-workspace/cargo-home:/opt/rustwide/cargo-home:ro,Z" "-v" "/var/lib/crater-agent-workspace/rustup-home:/opt/rustwide/rustup-home:ro,Z" "-e" "SOURCE_DIR=/opt/rustwide/workdir" "-e" "CARGO_TARGET_DIR=/opt/rustwide/target" "-e" "CARGO_INCREMENTAL=0" "-e" "RUST_BACKTRACE=full" "-e" "RUSTFLAGS=--cap-lints=warn" "-e" "CARGO_HOME=/opt/rustwide/cargo-home" "-e" "RUSTUP_HOME=/opt/rustwide/rustup-home" "-w" "/opt/rustwide/workdir" "-m" "1610612736" "--user" "0:0" "--network" "none" "ghcr.io/rust-lang/crates-build-env/linux@sha256:34b6a614d2c27851fe6cbf88fbd1137609cefab8b10d0615aaeb6fd47975d74e" "/opt/rustwide/cargo-home/bin/cargo" "+1.54.0" "test" "--frozen" "--no-run" "--message-format=json", kill_on_drop: false }`
[INFO] [stdout] 8988e56cab492f177add792af0e87af10a40d58ecb8ec4915bf3366e0d60fefa
[INFO] running `Command { std: "docker" "start" "-a" "8988e56cab492f177add792af0e87af10a40d58ecb8ec4915bf3366e0d60fefa", kill_on_drop: false }`
[INFO] [stderr]    Compiling hdf5-bitshuffle v0.2.0 (/opt/rustwide/workdir)
[INFO] [stderr]     Finished test [unoptimized + debuginfo] target(s) in 1.16s
[INFO] running `Command { std: "docker" "inspect" "8988e56cab492f177add792af0e87af10a40d58ecb8ec4915bf3366e0d60fefa", kill_on_drop: false }`
[INFO] running `Command { std: "docker" "rm" "-f" "8988e56cab492f177add792af0e87af10a40d58ecb8ec4915bf3366e0d60fefa", kill_on_drop: false }`
[INFO] [stdout] 8988e56cab492f177add792af0e87af10a40d58ecb8ec4915bf3366e0d60fefa
[INFO] running `Command { std: "docker" "create" "-v" "/var/lib/crater-agent-workspace/builds/worker-35/target:/opt/rustwide/target:rw,Z" "-v" "/var/lib/crater-agent-workspace/builds/worker-35/source:/opt/rustwide/workdir:ro,Z" "-v" "/var/lib/crater-agent-workspace/cargo-home:/opt/rustwide/cargo-home:ro,Z" "-v" "/var/lib/crater-agent-workspace/rustup-home:/opt/rustwide/rustup-home:ro,Z" "-e" "SOURCE_DIR=/opt/rustwide/workdir" "-e" "CARGO_TARGET_DIR=/opt/rustwide/target" "-e" "CARGO_INCREMENTAL=0" "-e" "RUST_BACKTRACE=full" "-e" "RUSTFLAGS=--cap-lints=warn" "-e" "CARGO_HOME=/opt/rustwide/cargo-home" "-e" "RUSTUP_HOME=/opt/rustwide/rustup-home" "-w" "/opt/rustwide/workdir" "-m" "1610612736" "--user" "0:0" "--network" "none" "ghcr.io/rust-lang/crates-build-env/linux@sha256:34b6a614d2c27851fe6cbf88fbd1137609cefab8b10d0615aaeb6fd47975d74e" "/opt/rustwide/cargo-home/bin/cargo" "+1.54.0" "test" "--frozen", kill_on_drop: false }`
[INFO] [stdout] 4f41156d9e21d3a436a5cf59c969e81c8c10c7bd69960a59eb8a5a75b03c2468
[INFO] running `Command { std: "docker" "start" "-a" "4f41156d9e21d3a436a5cf59c969e81c8c10c7bd69960a59eb8a5a75b03c2468", kill_on_drop: false }`
[INFO] [stderr]     Blocking waiting for file lock on package cache
[INFO] [stderr]     Blocking waiting for file lock on package cache
[INFO] [stderr]     Finished test [unoptimized + debuginfo] target(s) in 0.38s
[INFO] [stderr]      Running unittests (/opt/rustwide/target/debug/deps/hdf5_bitshuffle-bdd657ffdba06343)
[INFO] [stdout] 
[INFO] [stdout] running 0 tests
[INFO] [stdout] 
[INFO] [stdout] test result: ok. 0 passed; 0 failed; 0 ignored; 0 measured; 0 filtered out; finished in 0.00s
[INFO] [stdout] 
[INFO] [stderr]    Doc-tests hdf5-bitshuffle
[INFO] [stdout] 
[INFO] [stdout] running 1 test
[INFO] [stdout] test src/lib.rs - (line 8) ... FAILED
[INFO] [stdout] 
[INFO] [stdout] failures:
[INFO] [stdout] 
[INFO] [stdout] ---- src/lib.rs - (line 8) stdout ----
[INFO] [stdout] error: linking with `cc` failed: exit status: 1
[INFO] [stdout]   |
[INFO] [stdout]   = note: "cc" "-m64" "/tmp/rustdoctestLnr9pf/rust_out.rust_out.7rcbfp3g-cgu.0.rcgu.o" "/tmp/rustdoctestLnr9pf/rust_out.33dyzt1ekirinwy8.rcgu.o" "-Wl,--as-needed" "-L" "/opt/rustwide/target/debug/deps" "-L" "/opt/rustwide/target/debug/deps" "-L" "/opt/rustwide/target/debug/build/hdf5-bitshuffle-65affb24fa85d533/out" "-L" "/opt/rustwide/target/debug/build/hdf5-src-d9bf928d03ea1c2a/out/lib" "-L" "/opt/rustwide/rustup-home/toolchains/1.54.0-x86_64-unknown-linux-gnu/lib/rustlib/x86_64-unknown-linux-gnu/lib" "-Wl,-Bstatic" "/opt/rustwide/target/debug/deps/libhdf5_bitshuffle-115b58d4f5fd1498.rlib" "-Wl,--start-group" "/opt/rustwide/rustup-home/toolchains/1.54.0-x86_64-unknown-linux-gnu/lib/rustlib/x86_64-unknown-linux-gnu/lib/libstd-2420485b9e5ef5e1.rlib" "/opt/rustwide/rustup-home/toolchains/1.54.0-x86_64-unknown-linux-gnu/lib/rustlib/x86_64-unknown-linux-gnu/lib/libpanic_unwind-785e3cb61c4b1960.rlib" "/opt/rustwide/rustup-home/toolchains/1.54.0-x86_64-unknown-linux-gnu/lib/rustlib/x86_64-unknown-linux-gnu/lib/libminiz_oxide-087191a88bdaa22d.rlib" "/opt/rustwide/rustup-home/toolchains/1.54.0-x86_64-unknown-linux-gnu/lib/rustlib/x86_64-unknown-linux-gnu/lib/libadler-9981842c02975178.rlib" "/opt/rustwide/rustup-home/toolchains/1.54.0-x86_64-unknown-linux-gnu/lib/rustlib/x86_64-unknown-linux-gnu/lib/libobject-6fb405869b015fde.rlib" "/opt/rustwide/rustup-home/toolchains/1.54.0-x86_64-unknown-linux-gnu/lib/rustlib/x86_64-unknown-linux-gnu/lib/libaddr2line-d05c5c3c56004b7b.rlib" "/opt/rustwide/rustup-home/toolchains/1.54.0-x86_64-unknown-linux-gnu/lib/rustlib/x86_64-unknown-linux-gnu/lib/libgimli-42d74d2097528b38.rlib" "/opt/rustwide/rustup-home/toolchains/1.54.0-x86_64-unknown-linux-gnu/lib/rustlib/x86_64-unknown-linux-gnu/lib/libstd_detect-fb36534c113d2209.rlib" "/opt/rustwide/rustup-home/toolchains/1.54.0-x86_64-unknown-linux-gnu/lib/rustlib/x86_64-unknown-linux-gnu/lib/librustc_demangle-b56b9042c12b6535.rlib" "/opt/rustwide/rustup-home/toolchains/1.54.0-x86_64-unknown-linux-gnu/lib/rustlib/x86_64-unknown-linux-gnu/lib/libhashbrown-491902d6cb3e76df.rlib" "/opt/rustwide/rustup-home/toolchains/1.54.0-x86_64-unknown-linux-gnu/lib/rustlib/x86_64-unknown-linux-gnu/lib/librustc_std_workspace_alloc-61834e0981b8c367.rlib" "/opt/rustwide/rustup-home/toolchains/1.54.0-x86_64-unknown-linux-gnu/lib/rustlib/x86_64-unknown-linux-gnu/lib/libunwind-f78aa99d613a55bc.rlib" "/opt/rustwide/rustup-home/toolchains/1.54.0-x86_64-unknown-linux-gnu/lib/rustlib/x86_64-unknown-linux-gnu/lib/libcfg_if-53ee54cd7fed2c57.rlib" "/opt/rustwide/rustup-home/toolchains/1.54.0-x86_64-unknown-linux-gnu/lib/rustlib/x86_64-unknown-linux-gnu/lib/liblibc-544ecdbd6cda3c58.rlib" "/opt/rustwide/rustup-home/toolchains/1.54.0-x86_64-unknown-linux-gnu/lib/rustlib/x86_64-unknown-linux-gnu/lib/liballoc-379cc252b6943a79.rlib" "/opt/rustwide/rustup-home/toolchains/1.54.0-x86_64-unknown-linux-gnu/lib/rustlib/x86_64-unknown-linux-gnu/lib/librustc_std_workspace_core-8063eea38dcc5e62.rlib" "/opt/rustwide/rustup-home/toolchains/1.54.0-x86_64-unknown-linux-gnu/lib/rustlib/x86_64-unknown-linux-gnu/lib/libcore-5b228734afae15ee.rlib" "-Wl,--end-group" "/opt/rustwide/rustup-home/toolchains/1.54.0-x86_64-unknown-linux-gnu/lib/rustlib/x86_64-unknown-linux-gnu/lib/libcompiler_builtins-d6c7a399d95d173f.rlib" "-Wl,-Bdynamic" "-lgcc_s" "-lutil" "-lrt" "-lpthread" "-lm" "-ldl" "-lc" "-Wl,--eh-frame-hdr" "-Wl,-znoexecstack" "-L" "/opt/rustwide/rustup-home/toolchains/1.54.0-x86_64-unknown-linux-gnu/lib/rustlib/x86_64-unknown-linux-gnu/lib" "-o" "/tmp/rustdoctestLnr9pf/rust_out" "-Wl,--gc-sections" "-pie" "-Wl,-zrelro" "-Wl,-znow" "-nodefaultlibs"
[INFO] [stdout]   = note: /usr/bin/ld: /opt/rustwide/target/debug/deps/libhdf5_bitshuffle-115b58d4f5fd1498.rlib(bshuf_h5filter.o): in function `bshuf_h5_set_local':
[INFO] [stdout]           /opt/rustwide/workdir/ext/bitshuffle/src/bshuf_h5filter.c:43: undefined reference to `H5Pget_filter_by_id2'
[INFO] [stdout]           /usr/bin/ld: /opt/rustwide/workdir/ext/bitshuffle/src/bshuf_h5filter.c:57: undefined reference to `H5Tget_size'
[INFO] [stdout]           /usr/bin/ld: /opt/rustwide/workdir/ext/bitshuffle/src/bshuf_h5filter.c:59: undefined reference to `H5open'
[INFO] [stdout]           /usr/bin/ld: /opt/rustwide/workdir/ext/bitshuffle/src/bshuf_h5filter.c:59: undefined reference to `H5E_CALLBACK_g'
[INFO] [stdout]           /usr/bin/ld: /opt/rustwide/workdir/ext/bitshuffle/src/bshuf_h5filter.c:59: undefined reference to `H5open'
[INFO] [stdout]           /usr/bin/ld: /opt/rustwide/workdir/ext/bitshuffle/src/bshuf_h5filter.c:59: undefined reference to `H5E_PLINE_g'
[INFO] [stdout]           /usr/bin/ld: /opt/rustwide/workdir/ext/bitshuffle/src/bshuf_h5filter.c:59: undefined reference to `H5Epush1'
[INFO] [stdout]           /usr/bin/ld: /opt/rustwide/workdir/ext/bitshuffle/src/bshuf_h5filter.c:71: undefined reference to `H5open'
[INFO] [stdout]           /usr/bin/ld: /opt/rustwide/workdir/ext/bitshuffle/src/bshuf_h5filter.c:71: undefined reference to `H5E_CALLBACK_g'
[INFO] [stdout]           /usr/bin/ld: /opt/rustwide/workdir/ext/bitshuffle/src/bshuf_h5filter.c:71: undefined reference to `H5open'
[INFO] [stdout]           /usr/bin/ld: /opt/rustwide/workdir/ext/bitshuffle/src/bshuf_h5filter.c:71: undefined reference to `H5E_PLINE_g'
[INFO] [stdout]           /usr/bin/ld: /opt/rustwide/workdir/ext/bitshuffle/src/bshuf_h5filter.c:71: undefined reference to `H5Epush1'
[INFO] [stdout]           /usr/bin/ld: /opt/rustwide/workdir/ext/bitshuffle/src/bshuf_h5filter.c:82: undefined reference to `H5open'
[INFO] [stdout]           /usr/bin/ld: /opt/rustwide/workdir/ext/bitshuffle/src/bshuf_h5filter.c:82: undefined reference to `H5E_CALLBACK_g'
[INFO] [stdout]           /usr/bin/ld: /opt/rustwide/workdir/ext/bitshuffle/src/bshuf_h5filter.c:82: undefined reference to `H5open'
[INFO] [stdout]           /usr/bin/ld: /opt/rustwide/workdir/ext/bitshuffle/src/bshuf_h5filter.c:82: undefined reference to `H5E_PLINE_g'
[INFO] [stdout]           /usr/bin/ld: /opt/rustwide/workdir/ext/bitshuffle/src/bshuf_h5filter.c:82: undefined reference to `H5Epush1'
[INFO] [stdout]           /usr/bin/ld: /opt/rustwide/workdir/ext/bitshuffle/src/bshuf_h5filter.c:87: undefined reference to `H5Pmodify_filter'
[INFO] [stdout]           /usr/bin/ld: /opt/rustwide/target/debug/deps/libhdf5_bitshuffle-115b58d4f5fd1498.rlib(bshuf_h5filter.o): in function `bshuf_h5_filter':
[INFO] [stdout]           /opt/rustwide/workdir/ext/bitshuffle/src/bshuf_h5filter.c:107: undefined reference to `H5open'
[INFO] [stdout]           /usr/bin/ld: /opt/rustwide/workdir/ext/bitshuffle/src/bshuf_h5filter.c:107: undefined reference to `H5E_CALLBACK_g'
[INFO] [stdout]           /usr/bin/ld: /opt/rustwide/workdir/ext/bitshuffle/src/bshuf_h5filter.c:107: undefined reference to `H5open'
[INFO] [stdout]           /usr/bin/ld: /opt/rustwide/workdir/ext/bitshuffle/src/bshuf_h5filter.c:107: undefined reference to `H5E_PLINE_g'
[INFO] [stdout]           /usr/bin/ld: /opt/rustwide/workdir/ext/bitshuffle/src/bshuf_h5filter.c:107: undefined reference to `H5Epush1'
[INFO] [stdout]           /usr/bin/ld: /opt/rustwide/workdir/ext/bitshuffle/src/bshuf_h5filter.c:141: undefined reference to `H5open'
[INFO] [stdout]           /usr/bin/ld: /opt/rustwide/workdir/ext/bitshuffle/src/bshuf_h5filter.c:141: undefined reference to `H5E_CALLBACK_g'
[INFO] [stdout]           /usr/bin/ld: /opt/rustwide/workdir/ext/bitshuffle/src/bshuf_h5filter.c:141: undefined reference to `H5open'
[INFO] [stdout]           /usr/bin/ld: /opt/rustwide/workdir/ext/bitshuffle/src/bshuf_h5filter.c:141: undefined reference to `H5E_PLINE_g'
[INFO] [stdout]           /usr/bin/ld: /opt/rustwide/workdir/ext/bitshuffle/src/bshuf_h5filter.c:141: undefined reference to `H5Epush1'
[INFO] [stdout]           /usr/bin/ld: /opt/rustwide/workdir/ext/bitshuffle/src/bshuf_h5filter.c:149: undefined reference to `H5open'
[INFO] [stdout]           /usr/bin/ld: /opt/rustwide/workdir/ext/bitshuffle/src/bshuf_h5filter.c:149: undefined reference to `H5E_CALLBACK_g'
[INFO] [stdout]           /usr/bin/ld: /opt/rustwide/workdir/ext/bitshuffle/src/bshuf_h5filter.c:149: undefined reference to `H5open'
[INFO] [stdout]           /usr/bin/ld: /opt/rustwide/workdir/ext/bitshuffle/src/bshuf_h5filter.c:149: undefined reference to `H5E_PLINE_g'
[INFO] [stdout]           /usr/bin/ld: /opt/rustwide/workdir/ext/bitshuffle/src/bshuf_h5filter.c:149: undefined reference to `H5Epush1'
[INFO] [stdout]           /usr/bin/ld: /opt/rustwide/workdir/ext/bitshuffle/src/bshuf_h5filter.c:182: undefined reference to `H5open'
[INFO] [stdout]           /usr/bin/ld: /opt/rustwide/workdir/ext/bitshuffle/src/bshuf_h5filter.c:182: undefined reference to `H5E_CALLBACK_g'
[INFO] [stdout]           /usr/bin/ld: /opt/rustwide/workdir/ext/bitshuffle/src/bshuf_h5filter.c:182: undefined reference to `H5open'
[INFO] [stdout]           /usr/bin/ld: /opt/rustwide/workdir/ext/bitshuffle/src/bshuf_h5filter.c:182: undefined reference to `H5E_PLINE_g'
[INFO] [stdout]           /usr/bin/ld: /opt/rustwide/workdir/ext/bitshuffle/src/bshuf_h5filter.c:182: undefined reference to `H5Epush1'
[INFO] [stdout]           /usr/bin/ld: /opt/rustwide/target/debug/deps/libhdf5_bitshuffle-115b58d4f5fd1498.rlib(bshuf_h5filter.o): in function `bshuf_register_h5filter':
[INFO] [stdout]           /opt/rustwide/workdir/ext/bitshuffle/src/bshuf_h5filter.c:211: undefined reference to `H5Zregister'
[INFO] [stdout]           /usr/bin/ld: /opt/rustwide/workdir/ext/bitshuffle/src/bshuf_h5filter.c:213: undefined reference to `H5open'
[INFO] [stdout]           /usr/bin/ld: /opt/rustwide/workdir/ext/bitshuffle/src/bshuf_h5filter.c:213: undefined reference to `H5E_CANTREGISTER_g'
[INFO] [stdout]           /usr/bin/ld: /opt/rustwide/workdir/ext/bitshuffle/src/bshuf_h5filter.c:213: undefined reference to `H5open'
[INFO] [stdout]           /usr/bin/ld: /opt/rustwide/workdir/ext/bitshuffle/src/bshuf_h5filter.c:213: undefined reference to `H5E_PLINE_g'
[INFO] [stdout]           /usr/bin/ld: /opt/rustwide/workdir/ext/bitshuffle/src/bshuf_h5filter.c:213: undefined reference to `H5Epush1'
[INFO] [stdout]           collect2: error: ld returned 1 exit status
[INFO] [stdout]           
[INFO] [stdout] 
[INFO] [stdout] error: aborting due to previous error
[INFO] [stdout] 
[INFO] [stdout] Couldn't compile the test.
[INFO] [stdout] 
[INFO] [stdout] failures:
[INFO] [stdout]     src/lib.rs - (line 8)
[INFO] [stdout] 
[INFO] [stdout] test result: FAILED. 0 passed; 1 failed; 0 ignored; 0 measured; 0 filtered out; finished in 0.40s
[INFO] [stdout] 
[INFO] [stderr] error: test failed, to rerun pass '--doc'
[INFO] running `Command { std: "docker" "inspect" "4f41156d9e21d3a436a5cf59c969e81c8c10c7bd69960a59eb8a5a75b03c2468", kill_on_drop: false }`
[INFO] running `Command { std: "docker" "rm" "-f" "4f41156d9e21d3a436a5cf59c969e81c8c10c7bd69960a59eb8a5a75b03c2468", kill_on_drop: false }`
[INFO] [stdout] 4f41156d9e21d3a436a5cf59c969e81c8c10c7bd69960a59eb8a5a75b03c2468
