[INFO] fetching crate hassle-rs 0.5.2...
[INFO] testing hassle-rs-0.5.2 against 1.54.0 for beta-1.55-1
[INFO] extracting crate hassle-rs 0.5.2 into /workspace/builds/worker-15/source
[INFO] validating manifest of crates.io crate hassle-rs 0.5.2 on toolchain 1.54.0
[INFO] running `Command { std: "/workspace/cargo-home/bin/cargo" "+1.54.0" "metadata" "--manifest-path" "Cargo.toml" "--no-deps", kill_on_drop: false }`
[INFO] started tweaking crates.io crate hassle-rs 0.5.2
[INFO] finished tweaking crates.io crate hassle-rs 0.5.2
[INFO] tweaked toml for crates.io crate hassle-rs 0.5.2 written to /workspace/builds/worker-15/source/Cargo.toml
[INFO] crate crates.io crate hassle-rs 0.5.2 already has a lockfile, it will not be regenerated
[INFO] running `Command { std: "/workspace/cargo-home/bin/cargo" "+1.54.0" "fetch" "--manifest-path" "Cargo.toml", kill_on_drop: false }`
[INFO] [stderr]     Blocking waiting for file lock on package cache
[INFO] [stderr]     Blocking waiting for file lock on package cache
[INFO] running `Command { std: "docker" "create" "-v" "/var/lib/crater-agent-workspace/builds/worker-15/target:/opt/rustwide/target:rw,Z" "-v" "/var/lib/crater-agent-workspace/builds/worker-15/source:/opt/rustwide/workdir:ro,Z" "-v" "/var/lib/crater-agent-workspace/cargo-home:/opt/rustwide/cargo-home:ro,Z" "-v" "/var/lib/crater-agent-workspace/rustup-home:/opt/rustwide/rustup-home:ro,Z" "-e" "SOURCE_DIR=/opt/rustwide/workdir" "-e" "CARGO_TARGET_DIR=/opt/rustwide/target" "-e" "CARGO_HOME=/opt/rustwide/cargo-home" "-e" "RUSTUP_HOME=/opt/rustwide/rustup-home" "-w" "/opt/rustwide/workdir" "-m" "1610612736" "--user" "0:0" "--network" "none" "ghcr.io/rust-lang/crates-build-env/linux@sha256:34b6a614d2c27851fe6cbf88fbd1137609cefab8b10d0615aaeb6fd47975d74e" "/opt/rustwide/cargo-home/bin/cargo" "+1.54.0" "metadata" "--no-deps" "--format-version=1", kill_on_drop: false }`
[INFO] [stdout] 64315d7081ecafc9f115d38becf09b4acac4e79115a1d51ee16e06ca3508cc83
[INFO] running `Command { std: "docker" "start" "-a" "64315d7081ecafc9f115d38becf09b4acac4e79115a1d51ee16e06ca3508cc83", kill_on_drop: false }`
[INFO] running `Command { std: "docker" "inspect" "64315d7081ecafc9f115d38becf09b4acac4e79115a1d51ee16e06ca3508cc83", kill_on_drop: false }`
[INFO] running `Command { std: "docker" "rm" "-f" "64315d7081ecafc9f115d38becf09b4acac4e79115a1d51ee16e06ca3508cc83", kill_on_drop: false }`
[INFO] [stdout] 64315d7081ecafc9f115d38becf09b4acac4e79115a1d51ee16e06ca3508cc83
[INFO] running `Command { std: "docker" "create" "-v" "/var/lib/crater-agent-workspace/builds/worker-15/target:/opt/rustwide/target:rw,Z" "-v" "/var/lib/crater-agent-workspace/builds/worker-15/source:/opt/rustwide/workdir:ro,Z" "-v" "/var/lib/crater-agent-workspace/cargo-home:/opt/rustwide/cargo-home:ro,Z" "-v" "/var/lib/crater-agent-workspace/rustup-home:/opt/rustwide/rustup-home:ro,Z" "-e" "SOURCE_DIR=/opt/rustwide/workdir" "-e" "CARGO_TARGET_DIR=/opt/rustwide/target" "-e" "CARGO_INCREMENTAL=0" "-e" "RUST_BACKTRACE=full" "-e" "RUSTFLAGS=--cap-lints=warn" "-e" "CARGO_HOME=/opt/rustwide/cargo-home" "-e" "RUSTUP_HOME=/opt/rustwide/rustup-home" "-w" "/opt/rustwide/workdir" "-m" "1610612736" "--user" "0:0" "--network" "none" "ghcr.io/rust-lang/crates-build-env/linux@sha256:34b6a614d2c27851fe6cbf88fbd1137609cefab8b10d0615aaeb6fd47975d74e" "/opt/rustwide/cargo-home/bin/cargo" "+1.54.0" "build" "--frozen" "--message-format=json", kill_on_drop: false }`
[INFO] [stdout] 69f6e33759404e17ff957656378aa66b77a842b289ad62f4b494563d5bde3ab9
[INFO] running `Command { std: "docker" "start" "-a" "69f6e33759404e17ff957656378aa66b77a842b289ad62f4b494563d5bde3ab9", kill_on_drop: false }`
[INFO] [stderr]     Blocking waiting for file lock on package cache
[INFO] [stderr]    Compiling syn v1.0.72
[INFO] [stderr]    Compiling libc v0.2.94
[INFO] [stderr]    Compiling com-rs v0.2.1
[INFO] [stderr]    Compiling widestring v0.4.3
[INFO] [stderr]    Compiling proc-macro2 v1.0.26
[INFO] [stderr]    Compiling libloading v0.7.0
[INFO] [stderr]    Compiling quote v1.0.9
[INFO] [stderr]    Compiling thiserror-impl v1.0.24
[INFO] [stderr]    Compiling thiserror v1.0.24
[INFO] [stderr]    Compiling hassle-rs v0.5.2 (/opt/rustwide/workdir)
[INFO] [stderr]     Finished dev [unoptimized + debuginfo] target(s) in 16.87s
[INFO] running `Command { std: "docker" "inspect" "69f6e33759404e17ff957656378aa66b77a842b289ad62f4b494563d5bde3ab9", kill_on_drop: false }`
[INFO] running `Command { std: "docker" "rm" "-f" "69f6e33759404e17ff957656378aa66b77a842b289ad62f4b494563d5bde3ab9", kill_on_drop: false }`
[INFO] [stdout] 69f6e33759404e17ff957656378aa66b77a842b289ad62f4b494563d5bde3ab9
[INFO] running `Command { std: "docker" "create" "-v" "/var/lib/crater-agent-workspace/builds/worker-15/target:/opt/rustwide/target:rw,Z" "-v" "/var/lib/crater-agent-workspace/builds/worker-15/source:/opt/rustwide/workdir:ro,Z" "-v" "/var/lib/crater-agent-workspace/cargo-home:/opt/rustwide/cargo-home:ro,Z" "-v" "/var/lib/crater-agent-workspace/rustup-home:/opt/rustwide/rustup-home:ro,Z" "-e" "SOURCE_DIR=/opt/rustwide/workdir" "-e" "CARGO_TARGET_DIR=/opt/rustwide/target" "-e" "CARGO_INCREMENTAL=0" "-e" "RUST_BACKTRACE=full" "-e" "RUSTFLAGS=--cap-lints=warn" "-e" "CARGO_HOME=/opt/rustwide/cargo-home" "-e" "RUSTUP_HOME=/opt/rustwide/rustup-home" "-w" "/opt/rustwide/workdir" "-m" "1610612736" "--user" "0:0" "--network" "none" "ghcr.io/rust-lang/crates-build-env/linux@sha256:34b6a614d2c27851fe6cbf88fbd1137609cefab8b10d0615aaeb6fd47975d74e" "/opt/rustwide/cargo-home/bin/cargo" "+1.54.0" "test" "--frozen" "--no-run" "--message-format=json", kill_on_drop: false }`
[INFO] [stdout] 2ec84c7a533ea69df9dd3f72a4566e8be80b56a24842a39fdb41661cbff179d2
[INFO] running `Command { std: "docker" "start" "-a" "2ec84c7a533ea69df9dd3f72a4566e8be80b56a24842a39fdb41661cbff179d2", kill_on_drop: false }`
[INFO] [stderr]    Compiling proc-macro2 v0.4.30
[INFO] [stderr]    Compiling unicode-xid v0.1.0
[INFO] [stderr]    Compiling syn v0.15.44
[INFO] [stderr]    Compiling byteorder v1.4.3
[INFO] [stderr]    Compiling regex v1.5.3
[INFO] [stderr]    Compiling spirv_headers v1.5.0
[INFO] [stderr]    Compiling fxhash v0.2.1
[INFO] [stderr]    Compiling quote v0.6.13
[INFO] [stderr]    Compiling derive_more v0.15.0
[INFO] [stderr]    Compiling rspirv v0.7.0
[INFO] [stderr]    Compiling hassle-rs v0.5.2 (/opt/rustwide/workdir)
[INFO] [stderr]     Finished test [unoptimized + debuginfo] target(s) in 33.08s
[INFO] running `Command { std: "docker" "inspect" "2ec84c7a533ea69df9dd3f72a4566e8be80b56a24842a39fdb41661cbff179d2", kill_on_drop: false }`
[INFO] running `Command { std: "docker" "rm" "-f" "2ec84c7a533ea69df9dd3f72a4566e8be80b56a24842a39fdb41661cbff179d2", kill_on_drop: false }`
[INFO] [stdout] 2ec84c7a533ea69df9dd3f72a4566e8be80b56a24842a39fdb41661cbff179d2
[INFO] running `Command { std: "docker" "create" "-v" "/var/lib/crater-agent-workspace/builds/worker-15/target:/opt/rustwide/target:rw,Z" "-v" "/var/lib/crater-agent-workspace/builds/worker-15/source:/opt/rustwide/workdir:ro,Z" "-v" "/var/lib/crater-agent-workspace/cargo-home:/opt/rustwide/cargo-home:ro,Z" "-v" "/var/lib/crater-agent-workspace/rustup-home:/opt/rustwide/rustup-home:ro,Z" "-e" "SOURCE_DIR=/opt/rustwide/workdir" "-e" "CARGO_TARGET_DIR=/opt/rustwide/target" "-e" "CARGO_INCREMENTAL=0" "-e" "RUST_BACKTRACE=full" "-e" "RUSTFLAGS=--cap-lints=warn" "-e" "CARGO_HOME=/opt/rustwide/cargo-home" "-e" "RUSTUP_HOME=/opt/rustwide/rustup-home" "-w" "/opt/rustwide/workdir" "-m" "1610612736" "--user" "0:0" "--network" "none" "ghcr.io/rust-lang/crates-build-env/linux@sha256:34b6a614d2c27851fe6cbf88fbd1137609cefab8b10d0615aaeb6fd47975d74e" "/opt/rustwide/cargo-home/bin/cargo" "+1.54.0" "test" "--frozen", kill_on_drop: false }`
[INFO] [stdout] c63922d977158e4ec9159158783aceb56fc161a5d7c13698d96264f0059277c4
[INFO] running `Command { std: "docker" "start" "-a" "c63922d977158e4ec9159158783aceb56fc161a5d7c13698d96264f0059277c4", kill_on_drop: false }`
[INFO] [stderr]     Finished test [unoptimized + debuginfo] target(s) in 0.07s
[INFO] [stderr]      Running unittests (/opt/rustwide/target/debug/deps/hassle_rs-ee4387430d45d625)
[INFO] [stderr]    Doc-tests hassle-rs
[INFO] [stdout] 
[INFO] [stdout] running 0 tests
[INFO] [stdout] 
[INFO] [stdout] test result: ok. 0 passed; 0 failed; 0 ignored; 0 measured; 0 filtered out; finished in 0.00s
[INFO] [stdout] 
[INFO] [stdout] 
[INFO] [stdout] running 2 tests
[INFO] [stdout] test src/unknown.rs - unknown::IDxcUnknownShim (line 16) ... FAILED
[INFO] [stderr] error: test failed, to rerun pass '--doc'
[INFO] [stdout] test src/lib.rs - (line 14) ... FAILED
[INFO] [stdout] 
[INFO] [stdout] failures:
[INFO] [stdout] 
[INFO] [stdout] ---- src/unknown.rs - unknown::IDxcUnknownShim (line 16) stdout ----
[INFO] [stdout] error: character literal may only contain one codepoint
[INFO] [stdout]  --> src/unknown.rs:17:12
[INFO] [stdout]   |
[INFO] [stdout] 3 | vtable for 'DxcLibrary' @ 0x7ffff7cbc5f8 (subobject @ 0x5555556bb9e0):
[INFO] [stdout]   |            ^^^^^^^^^^^^
[INFO] [stdout]   |
[INFO] [stdout] help: if you meant to write a `str` literal, use double quotes
[INFO] [stdout]   |
[INFO] [stdout] 3 | vtable for "DxcLibrary" @ 0x7ffff7cbc5f8 (subobject @ 0x5555556bb9e0):
[INFO] [stdout]   |            ^^^^^^^^^^^^
[INFO] [stdout] 
[INFO] [stdout] error: expected one of `!`, `.`, `::`, `;`, `?`, `{`, `}`, or an operator, found keyword `for`
[INFO] [stdout]  --> src/unknown.rs:17:8
[INFO] [stdout]   |
[INFO] [stdout] 3 | vtable for 'DxcLibrary' @ 0x7ffff7cbc5f8 (subobject @ 0x5555556bb9e0):
[INFO] [stdout]   |        ^^^ expected one of 8 possible tokens
[INFO] [stdout] 
[INFO] [stdout] error: aborting due to 2 previous errors
[INFO] [stdout] 
[INFO] [stdout] Couldn't compile the test.
[INFO] [stdout] ---- src/lib.rs - (line 14) stdout ----
[INFO] [stdout] error[E0425]: cannot find function `compile_hlsl` in this scope
[INFO] [stdout]   --> src/lib.rs:26:10
[INFO] [stdout]    |
[INFO] [stdout] 14 | let ir = compile_hlsl(
[INFO] [stdout]    |          ^^^^^^^^^^^^ not found in this scope
[INFO] [stdout]    |
[INFO] [stdout] help: consider importing this function
[INFO] [stdout]    |
[INFO] [stdout] 3  | use hassle_rs::compile_hlsl;
[INFO] [stdout]    |
[INFO] [stdout] 
[INFO] [stdout] error: aborting due to previous error
[INFO] [stdout] 
[INFO] [stdout] For more information about this error, try `rustc --explain E0425`.
[INFO] [stdout] Couldn't compile the test.
[INFO] [stdout] 
[INFO] [stdout] failures:
[INFO] [stdout]     src/lib.rs - (line 14)
[INFO] [stdout]     src/unknown.rs - unknown::IDxcUnknownShim (line 16)
[INFO] [stdout] 
[INFO] [stdout] test result: FAILED. 0 passed; 2 failed; 0 ignored; 0 measured; 0 filtered out; finished in 0.11s
[INFO] [stdout] 
[INFO] running `Command { std: "docker" "inspect" "c63922d977158e4ec9159158783aceb56fc161a5d7c13698d96264f0059277c4", kill_on_drop: false }`
[INFO] running `Command { std: "docker" "rm" "-f" "c63922d977158e4ec9159158783aceb56fc161a5d7c13698d96264f0059277c4", kill_on_drop: false }`
[INFO] [stdout] c63922d977158e4ec9159158783aceb56fc161a5d7c13698d96264f0059277c4
