[INFO] fetching crate hashbrown 0.11.2...
[INFO] testing hashbrown-0.11.2 against 1.54.0 for beta-1.55-1
[INFO] extracting crate hashbrown 0.11.2 into /workspace/builds/worker-98/source
[INFO] validating manifest of crates.io crate hashbrown 0.11.2 on toolchain 1.54.0
[INFO] running `Command { std: "/workspace/cargo-home/bin/cargo" "+1.54.0" "metadata" "--manifest-path" "Cargo.toml" "--no-deps", kill_on_drop: false }`
[INFO] started tweaking crates.io crate hashbrown 0.11.2
[INFO] finished tweaking crates.io crate hashbrown 0.11.2
[INFO] tweaked toml for crates.io crate hashbrown 0.11.2 written to /workspace/builds/worker-98/source/Cargo.toml
[INFO] running `Command { std: "/workspace/cargo-home/bin/cargo" "+1.54.0" "generate-lockfile" "--manifest-path" "Cargo.toml" "-Zno-index-update", kill_on_drop: false }`
[INFO] running `Command { std: "/workspace/cargo-home/bin/cargo" "+1.54.0" "fetch" "--manifest-path" "Cargo.toml", kill_on_drop: false }`
[INFO] [stderr]     Blocking waiting for file lock on package cache
[INFO] running `Command { std: "docker" "create" "-v" "/var/lib/crater-agent-workspace/builds/worker-98/target:/opt/rustwide/target:rw,Z" "-v" "/var/lib/crater-agent-workspace/builds/worker-98/source:/opt/rustwide/workdir:ro,Z" "-v" "/var/lib/crater-agent-workspace/cargo-home:/opt/rustwide/cargo-home:ro,Z" "-v" "/var/lib/crater-agent-workspace/rustup-home:/opt/rustwide/rustup-home:ro,Z" "-e" "SOURCE_DIR=/opt/rustwide/workdir" "-e" "CARGO_TARGET_DIR=/opt/rustwide/target" "-e" "CARGO_HOME=/opt/rustwide/cargo-home" "-e" "RUSTUP_HOME=/opt/rustwide/rustup-home" "-w" "/opt/rustwide/workdir" "-m" "1610612736" "--user" "0:0" "--network" "none" "ghcr.io/rust-lang/crates-build-env/linux@sha256:34b6a614d2c27851fe6cbf88fbd1137609cefab8b10d0615aaeb6fd47975d74e" "/opt/rustwide/cargo-home/bin/cargo" "+1.54.0" "metadata" "--no-deps" "--format-version=1", kill_on_drop: false }`
[INFO] [stdout] fd7a334cb3c1d82d245880d912df1be53859ddc63259b2178d177a2b392f5ce0
[INFO] running `Command { std: "docker" "start" "-a" "fd7a334cb3c1d82d245880d912df1be53859ddc63259b2178d177a2b392f5ce0", kill_on_drop: false }`
[INFO] running `Command { std: "docker" "inspect" "fd7a334cb3c1d82d245880d912df1be53859ddc63259b2178d177a2b392f5ce0", kill_on_drop: false }`
[INFO] running `Command { std: "docker" "rm" "-f" "fd7a334cb3c1d82d245880d912df1be53859ddc63259b2178d177a2b392f5ce0", kill_on_drop: false }`
[INFO] [stdout] fd7a334cb3c1d82d245880d912df1be53859ddc63259b2178d177a2b392f5ce0
[INFO] running `Command { std: "docker" "create" "-v" "/var/lib/crater-agent-workspace/builds/worker-98/target:/opt/rustwide/target:rw,Z" "-v" "/var/lib/crater-agent-workspace/builds/worker-98/source:/opt/rustwide/workdir:ro,Z" "-v" "/var/lib/crater-agent-workspace/cargo-home:/opt/rustwide/cargo-home:ro,Z" "-v" "/var/lib/crater-agent-workspace/rustup-home:/opt/rustwide/rustup-home:ro,Z" "-e" "SOURCE_DIR=/opt/rustwide/workdir" "-e" "CARGO_TARGET_DIR=/opt/rustwide/target" "-e" "CARGO_INCREMENTAL=0" "-e" "RUST_BACKTRACE=full" "-e" "RUSTFLAGS=--cap-lints=warn" "-e" "CARGO_HOME=/opt/rustwide/cargo-home" "-e" "RUSTUP_HOME=/opt/rustwide/rustup-home" "-w" "/opt/rustwide/workdir" "-m" "1610612736" "--user" "0:0" "--network" "none" "ghcr.io/rust-lang/crates-build-env/linux@sha256:34b6a614d2c27851fe6cbf88fbd1137609cefab8b10d0615aaeb6fd47975d74e" "/opt/rustwide/cargo-home/bin/cargo" "+1.54.0" "build" "--frozen" "--message-format=json", kill_on_drop: false }`
[INFO] [stdout] 08f074504ecb66fbd0f4ab18c1d475b82fb32e8cdab22718580ea4eb2dc2e603
[INFO] running `Command { std: "docker" "start" "-a" "08f074504ecb66fbd0f4ab18c1d475b82fb32e8cdab22718580ea4eb2dc2e603", kill_on_drop: false }`
[INFO] [stderr]    Compiling version_check v0.9.3
[INFO] [stderr]    Compiling once_cell v1.8.0
[INFO] [stderr]    Compiling getrandom v0.2.3
[INFO] [stderr]    Compiling ahash v0.7.4
[INFO] [stderr]    Compiling hashbrown v0.11.2 (/opt/rustwide/workdir)
[INFO] [stderr]     Finished dev [unoptimized + debuginfo] target(s) in 4.05s
[INFO] running `Command { std: "docker" "inspect" "08f074504ecb66fbd0f4ab18c1d475b82fb32e8cdab22718580ea4eb2dc2e603", kill_on_drop: false }`
[INFO] running `Command { std: "docker" "rm" "-f" "08f074504ecb66fbd0f4ab18c1d475b82fb32e8cdab22718580ea4eb2dc2e603", kill_on_drop: false }`
[INFO] [stdout] 08f074504ecb66fbd0f4ab18c1d475b82fb32e8cdab22718580ea4eb2dc2e603
[INFO] running `Command { std: "docker" "create" "-v" "/var/lib/crater-agent-workspace/builds/worker-98/target:/opt/rustwide/target:rw,Z" "-v" "/var/lib/crater-agent-workspace/builds/worker-98/source:/opt/rustwide/workdir:ro,Z" "-v" "/var/lib/crater-agent-workspace/cargo-home:/opt/rustwide/cargo-home:ro,Z" "-v" "/var/lib/crater-agent-workspace/rustup-home:/opt/rustwide/rustup-home:ro,Z" "-e" "SOURCE_DIR=/opt/rustwide/workdir" "-e" "CARGO_TARGET_DIR=/opt/rustwide/target" "-e" "CARGO_INCREMENTAL=0" "-e" "RUST_BACKTRACE=full" "-e" "RUSTFLAGS=--cap-lints=warn" "-e" "CARGO_HOME=/opt/rustwide/cargo-home" "-e" "RUSTUP_HOME=/opt/rustwide/rustup-home" "-w" "/opt/rustwide/workdir" "-m" "1610612736" "--user" "0:0" "--network" "none" "ghcr.io/rust-lang/crates-build-env/linux@sha256:34b6a614d2c27851fe6cbf88fbd1137609cefab8b10d0615aaeb6fd47975d74e" "/opt/rustwide/cargo-home/bin/cargo" "+1.54.0" "test" "--frozen" "--no-run" "--message-format=json", kill_on_drop: false }`
[INFO] [stdout] 785f202fa163bf295e322904ba0b3d753ba2e354c7a4ebb5f330887eb6a4354d
[INFO] running `Command { std: "docker" "start" "-a" "785f202fa163bf295e322904ba0b3d753ba2e354c7a4ebb5f330887eb6a4354d", kill_on_drop: false }`
[INFO] [stderr]    Compiling crossbeam-utils v0.8.5
[INFO] [stderr]    Compiling getrandom v0.1.16
[INFO] [stderr]    Compiling crossbeam-epoch v0.9.5
[INFO] [stderr]    Compiling scopeguard v1.1.0
[INFO] [stderr]    Compiling rayon-core v1.9.1
[INFO] [stderr]    Compiling serde v1.0.127
[INFO] [stderr]    Compiling doc-comment v0.3.3
[INFO] [stderr]    Compiling ppv-lite86 v0.2.10
[INFO] [stderr]    Compiling memoffset v0.6.4
[INFO] [stderr]    Compiling rayon v1.5.1
[INFO] [stderr]    Compiling num_cpus v1.13.0
[INFO] [stderr]    Compiling crossbeam-channel v0.5.1
[INFO] [stderr]    Compiling rand_core v0.5.1
[INFO] [stderr]    Compiling rand_chacha v0.2.2
[INFO] [stderr]    Compiling rand_pcg v0.2.1
[INFO] [stderr]    Compiling crossbeam-deque v0.8.1
[INFO] [stderr]    Compiling rand v0.7.3
[INFO] [stderr]    Compiling serde_test v1.0.127
[INFO] [stderr]    Compiling hashbrown v0.11.2 (/opt/rustwide/workdir)
[INFO] [stderr]     Finished test [unoptimized + debuginfo] target(s) in 12.51s
[INFO] running `Command { std: "docker" "inspect" "785f202fa163bf295e322904ba0b3d753ba2e354c7a4ebb5f330887eb6a4354d", kill_on_drop: false }`
[INFO] running `Command { std: "docker" "rm" "-f" "785f202fa163bf295e322904ba0b3d753ba2e354c7a4ebb5f330887eb6a4354d", kill_on_drop: false }`
[INFO] [stdout] 785f202fa163bf295e322904ba0b3d753ba2e354c7a4ebb5f330887eb6a4354d
[INFO] running `Command { std: "docker" "create" "-v" "/var/lib/crater-agent-workspace/builds/worker-98/target:/opt/rustwide/target:rw,Z" "-v" "/var/lib/crater-agent-workspace/builds/worker-98/source:/opt/rustwide/workdir:ro,Z" "-v" "/var/lib/crater-agent-workspace/cargo-home:/opt/rustwide/cargo-home:ro,Z" "-v" "/var/lib/crater-agent-workspace/rustup-home:/opt/rustwide/rustup-home:ro,Z" "-e" "SOURCE_DIR=/opt/rustwide/workdir" "-e" "CARGO_TARGET_DIR=/opt/rustwide/target" "-e" "CARGO_INCREMENTAL=0" "-e" "RUST_BACKTRACE=full" "-e" "RUSTFLAGS=--cap-lints=warn" "-e" "CARGO_HOME=/opt/rustwide/cargo-home" "-e" "RUSTUP_HOME=/opt/rustwide/rustup-home" "-w" "/opt/rustwide/workdir" "-m" "1610612736" "--user" "0:0" "--network" "none" "ghcr.io/rust-lang/crates-build-env/linux@sha256:34b6a614d2c27851fe6cbf88fbd1137609cefab8b10d0615aaeb6fd47975d74e" "/opt/rustwide/cargo-home/bin/cargo" "+1.54.0" "test" "--frozen", kill_on_drop: false }`
[INFO] [stdout] 8f0f11baf949ad96c1e55b13fdff67bcfd8ff75ffb8194bf26c3af1eaaf6a5c1
[INFO] running `Command { std: "docker" "start" "-a" "8f0f11baf949ad96c1e55b13fdff67bcfd8ff75ffb8194bf26c3af1eaaf6a5c1", kill_on_drop: false }`
[INFO] [stderr]     Finished test [unoptimized + debuginfo] target(s) in 0.03s
[INFO] [stderr]      Running unittests (/opt/rustwide/target/debug/deps/hashbrown-b2dafb666a33625c)
[INFO] [stdout] 
[INFO] [stdout] running 74 tests
[INFO] [stdout] test map::test_map::test_behavior_resize_policy ... ok
[INFO] [stdout] test map::test_map::test_clone ... ok
[INFO] [stdout] test map::test_map::test_capacity_not_less_than_len ... ok
[INFO] [stdout] test map::test_map::test_const_with_hasher ... ok
[INFO] [stdout] test map::test_map::test_create_capacity_zero ... ok
[INFO] [stdout] test map::test_map::test_drain_filter ... ok
[INFO] [stdout] test map::test_map::test_empty_entry ... ok
[INFO] [stdout] test map::test_map::test_empty_iter ... ok
[INFO] [stdout] test map::test_map::test_empty_remove ... ok
[INFO] [stdout] test map::test_map::test_entry ... ok
[INFO] [stdout] test map::test_map::test_clone_from ... ok
[INFO] [stdout] test map::test_map::test_expand ... ok
[INFO] [stdout] test map::test_map::test_eq ... ok
[INFO] [stdout] test map::test_map::test_drops ... ok
[INFO] [stdout] test map::test_map::test_extend_ref ... ok
[INFO] [stdout] test map::test_map::test_find ... ok
[INFO] [stdout] test map::test_map::test_from_iter ... ok
[INFO] [stdout] test map::test_map::test_find_mut ... ok
[INFO] [stdout] test map::test_map::test_index ... ok
[INFO] [stdout] test map::test_map::test_conflict_remove ... ok
[INFO] [stdout] test map::test_map::test_insert_conflicts ... ok
[INFO] [stdout] test map::test_map::test_entry_and_replace_entry_with ... ok
[INFO] [stdout] test map::test_map::test_insert_overwrite ... ok
[INFO] [stdout] test map::test_map::test_entry_take_doesnt_corrupt ... ok
[INFO] [stdout] test map::test_map::test_insert ... ok
[INFO] [stdout] test map::test_map::test_is_empty ... ok
[INFO] [stdout] test map::test_map::test_iter_len ... ok
[INFO] [stdout] test map::test_map::test_iterate ... ok
[INFO] [stdout] test map::test_map::test_key_without_hash_impl ... ok
[INFO] [stdout] test map::test_map::test_iter_mut_len ... ok
[INFO] [stdout] test map::test_map::test_keys ... ok
[INFO] [stdout] test map::test_map::test_occupied_entry_key ... ok
[INFO] [stdout] test map::test_map::test_mut_size_hint ... ok
[INFO] [stdout] test map::test_map::test_occupied_entry_replace_entry_with ... ok
[INFO] [stdout] test map::test_map::test_raw_entry_and_replace_entry_with ... ok
[INFO] [stdout] test map::test_map::test_raw_entry ... ok
[INFO] [stdout] test map::test_map::test_remove ... ok
[INFO] [stdout] test map::test_map::test_raw_occupied_entry_replace_entry_with ... ok
[INFO] [stdout] test map::test_map::test_remove_entry ... ok
[INFO] [stdout] test map::test_map::test_size_hint ... ok
[INFO] [stdout] test map::test_map::test_show ... ok
[INFO] [stdout] test map::test_map::test_replace_entry_with_doesnt_corrupt ... ok
[INFO] [stdout] test map::test_map::test_into_iter_drops ... ok
[INFO] [stdout] test map::test_map::test_try_reserve ... ok
[INFO] [stdout] test map::test_map::test_vacant_entry_key ... ok
[INFO] [stdout] test map::test_map::test_values ... ok
[INFO] [stdout] test map::test_map::test_values_mut ... ok
[INFO] [stdout] test map::test_map::test_zero_capacities ... ok
[INFO] [stdout] test set::test_set::test_const_with_hasher ... ok
[INFO] [stdout] test set::test_set::test_disjoint ... ok
[INFO] [stdout] test map::test_map::test_reserve_shrink_to_fit ... ok
[INFO] [stdout] test set::test_set::test_drain_filter ... ok
[INFO] [stdout] test set::test_set::test_eq ... ok
[INFO] [stdout] test set::test_set::test_extend_ref ... ok
[INFO] [stdout] test set::test_set::test_from_iter ... ok
[INFO] [stdout] test set::test_set::test_from_map ... ok
[INFO] [stdout] test set::test_set::test_intersection ... ok
[INFO] [stdout] test set::test_set::test_iterate ... ok
[INFO] [stdout] test set::test_set::test_replace ... ok
[INFO] [stdout] test set::test_set::test_move_iter ... ok
[INFO] [stdout] test set::test_set::test_show ... ok
[INFO] [stdout] test set::test_set::test_retain ... ok
[INFO] [stdout] test set::test_set::test_subset_and_superset ... ok
[INFO] [stdout] test set::test_set::test_symmetric_difference ... ok
[INFO] [stdout] test set::test_set::test_difference ... ok
[INFO] [stdout] test set::test_set::test_drain ... ok
[INFO] [stdout] test set::test_set::test_trivial_drain ... ok
[INFO] [stdout] test set::test_set::test_union ... ok
[INFO] [stdout] test set::test_set::test_zero_capacities ... ok
[INFO] [stdout] test raw::test_map::rehash ... ok
[INFO] [stdout] test map::test_map::test_retain ... ok
[INFO] [stdout] test set::test_set::rehash_in_place ... ok
[INFO] [stdout] test map::test_map::test_index_nonexistent - should panic ... ok
[INFO] [stderr]      Running tests/hasher.rs (/opt/rustwide/target/debug/deps/hasher-3526a3841cb425e9)
[INFO] [stdout] test map::test_map::test_lots_of_insertions ... ok
[INFO] [stdout] 
[INFO] [stdout] test result: ok. 74 passed; 0 failed; 0 ignored; 0 measured; 0 filtered out; finished in 18.76s
[INFO] [stdout] 
[INFO] [stdout] 
[INFO] [stdout] running 4 tests
[INFO] [stdout] test default ... ok
[INFO] [stdout] test random_state ... ok
[INFO] [stdout] test max ... ok
[INFO] [stdout] test zero ... ok
[INFO] [stdout] 
[INFO] [stdout] test result: ok. 4 passed; 0 failed; 0 ignored; 0 measured; 0 filtered out; finished in 0.20s
[INFO] [stdout] 
[INFO] [stderr]      Running tests/rayon.rs (/opt/rustwide/target/debug/deps/rayon-ed5cadbd6445e1ca)
[INFO] [stdout] 
[INFO] [stderr]      Running tests/serde.rs (/opt/rustwide/target/debug/deps/serde-733a7cd6ec7b2224)
[INFO] [stdout] running 0 tests
[INFO] [stdout] 
[INFO] [stdout] test result: ok. 0 passed; 0 failed; 0 ignored; 0 measured; 0 filtered out; finished in 0.00s
[INFO] [stdout] 
[INFO] [stdout] 
[INFO] [stdout] running 0 tests
[INFO] [stdout] 
[INFO] [stdout] test result: ok. 0 passed; 0 failed; 0 ignored; 0 measured; 0 filtered out; finished in 0.00s
[INFO] [stdout] 
[INFO] [stderr]      Running tests/set.rs (/opt/rustwide/target/debug/deps/set-8c861af3778d0264)
[INFO] [stdout] 
[INFO] [stdout] running 1 test
[INFO] [stdout] test test_hashset_insert_remove ... ok
[INFO] [stdout] 
[INFO] [stdout] test result: ok. 1 passed; 0 failed; 0 ignored; 0 measured; 0 filtered out; finished in 1.89s
[INFO] [stdout] 
[INFO] [stderr]    Doc-tests hashbrown
[INFO] [stdout] 
[INFO] [stdout] running 109 tests
[INFO] [stdout] test src/map.rs - map::Entry::or_insert_with_key (line 2795) ... FAILED
[INFO] [stdout] test src/map.rs - map::HashMap<K, V, S, A>::insert (line 1249) ... FAILED
[INFO] [stdout] test src/map.rs - map::HashMap<K, V, S, A>::contains_key (line 1039) ... FAILED
[INFO] [stdout] test src/map.rs - map::HashMap<K, V, S, A>::values_mut (line 540) ... FAILED
[INFO] [stdout] test src/map.rs - map::HashMap<K, V, S, A>::into_iter (line 2480) ... FAILED
[INFO] [stdout] test src/map.rs - map::Entry::or_default (line 2943) ... FAILED
[INFO] [stdout] test src/map.rs - map::HashMap<K, V, S, A>::len (line 636) ... FAILED
[INFO] [stdout] test src/map.rs - map::HashMap (line 185) ... FAILED
[INFO] [stdout] test src/map.rs - map::HashMap<K, V, S, A>::drain_filter (line 731) ... FAILED
[INFO] [stdout] test src/map.rs - map::HashMap<K, V, S, A>::get_mut (line 1067) ... FAILED
[INFO] [stdout] test src/map.rs - map::HashMap<K, V, S, A>::get_key_value (line 961) ... FAILED
[INFO] [stdout] test src/map.rs - map::Entry::insert (line 2708) ... FAILED
[INFO] [stdout] test src/map.rs - map::RawEntryMut::or_insert_with (line 1982) ... FAILED
[INFO] [stdout] test src/map.rs - map::OccupiedEntry::insert (line 3088) ... FAILED
[INFO] [stdout] test src/map.rs - map::OccupiedEntry::get (line 3008) ... FAILED
[INFO] [stdout] test src/map.rs - map::HashMap (line 57) ... FAILED
[INFO] [stdout] test src/map.rs - map::Entry::and_modify (line 2842) ... FAILED
[INFO] [stdout] test src/set.rs - set::HashSet<T, S, A>::insert (line 974) ... FAILED
[INFO] [stdout] test src/set.rs - set::&'_ HashSet<T, S>::sub (line 1304) ... FAILED
[INFO] [stdout] test src/map.rs - map::HashMap<K, V, S, A>::drain (line 671) ... FAILED
[INFO] [stdout] test src/map.rs - map::Entry::or_insert (line 2736) ... FAILED
[INFO] [stdout] test src/map.rs - map::HashMap<K, V, S, A>::values (line 518) ... FAILED
[INFO] [stdout] test src/map.rs - map::HashMap<K, V, S, A>::reserve (line 796) ... FAILED
[INFO] [stdout] test src/set.rs - set::HashSet<T, S, A>::union (line 722) ... FAILED
[INFO] [stdout] test src/map.rs - map::HashMap<K, V, S, A>::retain (line 698) ... FAILED
[INFO] [stdout] test src/set.rs - set::HashSet (line 47) ... FAILED
[INFO] [stdout] test src/map.rs - map::HashMap<K, V, S, A>::shrink_to_fit (line 835) ... FAILED
[INFO] [stdout] test src/map.rs - map::HashMap (line 115) ... FAILED
[INFO] [stdout] test src/map.rs - map::HashMap<K, V, S, A>::keys (line 496) ... FAILED
[INFO] [stdout] test src/map.rs - map::HashMap<K, V, S, A>::remove_entry (line 1352) ... FAILED
[INFO] [stdout] test src/map.rs - map::HashMap<K, V, S, A>::with_capacity_and_hasher_in (line 439) ... FAILED
[INFO] [stdout] test src/map.rs - map::HashMap<K, V, S, A>::try_insert (line 1284) ... FAILED
[INFO] [stdout] test src/map.rs - map::RawEntryMut::or_insert (line 1954) ... FAILED
[INFO] [stdout] test src/map.rs - map::Entry::and_replace_entry_with (line 2877) ... FAILED
[INFO] [stdout] test src/map.rs - map::HashMap<K, V, S, A>::iter_mut (line 598) ... FAILED
[INFO] [stdout] test src/set.rs - set::&'_ HashSet<T, S>::bitxor (line 1272) ... FAILED
[INFO] [stdout] test src/set.rs - set::HashSet<T, S, A>::remove (line 1023) ... FAILED
[INFO] [stdout] test src/map.rs - map::RawEntryMut::and_modify (line 2014) ... FAILED
[INFO] [stdout] test src/map.rs - map::HashMap<K, V, S, A>::get (line 929) ... FAILED
[INFO] [stdout] test src/map.rs - map::HashMap<K, V, S, A>::remove (line 1319) ... FAILED
[INFO] [stdout] test src/set.rs - set::HashSet<T, S, A>::retain (line 313) ... FAILED
[INFO] [stdout] test src/map.rs - map::OccupiedEntry::get_mut (line 3033) ... FAILED
[INFO] [stdout] test src/set.rs - set::HashSet<T, S, A>::clear (line 371) ... FAILED
[INFO] [stdout] test src/map.rs - map::Entry::or_insert_with (line 2764) ... FAILED
[INFO] [stdout] test src/set.rs - set::HashSet<T, S, A>::len (line 253) ... FAILED
[INFO] [stdout] test src/map.rs - map::HashMap<K, V, S, A>::get_key_value_mut (line 1003) ... FAILED
[INFO] [stdout] test src/set.rs - set::HashSet<T, S, A>::get_or_insert (line 812) ... FAILED
[INFO] [stdout] test src/map.rs - map::OccupiedEntry::remove (line 3112) ... FAILED
[INFO] [stdout] test src/set.rs - set::HashSet<T, S, A>::is_empty (line 270) ... FAILED
[INFO] [stdout] test src/set.rs - set::HashSet<T, S, A>::contains (line 757) ... FAILED
[INFO] [stdout] test src/set.rs - set::HashSet<T, S, A>::is_disjoint (line 904) ... FAILED
[INFO] [stdout] test src/set.rs - set::HashSet<T, S, A>::replace (line 993) ... FAILED
[INFO] [stdout] test src/set.rs - set::HashSet (line 78) ... FAILED
[INFO] [stdout] test src/set.rs - set::HashSet<T, S, A>::symmetric_difference (line 663) ... FAILED
[INFO] [stdout] test src/set.rs - set::HashSet<T, S, A>::into_iter (line 1443) ... FAILED
[INFO] [stdout] test src/map.rs - map::OccupiedEntry::replace_entry_with (line 3204) ... FAILED
[INFO] [stdout] test src/map.rs - map::HashMap<K, V, S, A>::iter (line 569) ... FAILED
[INFO] [stdout] test src/map.rs - map::OccupiedEntry::replace_entry (line 3139) ... FAILED
[INFO] [stdout] test src/set.rs - set::HashSet<T, S, A>::take (line 1052) ... FAILED
[INFO] [stdout] test src/set.rs - set::HashSet<T, S, A>::drain_filter (line 339) ... FAILED
[INFO] [stdout] test src/set.rs - set::HashSet<T, S, A>::is_superset (line 946) ... FAILED
[INFO] [stdout] test src/map.rs - map::HashMap<K, V, DefaultHashBuilder>::new (line 281) ... ok
[INFO] [stdout] test src/set.rs - set::HashSet<T, S, A>::is_subset (line 925) ... FAILED
[INFO] [stdout] test src/set.rs - set::HashSet<T, S, A>::drain (line 287) ... FAILED
[INFO] [stdout] test src/set.rs - set::&'_ HashSet<T, S, A>::bitand (line 1240) ... FAILED
[INFO] [stdout] test src/set.rs - set::HashSet (line 101) ... FAILED
[INFO] [stdout] test src/set.rs - set::HashSet<T, S, A>::difference (line 632) ... FAILED
[INFO] [stdout] test src/map.rs - map::HashMap (line 154) ... ok
[INFO] [stdout] test src/set.rs - set::HashSet<T, S, A>::intersection (line 691) ... FAILED
[INFO] [stdout] test src/map.rs - map::HashMap<K, V, DefaultHashBuilder>::with_capacity (line 297) ... ok
[INFO] [stdout] test src/set.rs - set::HashSet<T, DefaultHashBuilder>::new (line 140) ... ok
[INFO] [stdout] test src/map.rs - map::HashMap<K, V, S, A>::is_empty (line 653) ... ok
[INFO] [stdout] test src/set.rs - set::HashSet<T, S, Global>::with_capacity_and_hasher (line 435) ... FAILED
[INFO] [stdout] test src/map.rs - map::HashMap<K, V, S, A>::clear (line 764) ... ok
[INFO] [stdout] test src/set.rs - set::HashSet<T, S, A>::get (line 784) ... FAILED
[INFO] [stdout] test src/map.rs - map::HashMap<K, V, S, A>::with_hasher_in (line 410) ... ok
[INFO] [stdout] test src/set.rs - set::HashSet<T, S, A>::get_or_insert_owned (line 837) ... FAILED
[INFO] [stdout] test src/set.rs - set::HashSet<T, S, A>::hasher (line 518) ... ok
[INFO] [stdout] test src/map.rs - map::HashMap<K, V, S, A>::capacity (line 481) ... ok
[INFO] [stdout] test src/set.rs - set::HashSet<T, S, A>::iter (line 231) ... ok
[INFO] [stdout] test src/map.rs - map::HashMap<K, V, S, A>::hasher (line 461) ... ok
[INFO] [stdout] test src/map.rs - map::HashMap<K, V, S, A>::shrink_to (line 860) ... ok
[INFO] [stdout] test src/map.rs - map::Entry::key (line 2823) ... ok
[INFO] [stdout] test src/set.rs - set::HashSet<T, S, A>::try_reserve (line 570) ... ok
[INFO] [stdout] test src/set.rs - set::HashSet<T, S, A>::reserve (line 548) ... ok
[INFO] [stdout] test src/set.rs - set::HashSet<T, S, A>::with_capacity_and_hasher_in (line 497) ... ok
[INFO] [stdout] test src/set.rs - set::HashSet<T, S, A>::shrink_to_fit (line 586) ... ok
[INFO] [stdout] test src/map.rs - map::HashMap<K, V, S, A>::entry (line 884) ... ok
[INFO] [stdout] test src/map.rs - map::VacantEntry::key (line 3284) ... ok
[INFO] [stdout] test src/set.rs - set::HashSet<T, DefaultHashBuilder, A>::with_capacity_in (line 198) ... ok
[INFO] [stdout] test src/set.rs - set::HashSet<T, S, A>::capacity (line 216) ... ok
[INFO] [stdout] test src/map.rs - map::RawEntryMut::insert (line 1926) ... ok
[INFO] [stdout] test src/map.rs - map::OccupiedEntry::key (line 2969) ... ok
[INFO] [stdout] test src/map.rs - map::OccupiedEntry::remove_entry (line 2985) ... ok
[INFO] [stdout] test src/map.rs - map::RawEntryMut::and_replace_entry_with (line 2054) ... ok
[INFO] [stdout] test src/set.rs - set::HashSet<T, DefaultHashBuilder, A>::new_in (line 180) ... ok
[INFO] [stdout] test src/map.rs - map::VacantEntry::into_key (line 3299) ... ok
[INFO] [stdout] test src/set.rs - set::HashSet<T, DefaultHashBuilder>::with_capacity (line 158) ... ok
[INFO] [stdout] test src/map.rs - map::OccupiedEntry::into_mut (line 3065) ... ok
[INFO] [stdout] test src/set.rs - set::HashSet<T, S, Global>::with_hasher (line 402) ... ok
[INFO] [stdout] test src/set.rs - set::HashSet<T, S, A>::with_hasher_in (line 469) ... ok
[INFO] [stdout] test src/map.rs - map::OccupiedEntry::replace_key (line 3172) ... ok
[INFO] [stdout] test src/map.rs - map::HashMap<K, V, S>::with_capacity_and_hasher (line 378) ... ok
[INFO] [stdout] test src/map.rs - map::VacantEntry::insert (line 3319) ... ok
[INFO] [stdout] test src/map.rs - map::HashMap<K, V, S>::with_hasher (line 344) ... ok
[INFO] [stdout] test src/map.rs - map::HashMap<K, V, S, A>::try_reserve (line 818) ... ok
[INFO] [stdout] test src/set.rs - set::HashSet<T, S, A>::shrink_to (line 610) ... ok
[INFO] [stdout] test src/set.rs - set::HashSet<T, S, A>::get_or_insert_with (line 870) ... ok
[INFO] [stdout] test src/set.rs - set::&'_ HashSet<T, S, A>::bitor (line 1207) ... ok
[INFO] [stdout] 
[INFO] [stdout] failures:
[INFO] [stdout] 
[INFO] [stdout] ---- src/map.rs - map::Entry::or_insert_with_key (line 2795) stdout ----
[INFO] [stdout] Couldn't compile the test.
[INFO] [stdout] ---- src/map.rs - map::HashMap<K, V, S, A>::insert (line 1249) stdout ----
[INFO] [stdout] Couldn't compile the test.
[INFO] [stdout] ---- src/map.rs - map::HashMap<K, V, S, A>::contains_key (line 1039) stdout ----
[INFO] [stdout] Couldn't compile the test.
[INFO] [stdout] ---- src/map.rs - map::HashMap<K, V, S, A>::values_mut (line 540) stdout ----
[INFO] [stdout] Couldn't compile the test.
[INFO] [stdout] ---- src/map.rs - map::HashMap<K, V, S, A>::into_iter (line 2480) stdout ----
[INFO] [stdout] Couldn't compile the test.
[INFO] [stdout] ---- src/map.rs - map::Entry::or_default (line 2943) stdout ----
[INFO] [stdout] Couldn't compile the test.
[INFO] [stdout] ---- src/map.rs - map::HashMap<K, V, S, A>::len (line 636) stdout ----
[INFO] [stdout] Couldn't compile the test.
[INFO] [stdout] ---- src/map.rs - map::HashMap (line 185) stdout ----
[INFO] [stdout] Couldn't compile the test.
[INFO] [stdout] ---- src/map.rs - map::HashMap<K, V, S, A>::drain_filter (line 731) stdout ----
[INFO] [stdout] Couldn't compile the test.
[INFO] [stdout] ---- src/map.rs - map::HashMap<K, V, S, A>::get_mut (line 1067) stdout ----
[INFO] [stdout] Couldn't compile the test.
[INFO] [stdout] ---- src/map.rs - map::HashMap<K, V, S, A>::get_key_value (line 961) stdout ----
[INFO] [stdout] Couldn't compile the test.
[INFO] [stdout] ---- src/map.rs - map::Entry::insert (line 2708) stdout ----
[INFO] [stdout] Couldn't compile the test.
[INFO] [stdout] ---- src/map.rs - map::RawEntryMut::or_insert_with (line 1982) stdout ----
[INFO] [stdout] Couldn't compile the test.
[INFO] [stdout] ---- src/map.rs - map::OccupiedEntry::insert (line 3088) stdout ----
[INFO] [stdout] Couldn't compile the test.
[INFO] [stdout] ---- src/map.rs - map::OccupiedEntry::get (line 3008) stdout ----
[INFO] [stdout] Couldn't compile the test.
[INFO] [stdout] ---- src/map.rs - map::HashMap (line 57) stdout ----
[INFO] [stdout] Couldn't compile the test.
[INFO] [stdout] ---- src/map.rs - map::Entry::and_modify (line 2842) stdout ----
[INFO] [stdout] Couldn't compile the test.
[INFO] [stdout] ---- src/set.rs - set::HashSet<T, S, A>::insert (line 974) stdout ----
[INFO] [stdout] Couldn't compile the test.
[INFO] [stdout] ---- src/set.rs - set::&'_ HashSet<T, S>::sub (line 1304) stdout ----
[INFO] [stdout] Couldn't compile the test.
[INFO] [stdout] ---- src/map.rs - map::HashMap<K, V, S, A>::drain (line 671) stdout ----
[INFO] [stdout] Couldn't compile the test.
[INFO] [stdout] ---- src/map.rs - map::Entry::or_insert (line 2736) stdout ----
[INFO] [stdout] Couldn't compile the test.
[INFO] [stdout] ---- src/map.rs - map::HashMap<K, V, S, A>::values (line 518) stdout ----
[INFO] [stdout] Couldn't compile the test.
[INFO] [stdout] ---- src/map.rs - map::HashMap<K, V, S, A>::reserve (line 796) stdout ----
[INFO] [stdout] Couldn't compile the test.
[INFO] [stdout] ---- src/set.rs - set::HashSet<T, S, A>::union (line 722) stdout ----
[INFO] [stdout] Couldn't compile the test.
[INFO] [stdout] ---- src/map.rs - map::HashMap<K, V, S, A>::retain (line 698) stdout ----
[INFO] [stdout] Couldn't compile the test.
[INFO] [stdout] ---- src/set.rs - set::HashSet (line 47) stdout ----
[INFO] [stdout] Couldn't compile the test.
[INFO] [stdout] ---- src/map.rs - map::HashMap<K, V, S, A>::shrink_to_fit (line 835) stdout ----
[INFO] [stdout] Couldn't compile the test.
[INFO] [stdout] ---- src/map.rs - map::HashMap (line 115) stdout ----
[INFO] [stdout] Couldn't compile the test.
[INFO] [stdout] ---- src/map.rs - map::HashMap<K, V, S, A>::keys (line 496) stdout ----
[INFO] [stdout] Couldn't compile the test.
[INFO] [stdout] ---- src/map.rs - map::HashMap<K, V, S, A>::remove_entry (line 1352) stdout ----
[INFO] [stdout] Couldn't compile the test.
[INFO] [stdout] ---- src/map.rs - map::HashMap<K, V, S, A>::with_capacity_and_hasher_in (line 439) stdout ----
[INFO] [stdout] Couldn't compile the test.
[INFO] [stdout] ---- src/map.rs - map::HashMap<K, V, S, A>::try_insert (line 1284) stdout ----
[INFO] [stdout] Couldn't compile the test.
[INFO] [stdout] ---- src/map.rs - map::RawEntryMut::or_insert (line 1954) stdout ----
[INFO] [stdout] Couldn't compile the test.
[INFO] [stdout] ---- src/map.rs - map::Entry::and_replace_entry_with (line 2877) stdout ----
[INFO] [stdout] Couldn't compile the test.
[INFO] [stdout] ---- src/map.rs - map::HashMap<K, V, S, A>::iter_mut (line 598) stdout ----
[INFO] [stdout] Couldn't compile the test.
[INFO] [stdout] ---- src/set.rs - set::&'_ HashSet<T, S>::bitxor (line 1272) stdout ----
[INFO] [stdout] Couldn't compile the test.
[INFO] [stdout] ---- src/set.rs - set::HashSet<T, S, A>::remove (line 1023) stdout ----
[INFO] [stdout] Couldn't compile the test.
[INFO] [stdout] ---- src/map.rs - map::RawEntryMut::and_modify (line 2014) stdout ----
[INFO] [stdout] Couldn't compile the test.
[INFO] [stdout] ---- src/map.rs - map::HashMap<K, V, S, A>::get (line 929) stdout ----
[INFO] [stdout] Couldn't compile the test.
[INFO] [stdout] ---- src/map.rs - map::HashMap<K, V, S, A>::remove (line 1319) stdout ----
[INFO] [stdout] Couldn't compile the test.
[INFO] [stdout] ---- src/set.rs - set::HashSet<T, S, A>::retain (line 313) stdout ----
[INFO] [stdout] Couldn't compile the test.
[INFO] [stdout] ---- src/map.rs - map::OccupiedEntry::get_mut (line 3033) stdout ----
[INFO] [stdout] Couldn't compile the test.
[INFO] [stdout] ---- src/set.rs - set::HashSet<T, S, A>::clear (line 371) stdout ----
[INFO] [stdout] Couldn't compile the test.
[INFO] [stdout] ---- src/map.rs - map::Entry::or_insert_with (line 2764) stdout ----
[INFO] [stdout] Couldn't compile the test.
[INFO] [stdout] ---- src/set.rs - set::HashSet<T, S, A>::len (line 253) stdout ----
[INFO] [stdout] Couldn't compile the test.
[INFO] [stdout] ---- src/map.rs - map::HashMap<K, V, S, A>::get_key_value_mut (line 1003) stdout ----
[INFO] [stdout] Couldn't compile the test.
[INFO] [stdout] ---- src/set.rs - set::HashSet<T, S, A>::get_or_insert (line 812) stdout ----
[INFO] [stdout] Couldn't compile the test.
[INFO] [stdout] ---- src/map.rs - map::OccupiedEntry::remove (line 3112) stdout ----
[INFO] [stdout] Couldn't compile the test.
[INFO] [stdout] ---- src/set.rs - set::HashSet<T, S, A>::is_empty (line 270) stdout ----
[INFO] [stdout] Couldn't compile the test.
[INFO] [stdout] ---- src/set.rs - set::HashSet<T, S, A>::contains (line 757) stdout ----
[INFO] [stdout] Couldn't compile the test.
[INFO] [stdout] ---- src/set.rs - set::HashSet<T, S, A>::is_disjoint (line 904) stdout ----
[INFO] [stdout] Couldn't compile the test.
[INFO] [stdout] ---- src/set.rs - set::HashSet<T, S, A>::replace (line 993) stdout ----
[INFO] [stdout] Couldn't compile the test.
[INFO] [stdout] ---- src/set.rs - set::HashSet (line 78) stdout ----
[INFO] [stdout] Couldn't compile the test.
[INFO] [stdout] ---- src/set.rs - set::HashSet<T, S, A>::symmetric_difference (line 663) stdout ----
[INFO] [stdout] Couldn't compile the test.
[INFO] [stdout] ---- src/set.rs - set::HashSet<T, S, A>::into_iter (line 1443) stdout ----
[INFO] [stdout] Couldn't compile the test.
[INFO] [stdout] ---- src/map.rs - map::OccupiedEntry::replace_entry_with (line 3204) stdout ----
[INFO] [stdout] Couldn't compile the test.
[INFO] [stdout] ---- src/map.rs - map::HashMap<K, V, S, A>::iter (line 569) stdout ----
[INFO] [stdout] Couldn't compile the test.
[INFO] [stdout] ---- src/map.rs - map::OccupiedEntry::replace_entry (line 3139) stdout ----
[INFO] [stdout] Couldn't compile the test.
[INFO] [stdout] ---- src/set.rs - set::HashSet<T, S, A>::take (line 1052) stdout ----
[INFO] [stdout] Couldn't compile the test.
[INFO] [stdout] ---- src/set.rs - set::HashSet<T, S, A>::drain_filter (line 339) stdout ----
[INFO] [stdout] Couldn't compile the test.
[INFO] [stdout] ---- src/set.rs - set::HashSet<T, S, A>::is_superset (line 946) stdout ----
[INFO] [stdout] Couldn't compile the test.
[INFO] [stdout] ---- src/set.rs - set::HashSet<T, S, A>::is_subset (line 925) stdout ----
[INFO] [stdout] Couldn't compile the test.
[INFO] [stdout] ---- src/set.rs - set::HashSet<T, S, A>::drain (line 287) stdout ----
[INFO] [stdout] Couldn't compile the test.
[INFO] [stdout] ---- src/set.rs - set::&'_ HashSet<T, S, A>::bitand (line 1240) stdout ----
[INFO] [stdout] Couldn't compile the test.
[INFO] [stdout] ---- src/set.rs - set::HashSet (line 101) stdout ----
[INFO] [stdout] Couldn't compile the test.
[INFO] [stdout] ---- src/set.rs - set::HashSet<T, S, A>::difference (line 632) stdout ----
[INFO] [stdout] Couldn't compile the test.
[INFO] [stdout] ---- src/set.rs - set::HashSet<T, S, A>::intersection (line 691) stdout ----
[INFO] [stdout] Couldn't compile the test.
[INFO] [stdout] ---- src/set.rs - set::HashSet<T, S, Global>::with_capacity_and_hasher (line 435) stdout ----
[INFO] [stdout] Couldn't compile the test.
[INFO] [stdout] ---- src/set.rs - set::HashSet<T, S, A>::get (line 784) stdout ----
[INFO] [stdout] Couldn't compile the test.
[INFO] [stdout] ---- src/set.rs - set::HashSet<T, S, A>::get_or_insert_owned (line 837) stdout ----
[INFO] [stdout] Couldn't compile the test.
[INFO] [stdout] 
[INFO] [stdout] failures:
[INFO] [stdout]     src/map.rs - map::Entry::and_modify (line 2842)
[INFO] [stdout]     src/map.rs - map::Entry::and_replace_entry_with (line 2877)
[INFO] [stdout]     src/map.rs - map::Entry::insert (line 2708)
[INFO] [stdout]     src/map.rs - map::Entry::or_default (line 2943)
[INFO] [stdout]     src/map.rs - map::Entry::or_insert (line 2736)
[INFO] [stdout]     src/map.rs - map::Entry::or_insert_with (line 2764)
[INFO] [stdout]     src/map.rs - map::Entry::or_insert_with_key (line 2795)
[INFO] [stdout]     src/map.rs - map::HashMap (line 115)
[INFO] [stdout]     src/map.rs - map::HashMap (line 185)
[INFO] [stdout]     src/map.rs - map::HashMap (line 57)
[INFO] [stdout]     src/map.rs - map::HashMap<K, V, S, A>::contains_key (line 1039)
[INFO] [stdout]     src/map.rs - map::HashMap<K, V, S, A>::drain (line 671)
[INFO] [stdout]     src/map.rs - map::HashMap<K, V, S, A>::drain_filter (line 731)
[INFO] [stdout]     src/map.rs - map::HashMap<K, V, S, A>::get (line 929)
[INFO] [stdout]     src/map.rs - map::HashMap<K, V, S, A>::get_key_value (line 961)
[INFO] [stdout]     src/map.rs - map::HashMap<K, V, S, A>::get_key_value_mut (line 1003)
[INFO] [stdout]     src/map.rs - map::HashMap<K, V, S, A>::get_mut (line 1067)
[INFO] [stdout]     src/map.rs - map::HashMap<K, V, S, A>::insert (line 1249)
[INFO] [stdout]     src/map.rs - map::HashMap<K, V, S, A>::into_iter (line 2480)
[INFO] [stdout]     src/map.rs - map::HashMap<K, V, S, A>::iter (line 569)
[INFO] [stdout]     src/map.rs - map::HashMap<K, V, S, A>::iter_mut (line 598)
[INFO] [stdout]     src/map.rs - map::HashMap<K, V, S, A>::keys (line 496)
[INFO] [stdout]     src/map.rs - map::HashMap<K, V, S, A>::len (line 636)
[INFO] [stdout]     src/map.rs - map::HashMap<K, V, S, A>::remove (line 1319)
[INFO] [stdout]     src/map.rs - map::HashMap<K, V, S, A>::remove_entry (line 1352)
[INFO] [stdout]     src/map.rs - map::HashMap<K, V, S, A>::reserve (line 796)
[INFO] [stdout]     src/map.rs - map::HashMap<K, V, S, A>::retain (line 698)
[INFO] [stdout]     src/map.rs - map::HashMap<K, V, S, A>::shrink_to_fit (line 835)
[INFO] [stdout]     src/map.rs - map::HashMap<K, V, S, A>::try_insert (line 1284)
[INFO] [stdout]     src/map.rs - map::HashMap<K, V, S, A>::values (line 518)
[INFO] [stdout]     src/map.rs - map::HashMap<K, V, S, A>::values_mut (line 540)
[INFO] [stdout]     src/map.rs - map::HashMap<K, V, S, A>::with_capacity_and_hasher_in (line 439)
[INFO] [stdout]     src/map.rs - map::OccupiedEntry::get (line 3008)
[INFO] [stdout]     src/map.rs - map::OccupiedEntry::get_mut (line 3033)
[INFO] [stdout]     src/map.rs - map::OccupiedEntry::insert (line 3088)
[INFO] [stdout]     src/map.rs - map::OccupiedEntry::remove (line 3112)
[INFO] [stdout]     src/map.rs - map::OccupiedEntry::replace_entry (line 3139)
[INFO] [stdout]     src/map.rs - map::OccupiedEntry::replace_entry_with (line 3204)
[INFO] [stdout]     src/map.rs - map::RawEntryMut::and_modify (line 2014)
[INFO] [stdout]     src/map.rs - map::RawEntryMut::or_insert (line 1954)
[INFO] [stdout]     src/map.rs - map::RawEntryMut::or_insert_with (line 1982)
[INFO] [stdout]     src/set.rs - set::&'_ HashSet<T, S, A>::bitand (line 1240)
[INFO] [stdout]     src/set.rs - set::&'_ HashSet<T, S>::bitxor (line 1272)
[INFO] [stdout]     src/set.rs - set::&'_ HashSet<T, S>::sub (line 1304)
[INFO] [stdout]     src/set.rs - set::HashSet (line 101)
[INFO] [stdout]     src/set.rs - set::HashSet (line 47)
[INFO] [stdout]     src/set.rs - set::HashSet (line 78)
[INFO] [stdout]     src/set.rs - set::HashSet<T, S, A>::clear (line 371)
[INFO] [stdout]     src/set.rs - set::HashSet<T, S, A>::contains (line 757)
[INFO] [stdout]     src/set.rs - set::HashSet<T, S, A>::difference (line 632)
[INFO] [stdout]     src/set.rs - set::HashSet<T, S, A>::drain (line 287)
[INFO] [stdout]     src/set.rs - set::HashSet<T, S, A>::drain_filter (line 339)
[INFO] [stdout]     src/set.rs - set::HashSet<T, S, A>::get (line 784)
[INFO] [stdout]     src/set.rs - set::HashSet<T, S, A>::get_or_insert (line 812)
[INFO] [stdout]     src/set.rs - set::HashSet<T, S, A>::get_or_insert_owned (line 837)
[INFO] [stdout]     src/set.rs - set::HashSet<T, S, A>::insert (line 974)
[INFO] [stdout]     src/set.rs - set::HashSet<T, S, A>::intersection (line 691)
[INFO] [stdout]     src/set.rs - set::HashSet<T, S, A>::into_iter (line 1443)
[INFO] [stdout]     src/set.rs - set::HashSet<T, S, A>::is_disjoint (line 904)
[INFO] [stdout]     src/set.rs - set::HashSet<T, S, A>::is_empty (line 270)
[INFO] [stdout]     src/set.rs - set::HashSet<T, S, A>::is_subset (line 925)
[INFO] [stdout]     src/set.rs - set::HashSet<T, S, A>::is_superset (line 946)
[INFO] [stdout]     src/set.rs - set::HashSet<T, S, A>::len (line 253)
[INFO] [stdout]     src/set.rs - set::HashSet<T, S, A>::remove (line 1023)
[INFO] [stdout]     src/set.rs - set::HashSet<T, S, A>::replace (line 993)
[INFO] [stdout]     src/set.rs - set::HashSet<T, S, A>::retain (line 313)
[INFO] [stdout]     src/set.rs - set::HashSet<T, S, A>::symmetric_difference (line 663)
[INFO] [stdout]     src/set.rs - set::HashSet<T, S, A>::take (line 1052)
[INFO] [stdout]     src/set.rs - set::HashSet<T, S, A>::union (line 722)
[INFO] [stdout]     src/set.rs - set::HashSet<T, S, Global>::with_capacity_and_hasher (line 435)
[INFO] [stdout] 
[INFO] [stdout] test result: FAILED. 39 passed; 70 failed; 0 ignored; 0 measured; 0 filtered out; finished in 2.66s
[INFO] [stdout] 
[INFO] [stderr] error: test failed, to rerun pass '--doc'
[INFO] running `Command { std: "docker" "inspect" "8f0f11baf949ad96c1e55b13fdff67bcfd8ff75ffb8194bf26c3af1eaaf6a5c1", kill_on_drop: false }`
[INFO] running `Command { std: "docker" "rm" "-f" "8f0f11baf949ad96c1e55b13fdff67bcfd8ff75ffb8194bf26c3af1eaaf6a5c1", kill_on_drop: false }`
[INFO] [stdout] 8f0f11baf949ad96c1e55b13fdff67bcfd8ff75ffb8194bf26c3af1eaaf6a5c1
