[INFO] fetching crate has_flag 0.1.1...
[INFO] testing has_flag-0.1.1 against 1.54.0 for beta-1.55-1
[INFO] extracting crate has_flag 0.1.1 into /workspace/builds/worker-26/source
[INFO] validating manifest of crates.io crate has_flag 0.1.1 on toolchain 1.54.0
[INFO] running `Command { std: "/workspace/cargo-home/bin/cargo" "+1.54.0" "metadata" "--manifest-path" "Cargo.toml" "--no-deps", kill_on_drop: false }`
[INFO] started tweaking crates.io crate has_flag 0.1.1
[INFO] finished tweaking crates.io crate has_flag 0.1.1
[INFO] tweaked toml for crates.io crate has_flag 0.1.1 written to /workspace/builds/worker-26/source/Cargo.toml
[INFO] running `Command { std: "/workspace/cargo-home/bin/cargo" "+1.54.0" "generate-lockfile" "--manifest-path" "Cargo.toml" "-Zno-index-update", kill_on_drop: false }`
[INFO] running `Command { std: "/workspace/cargo-home/bin/cargo" "+1.54.0" "fetch" "--manifest-path" "Cargo.toml", kill_on_drop: false }`
[INFO] [stderr]     Blocking waiting for file lock on package cache
[INFO] running `Command { std: "docker" "create" "-v" "/var/lib/crater-agent-workspace/builds/worker-26/target:/opt/rustwide/target:rw,Z" "-v" "/var/lib/crater-agent-workspace/builds/worker-26/source:/opt/rustwide/workdir:ro,Z" "-v" "/var/lib/crater-agent-workspace/cargo-home:/opt/rustwide/cargo-home:ro,Z" "-v" "/var/lib/crater-agent-workspace/rustup-home:/opt/rustwide/rustup-home:ro,Z" "-e" "SOURCE_DIR=/opt/rustwide/workdir" "-e" "CARGO_TARGET_DIR=/opt/rustwide/target" "-e" "CARGO_HOME=/opt/rustwide/cargo-home" "-e" "RUSTUP_HOME=/opt/rustwide/rustup-home" "-w" "/opt/rustwide/workdir" "-m" "1610612736" "--user" "0:0" "--network" "none" "ghcr.io/rust-lang/crates-build-env/linux@sha256:34b6a614d2c27851fe6cbf88fbd1137609cefab8b10d0615aaeb6fd47975d74e" "/opt/rustwide/cargo-home/bin/cargo" "+1.54.0" "metadata" "--no-deps" "--format-version=1", kill_on_drop: false }`
[INFO] [stdout] b6f64662431d061600014917767ccf8704025be3a7597d0d790adf4fdc96b5d9
[INFO] running `Command { std: "docker" "start" "-a" "b6f64662431d061600014917767ccf8704025be3a7597d0d790adf4fdc96b5d9", kill_on_drop: false }`
[INFO] running `Command { std: "docker" "inspect" "b6f64662431d061600014917767ccf8704025be3a7597d0d790adf4fdc96b5d9", kill_on_drop: false }`
[INFO] running `Command { std: "docker" "rm" "-f" "b6f64662431d061600014917767ccf8704025be3a7597d0d790adf4fdc96b5d9", kill_on_drop: false }`
[INFO] [stdout] b6f64662431d061600014917767ccf8704025be3a7597d0d790adf4fdc96b5d9
[INFO] running `Command { std: "docker" "create" "-v" "/var/lib/crater-agent-workspace/builds/worker-26/target:/opt/rustwide/target:rw,Z" "-v" "/var/lib/crater-agent-workspace/builds/worker-26/source:/opt/rustwide/workdir:ro,Z" "-v" "/var/lib/crater-agent-workspace/cargo-home:/opt/rustwide/cargo-home:ro,Z" "-v" "/var/lib/crater-agent-workspace/rustup-home:/opt/rustwide/rustup-home:ro,Z" "-e" "SOURCE_DIR=/opt/rustwide/workdir" "-e" "CARGO_TARGET_DIR=/opt/rustwide/target" "-e" "CARGO_INCREMENTAL=0" "-e" "RUST_BACKTRACE=full" "-e" "RUSTFLAGS=--cap-lints=warn" "-e" "CARGO_HOME=/opt/rustwide/cargo-home" "-e" "RUSTUP_HOME=/opt/rustwide/rustup-home" "-w" "/opt/rustwide/workdir" "-m" "1610612736" "--user" "0:0" "--network" "none" "ghcr.io/rust-lang/crates-build-env/linux@sha256:34b6a614d2c27851fe6cbf88fbd1137609cefab8b10d0615aaeb6fd47975d74e" "/opt/rustwide/cargo-home/bin/cargo" "+1.54.0" "build" "--frozen" "--message-format=json", kill_on_drop: false }`
[INFO] [stdout] ffb04b0e7c3b2b411c69efa117923b5eb3cae055d977911dec80417a285f3cad
[INFO] running `Command { std: "docker" "start" "-a" "ffb04b0e7c3b2b411c69efa117923b5eb3cae055d977911dec80417a285f3cad", kill_on_drop: false }`
[INFO] [stderr]     Blocking waiting for file lock on package cache
[INFO] [stderr]    Compiling has_flag v0.1.1 (/opt/rustwide/workdir)
[INFO] [stderr]     Finished dev [unoptimized + debuginfo] target(s) in 0.86s
[INFO] running `Command { std: "docker" "inspect" "ffb04b0e7c3b2b411c69efa117923b5eb3cae055d977911dec80417a285f3cad", kill_on_drop: false }`
[INFO] running `Command { std: "docker" "rm" "-f" "ffb04b0e7c3b2b411c69efa117923b5eb3cae055d977911dec80417a285f3cad", kill_on_drop: false }`
[INFO] [stdout] ffb04b0e7c3b2b411c69efa117923b5eb3cae055d977911dec80417a285f3cad
[INFO] running `Command { std: "docker" "create" "-v" "/var/lib/crater-agent-workspace/builds/worker-26/target:/opt/rustwide/target:rw,Z" "-v" "/var/lib/crater-agent-workspace/builds/worker-26/source:/opt/rustwide/workdir:ro,Z" "-v" "/var/lib/crater-agent-workspace/cargo-home:/opt/rustwide/cargo-home:ro,Z" "-v" "/var/lib/crater-agent-workspace/rustup-home:/opt/rustwide/rustup-home:ro,Z" "-e" "SOURCE_DIR=/opt/rustwide/workdir" "-e" "CARGO_TARGET_DIR=/opt/rustwide/target" "-e" "CARGO_INCREMENTAL=0" "-e" "RUST_BACKTRACE=full" "-e" "RUSTFLAGS=--cap-lints=warn" "-e" "CARGO_HOME=/opt/rustwide/cargo-home" "-e" "RUSTUP_HOME=/opt/rustwide/rustup-home" "-w" "/opt/rustwide/workdir" "-m" "1610612736" "--user" "0:0" "--network" "none" "ghcr.io/rust-lang/crates-build-env/linux@sha256:34b6a614d2c27851fe6cbf88fbd1137609cefab8b10d0615aaeb6fd47975d74e" "/opt/rustwide/cargo-home/bin/cargo" "+1.54.0" "test" "--frozen" "--no-run" "--message-format=json", kill_on_drop: false }`
[INFO] [stdout] 09b9d62810b7bb0eeb4aaa6e7d88d7988482c44a260a9e759d4dc08fe231f44c
[INFO] running `Command { std: "docker" "start" "-a" "09b9d62810b7bb0eeb4aaa6e7d88d7988482c44a260a9e759d4dc08fe231f44c", kill_on_drop: false }`
[INFO] [stderr]    Compiling has_flag v0.1.1 (/opt/rustwide/workdir)
[INFO] [stderr]     Finished test [unoptimized + debuginfo] target(s) in 0.73s
[INFO] running `Command { std: "docker" "inspect" "09b9d62810b7bb0eeb4aaa6e7d88d7988482c44a260a9e759d4dc08fe231f44c", kill_on_drop: false }`
[INFO] running `Command { std: "docker" "rm" "-f" "09b9d62810b7bb0eeb4aaa6e7d88d7988482c44a260a9e759d4dc08fe231f44c", kill_on_drop: false }`
[INFO] [stdout] 09b9d62810b7bb0eeb4aaa6e7d88d7988482c44a260a9e759d4dc08fe231f44c
[INFO] running `Command { std: "docker" "create" "-v" "/var/lib/crater-agent-workspace/builds/worker-26/target:/opt/rustwide/target:rw,Z" "-v" "/var/lib/crater-agent-workspace/builds/worker-26/source:/opt/rustwide/workdir:ro,Z" "-v" "/var/lib/crater-agent-workspace/cargo-home:/opt/rustwide/cargo-home:ro,Z" "-v" "/var/lib/crater-agent-workspace/rustup-home:/opt/rustwide/rustup-home:ro,Z" "-e" "SOURCE_DIR=/opt/rustwide/workdir" "-e" "CARGO_TARGET_DIR=/opt/rustwide/target" "-e" "CARGO_INCREMENTAL=0" "-e" "RUST_BACKTRACE=full" "-e" "RUSTFLAGS=--cap-lints=warn" "-e" "CARGO_HOME=/opt/rustwide/cargo-home" "-e" "RUSTUP_HOME=/opt/rustwide/rustup-home" "-w" "/opt/rustwide/workdir" "-m" "1610612736" "--user" "0:0" "--network" "none" "ghcr.io/rust-lang/crates-build-env/linux@sha256:34b6a614d2c27851fe6cbf88fbd1137609cefab8b10d0615aaeb6fd47975d74e" "/opt/rustwide/cargo-home/bin/cargo" "+1.54.0" "test" "--frozen", kill_on_drop: false }`
[INFO] [stdout] 85864768e8037f8ab5d4f714b30b965df98329a88964f9d226506f988fa5aaa5
[INFO] running `Command { std: "docker" "start" "-a" "85864768e8037f8ab5d4f714b30b965df98329a88964f9d226506f988fa5aaa5", kill_on_drop: false }`
[INFO] [stderr]     Blocking waiting for file lock on package cache
[INFO] [stderr]     Finished test [unoptimized + debuginfo] target(s) in 0.57s
[INFO] [stderr]      Running unittests (/opt/rustwide/target/debug/deps/has_flag-afacf675ec572950)
[INFO] [stdout] 
[INFO] [stderr]      Running tests/has_flag.rs (/opt/rustwide/target/debug/deps/has_flag-4a38a5ded3c361c9)
[INFO] [stdout] running 0 tests
[INFO] [stdout] 
[INFO] [stdout] test result: ok. 0 passed; 0 failed; 0 ignored; 0 measured; 0 filtered out; finished in 0.00s
[INFO] [stdout] 
[INFO] [stdout] 
[INFO] [stdout] running 11 tests
[INFO] [stderr]    Doc-tests has_flag
[INFO] [stdout] test tests::contain_empty ... ok
[INFO] [stdout] test tests::contain_equal_sign ... ok
[INFO] [stdout] test tests::default_prefix ... ok
[INFO] [stdout] test tests::default_short_prefix ... ok
[INFO] [stdout] test tests::don_not_match_flags_after_terminator ... ok
[INFO] [stdout] test tests::not_contain ... ok
[INFO] [stdout] test tests::optional_prefix ... ok
[INFO] [stdout] test tests::short_and_empty ... ok
[INFO] [stdout] test tests::short_contain_empty ... ok
[INFO] [stdout] test tests::short_in_last ... ok
[INFO] [stdout] test tests::short_without_prefix ... ok
[INFO] [stdout] 
[INFO] [stdout] test result: ok. 11 passed; 0 failed; 0 ignored; 0 measured; 0 filtered out; finished in 0.00s
[INFO] [stdout] 
[INFO] [stdout] 
[INFO] [stdout] running 1 test
[INFO] [stdout] test src/lib.rs - has_flag (line 9) ... FAILED
[INFO] [stdout] 
[INFO] [stdout] failures:
[INFO] [stdout] 
[INFO] [stdout] ---- src/lib.rs - has_flag (line 9) stdout ----
[INFO] [stdout] error[E0432]: unresolved import `env`
[INFO] [stdout]  --> src/lib.rs:11:5
[INFO] [stdout]   |
[INFO] [stdout] 5 | use env::args;
[INFO] [stdout]   |     ^^^ help: a similar path exists: `std::env`
[INFO] [stdout] 
[INFO] [stdout] error[E0433]: failed to resolve: use of undeclared crate or module `env`
[INFO] [stdout]   --> src/lib.rs:25:21
[INFO] [stdout]    |
[INFO] [stdout] 19 | has_flag("foo=bar", env::args().collect());
[INFO] [stdout]    |                     ^^^ use of undeclared crate or module `env`
[INFO] [stdout] 
[INFO] [stdout] error[E0433]: failed to resolve: use of undeclared crate or module `env`
[INFO] [stdout]   --> src/lib.rs:28:17
[INFO] [stdout]    |
[INFO] [stdout] 22 | has_flag("foo", env::args().collect());
[INFO] [stdout]    |                 ^^^ use of undeclared crate or module `env`
[INFO] [stdout] 
[INFO] [stdout] error[E0433]: failed to resolve: use of undeclared crate or module `env`
[INFO] [stdout]   --> src/lib.rs:31:21
[INFO] [stdout]    |
[INFO] [stdout] 25 | has_flag("rainbow", env::args().collect());
[INFO] [stdout]    |                     ^^^ use of undeclared crate or module `env`
[INFO] [stdout] 
[INFO] [stdout] error: aborting due to 4 previous errors
[INFO] [stdout] 
[INFO] [stdout] Some errors have detailed explanations: E0432, E0433.
[INFO] [stdout] For more information about an error, try `rustc --explain E0432`.
[INFO] [stdout] Couldn't compile the test.
[INFO] [stdout] 
[INFO] [stdout] failures:
[INFO] [stdout]     src/lib.rs - has_flag (line 9)
[INFO] [stdout] 
[INFO] [stdout] test result: FAILED. 0 passed; 1 failed; 0 ignored; 0 measured; 0 filtered out; finished in 0.13s
[INFO] [stdout] 
[INFO] [stderr] error: test failed, to rerun pass '--doc'
[INFO] running `Command { std: "docker" "inspect" "85864768e8037f8ab5d4f714b30b965df98329a88964f9d226506f988fa5aaa5", kill_on_drop: false }`
[INFO] running `Command { std: "docker" "rm" "-f" "85864768e8037f8ab5d4f714b30b965df98329a88964f9d226506f988fa5aaa5", kill_on_drop: false }`
[INFO] [stdout] 85864768e8037f8ab5d4f714b30b965df98329a88964f9d226506f988fa5aaa5
