[INFO] fetching crate happylog 0.2.0...
[INFO] testing happylog-0.2.0 against beta-2021-08-01 for beta-1.55-1
[INFO] extracting crate happylog 0.2.0 into /workspace/builds/worker-37/source
[INFO] validating manifest of crates.io crate happylog 0.2.0 on toolchain beta-2021-08-01
[INFO] running `Command { std: "/workspace/cargo-home/bin/cargo" "+beta-2021-08-01" "metadata" "--manifest-path" "Cargo.toml" "--no-deps", kill_on_drop: false }`
[INFO] started tweaking crates.io crate happylog 0.2.0
[INFO] finished tweaking crates.io crate happylog 0.2.0
[INFO] tweaked toml for crates.io crate happylog 0.2.0 written to /workspace/builds/worker-37/source/Cargo.toml
[INFO] running `Command { std: "/workspace/cargo-home/bin/cargo" "+beta-2021-08-01" "generate-lockfile" "--manifest-path" "Cargo.toml" "-Zno-index-update", kill_on_drop: false }`
[INFO] [stderr]     Blocking waiting for file lock on package cache
[INFO] running `Command { std: "/workspace/cargo-home/bin/cargo" "+beta-2021-08-01" "fetch" "--manifest-path" "Cargo.toml", kill_on_drop: false }`
[INFO] [stderr]     Blocking waiting for file lock on package cache
[INFO] running `Command { std: "docker" "create" "-v" "/var/lib/crater-agent-workspace/builds/worker-37/target:/opt/rustwide/target:rw,Z" "-v" "/var/lib/crater-agent-workspace/builds/worker-37/source:/opt/rustwide/workdir:ro,Z" "-v" "/var/lib/crater-agent-workspace/cargo-home:/opt/rustwide/cargo-home:ro,Z" "-v" "/var/lib/crater-agent-workspace/rustup-home:/opt/rustwide/rustup-home:ro,Z" "-e" "SOURCE_DIR=/opt/rustwide/workdir" "-e" "CARGO_TARGET_DIR=/opt/rustwide/target" "-e" "CARGO_HOME=/opt/rustwide/cargo-home" "-e" "RUSTUP_HOME=/opt/rustwide/rustup-home" "-w" "/opt/rustwide/workdir" "-m" "1610612736" "--user" "0:0" "--network" "none" "ghcr.io/rust-lang/crates-build-env/linux@sha256:34b6a614d2c27851fe6cbf88fbd1137609cefab8b10d0615aaeb6fd47975d74e" "/opt/rustwide/cargo-home/bin/cargo" "+beta-2021-08-01" "metadata" "--no-deps" "--format-version=1", kill_on_drop: false }`
[INFO] [stdout] b9c797784a075b883af15f93c04c066fc6b410ef8fc5a7bcb8040502007125c0
[INFO] running `Command { std: "docker" "start" "-a" "b9c797784a075b883af15f93c04c066fc6b410ef8fc5a7bcb8040502007125c0", kill_on_drop: false }`
[INFO] running `Command { std: "docker" "inspect" "b9c797784a075b883af15f93c04c066fc6b410ef8fc5a7bcb8040502007125c0", kill_on_drop: false }`
[INFO] running `Command { std: "docker" "rm" "-f" "b9c797784a075b883af15f93c04c066fc6b410ef8fc5a7bcb8040502007125c0", kill_on_drop: false }`
[INFO] [stdout] b9c797784a075b883af15f93c04c066fc6b410ef8fc5a7bcb8040502007125c0
[INFO] running `Command { std: "docker" "create" "-v" "/var/lib/crater-agent-workspace/builds/worker-37/target:/opt/rustwide/target:rw,Z" "-v" "/var/lib/crater-agent-workspace/builds/worker-37/source:/opt/rustwide/workdir:ro,Z" "-v" "/var/lib/crater-agent-workspace/cargo-home:/opt/rustwide/cargo-home:ro,Z" "-v" "/var/lib/crater-agent-workspace/rustup-home:/opt/rustwide/rustup-home:ro,Z" "-e" "SOURCE_DIR=/opt/rustwide/workdir" "-e" "CARGO_TARGET_DIR=/opt/rustwide/target" "-e" "CARGO_INCREMENTAL=0" "-e" "RUST_BACKTRACE=full" "-e" "RUSTFLAGS=--cap-lints=warn" "-e" "CARGO_HOME=/opt/rustwide/cargo-home" "-e" "RUSTUP_HOME=/opt/rustwide/rustup-home" "-w" "/opt/rustwide/workdir" "-m" "1610612736" "--user" "0:0" "--network" "none" "ghcr.io/rust-lang/crates-build-env/linux@sha256:34b6a614d2c27851fe6cbf88fbd1137609cefab8b10d0615aaeb6fd47975d74e" "/opt/rustwide/cargo-home/bin/cargo" "+beta-2021-08-01" "build" "--frozen" "--message-format=json", kill_on_drop: false }`
[INFO] [stdout] 7efe40287813d371fd043eec81e69a1bec6577369aac6fa9d20dbea1f27c2655
[INFO] running `Command { std: "docker" "start" "-a" "7efe40287813d371fd043eec81e69a1bec6577369aac6fa9d20dbea1f27c2655", kill_on_drop: false }`
[INFO] [stderr]    Compiling version_check v0.9.3
[INFO] [stderr]    Compiling unicode-width v0.1.8
[INFO] [stderr]    Compiling syn v1.0.74
[INFO] [stderr]    Compiling bitflags v1.2.1
[INFO] [stderr]    Compiling regex-syntax v0.6.25
[INFO] [stderr]    Compiling unicode-segmentation v1.8.0
[INFO] [stderr]    Compiling vec_map v0.8.2
[INFO] [stderr]    Compiling ansi_term v0.11.0
[INFO] [stderr]    Compiling strsim v0.8.0
[INFO] [stderr]    Compiling number_prefix v0.4.0
[INFO] [stderr]    Compiling terminal_size v0.1.17
[INFO] [stderr]    Compiling atty v0.2.14
[INFO] [stderr]    Compiling textwrap v0.11.0
[INFO] [stderr]    Compiling proc-macro-error-attr v1.0.4
[INFO] [stderr]    Compiling proc-macro-error v1.0.4
[INFO] [stderr]    Compiling heck v0.3.3
[INFO] [stderr]    Compiling clap v2.33.3
[INFO] [stderr]    Compiling regex v1.5.4
[INFO] [stderr]    Compiling console v0.14.1
[INFO] [stderr]    Compiling indicatif v0.16.2
[INFO] [stderr]    Compiling structopt-derive v0.4.15
[INFO] [stderr]    Compiling structopt v0.3.22
[INFO] [stderr]    Compiling happylog v0.2.0 (/opt/rustwide/workdir)
[INFO] [stdout] warning: field is never read: `out`
[INFO] [stdout]   --> src/console_emitter.rs:38:3
[INFO] [stdout]    |
[INFO] [stdout] 38 |   out: &'static AtomicPtr<Target>
[INFO] [stdout]    |   ^^^^^^^^^^^^^^^^^^^^^^^^^^^^^^^
[INFO] [stdout]    |
[INFO] [stdout]    = note: `#[warn(dead_code)]` on by default
[INFO] [stdout] 
[INFO] [stdout] 
[INFO] [stdout] warning: 1 warning emitted
[INFO] [stdout] 
[INFO] [stdout] 
[INFO] [stderr]     Finished dev [unoptimized + debuginfo] target(s) in 12.31s
[INFO] running `Command { std: "docker" "inspect" "7efe40287813d371fd043eec81e69a1bec6577369aac6fa9d20dbea1f27c2655", kill_on_drop: false }`
[INFO] running `Command { std: "docker" "rm" "-f" "7efe40287813d371fd043eec81e69a1bec6577369aac6fa9d20dbea1f27c2655", kill_on_drop: false }`
[INFO] [stdout] 7efe40287813d371fd043eec81e69a1bec6577369aac6fa9d20dbea1f27c2655
[INFO] running `Command { std: "docker" "create" "-v" "/var/lib/crater-agent-workspace/builds/worker-37/target:/opt/rustwide/target:rw,Z" "-v" "/var/lib/crater-agent-workspace/builds/worker-37/source:/opt/rustwide/workdir:ro,Z" "-v" "/var/lib/crater-agent-workspace/cargo-home:/opt/rustwide/cargo-home:ro,Z" "-v" "/var/lib/crater-agent-workspace/rustup-home:/opt/rustwide/rustup-home:ro,Z" "-e" "SOURCE_DIR=/opt/rustwide/workdir" "-e" "CARGO_TARGET_DIR=/opt/rustwide/target" "-e" "CARGO_INCREMENTAL=0" "-e" "RUST_BACKTRACE=full" "-e" "RUSTFLAGS=--cap-lints=warn" "-e" "CARGO_HOME=/opt/rustwide/cargo-home" "-e" "RUSTUP_HOME=/opt/rustwide/rustup-home" "-w" "/opt/rustwide/workdir" "-m" "1610612736" "--user" "0:0" "--network" "none" "ghcr.io/rust-lang/crates-build-env/linux@sha256:34b6a614d2c27851fe6cbf88fbd1137609cefab8b10d0615aaeb6fd47975d74e" "/opt/rustwide/cargo-home/bin/cargo" "+beta-2021-08-01" "test" "--frozen" "--no-run" "--message-format=json", kill_on_drop: false }`
[INFO] [stdout] d0ce68f93f51060fc6c2d55bccdaa47ce911f2fb81a0e6a56f6bd4373e5ea2fa
[INFO] running `Command { std: "docker" "start" "-a" "d0ce68f93f51060fc6c2d55bccdaa47ce911f2fb81a0e6a56f6bd4373e5ea2fa", kill_on_drop: false }`
[INFO] [stderr]    Compiling happylog v0.2.0 (/opt/rustwide/workdir)
[INFO] [stdout] warning: field is never read: `out`
[INFO] [stdout]   --> src/console_emitter.rs:38:3
[INFO] [stdout]    |
[INFO] [stdout] 38 |   out: &'static AtomicPtr<Target>
[INFO] [stdout]    |   ^^^^^^^^^^^^^^^^^^^^^^^^^^^^^^^
[INFO] [stdout]    |
[INFO] [stdout]    = note: `#[warn(dead_code)]` on by default
[INFO] [stdout] 
[INFO] [stdout] 
[INFO] [stdout] warning: 1 warning emitted
[INFO] [stdout] 
[INFO] [stdout] 
[INFO] [stdout] warning: field is never read: `out`
[INFO] [stdout]   --> src/console_emitter.rs:38:3
[INFO] [stdout]    |
[INFO] [stdout] 38 |   out: &'static AtomicPtr<Target>
[INFO] [stdout]    |   ^^^^^^^^^^^^^^^^^^^^^^^^^^^^^^^
[INFO] [stdout]    |
[INFO] [stdout]    = note: `#[warn(dead_code)]` on by default
[INFO] [stdout] 
[INFO] [stdout] 
[INFO] [stdout] warning: 1 warning emitted
[INFO] [stdout] 
[INFO] [stdout] 
[INFO] [stderr]     Finished test [unoptimized + debuginfo] target(s) in 0.64s
[INFO] running `Command { std: "docker" "inspect" "d0ce68f93f51060fc6c2d55bccdaa47ce911f2fb81a0e6a56f6bd4373e5ea2fa", kill_on_drop: false }`
[INFO] running `Command { std: "docker" "rm" "-f" "d0ce68f93f51060fc6c2d55bccdaa47ce911f2fb81a0e6a56f6bd4373e5ea2fa", kill_on_drop: false }`
[INFO] [stdout] d0ce68f93f51060fc6c2d55bccdaa47ce911f2fb81a0e6a56f6bd4373e5ea2fa
[INFO] running `Command { std: "docker" "create" "-v" "/var/lib/crater-agent-workspace/builds/worker-37/target:/opt/rustwide/target:rw,Z" "-v" "/var/lib/crater-agent-workspace/builds/worker-37/source:/opt/rustwide/workdir:ro,Z" "-v" "/var/lib/crater-agent-workspace/cargo-home:/opt/rustwide/cargo-home:ro,Z" "-v" "/var/lib/crater-agent-workspace/rustup-home:/opt/rustwide/rustup-home:ro,Z" "-e" "SOURCE_DIR=/opt/rustwide/workdir" "-e" "CARGO_TARGET_DIR=/opt/rustwide/target" "-e" "CARGO_INCREMENTAL=0" "-e" "RUST_BACKTRACE=full" "-e" "RUSTFLAGS=--cap-lints=warn" "-e" "CARGO_HOME=/opt/rustwide/cargo-home" "-e" "RUSTUP_HOME=/opt/rustwide/rustup-home" "-w" "/opt/rustwide/workdir" "-m" "1610612736" "--user" "0:0" "--network" "none" "ghcr.io/rust-lang/crates-build-env/linux@sha256:34b6a614d2c27851fe6cbf88fbd1137609cefab8b10d0615aaeb6fd47975d74e" "/opt/rustwide/cargo-home/bin/cargo" "+beta-2021-08-01" "test" "--frozen", kill_on_drop: false }`
[INFO] [stdout] 7ae14e8743570a024d5fff0b967b3d29af8071282e8e1072f5ddce0f9b94b123
[INFO] running `Command { std: "docker" "start" "-a" "7ae14e8743570a024d5fff0b967b3d29af8071282e8e1072f5ddce0f9b94b123", kill_on_drop: false }`
[INFO] [stderr] warning: field is never read: `out`
[INFO] [stderr]   --> src/console_emitter.rs:38:3
[INFO] [stderr]    |
[INFO] [stderr] 38 |   out: &'static AtomicPtr<Target>
[INFO] [stderr]    |   ^^^^^^^^^^^^^^^^^^^^^^^^^^^^^^^
[INFO] [stderr]    |
[INFO] [stderr]    = note: `#[warn(dead_code)]` on by default
[INFO] [stderr] 
[INFO] [stderr] warning: `happylog` (lib) generated 1 warning
[INFO] [stderr] warning: `happylog` (lib test) generated 1 warning (1 duplicate)
[INFO] [stderr]     Finished test [unoptimized + debuginfo] target(s) in 0.02s
[INFO] [stderr]      Running unittests (/opt/rustwide/target/debug/deps/happylog-d831726b6c6db41e)
[INFO] [stdout] 
[INFO] [stderr]    Doc-tests happylog
[INFO] [stdout] running 0 tests
[INFO] [stdout] 
[INFO] [stdout] test result: ok. 0 passed; 0 failed; 0 ignored; 0 measured; 0 filtered out; finished in 0.00s
[INFO] [stdout] 
[INFO] [stdout] 
[INFO] [stdout] running 2 tests
[INFO] [stdout] test src/console_emitter.rs - console_emitter::set_progress (line 87) ... FAILED
[INFO] [stdout] test src/args.rs - args::LogOpts (line 10) ... FAILED
[INFO] [stdout] 
[INFO] [stdout] failures:
[INFO] [stdout] 
[INFO] [stdout] ---- src/console_emitter.rs - console_emitter::set_progress (line 87) stdout ----
[INFO] [stdout] error: expected one of `!`, `.`, `::`, `;`, `?`, `{`, `}`, or an operator, found `of`
[INFO] [stdout]  --> src/console_emitter.rs:89:6
[INFO] [stdout]   |
[INFO] [stdout] 5 | lots of operations
[INFO] [stdout]   |      ^^ expected one of 8 possible tokens
[INFO] [stdout] 
[INFO] [stdout] error[E0425]: cannot find value `pb` in this scope
[INFO] [stdout]  --> src/console_emitter.rs:88:36
[INFO] [stdout]   |
[INFO] [stdout] 4 | let _pbs = happylog::set_progress(&pb);
[INFO] [stdout]   |                                    ^^ not found in this scope
[INFO] [stdout] 
[INFO] [stdout] error: aborting due to 2 previous errors
[INFO] [stdout] 
[INFO] [stdout] For more information about this error, try `rustc --explain E0425`.
[INFO] [stdout] Couldn't compile the test.
[INFO] [stdout] ---- src/args.rs - args::LogOpts (line 10) stdout ----
[INFO] [stdout] error: cannot find derive macro `StructOpt` in this scope
[INFO] [stdout]  --> src/args.rs:11:10
[INFO] [stdout]   |
[INFO] [stdout] 3 | #[derive(StructOpt, Debug)]
[INFO] [stdout]   |          ^^^^^^^^^
[INFO] [stdout] 
[INFO] [stdout] error: cannot find attribute `structopt` in this scope
[INFO] [stdout]  --> src/args.rs:12:3
[INFO] [stdout]   |
[INFO] [stdout] 4 | #[structopt(name="command")]
[INFO] [stdout]   |   ^^^^^^^^^
[INFO] [stdout] 
[INFO] [stdout] error: cannot find attribute `structopt` in this scope
[INFO] [stdout]  --> src/args.rs:14:5
[INFO] [stdout]   |
[INFO] [stdout] 6 |   #[structopt(flatten)]
[INFO] [stdout]   |     ^^^^^^^^^
[INFO] [stdout] 
[INFO] [stdout] error[E0412]: cannot find type `LogOpts` in this scope
[INFO] [stdout]  --> src/args.rs:15:12
[INFO] [stdout]   |
[INFO] [stdout] 7 |   logging: LogOpts
[INFO] [stdout]   |            ^^^^^^^ not found in this scope
[INFO] [stdout]   |
[INFO] [stdout] help: consider importing this struct
[INFO] [stdout]   |
[INFO] [stdout] 2 | use happylog::args::LogOpts;
[INFO] [stdout]   |
[INFO] [stdout] 
[INFO] [stdout] error: aborting due to 4 previous errors
[INFO] [stdout] 
[INFO] [stdout] For more information about this error, try `rustc --explain E0412`.
[INFO] [stdout] Couldn't compile the test.
[INFO] [stdout] 
[INFO] [stdout] failures:
[INFO] [stdout]     src/args.rs - args::LogOpts (line 10)
[INFO] [stdout]     src/console_emitter.rs - console_emitter::set_progress (line 87)
[INFO] [stdout] 
[INFO] [stdout] test result: FAILED. 0 passed; 2 failed; 0 ignored; 0 measured; 0 filtered out; finished in 0.09s
[INFO] [stdout] 
[INFO] [stderr] error: test failed, to rerun pass '--doc'
[INFO] running `Command { std: "docker" "inspect" "7ae14e8743570a024d5fff0b967b3d29af8071282e8e1072f5ddce0f9b94b123", kill_on_drop: false }`
[INFO] running `Command { std: "docker" "rm" "-f" "7ae14e8743570a024d5fff0b967b3d29af8071282e8e1072f5ddce0f9b94b123", kill_on_drop: false }`
[INFO] [stdout] 7ae14e8743570a024d5fff0b967b3d29af8071282e8e1072f5ddce0f9b94b123
