[INFO] fetching crate hamcrest2 0.3.0...
[INFO] testing hamcrest2-0.3.0 against beta-2021-08-01 for beta-1.55-1
[INFO] extracting crate hamcrest2 0.3.0 into /workspace/builds/worker-63/source
[INFO] validating manifest of crates.io crate hamcrest2 0.3.0 on toolchain beta-2021-08-01
[INFO] running `Command { std: "/workspace/cargo-home/bin/cargo" "+beta-2021-08-01" "metadata" "--manifest-path" "Cargo.toml" "--no-deps", kill_on_drop: false }`
[INFO] started tweaking crates.io crate hamcrest2 0.3.0
[INFO] finished tweaking crates.io crate hamcrest2 0.3.0
[INFO] tweaked toml for crates.io crate hamcrest2 0.3.0 written to /workspace/builds/worker-63/source/Cargo.toml
[INFO] running `Command { std: "/workspace/cargo-home/bin/cargo" "+beta-2021-08-01" "generate-lockfile" "--manifest-path" "Cargo.toml" "-Zno-index-update", kill_on_drop: false }`
[INFO] running `Command { std: "/workspace/cargo-home/bin/cargo" "+beta-2021-08-01" "fetch" "--manifest-path" "Cargo.toml", kill_on_drop: false }`
[INFO] running `Command { std: "docker" "create" "-v" "/var/lib/crater-agent-workspace/builds/worker-63/target:/opt/rustwide/target:rw,Z" "-v" "/var/lib/crater-agent-workspace/builds/worker-63/source:/opt/rustwide/workdir:ro,Z" "-v" "/var/lib/crater-agent-workspace/cargo-home:/opt/rustwide/cargo-home:ro,Z" "-v" "/var/lib/crater-agent-workspace/rustup-home:/opt/rustwide/rustup-home:ro,Z" "-e" "SOURCE_DIR=/opt/rustwide/workdir" "-e" "CARGO_TARGET_DIR=/opt/rustwide/target" "-e" "CARGO_HOME=/opt/rustwide/cargo-home" "-e" "RUSTUP_HOME=/opt/rustwide/rustup-home" "-w" "/opt/rustwide/workdir" "-m" "1610612736" "--user" "0:0" "--network" "none" "ghcr.io/rust-lang/crates-build-env/linux@sha256:34b6a614d2c27851fe6cbf88fbd1137609cefab8b10d0615aaeb6fd47975d74e" "/opt/rustwide/cargo-home/bin/cargo" "+beta-2021-08-01" "metadata" "--no-deps" "--format-version=1", kill_on_drop: false }`
[INFO] [stdout] 01d5545a662e9fa87b784feacb20d3ff744b5c919b540fccbd6e8b8f5fa94283
[INFO] running `Command { std: "docker" "start" "-a" "01d5545a662e9fa87b784feacb20d3ff744b5c919b540fccbd6e8b8f5fa94283", kill_on_drop: false }`
[INFO] running `Command { std: "docker" "inspect" "01d5545a662e9fa87b784feacb20d3ff744b5c919b540fccbd6e8b8f5fa94283", kill_on_drop: false }`
[INFO] running `Command { std: "docker" "rm" "-f" "01d5545a662e9fa87b784feacb20d3ff744b5c919b540fccbd6e8b8f5fa94283", kill_on_drop: false }`
[INFO] [stdout] 01d5545a662e9fa87b784feacb20d3ff744b5c919b540fccbd6e8b8f5fa94283
[INFO] running `Command { std: "docker" "create" "-v" "/var/lib/crater-agent-workspace/builds/worker-63/target:/opt/rustwide/target:rw,Z" "-v" "/var/lib/crater-agent-workspace/builds/worker-63/source:/opt/rustwide/workdir:ro,Z" "-v" "/var/lib/crater-agent-workspace/cargo-home:/opt/rustwide/cargo-home:ro,Z" "-v" "/var/lib/crater-agent-workspace/rustup-home:/opt/rustwide/rustup-home:ro,Z" "-e" "SOURCE_DIR=/opt/rustwide/workdir" "-e" "CARGO_TARGET_DIR=/opt/rustwide/target" "-e" "CARGO_INCREMENTAL=0" "-e" "RUST_BACKTRACE=full" "-e" "RUSTFLAGS=--cap-lints=warn" "-e" "CARGO_HOME=/opt/rustwide/cargo-home" "-e" "RUSTUP_HOME=/opt/rustwide/rustup-home" "-w" "/opt/rustwide/workdir" "-m" "1610612736" "--user" "0:0" "--network" "none" "ghcr.io/rust-lang/crates-build-env/linux@sha256:34b6a614d2c27851fe6cbf88fbd1137609cefab8b10d0615aaeb6fd47975d74e" "/opt/rustwide/cargo-home/bin/cargo" "+beta-2021-08-01" "build" "--frozen" "--message-format=json", kill_on_drop: false }`
[INFO] [stdout] fa5d932ba44f643ed428bbe1a5757335429861f10eb4bb3637ead08c3e68f986
[INFO] running `Command { std: "docker" "start" "-a" "fa5d932ba44f643ed428bbe1a5757335429861f10eb4bb3637ead08c3e68f986", kill_on_drop: false }`
[INFO] [stderr]    Compiling memchr v2.4.0
[INFO] [stderr]    Compiling regex-syntax v0.6.25
[INFO] [stderr]    Compiling num-traits v0.2.14
[INFO] [stderr]    Compiling num-integer v0.1.44
[INFO] [stderr]    Compiling num-bigint v0.2.6
[INFO] [stderr]    Compiling num-rational v0.2.4
[INFO] [stderr]    Compiling num-complex v0.2.4
[INFO] [stderr]    Compiling num-iter v0.1.42
[INFO] [stderr]    Compiling aho-corasick v0.7.18
[INFO] [stderr]    Compiling regex v1.5.4
[INFO] [stderr]    Compiling num v0.2.1
[INFO] [stderr]    Compiling hamcrest2 v0.3.0 (/opt/rustwide/workdir)
[INFO] [stderr]     Finished dev [unoptimized + debuginfo] target(s) in 7.15s
[INFO] running `Command { std: "docker" "inspect" "fa5d932ba44f643ed428bbe1a5757335429861f10eb4bb3637ead08c3e68f986", kill_on_drop: false }`
[INFO] running `Command { std: "docker" "rm" "-f" "fa5d932ba44f643ed428bbe1a5757335429861f10eb4bb3637ead08c3e68f986", kill_on_drop: false }`
[INFO] [stdout] fa5d932ba44f643ed428bbe1a5757335429861f10eb4bb3637ead08c3e68f986
[INFO] running `Command { std: "docker" "create" "-v" "/var/lib/crater-agent-workspace/builds/worker-63/target:/opt/rustwide/target:rw,Z" "-v" "/var/lib/crater-agent-workspace/builds/worker-63/source:/opt/rustwide/workdir:ro,Z" "-v" "/var/lib/crater-agent-workspace/cargo-home:/opt/rustwide/cargo-home:ro,Z" "-v" "/var/lib/crater-agent-workspace/rustup-home:/opt/rustwide/rustup-home:ro,Z" "-e" "SOURCE_DIR=/opt/rustwide/workdir" "-e" "CARGO_TARGET_DIR=/opt/rustwide/target" "-e" "CARGO_INCREMENTAL=0" "-e" "RUST_BACKTRACE=full" "-e" "RUSTFLAGS=--cap-lints=warn" "-e" "CARGO_HOME=/opt/rustwide/cargo-home" "-e" "RUSTUP_HOME=/opt/rustwide/rustup-home" "-w" "/opt/rustwide/workdir" "-m" "1610612736" "--user" "0:0" "--network" "none" "ghcr.io/rust-lang/crates-build-env/linux@sha256:34b6a614d2c27851fe6cbf88fbd1137609cefab8b10d0615aaeb6fd47975d74e" "/opt/rustwide/cargo-home/bin/cargo" "+beta-2021-08-01" "test" "--frozen" "--no-run" "--message-format=json", kill_on_drop: false }`
[INFO] [stdout] d1cf6556b61d3f203a3910d5e67d5af3db8e2835e056d424e9ff2ceaeb445275
[INFO] running `Command { std: "docker" "start" "-a" "d1cf6556b61d3f203a3910d5e67d5af3db8e2835e056d424e9ff2ceaeb445275", kill_on_drop: false }`
[INFO] [stderr]     Blocking waiting for file lock on package cache
[INFO] [stderr]    Compiling hamcrest2 v0.3.0 (/opt/rustwide/workdir)
[INFO] [stderr]     Finished test [unoptimized + debuginfo] target(s) in 2.04s
[INFO] running `Command { std: "docker" "inspect" "d1cf6556b61d3f203a3910d5e67d5af3db8e2835e056d424e9ff2ceaeb445275", kill_on_drop: false }`
[INFO] running `Command { std: "docker" "rm" "-f" "d1cf6556b61d3f203a3910d5e67d5af3db8e2835e056d424e9ff2ceaeb445275", kill_on_drop: false }`
[INFO] [stdout] d1cf6556b61d3f203a3910d5e67d5af3db8e2835e056d424e9ff2ceaeb445275
[INFO] running `Command { std: "docker" "create" "-v" "/var/lib/crater-agent-workspace/builds/worker-63/target:/opt/rustwide/target:rw,Z" "-v" "/var/lib/crater-agent-workspace/builds/worker-63/source:/opt/rustwide/workdir:ro,Z" "-v" "/var/lib/crater-agent-workspace/cargo-home:/opt/rustwide/cargo-home:ro,Z" "-v" "/var/lib/crater-agent-workspace/rustup-home:/opt/rustwide/rustup-home:ro,Z" "-e" "SOURCE_DIR=/opt/rustwide/workdir" "-e" "CARGO_TARGET_DIR=/opt/rustwide/target" "-e" "CARGO_INCREMENTAL=0" "-e" "RUST_BACKTRACE=full" "-e" "RUSTFLAGS=--cap-lints=warn" "-e" "CARGO_HOME=/opt/rustwide/cargo-home" "-e" "RUSTUP_HOME=/opt/rustwide/rustup-home" "-w" "/opt/rustwide/workdir" "-m" "1610612736" "--user" "0:0" "--network" "none" "ghcr.io/rust-lang/crates-build-env/linux@sha256:34b6a614d2c27851fe6cbf88fbd1137609cefab8b10d0615aaeb6fd47975d74e" "/opt/rustwide/cargo-home/bin/cargo" "+beta-2021-08-01" "test" "--frozen", kill_on_drop: false }`
[INFO] [stdout] 3a94454154d4803585d060f697ce3ddaafad4298505e4fc06f213db33d8873d3
[INFO] running `Command { std: "docker" "start" "-a" "3a94454154d4803585d060f697ce3ddaafad4298505e4fc06f213db33d8873d3", kill_on_drop: false }`
[INFO] [stderr]     Blocking waiting for file lock on package cache
[INFO] [stderr]     Finished test [unoptimized + debuginfo] target(s) in 0.59s
[INFO] [stderr]      Running unittests (/opt/rustwide/target/debug/deps/hamcrest2-4f35cde913bdbdba)
[INFO] [stdout] 
[INFO] [stdout] running 0 tests
[INFO] [stdout] 
[INFO] [stdout] test result: ok. 0 passed; 0 failed; 0 ignored; 0 measured; 0 filtered out; finished in 0.00s
[INFO] [stdout] 
[INFO] [stderr]      Running tests/all.rs (/opt/rustwide/target/debug/deps/all-6850fa45c800a101)
[INFO] [stdout] 
[INFO] [stdout] running 2 tests
[INFO] [stderr]      Running tests/any.rs (/opt/rustwide/target/debug/deps/any-9f77c55da1b5a13d)
[INFO] [stdout] test all::ints_less_than_and_greater_than ... ok
[INFO] [stdout] test all::vec_contains ... ok
[INFO] [stdout] 
[INFO] [stdout] test result: ok. 2 passed; 0 failed; 0 ignored; 0 measured; 0 filtered out; finished in 0.00s
[INFO] [stdout] 
[INFO] [stdout] 
[INFO] [stdout] running 2 tests
[INFO] [stdout] test any::ints_less_than_and_greater_than ... ok
[INFO] [stdout] test any::vec_contains ... ok
[INFO] [stdout] 
[INFO] [stdout] test result: ok. 2 passed; 0 failed; 0 ignored; 0 measured; 0 filtered out; finished in 0.00s
[INFO] [stdout] 
[INFO] [stderr]      Running tests/anything.rs (/opt/rustwide/target/debug/deps/anything-6ecc5455fc7488ee)
[INFO] [stdout] 
[INFO] [stdout] running 2 tests
[INFO] [stdout] test anything::str_is_anything ... ok
[INFO] [stdout] test anything::usize_is_anything ... ok
[INFO] [stdout] 
[INFO] [stdout] test result: ok. 2 passed; 0 failed; 0 ignored; 0 measured; 0 filtered out; finished in 0.00s
[INFO] [stdout] 
[INFO] [stderr]      Running tests/boolean.rs (/opt/rustwide/target/debug/deps/boolean-10d495ad75c60fd3)
[INFO] [stdout] 
[INFO] [stdout] running 4 tests
[INFO] [stdout] test boolean::is_false::matches_when_false ... ok
[INFO] [stdout] test boolean::is_true::matches_when_true ... ok
[INFO] [stdout] test boolean::is_false::fails_when_true - should panic ... ok
[INFO] [stdout] test boolean::is_true::fails_when_false - should panic ... ok
[INFO] [stdout] 
[INFO] [stdout] test result: ok. 4 passed; 0 failed; 0 ignored; 0 measured; 0 filtered out; finished in 0.05s
[INFO] [stdout] 
[INFO] [stderr]      Running tests/close_to.rs (/opt/rustwide/target/debug/deps/close_to-80d4357f0ab711f6)
[INFO] [stdout] 
[INFO] [stdout] running 3 tests
[INFO] [stdout] test close_to::equality_of_floats ... ok
[INFO] [stdout] test close_to::it_can_handle_infinity ... ok
[INFO] [stdout] test close_to::it_can_handle_nan ... ok
[INFO] [stdout] 
[INFO] [stdout] test result: ok. 3 passed; 0 failed; 0 ignored; 0 measured; 0 filtered out; finished in 0.00s
[INFO] [stdout] 
[INFO] [stderr]      Running tests/compared_to.rs (/opt/rustwide/target/debug/deps/compared_to-a59b8d28274b2945)
[INFO] [stdout] 
[INFO] [stdout] running 22 tests
[INFO] [stdout] test compared_to::ints_greater_than ... ok
[INFO] [stdout] test compared_to::ints_less_than ... ok
[INFO] [stdout] test compared_to::ints_less_than_or_equal ... ok
[INFO] [stdout] test compared_to::ints_greater_than_or_equal ... ok
[INFO] [stdout] test compared_to::greater_than_is_not_equal - should panic ... ok
[INFO] [stdout] test compared_to::greater_than_is_not_equal_ref - should panic ... ok
[INFO] [stdout] test compared_to::greater_than_is_not_equal_mut - should panic ... ok
[INFO] [stdout] test compared_to::less_than_is_not_equal - should panic ... ok
[INFO] [stdout] test compared_to::less_than_is_not_equal_mut - should panic ... ok
[INFO] [stdout] test compared_to::less_than_is_not_equal_ref - should panic ... ok
[INFO] [stdout] test compared_to::unsuccessful_greater_than - should panic ... ok
[INFO] [stdout] test compared_to::unsuccessful_greater_than_mut - should panic ... ok
[INFO] [stdout] test compared_to::unsuccessful_greater_than_or_equal - should panic ... ok
[INFO] [stdout] test compared_to::unsuccessful_greater_than_or_equal_mut - should panic ... ok
[INFO] [stdout] test compared_to::unsuccessful_greater_than_or_equal_ref - should panic ... ok
[INFO] [stdout] test compared_to::unsuccessful_greater_than_ref - should panic ... ok
[INFO] [stdout] test compared_to::unsuccessful_less_than - should panic ... ok
[INFO] [stdout] test compared_to::unsuccessful_less_than_mut - should panic ... ok
[INFO] [stdout] test compared_to::unsuccessful_less_than_or_equal_mut - should panic ... ok
[INFO] [stdout] test compared_to::unsuccessful_less_than_or_equal_ref - should panic ... ok
[INFO] [stdout] test compared_to::unsuccessful_less_than_or_equal - should panic ... ok
[INFO] [stdout] test compared_to::unsuccessful_less_than_ref - should panic ... ok
[INFO] [stdout] 
[INFO] [stdout] test result: ok. 22 passed; 0 failed; 0 ignored; 0 measured; 0 filtered out; finished in 0.07s
[INFO] [stdout] 
[INFO] [stderr]      Running tests/contains.rs (/opt/rustwide/target/debug/deps/contains-755d6cc89ff37dfa)
[INFO] [stdout] 
[INFO] [stdout] running 8 tests
[INFO] [stdout] test contains::it_contains_elements_in_order ... ok
[INFO] [stdout] test contains::it_does_not_contain_elements_in_order ... ok
[INFO] [stdout] test contains::single_item_contains ... ok
[INFO] [stdout] test contains::slice_contains ... ok
[INFO] [stdout] test contains::vec_contains ... ok
[INFO] [stdout] test contains::vec_contains_exactly ... ok
[INFO] [stdout] test contains::it_unsuccessfully_contains_elements_in_order - should panic ... ok
[INFO] [stdout] test contains::it_unsuccessfully_does_not_contain_elements_in_order - should panic ... ok
[INFO] [stdout] 
[INFO] [stdout] test result: ok. 8 passed; 0 failed; 0 ignored; 0 measured; 0 filtered out; finished in 0.03s
[INFO] [stdout] 
[INFO] [stderr]      Running tests/empty.rs (/opt/rustwide/target/debug/deps/empty-341f0bf7500e30c7)
[INFO] [stdout] 
[INFO] [stdout] running 2 tests
[INFO] [stdout] test empty::slice_empty ... ok
[INFO] [stdout] test empty::vec_empty ... ok
[INFO] [stdout] 
[INFO] [stdout] test result: ok. 2 passed; 0 failed; 0 ignored; 0 measured; 0 filtered out; finished in 0.00s
[INFO] [stdout] 
[INFO] [stderr]      Running tests/equal_to.rs (/opt/rustwide/target/debug/deps/equal_to-2a055fc3e70fa171)
[INFO] [stdout] 
[INFO] [stdout] running 7 tests
[INFO] [stdout] test equal_to::equality_of_floats_slice_mut ... ok
[INFO] [stdout] test equal_to::equality_of_floats_slice_ref ... ok
[INFO] [stdout] test equal_to::equality_of_ints ... ok
[INFO] [stdout] test equal_to::equality_of_strings ... ok
[INFO] [stdout] test equal_to::equality_with_special_partial_eq ... ok
[INFO] [stdout] test equal_to::unsuccessful_match - should panic ... ok
[INFO] [stdout] test equal_to::unsuccessful_match_short - should panic ... ok
[INFO] [stdout] 
[INFO] [stdout] test result: ok. 7 passed; 0 failed; 0 ignored; 0 measured; 0 filtered out; finished in 0.02s
[INFO] [stdout] 
[INFO] [stderr]      Running tests/err.rs (/opt/rustwide/target/debug/deps/err-78b1be34dffe3938)
[INFO] [stdout] 
[INFO] [stdout] running 9 tests
[INFO] [stderr]      Running tests/has.rs (/opt/rustwide/target/debug/deps/has-65b42b643fdb3411)
[INFO] [stdout] test err::as_move::err_is_err ... ok
[INFO] [stdout] test err::as_move::err_no_explicit_type ... ok
[INFO] [stdout] test err::as_move::ok_is_not_err ... ok
[INFO] [stdout] test err::as_mut_ref::err_is_err ... ok
[INFO] [stdout] test err::as_mut_ref::err_no_explicit_type ... ok
[INFO] [stdout] test err::as_mut_ref::ok_is_not_err ... ok
[INFO] [stdout] test err::as_ref::err_is_err ... ok
[INFO] [stdout] test err::as_ref::ok_is_not_err ... ok
[INFO] [stdout] test err::as_ref::err_no_explicit_type ... ok
[INFO] [stdout] 
[INFO] [stdout] test result: ok. 9 passed; 0 failed; 0 ignored; 0 measured; 0 filtered out; finished in 0.00s
[INFO] [stdout] 
[INFO] [stdout] 
[INFO] [stdout] running 4 tests
[INFO] [stdout] test has::has_with_err ... ok
[INFO] [stdout] test has::has_with_none ... ok
[INFO] [stdout] test has::has_with_some ... ok
[INFO] [stdout] test has::has_with_ok ... ok
[INFO] [stdout] 
[INFO] [stdout] test result: ok. 4 passed; 0 failed; 0 ignored; 0 measured; 0 filtered out; finished in 0.00s
[INFO] [stdout] 
[INFO] [stderr]      Running tests/len.rs (/opt/rustwide/target/debug/deps/len-4550a149e6216b4d)
[INFO] [stdout] 
[INFO] [stdout] running 2 tests
[INFO] [stdout] test len::slice_len ... ok
[INFO] [stdout] test len::vec_len ... ok
[INFO] [stdout] 
[INFO] [stdout] test result: ok. 2 passed; 0 failed; 0 ignored; 0 measured; 0 filtered out; finished in 0.00s
[INFO] [stdout] 
[INFO] [stderr]      Running tests/none.rs (/opt/rustwide/target/debug/deps/none-7e011e7481a603f5)
[INFO] [stdout] 
[INFO] [stderr]      Running tests/ok.rs (/opt/rustwide/target/debug/deps/ok-835bd1c556215077)
[INFO] [stdout] running 9 tests
[INFO] [stdout] test none::as_move::none_is_none ... ok
[INFO] [stdout] test none::as_move::none_no_explicit_type ... ok
[INFO] [stdout] test none::as_move::some_is_not_none ... ok
[INFO] [stdout] test none::as_mut_ref::none_is_none ... ok
[INFO] [stdout] test none::as_mut_ref::none_no_explicit_type ... ok
[INFO] [stdout] test none::as_mut_ref::some_is_not_none ... ok
[INFO] [stdout] test none::as_ref::none_is_none ... ok
[INFO] [stdout] test none::as_ref::none_no_explicit_type ... ok
[INFO] [stdout] test none::as_ref::some_is_not_none ... ok
[INFO] [stdout] 
[INFO] [stdout] test result: ok. 9 passed; 0 failed; 0 ignored; 0 measured; 0 filtered out; finished in 0.00s
[INFO] [stdout] 
[INFO] [stdout] 
[INFO] [stdout] running 9 tests
[INFO] [stdout] test ok::as_move::err_is_not_ok ... ok
[INFO] [stdout] test ok::as_move::ok_is_ok ... ok
[INFO] [stdout] test ok::as_move::ok_no_explicit_type ... ok
[INFO] [stdout] test ok::as_mut_ref::err_is_not_ok ... ok
[INFO] [stdout] test ok::as_mut_ref::ok_is_ok ... ok
[INFO] [stdout] test ok::as_mut_ref::ok_no_explicit_type ... ok
[INFO] [stdout] test ok::as_ref::err_is_not_ok ... ok
[INFO] [stdout] test ok::as_ref::ok_is_ok ... ok
[INFO] [stdout] test ok::as_ref::ok_no_explicit_type ... ok
[INFO] [stdout] 
[INFO] [stdout] test result: ok. 9 passed; 0 failed; 0 ignored; 0 measured; 0 filtered out; finished in 0.02s
[INFO] [stdout] 
[INFO] [stderr]      Running tests/path_exists.rs (/opt/rustwide/target/debug/deps/path_exists-b982bbba5ef8ab31)
[INFO] [stdout] 
[INFO] [stdout] running 4 tests
[INFO] [stdout] test path_exists::a_file_exists ... ok
[INFO] [stdout] test path_exists::a_nonpath_exists ... ok
[INFO] [stdout] test path_exists::deprecated_names ... ok
[INFO] [stdout] test path_exists::a_dir_exists ... FAILED
[INFO] [stdout] 
[INFO] [stdout] failures:
[INFO] [stdout] 
[INFO] [stdout] ---- path_exists::a_dir_exists stdout ----
[INFO] [stdout] thread 'path_exists::a_dir_exists' panicked at '
[INFO] [stdout] Expected: an existing file
[INFO] [stdout]     but: ./target was missing', tests/path_exists.rs:36:5
[INFO] [stdout] stack backtrace:
[INFO] [stdout]    0:     0x564ee9068d60 - std::backtrace_rs::backtrace::libunwind::trace::hff4d1766e93f64f1
[INFO] [stdout]                                at /rustc/53fd98ca776cb875bc9e5514f56b52eb74f9e7a9/library/std/src/../../backtrace/src/backtrace/libunwind.rs:90:5
[INFO] [stdout]    1:     0x564ee9068d60 - std::backtrace_rs::backtrace::trace_unsynchronized::h56bbc8eb78770bcb
[INFO] [stdout]                                at /rustc/53fd98ca776cb875bc9e5514f56b52eb74f9e7a9/library/std/src/../../backtrace/src/backtrace/mod.rs:66:5
[INFO] [stdout]    2:     0x564ee9068d60 - std::sys_common::backtrace::_print_fmt::h5c8e75464faca780
[INFO] [stdout]                                at /rustc/53fd98ca776cb875bc9e5514f56b52eb74f9e7a9/library/std/src/sys_common/backtrace.rs:67:5
[INFO] [stdout]    3:     0x564ee9068d60 - <std::sys_common::backtrace::_print::DisplayBacktrace as core::fmt::Display>::fmt::h48b88277def8b362
[INFO] [stdout]                                at /rustc/53fd98ca776cb875bc9e5514f56b52eb74f9e7a9/library/std/src/sys_common/backtrace.rs:46:22
[INFO] [stdout]    4:     0x564ee908b52c - core::fmt::write::h3381b3176fe2b3d3
[INFO] [stdout]                                at /rustc/53fd98ca776cb875bc9e5514f56b52eb74f9e7a9/library/core/src/fmt/mod.rs:1115:17
[INFO] [stdout]    5:     0x564ee9065c25 - std::io::Write::write_fmt::h5f34a676f60246b5
[INFO] [stdout]                                at /rustc/53fd98ca776cb875bc9e5514f56b52eb74f9e7a9/library/std/src/io/mod.rs:1665:15
[INFO] [stdout]    6:     0x564ee906aedb - std::sys_common::backtrace::_print::ha537687d6c17dd0d
[INFO] [stdout]                                at /rustc/53fd98ca776cb875bc9e5514f56b52eb74f9e7a9/library/std/src/sys_common/backtrace.rs:49:5
[INFO] [stdout]    7:     0x564ee906aedb - std::sys_common::backtrace::print::h61376ae57d131d72
[INFO] [stdout]                                at /rustc/53fd98ca776cb875bc9e5514f56b52eb74f9e7a9/library/std/src/sys_common/backtrace.rs:36:9
[INFO] [stdout]    8:     0x564ee906aedb - std::panicking::default_hook::{{closure}}::h0f7208c0b9644a54
[INFO] [stdout]                                at /rustc/53fd98ca776cb875bc9e5514f56b52eb74f9e7a9/library/std/src/panicking.rs:208:50
[INFO] [stdout]    9:     0x564ee906a9ec - std::panicking::default_hook::hdac7fc06578c14ce
[INFO] [stdout]                                at /rustc/53fd98ca776cb875bc9e5514f56b52eb74f9e7a9/library/std/src/panicking.rs:222:9
[INFO] [stdout]   10:     0x564ee906b5a4 - std::panicking::rust_panic_with_hook::h72b21c283da3d1ef
[INFO] [stdout]                                at /rustc/53fd98ca776cb875bc9e5514f56b52eb74f9e7a9/library/std/src/panicking.rs:622:17
[INFO] [stdout]   11:     0x564ee906b087 - std::panicking::begin_panic_handler::{{closure}}::he5778f1729cff84a
[INFO] [stdout]                                at /rustc/53fd98ca776cb875bc9e5514f56b52eb74f9e7a9/library/std/src/panicking.rs:519:13
[INFO] [stdout]   12:     0x564ee906923c - std::sys_common::backtrace::__rust_end_short_backtrace::h2d11ca8b453b4b1d
[INFO] [stdout]                                at /rustc/53fd98ca776cb875bc9e5514f56b52eb74f9e7a9/library/std/src/sys_common/backtrace.rs:141:18
[INFO] [stdout]   13:     0x564ee906afe9 - rust_begin_unwind
[INFO] [stdout]                                at /rustc/53fd98ca776cb875bc9e5514f56b52eb74f9e7a9/library/std/src/panicking.rs:515:5
[INFO] [stdout]   14:     0x564ee9012c7b - std::panicking::begin_panic_fmt::h746518bde832d259
[INFO] [stdout]                                at /rustc/53fd98ca776cb875bc9e5514f56b52eb74f9e7a9/library/std/src/panicking.rs:457:5
[INFO] [stdout]   15:     0x564ee9014ce8 - path_exists::path_exists::a_dir_exists::hb5941400977c2a70
[INFO] [stdout]                                at /opt/rustwide/workdir/tests/path_exists.rs:36:5
[INFO] [stdout]   16:     0x564ee9014a5a - path_exists::path_exists::a_dir_exists::{{closure}}::h15c455ef1d019706
[INFO] [stdout]                                at /opt/rustwide/workdir/tests/path_exists.rs:34:3
[INFO] [stdout]   17:     0x564ee9015a8e - core::ops::function::FnOnce::call_once::ha55d79ca97aea916
[INFO] [stdout]                                at /rustc/53fd98ca776cb875bc9e5514f56b52eb74f9e7a9/library/core/src/ops/function.rs:227:5
[INFO] [stdout]   18:     0x564ee90497e3 - core::ops::function::FnOnce::call_once::hbb52c4519d3137b0
[INFO] [stdout]                                at /rustc/53fd98ca776cb875bc9e5514f56b52eb74f9e7a9/library/core/src/ops/function.rs:227:5
[INFO] [stdout]   19:     0x564ee90497e3 - test::__rust_begin_short_backtrace::h86fe3a2a5a5121af
[INFO] [stdout]                                at /rustc/53fd98ca776cb875bc9e5514f56b52eb74f9e7a9/library/test/src/lib.rs:578:5
[INFO] [stdout]   20:     0x564ee9048298 - <alloc::boxed::Box<F,A> as core::ops::function::FnOnce<Args>>::call_once::hfd956bc3d57399be
[INFO] [stdout]                                at /rustc/53fd98ca776cb875bc9e5514f56b52eb74f9e7a9/library/alloc/src/boxed.rs:1572:9
[INFO] [stdout]   21:     0x564ee9048298 - <std::panic::AssertUnwindSafe<F> as core::ops::function::FnOnce<()>>::call_once::h40dc93e0ddb5938a
[INFO] [stdout]                                at /rustc/53fd98ca776cb875bc9e5514f56b52eb74f9e7a9/library/std/src/panic.rs:347:9
[INFO] [stdout]   22:     0x564ee9048298 - std::panicking::try::do_call::h90d07750cb47c562
[INFO] [stdout]                                at /rustc/53fd98ca776cb875bc9e5514f56b52eb74f9e7a9/library/std/src/panicking.rs:401:40
[INFO] [stdout]   23:     0x564ee9048298 - std::panicking::try::h063c84733ad2a629
[INFO] [stdout]                                at /rustc/53fd98ca776cb875bc9e5514f56b52eb74f9e7a9/library/std/src/panicking.rs:365:19
[INFO] [stdout]   24:     0x564ee9048298 - std::panic::catch_unwind::h0c464836a84e7c08
[INFO] [stdout]                                at /rustc/53fd98ca776cb875bc9e5514f56b52eb74f9e7a9/library/std/src/panic.rs:434:14
[INFO] [stdout]   25:     0x564ee9048298 - test::run_test_in_process::h5cb06ef620b157fc
[INFO] [stdout]                                at /rustc/53fd98ca776cb875bc9e5514f56b52eb74f9e7a9/library/test/src/lib.rs:601:18
[INFO] [stdout]   26:     0x564ee9048298 - test::run_test::run_test_inner::{{closure}}::h76f677f4b93f9828
[INFO] [stdout]                                at /rustc/53fd98ca776cb875bc9e5514f56b52eb74f9e7a9/library/test/src/lib.rs:493:39
[INFO] [stdout]   27:     0x564ee9016a2d - test::run_test::run_test_inner::{{closure}}::h366d01fe04f4d67a
[INFO] [stdout]                                at /rustc/53fd98ca776cb875bc9e5514f56b52eb74f9e7a9/library/test/src/lib.rs:520:37
[INFO] [stdout]   28:     0x564ee9016a2d - std::sys_common::backtrace::__rust_begin_short_backtrace::h7dfa0de4eb395af2
[INFO] [stdout]                                at /rustc/53fd98ca776cb875bc9e5514f56b52eb74f9e7a9/library/std/src/sys_common/backtrace.rs:125:18
[INFO] [stdout]   29:     0x564ee901b1f8 - std::thread::Builder::spawn_unchecked::{{closure}}::{{closure}}::hf0a74bb58798037f
[INFO] [stdout]                                at /rustc/53fd98ca776cb875bc9e5514f56b52eb74f9e7a9/library/std/src/thread/mod.rs:476:17
[INFO] [stdout]   30:     0x564ee901b1f8 - <std::panic::AssertUnwindSafe<F> as core::ops::function::FnOnce<()>>::call_once::hb024e854818586ac
[INFO] [stdout]                                at /rustc/53fd98ca776cb875bc9e5514f56b52eb74f9e7a9/library/std/src/panic.rs:347:9
[INFO] [stdout]   31:     0x564ee901b1f8 - std::panicking::try::do_call::hb2dd9f1d0d48e41d
[INFO] [stdout]                                at /rustc/53fd98ca776cb875bc9e5514f56b52eb74f9e7a9/library/std/src/panicking.rs:401:40
[INFO] [stdout]   32:     0x564ee901b1f8 - std::panicking::try::h4717ae7bac8b2bf3
[INFO] [stdout]                                at /rustc/53fd98ca776cb875bc9e5514f56b52eb74f9e7a9/library/std/src/panicking.rs:365:19
[INFO] [stdout]   33:     0x564ee901b1f8 - std::panic::catch_unwind::h0dc8a061326ce8d8
[INFO] [stdout]                                at /rustc/53fd98ca776cb875bc9e5514f56b52eb74f9e7a9/library/std/src/panic.rs:434:14
[INFO] [stdout]   34:     0x564ee901b1f8 - std::thread::Builder::spawn_unchecked::{{closure}}::haa369e2d6fd00aa1
[INFO] [stdout]                                at /rustc/53fd98ca776cb875bc9e5514f56b52eb74f9e7a9/library/std/src/thread/mod.rs:475:30
[INFO] [stdout]   35:     0x564ee901b1f8 - core::ops::function::FnOnce::call_once{{vtable.shim}}::h36dcf3de8b056f17
[INFO] [stdout]                                at /rustc/53fd98ca776cb875bc9e5514f56b52eb74f9e7a9/library/core/src/ops/function.rs:227:5
[INFO] [stdout]   36:     0x564ee9070117 - <alloc::boxed::Box<F,A> as core::ops::function::FnOnce<Args>>::call_once::h65c29e4642be2358
[INFO] [stdout]                                at /rustc/53fd98ca776cb875bc9e5514f56b52eb74f9e7a9/library/alloc/src/boxed.rs:1572:9
[INFO] [stdout]   37:     0x564ee9070117 - <alloc::boxed::Box<F,A> as core::ops::function::FnOnce<Args>>::call_once::hd0f8f7fbbd9fffbf
[INFO] [stdout]                                at /rustc/53fd98ca776cb875bc9e5514f56b52eb74f9e7a9/library/alloc/src/boxed.rs:1572:9
[INFO] [stdout]   38:     0x564ee9070117 - std::sys::unix::thread::Thread::new::thread_start::h2fd22fee3ca77b65
[INFO] [stdout]                                at /rustc/53fd98ca776cb875bc9e5514f56b52eb74f9e7a9/library/std/src/sys/unix/thread.rs:74:17
[INFO] [stdout]   39:     0x7fc250761609 - start_thread
[INFO] [stdout]   40:     0x7fc250533293 - clone
[INFO] [stdout]   41:                0x0 - <unknown>
[INFO] [stdout] 
[INFO] [stdout] 
[INFO] [stdout] failures:
[INFO] [stdout]     path_exists::a_dir_exists
[INFO] [stdout] 
[INFO] [stdout] test result: FAILED. 3 passed; 1 failed; 0 ignored; 0 measured; 0 filtered out; finished in 0.02s
[INFO] [stdout] 
[INFO] [stderr] error: test failed, to rerun pass '--test path_exists'
[INFO] running `Command { std: "docker" "inspect" "3a94454154d4803585d060f697ce3ddaafad4298505e4fc06f213db33d8873d3", kill_on_drop: false }`
[INFO] running `Command { std: "docker" "rm" "-f" "3a94454154d4803585d060f697ce3ddaafad4298505e4fc06f213db33d8873d3", kill_on_drop: false }`
[INFO] [stdout] 3a94454154d4803585d060f697ce3ddaafad4298505e4fc06f213db33d8873d3
