[INFO] fetching crate gxi_macro 0.3.0-alpha.2...
[INFO] testing gxi_macro-0.3.0-alpha.2 against 1.54.0 for beta-1.55-1
[INFO] extracting crate gxi_macro 0.3.0-alpha.2 into /workspace/builds/worker-41/source
[INFO] validating manifest of crates.io crate gxi_macro 0.3.0-alpha.2 on toolchain 1.54.0
[INFO] running `Command { std: "/workspace/cargo-home/bin/cargo" "+1.54.0" "metadata" "--manifest-path" "Cargo.toml" "--no-deps", kill_on_drop: false }`
[INFO] started tweaking crates.io crate gxi_macro 0.3.0-alpha.2
[INFO] finished tweaking crates.io crate gxi_macro 0.3.0-alpha.2
[INFO] tweaked toml for crates.io crate gxi_macro 0.3.0-alpha.2 written to /workspace/builds/worker-41/source/Cargo.toml
[INFO] running `Command { std: "/workspace/cargo-home/bin/cargo" "+1.54.0" "generate-lockfile" "--manifest-path" "Cargo.toml" "-Zno-index-update", kill_on_drop: false }`
[INFO] [stderr]     Blocking waiting for file lock on package cache
[INFO] running `Command { std: "/workspace/cargo-home/bin/cargo" "+1.54.0" "fetch" "--manifest-path" "Cargo.toml", kill_on_drop: false }`
[INFO] [stderr]     Blocking waiting for file lock on package cache
[INFO] [stderr]     Blocking waiting for file lock on package cache
[INFO] running `Command { std: "docker" "create" "-v" "/var/lib/crater-agent-workspace/builds/worker-41/target:/opt/rustwide/target:rw,Z" "-v" "/var/lib/crater-agent-workspace/builds/worker-41/source:/opt/rustwide/workdir:ro,Z" "-v" "/var/lib/crater-agent-workspace/cargo-home:/opt/rustwide/cargo-home:ro,Z" "-v" "/var/lib/crater-agent-workspace/rustup-home:/opt/rustwide/rustup-home:ro,Z" "-e" "SOURCE_DIR=/opt/rustwide/workdir" "-e" "CARGO_TARGET_DIR=/opt/rustwide/target" "-e" "CARGO_HOME=/opt/rustwide/cargo-home" "-e" "RUSTUP_HOME=/opt/rustwide/rustup-home" "-w" "/opt/rustwide/workdir" "-m" "1610612736" "--user" "0:0" "--network" "none" "ghcr.io/rust-lang/crates-build-env/linux@sha256:34b6a614d2c27851fe6cbf88fbd1137609cefab8b10d0615aaeb6fd47975d74e" "/opt/rustwide/cargo-home/bin/cargo" "+1.54.0" "metadata" "--no-deps" "--format-version=1", kill_on_drop: false }`
[INFO] [stdout] 24454e6e57d752579a7bbc0ac7b8c966fbb0b5d1d30b39cbdf7ddb8ce0279e6c
[INFO] running `Command { std: "docker" "start" "-a" "24454e6e57d752579a7bbc0ac7b8c966fbb0b5d1d30b39cbdf7ddb8ce0279e6c", kill_on_drop: false }`
[INFO] running `Command { std: "docker" "inspect" "24454e6e57d752579a7bbc0ac7b8c966fbb0b5d1d30b39cbdf7ddb8ce0279e6c", kill_on_drop: false }`
[INFO] running `Command { std: "docker" "rm" "-f" "24454e6e57d752579a7bbc0ac7b8c966fbb0b5d1d30b39cbdf7ddb8ce0279e6c", kill_on_drop: false }`
[INFO] [stdout] 24454e6e57d752579a7bbc0ac7b8c966fbb0b5d1d30b39cbdf7ddb8ce0279e6c
[INFO] running `Command { std: "docker" "create" "-v" "/var/lib/crater-agent-workspace/builds/worker-41/target:/opt/rustwide/target:rw,Z" "-v" "/var/lib/crater-agent-workspace/builds/worker-41/source:/opt/rustwide/workdir:ro,Z" "-v" "/var/lib/crater-agent-workspace/cargo-home:/opt/rustwide/cargo-home:ro,Z" "-v" "/var/lib/crater-agent-workspace/rustup-home:/opt/rustwide/rustup-home:ro,Z" "-e" "SOURCE_DIR=/opt/rustwide/workdir" "-e" "CARGO_TARGET_DIR=/opt/rustwide/target" "-e" "CARGO_INCREMENTAL=0" "-e" "RUST_BACKTRACE=full" "-e" "RUSTFLAGS=--cap-lints=warn" "-e" "CARGO_HOME=/opt/rustwide/cargo-home" "-e" "RUSTUP_HOME=/opt/rustwide/rustup-home" "-w" "/opt/rustwide/workdir" "-m" "1610612736" "--user" "0:0" "--network" "none" "ghcr.io/rust-lang/crates-build-env/linux@sha256:34b6a614d2c27851fe6cbf88fbd1137609cefab8b10d0615aaeb6fd47975d74e" "/opt/rustwide/cargo-home/bin/cargo" "+1.54.0" "build" "--frozen" "--message-format=json", kill_on_drop: false }`
[INFO] [stdout] 1773d536628ad13ccc1adf24c24b31bcedea2207961eda558e0445343f3975de
[INFO] running `Command { std: "docker" "start" "-a" "1773d536628ad13ccc1adf24c24b31bcedea2207961eda558e0445343f3975de", kill_on_drop: false }`
[INFO] [stderr]     Blocking waiting for file lock on package cache
[INFO] [stderr]     Blocking waiting for file lock on package cache
[INFO] [stderr]    Compiling proc-macro2 v1.0.28
[INFO] [stderr]    Compiling syn v1.0.74
[INFO] [stderr]    Compiling quote v1.0.9
[INFO] [stderr]    Compiling gxi_macro v0.3.0-alpha.2 (/opt/rustwide/workdir)
[INFO] [stderr]     Finished dev [unoptimized + debuginfo] target(s) in 11.98s
[INFO] running `Command { std: "docker" "inspect" "1773d536628ad13ccc1adf24c24b31bcedea2207961eda558e0445343f3975de", kill_on_drop: false }`
[INFO] running `Command { std: "docker" "rm" "-f" "1773d536628ad13ccc1adf24c24b31bcedea2207961eda558e0445343f3975de", kill_on_drop: false }`
[INFO] [stdout] 1773d536628ad13ccc1adf24c24b31bcedea2207961eda558e0445343f3975de
[INFO] running `Command { std: "docker" "create" "-v" "/var/lib/crater-agent-workspace/builds/worker-41/target:/opt/rustwide/target:rw,Z" "-v" "/var/lib/crater-agent-workspace/builds/worker-41/source:/opt/rustwide/workdir:ro,Z" "-v" "/var/lib/crater-agent-workspace/cargo-home:/opt/rustwide/cargo-home:ro,Z" "-v" "/var/lib/crater-agent-workspace/rustup-home:/opt/rustwide/rustup-home:ro,Z" "-e" "SOURCE_DIR=/opt/rustwide/workdir" "-e" "CARGO_TARGET_DIR=/opt/rustwide/target" "-e" "CARGO_INCREMENTAL=0" "-e" "RUST_BACKTRACE=full" "-e" "RUSTFLAGS=--cap-lints=warn" "-e" "CARGO_HOME=/opt/rustwide/cargo-home" "-e" "RUSTUP_HOME=/opt/rustwide/rustup-home" "-w" "/opt/rustwide/workdir" "-m" "1610612736" "--user" "0:0" "--network" "none" "ghcr.io/rust-lang/crates-build-env/linux@sha256:34b6a614d2c27851fe6cbf88fbd1137609cefab8b10d0615aaeb6fd47975d74e" "/opt/rustwide/cargo-home/bin/cargo" "+1.54.0" "test" "--frozen" "--no-run" "--message-format=json", kill_on_drop: false }`
[INFO] [stdout] 4c91d4f663dc10f7c214d30c1e3a1988c07db7d606d4666dbcf82da89702b404
[INFO] running `Command { std: "docker" "start" "-a" "4c91d4f663dc10f7c214d30c1e3a1988c07db7d606d4666dbcf82da89702b404", kill_on_drop: false }`
[INFO] [stderr]    Compiling gxi_macro v0.3.0-alpha.2 (/opt/rustwide/workdir)
[INFO] [stderr]     Finished test [unoptimized + debuginfo] target(s) in 1.00s
[INFO] running `Command { std: "docker" "inspect" "4c91d4f663dc10f7c214d30c1e3a1988c07db7d606d4666dbcf82da89702b404", kill_on_drop: false }`
[INFO] running `Command { std: "docker" "rm" "-f" "4c91d4f663dc10f7c214d30c1e3a1988c07db7d606d4666dbcf82da89702b404", kill_on_drop: false }`
[INFO] [stdout] 4c91d4f663dc10f7c214d30c1e3a1988c07db7d606d4666dbcf82da89702b404
[INFO] running `Command { std: "docker" "create" "-v" "/var/lib/crater-agent-workspace/builds/worker-41/target:/opt/rustwide/target:rw,Z" "-v" "/var/lib/crater-agent-workspace/builds/worker-41/source:/opt/rustwide/workdir:ro,Z" "-v" "/var/lib/crater-agent-workspace/cargo-home:/opt/rustwide/cargo-home:ro,Z" "-v" "/var/lib/crater-agent-workspace/rustup-home:/opt/rustwide/rustup-home:ro,Z" "-e" "SOURCE_DIR=/opt/rustwide/workdir" "-e" "CARGO_TARGET_DIR=/opt/rustwide/target" "-e" "CARGO_INCREMENTAL=0" "-e" "RUST_BACKTRACE=full" "-e" "RUSTFLAGS=--cap-lints=warn" "-e" "CARGO_HOME=/opt/rustwide/cargo-home" "-e" "RUSTUP_HOME=/opt/rustwide/rustup-home" "-w" "/opt/rustwide/workdir" "-m" "1610612736" "--user" "0:0" "--network" "none" "ghcr.io/rust-lang/crates-build-env/linux@sha256:34b6a614d2c27851fe6cbf88fbd1137609cefab8b10d0615aaeb6fd47975d74e" "/opt/rustwide/cargo-home/bin/cargo" "+1.54.0" "test" "--frozen", kill_on_drop: false }`
[INFO] [stdout] 61cfc2f1c2750fcccfbdab2516eb0ec109ccd018466bd66e167d27c66a50c886
[INFO] running `Command { std: "docker" "start" "-a" "61cfc2f1c2750fcccfbdab2516eb0ec109ccd018466bd66e167d27c66a50c886", kill_on_drop: false }`
[INFO] [stderr]     Blocking waiting for file lock on package cache
[INFO] [stderr]     Finished test [unoptimized + debuginfo] target(s) in 0.40s
[INFO] [stderr]      Running unittests (/opt/rustwide/target/debug/deps/gxi_macro-96c928201164df45)
[INFO] [stdout] 
[INFO] [stdout] running 0 tests
[INFO] [stdout] 
[INFO] [stdout] test result: ok. 0 passed; 0 failed; 0 ignored; 0 measured; 0 filtered out; finished in 0.00s
[INFO] [stdout] 
[INFO] [stderr]    Doc-tests gxi_macro
[INFO] [stdout] 
[INFO] [stdout] running 4 tests
[INFO] [stdout] test src/lib.rs - gxi (line 16) ... FAILED
[INFO] [stdout] test src/lib.rs - gxi (line 34) ... FAILED
[INFO] [stdout] test src/lib.rs - gxi (line 59) ... FAILED
[INFO] [stdout] test src/lib.rs - gxi (line 75) ... ok
[INFO] [stdout] 
[INFO] [stdout] failures:
[INFO] [stdout] 
[INFO] [stdout] ---- src/lib.rs - gxi (line 16) stdout ----
[INFO] [stdout] error: cannot find macro `gxi` in this scope
[INFO] [stdout]  --> src/lib.rs:17:1
[INFO] [stdout]   |
[INFO] [stdout] 3 | gxi! {
[INFO] [stdout]   | ^^^
[INFO] [stdout]   |
[INFO] [stdout]   = note: consider importing this macro:
[INFO] [stdout]           gxi_macro::gxi
[INFO] [stdout] 
[INFO] [stdout] error: aborting due to previous error
[INFO] [stdout] 
[INFO] [stdout] Couldn't compile the test.
[INFO] [stdout] ---- src/lib.rs - gxi (line 34) stdout ----
[INFO] [stdout] error[E0412]: cannot find type `NodeRc` in this scope
[INFO] [stdout]  --> src/lib.rs:36:17
[INFO] [stdout]   |
[INFO] [stdout] 4 | fn render(this: NodeRc) {
[INFO] [stdout]   |                 ^^^^^^ not found in this scope
[INFO] [stdout] 
[INFO] [stdout] error[E0411]: cannot find type `Self` in this scope
[INFO] [stdout]  --> src/lib.rs:41:59
[INFO] [stdout]   |
[INFO] [stdout] 4 | fn render(this: NodeRc) {
[INFO] [stdout]   |          - help: you might be missing a type parameter: `<Self>`
[INFO] [stdout] ...
[INFO] [stdout] 9 |        let node = node_borrow.as_any_mut().downcast_mut::<Self>().unwrap();
[INFO] [stdout]   |                                                           ^^^^ `Self` is only available in impls, traits, and type definitions
[INFO] [stdout] 
[INFO] [stdout] error[E0599]: no method named `clone` found for struct `Rc<_>` in the current scope
[INFO] [stdout]  --> src/lib.rs:38:20
[INFO] [stdout]   |
[INFO] [stdout] 6 |    let node = cont.clone();
[INFO] [stdout]   |                    ^^^^^ method not found in `Rc<_>`
[INFO] [stdout]   |
[INFO] [stdout]   = note: `cont` is a function, perhaps you wish to call it
[INFO] [stdout] 
[INFO] [stdout] error: aborting due to 3 previous errors
[INFO] [stdout] 
[INFO] [stdout] Some errors have detailed explanations: E0411, E0412, E0599.
[INFO] [stdout] For more information about an error, try `rustc --explain E0411`.
[INFO] [stdout] Couldn't compile the test.
[INFO] [stdout] ---- src/lib.rs - gxi (line 59) stdout ----
[INFO] [stdout] error: cannot find attribute `update` in this scope
[INFO] [stdout]  --> src/lib.rs:60:3
[INFO] [stdout]   |
[INFO] [stdout] 3 | #[update(NameOfComponent)]
[INFO] [stdout]   |   ^^^^^^
[INFO] [stdout] 
[INFO] [stdout] error[E0412]: cannot find type `State` in this scope
[INFO] [stdout]  --> src/lib.rs:61:43
[INFO] [stdout]   |
[INFO] [stdout] 4 | async fn update<F: Fn() + 'static>(state: State, msg: Msg, render: F) -> AsyncResult<ShouldRender> {
[INFO] [stdout]   |                                           ^^^^^ not found in this scope
[INFO] [stdout] 
[INFO] [stdout] error[E0412]: cannot find type `Msg` in this scope
[INFO] [stdout]  --> src/lib.rs:61:55
[INFO] [stdout]   |
[INFO] [stdout] 4 | async fn update<F: Fn() + 'static>(state: State, msg: Msg, render: F) -> AsyncResult<ShouldRender> {
[INFO] [stdout]   |                                                       ^^^ not found in this scope
[INFO] [stdout] 
[INFO] [stdout] error[E0412]: cannot find type `AsyncResult` in this scope
[INFO] [stdout]  --> src/lib.rs:61:74
[INFO] [stdout]   |
[INFO] [stdout] 4 | async fn update<F: Fn() + 'static>(state: State, msg: Msg, render: F) -> AsyncResult<ShouldRender> {
[INFO] [stdout]   |                                                                          ^^^^^^^^^^^ not found in this scope
[INFO] [stdout] 
[INFO] [stdout] error[E0412]: cannot find type `ShouldRender` in this scope
[INFO] [stdout]  --> src/lib.rs:61:86
[INFO] [stdout]   |
[INFO] [stdout] 4 | async fn update<F: Fn() + 'static>(state: State, msg: Msg, render: F) -> AsyncResult<ShouldRender> {
[INFO] [stdout]   |                                  -                                                   ^^^^^^^^^^^^ not found in this scope
[INFO] [stdout]   |                                  |
[INFO] [stdout]   |                                  help: you might be missing a type parameter: `, ShouldRender`
[INFO] [stdout] 
[INFO] [stdout] error: aborting due to 5 previous errors
[INFO] [stdout] 
[INFO] [stdout] For more information about this error, try `rustc --explain E0412`.
[INFO] [stdout] Couldn't compile the test.
[INFO] [stdout] 
[INFO] [stdout] failures:
[INFO] [stdout]     src/lib.rs - gxi (line 16)
[INFO] [stdout]     src/lib.rs - gxi (line 34)
[INFO] [stdout]     src/lib.rs - gxi (line 59)
[INFO] [stdout] 
[INFO] [stdout] test result: FAILED. 1 passed; 3 failed; 0 ignored; 0 measured; 0 filtered out; finished in 0.86s
[INFO] [stdout] 
[INFO] [stderr] error: test failed, to rerun pass '--doc'
[INFO] running `Command { std: "docker" "inspect" "61cfc2f1c2750fcccfbdab2516eb0ec109ccd018466bd66e167d27c66a50c886", kill_on_drop: false }`
[INFO] running `Command { std: "docker" "rm" "-f" "61cfc2f1c2750fcccfbdab2516eb0ec109ccd018466bd66e167d27c66a50c886", kill_on_drop: false }`
[INFO] [stdout] 61cfc2f1c2750fcccfbdab2516eb0ec109ccd018466bd66e167d27c66a50c886
