[INFO] fetching crate gtk4-macros 0.2.0...
[INFO] testing gtk4-macros-0.2.0 against beta-2021-08-01 for beta-1.55-1
[INFO] extracting crate gtk4-macros 0.2.0 into /workspace/builds/worker-44/source
[INFO] validating manifest of crates.io crate gtk4-macros 0.2.0 on toolchain beta-2021-08-01
[INFO] running `Command { std: "/workspace/cargo-home/bin/cargo" "+beta-2021-08-01" "metadata" "--manifest-path" "Cargo.toml" "--no-deps", kill_on_drop: false }`
[INFO] started tweaking crates.io crate gtk4-macros 0.2.0
[INFO] finished tweaking crates.io crate gtk4-macros 0.2.0
[INFO] tweaked toml for crates.io crate gtk4-macros 0.2.0 written to /workspace/builds/worker-44/source/Cargo.toml
[INFO] running `Command { std: "/workspace/cargo-home/bin/cargo" "+beta-2021-08-01" "generate-lockfile" "--manifest-path" "Cargo.toml" "-Zno-index-update", kill_on_drop: false }`
[INFO] running `Command { std: "/workspace/cargo-home/bin/cargo" "+beta-2021-08-01" "fetch" "--manifest-path" "Cargo.toml", kill_on_drop: false }`
[INFO] running `Command { std: "docker" "create" "-v" "/var/lib/crater-agent-workspace/builds/worker-44/target:/opt/rustwide/target:rw,Z" "-v" "/var/lib/crater-agent-workspace/builds/worker-44/source:/opt/rustwide/workdir:ro,Z" "-v" "/var/lib/crater-agent-workspace/cargo-home:/opt/rustwide/cargo-home:ro,Z" "-v" "/var/lib/crater-agent-workspace/rustup-home:/opt/rustwide/rustup-home:ro,Z" "-e" "SOURCE_DIR=/opt/rustwide/workdir" "-e" "CARGO_TARGET_DIR=/opt/rustwide/target" "-e" "CARGO_HOME=/opt/rustwide/cargo-home" "-e" "RUSTUP_HOME=/opt/rustwide/rustup-home" "-w" "/opt/rustwide/workdir" "-m" "1610612736" "--user" "0:0" "--network" "none" "ghcr.io/rust-lang/crates-build-env/linux@sha256:34b6a614d2c27851fe6cbf88fbd1137609cefab8b10d0615aaeb6fd47975d74e" "/opt/rustwide/cargo-home/bin/cargo" "+beta-2021-08-01" "metadata" "--no-deps" "--format-version=1", kill_on_drop: false }`
[INFO] [stdout] b3a31601b1126705540564fc219dea7d3482eb29538ccb2ce71f1eef581d32b5
[INFO] running `Command { std: "docker" "start" "-a" "b3a31601b1126705540564fc219dea7d3482eb29538ccb2ce71f1eef581d32b5", kill_on_drop: false }`
[INFO] running `Command { std: "docker" "inspect" "b3a31601b1126705540564fc219dea7d3482eb29538ccb2ce71f1eef581d32b5", kill_on_drop: false }`
[INFO] running `Command { std: "docker" "rm" "-f" "b3a31601b1126705540564fc219dea7d3482eb29538ccb2ce71f1eef581d32b5", kill_on_drop: false }`
[INFO] [stdout] b3a31601b1126705540564fc219dea7d3482eb29538ccb2ce71f1eef581d32b5
[INFO] running `Command { std: "docker" "create" "-v" "/var/lib/crater-agent-workspace/builds/worker-44/target:/opt/rustwide/target:rw,Z" "-v" "/var/lib/crater-agent-workspace/builds/worker-44/source:/opt/rustwide/workdir:ro,Z" "-v" "/var/lib/crater-agent-workspace/cargo-home:/opt/rustwide/cargo-home:ro,Z" "-v" "/var/lib/crater-agent-workspace/rustup-home:/opt/rustwide/rustup-home:ro,Z" "-e" "SOURCE_DIR=/opt/rustwide/workdir" "-e" "CARGO_TARGET_DIR=/opt/rustwide/target" "-e" "CARGO_INCREMENTAL=0" "-e" "RUST_BACKTRACE=full" "-e" "RUSTFLAGS=--cap-lints=warn" "-e" "CARGO_HOME=/opt/rustwide/cargo-home" "-e" "RUSTUP_HOME=/opt/rustwide/rustup-home" "-w" "/opt/rustwide/workdir" "-m" "1610612736" "--user" "0:0" "--network" "none" "ghcr.io/rust-lang/crates-build-env/linux@sha256:34b6a614d2c27851fe6cbf88fbd1137609cefab8b10d0615aaeb6fd47975d74e" "/opt/rustwide/cargo-home/bin/cargo" "+beta-2021-08-01" "build" "--frozen" "--message-format=json", kill_on_drop: false }`
[INFO] [stdout] c2435972ecc2f8229664e0378d3721311f1879587be3381497bd08161a2d3577
[INFO] running `Command { std: "docker" "start" "-a" "c2435972ecc2f8229664e0378d3721311f1879587be3381497bd08161a2d3577", kill_on_drop: false }`
[INFO] [stderr]     Blocking waiting for file lock on package cache
[INFO] [stderr]    Compiling syn v1.0.74
[INFO] [stderr]    Compiling anyhow v1.0.42
[INFO] [stderr]    Compiling unicode-segmentation v1.8.0
[INFO] [stderr]    Compiling proc-macro-error-attr v1.0.4
[INFO] [stderr]    Compiling proc-macro-error v1.0.4
[INFO] [stderr]    Compiling heck v0.3.3
[INFO] [stderr]    Compiling thiserror-impl v1.0.26
[INFO] [stderr]    Compiling thiserror v1.0.26
[INFO] [stderr]    Compiling proc-macro-crate v1.0.0
[INFO] [stderr]    Compiling gtk4-macros v0.2.0 (/opt/rustwide/workdir)
[INFO] [stderr]     Finished dev [unoptimized + debuginfo] target(s) in 12.30s
[INFO] running `Command { std: "docker" "inspect" "c2435972ecc2f8229664e0378d3721311f1879587be3381497bd08161a2d3577", kill_on_drop: false }`
[INFO] running `Command { std: "docker" "rm" "-f" "c2435972ecc2f8229664e0378d3721311f1879587be3381497bd08161a2d3577", kill_on_drop: false }`
[INFO] [stdout] c2435972ecc2f8229664e0378d3721311f1879587be3381497bd08161a2d3577
[INFO] running `Command { std: "docker" "create" "-v" "/var/lib/crater-agent-workspace/builds/worker-44/target:/opt/rustwide/target:rw,Z" "-v" "/var/lib/crater-agent-workspace/builds/worker-44/source:/opt/rustwide/workdir:ro,Z" "-v" "/var/lib/crater-agent-workspace/cargo-home:/opt/rustwide/cargo-home:ro,Z" "-v" "/var/lib/crater-agent-workspace/rustup-home:/opt/rustwide/rustup-home:ro,Z" "-e" "SOURCE_DIR=/opt/rustwide/workdir" "-e" "CARGO_TARGET_DIR=/opt/rustwide/target" "-e" "CARGO_INCREMENTAL=0" "-e" "RUST_BACKTRACE=full" "-e" "RUSTFLAGS=--cap-lints=warn" "-e" "CARGO_HOME=/opt/rustwide/cargo-home" "-e" "RUSTUP_HOME=/opt/rustwide/rustup-home" "-w" "/opt/rustwide/workdir" "-m" "1610612736" "--user" "0:0" "--network" "none" "ghcr.io/rust-lang/crates-build-env/linux@sha256:34b6a614d2c27851fe6cbf88fbd1137609cefab8b10d0615aaeb6fd47975d74e" "/opt/rustwide/cargo-home/bin/cargo" "+beta-2021-08-01" "test" "--frozen" "--no-run" "--message-format=json", kill_on_drop: false }`
[INFO] [stdout] 8d101fbe2a2697eae23dd2f0328aaed77f1b8b9b2bc756c3b724431080442cb2
[INFO] running `Command { std: "docker" "start" "-a" "8d101fbe2a2697eae23dd2f0328aaed77f1b8b9b2bc756c3b724431080442cb2", kill_on_drop: false }`
[INFO] [stderr]    Compiling gtk4-macros v0.2.0 (/opt/rustwide/workdir)
[INFO] [stderr]     Finished test [unoptimized + debuginfo] target(s) in 1.39s
[INFO] running `Command { std: "docker" "inspect" "8d101fbe2a2697eae23dd2f0328aaed77f1b8b9b2bc756c3b724431080442cb2", kill_on_drop: false }`
[INFO] running `Command { std: "docker" "rm" "-f" "8d101fbe2a2697eae23dd2f0328aaed77f1b8b9b2bc756c3b724431080442cb2", kill_on_drop: false }`
[INFO] [stdout] 8d101fbe2a2697eae23dd2f0328aaed77f1b8b9b2bc756c3b724431080442cb2
[INFO] running `Command { std: "docker" "create" "-v" "/var/lib/crater-agent-workspace/builds/worker-44/target:/opt/rustwide/target:rw,Z" "-v" "/var/lib/crater-agent-workspace/builds/worker-44/source:/opt/rustwide/workdir:ro,Z" "-v" "/var/lib/crater-agent-workspace/cargo-home:/opt/rustwide/cargo-home:ro,Z" "-v" "/var/lib/crater-agent-workspace/rustup-home:/opt/rustwide/rustup-home:ro,Z" "-e" "SOURCE_DIR=/opt/rustwide/workdir" "-e" "CARGO_TARGET_DIR=/opt/rustwide/target" "-e" "CARGO_INCREMENTAL=0" "-e" "RUST_BACKTRACE=full" "-e" "RUSTFLAGS=--cap-lints=warn" "-e" "CARGO_HOME=/opt/rustwide/cargo-home" "-e" "RUSTUP_HOME=/opt/rustwide/rustup-home" "-w" "/opt/rustwide/workdir" "-m" "1610612736" "--user" "0:0" "--network" "none" "ghcr.io/rust-lang/crates-build-env/linux@sha256:34b6a614d2c27851fe6cbf88fbd1137609cefab8b10d0615aaeb6fd47975d74e" "/opt/rustwide/cargo-home/bin/cargo" "+beta-2021-08-01" "test" "--frozen", kill_on_drop: false }`
[INFO] [stdout] 7655f39c55d395197bc20e901b66f20bc855c43b96f574d0ec02b2c660e7a56e
[INFO] running `Command { std: "docker" "start" "-a" "7655f39c55d395197bc20e901b66f20bc855c43b96f574d0ec02b2c660e7a56e", kill_on_drop: false }`
[INFO] [stderr]     Finished test [unoptimized + debuginfo] target(s) in 0.10s
[INFO] [stderr]      Running unittests (/opt/rustwide/target/debug/deps/gtk4_macros-25332e8efda00635)
[INFO] [stdout] 
[INFO] [stderr]    Doc-tests gtk4-macros
[INFO] [stdout] running 0 tests
[INFO] [stdout] 
[INFO] [stdout] test result: ok. 0 passed; 0 failed; 0 ignored; 0 measured; 0 filtered out; finished in 0.00s
[INFO] [stdout] 
[INFO] [stdout] 
[INFO] [stdout] running 1 test
[INFO] [stdout] test src/lib.rs - composite_template_derive (line 33) - compile ... FAILED
[INFO] [stdout] 
[INFO] [stdout] failures:
[INFO] [stdout] 
[INFO] [stdout] ---- src/lib.rs - composite_template_derive (line 33) stdout ----
[INFO] [stdout] error[E0433]: failed to resolve: use of undeclared crate or module `gtk`
[INFO] [stdout]  --> src/lib.rs:35:5
[INFO] [stdout]   |
[INFO] [stdout] 3 | use gtk::prelude::*;
[INFO] [stdout]   |     ^^^ use of undeclared crate or module `gtk`
[INFO] [stdout] 
[INFO] [stdout] error[E0432]: unresolved imports `gtk::prelude::*`, `gtk`
[INFO] [stdout]  --> src/lib.rs:35:5
[INFO] [stdout]   |
[INFO] [stdout] 3 | use gtk::prelude::*;
[INFO] [stdout]   |     ^^^^^^^^^^^^^^^
[INFO] [stdout] 4 | use gtk::glib;
[INFO] [stdout]   |     ^^^ use of undeclared crate or module `gtk`
[INFO] [stdout] 
[INFO] [stdout] error[E0433]: failed to resolve: use of undeclared crate or module `gtk`
[INFO] [stdout]  --> src/lib.rs:38:5
[INFO] [stdout]   |
[INFO] [stdout] 6 | use gtk::subclass::prelude::*;
[INFO] [stdout]   |     ^^^ use of undeclared crate or module `gtk`
[INFO] [stdout] 
[INFO] [stdout] error[E0432]: unresolved imports `gtk`, `gtk::subclass::prelude::*`
[INFO] [stdout]  --> src/lib.rs:37:5
[INFO] [stdout]   |
[INFO] [stdout] 5 | use gtk::CompositeTemplate;
[INFO] [stdout]   |     ^^^ use of undeclared crate or module `gtk`
[INFO] [stdout] 6 | use gtk::subclass::prelude::*;
[INFO] [stdout]   |     ^^^^^^^^^^^^^^^^^^^^^^^^^
[INFO] [stdout] 
[INFO] [stdout] error: cannot determine resolution for the macro `glib::wrapper`
[INFO] [stdout]   --> src/lib.rs:72:1
[INFO] [stdout]    |
[INFO] [stdout] 40 | glib::wrapper! {
[INFO] [stdout]    | ^^^^^^^^^^^^^
[INFO] [stdout]    |
[INFO] [stdout]    = note: import resolution is stuck, try simplifying macro imports
[INFO] [stdout] 
[INFO] [stdout] error: cannot determine resolution for the attribute macro `glib::object_subclass`
[INFO] [stdout]   --> src/lib.rs:52:7
[INFO] [stdout]    |
[INFO] [stdout] 20 |     #[glib::object_subclass]
[INFO] [stdout]    |       ^^^^^^^^^^^^^^^^^^^^^
[INFO] [stdout]    |
[INFO] [stdout]    = note: import resolution is stuck, try simplifying macro imports
[INFO] [stdout] 
[INFO] [stdout] error: cannot determine resolution for the derive macro `CompositeTemplate`
[INFO] [stdout]   --> src/lib.rs:43:30
[INFO] [stdout]    |
[INFO] [stdout] 11 |     #[derive(Debug, Default, CompositeTemplate)]
[INFO] [stdout]    |                              ^^^^^^^^^^^^^^^^^
[INFO] [stdout]    |
[INFO] [stdout]    = note: import resolution is stuck, try simplifying macro imports
[INFO] [stdout] 
[INFO] [stdout] error: cannot find attribute `template` in this scope
[INFO] [stdout]   --> src/lib.rs:44:7
[INFO] [stdout]    |
[INFO] [stdout] 12 |     #[template(file = "test/template.ui")]
[INFO] [stdout]    |       ^^^^^^^^
[INFO] [stdout] 
[INFO] [stdout] error: cannot find attribute `template_child` in this scope
[INFO] [stdout]   --> src/lib.rs:46:11
[INFO] [stdout]    |
[INFO] [stdout] 14 |         #[template_child]
[INFO] [stdout]    |           ^^^^^^^^^^^^^^
[INFO] [stdout] 
[INFO] [stdout] error: cannot find attribute `template_child` in this scope
[INFO] [stdout]   --> src/lib.rs:48:11
[INFO] [stdout]    |
[INFO] [stdout] 16 |         #[template_child(id = "my_button_id")]
[INFO] [stdout]    |           ^^^^^^^^^^^^^^
[INFO] [stdout] 
[INFO] [stdout] error[E0433]: failed to resolve: use of undeclared crate or module `gtk`
[INFO] [stdout]   --> src/lib.rs:47:34
[INFO] [stdout]    |
[INFO] [stdout] 15 |         pub label: TemplateChild<gtk::Label>,
[INFO] [stdout]    |                                  ^^^ use of undeclared crate or module `gtk`
[INFO] [stdout] 
[INFO] [stdout] error[E0433]: failed to resolve: use of undeclared crate or module `gtk`
[INFO] [stdout]   --> src/lib.rs:49:35
[INFO] [stdout]    |
[INFO] [stdout] 17 |         pub button: TemplateChild<gtk::Button>,
[INFO] [stdout]    |                                   ^^^ use of undeclared crate or module `gtk`
[INFO] [stdout] 
[INFO] [stdout] error[E0433]: failed to resolve: use of undeclared crate or module `gtk`
[INFO] [stdout]   --> src/lib.rs:56:27
[INFO] [stdout]    |
[INFO] [stdout] 24 |         type ParentType = gtk::Box;
[INFO] [stdout]    |                           ^^^ use of undeclared crate or module `gtk`
[INFO] [stdout] 
[INFO] [stdout] error[E0412]: cannot find type `TemplateChild` in this scope
[INFO] [stdout]   --> src/lib.rs:47:20
[INFO] [stdout]    |
[INFO] [stdout] 15 |         pub label: TemplateChild<gtk::Label>,
[INFO] [stdout]    |                    ^^^^^^^^^^^^^ not found in this scope
[INFO] [stdout] 
[INFO] [stdout] error[E0412]: cannot find type `TemplateChild` in this scope
[INFO] [stdout]   --> src/lib.rs:49:21
[INFO] [stdout]    |
[INFO] [stdout] 17 |         pub button: TemplateChild<gtk::Button>,
[INFO] [stdout]    |                     ^^^^^^^^^^^^^ not found in this scope
[INFO] [stdout] 
[INFO] [stdout] error[E0405]: cannot find trait `ObjectSubclass` in this scope
[INFO] [stdout]   --> src/lib.rs:53:10
[INFO] [stdout]    |
[INFO] [stdout] 21 |     impl ObjectSubclass for MyWidget {
[INFO] [stdout]    |          ^^^^^^^^^^^^^^ not found in this scope
[INFO] [stdout] 
[INFO] [stdout] error[E0412]: cannot find type `MyWidget` in module `super`
[INFO] [stdout]   --> src/lib.rs:55:28
[INFO] [stdout]    |
[INFO] [stdout] 23 |         type Type = super::MyWidget;
[INFO] [stdout]    |                            ^^^^^^^^ not found in `super`
[INFO] [stdout] 
[INFO] [stdout] error[E0405]: cannot find trait `ObjectImpl` in this scope
[INFO] [stdout]   --> src/lib.rs:67:10
[INFO] [stdout]    |
[INFO] [stdout] 35 |     impl ObjectImpl for MyWidget {}
[INFO] [stdout]    |          ^^^^^^^^^^ not found in this scope
[INFO] [stdout] 
[INFO] [stdout] error[E0405]: cannot find trait `WidgetImpl` in this scope
[INFO] [stdout]   --> src/lib.rs:68:10
[INFO] [stdout]    |
[INFO] [stdout] 36 |     impl WidgetImpl for MyWidget {}
[INFO] [stdout]    |          ^^^^^^^^^^ not found in this scope
[INFO] [stdout] 
[INFO] [stdout] error[E0405]: cannot find trait `BoxImpl` in this scope
[INFO] [stdout]   --> src/lib.rs:69:10
[INFO] [stdout]    |
[INFO] [stdout] 37 |     impl BoxImpl for MyWidget {}
[INFO] [stdout]    |          ^^^^^^^ not found in this scope
[INFO] [stdout] 
[INFO] [stdout] error[E0412]: cannot find type `MyWidget` in this scope
[INFO] [stdout]   --> src/lib.rs:76:6
[INFO] [stdout]    |
[INFO] [stdout] 44 | impl MyWidget {
[INFO] [stdout]    |      ^^^^^^^^ not found in this scope
[INFO] [stdout]    |
[INFO] [stdout] help: consider importing this struct
[INFO] [stdout]    |
[INFO] [stdout] 3  | use crate::imp::MyWidget;
[INFO] [stdout]    |
[INFO] [stdout] 
[INFO] [stdout] error: aborting due to 21 previous errors
[INFO] [stdout] 
[INFO] [stdout] Some errors have detailed explanations: E0405, E0412, E0432, E0433.
[INFO] [stdout] For more information about an error, try `rustc --explain E0405`.
[INFO] [stdout] Couldn't compile the test.
[INFO] [stdout] 
[INFO] [stdout] failures:
[INFO] [stdout]     src/lib.rs - composite_template_derive (line 33)
[INFO] [stdout] 
[INFO] [stdout] test result: FAILED. 0 passed; 1 failed; 0 ignored; 0 measured; 0 filtered out; finished in 0.20s
[INFO] [stdout] 
[INFO] [stderr] error: test failed, to rerun pass '--doc'
[INFO] running `Command { std: "docker" "inspect" "7655f39c55d395197bc20e901b66f20bc855c43b96f574d0ec02b2c660e7a56e", kill_on_drop: false }`
[INFO] running `Command { std: "docker" "rm" "-f" "7655f39c55d395197bc20e901b66f20bc855c43b96f574d0ec02b2c660e7a56e", kill_on_drop: false }`
[INFO] [stdout] 7655f39c55d395197bc20e901b66f20bc855c43b96f574d0ec02b2c660e7a56e
