[INFO] fetching crate grpc-rust 0.1.0...
[INFO] testing grpc-rust-0.1.0 against 1.54.0 for beta-1.55-1
[INFO] extracting crate grpc-rust 0.1.0 into /workspace/builds/worker-53/source
[INFO] validating manifest of crates.io crate grpc-rust 0.1.0 on toolchain 1.54.0
[INFO] running `Command { std: "/workspace/cargo-home/bin/cargo" "+1.54.0" "metadata" "--manifest-path" "Cargo.toml" "--no-deps", kill_on_drop: false }`
[INFO] started tweaking crates.io crate grpc-rust 0.1.0
[INFO] finished tweaking crates.io crate grpc-rust 0.1.0
[INFO] tweaked toml for crates.io crate grpc-rust 0.1.0 written to /workspace/builds/worker-53/source/Cargo.toml
[INFO] running `Command { std: "/workspace/cargo-home/bin/cargo" "+1.54.0" "generate-lockfile" "--manifest-path" "Cargo.toml" "-Zno-index-update", kill_on_drop: false }`
[INFO] [stderr]     Blocking waiting for file lock on package cache
[INFO] running `Command { std: "/workspace/cargo-home/bin/cargo" "+1.54.0" "fetch" "--manifest-path" "Cargo.toml", kill_on_drop: false }`
[INFO] [stderr]     Blocking waiting for file lock on package cache
[INFO] [stderr]     Blocking waiting for file lock on package cache
[INFO] running `Command { std: "docker" "create" "-v" "/var/lib/crater-agent-workspace/builds/worker-53/target:/opt/rustwide/target:rw,Z" "-v" "/var/lib/crater-agent-workspace/builds/worker-53/source:/opt/rustwide/workdir:ro,Z" "-v" "/var/lib/crater-agent-workspace/cargo-home:/opt/rustwide/cargo-home:ro,Z" "-v" "/var/lib/crater-agent-workspace/rustup-home:/opt/rustwide/rustup-home:ro,Z" "-e" "SOURCE_DIR=/opt/rustwide/workdir" "-e" "CARGO_TARGET_DIR=/opt/rustwide/target" "-e" "CARGO_HOME=/opt/rustwide/cargo-home" "-e" "RUSTUP_HOME=/opt/rustwide/rustup-home" "-w" "/opt/rustwide/workdir" "-m" "1610612736" "--user" "0:0" "--network" "none" "ghcr.io/rust-lang/crates-build-env/linux@sha256:34b6a614d2c27851fe6cbf88fbd1137609cefab8b10d0615aaeb6fd47975d74e" "/opt/rustwide/cargo-home/bin/cargo" "+1.54.0" "metadata" "--no-deps" "--format-version=1", kill_on_drop: false }`
[INFO] [stdout] 7bfb4be1cbc8d4bd55d54622c8f2be09a7815901df0d37d996cc0d9dc48f8ae5
[INFO] running `Command { std: "docker" "start" "-a" "7bfb4be1cbc8d4bd55d54622c8f2be09a7815901df0d37d996cc0d9dc48f8ae5", kill_on_drop: false }`
[INFO] running `Command { std: "docker" "inspect" "7bfb4be1cbc8d4bd55d54622c8f2be09a7815901df0d37d996cc0d9dc48f8ae5", kill_on_drop: false }`
[INFO] running `Command { std: "docker" "rm" "-f" "7bfb4be1cbc8d4bd55d54622c8f2be09a7815901df0d37d996cc0d9dc48f8ae5", kill_on_drop: false }`
[INFO] [stdout] 7bfb4be1cbc8d4bd55d54622c8f2be09a7815901df0d37d996cc0d9dc48f8ae5
[INFO] running `Command { std: "docker" "create" "-v" "/var/lib/crater-agent-workspace/builds/worker-53/target:/opt/rustwide/target:rw,Z" "-v" "/var/lib/crater-agent-workspace/builds/worker-53/source:/opt/rustwide/workdir:ro,Z" "-v" "/var/lib/crater-agent-workspace/cargo-home:/opt/rustwide/cargo-home:ro,Z" "-v" "/var/lib/crater-agent-workspace/rustup-home:/opt/rustwide/rustup-home:ro,Z" "-e" "SOURCE_DIR=/opt/rustwide/workdir" "-e" "CARGO_TARGET_DIR=/opt/rustwide/target" "-e" "CARGO_INCREMENTAL=0" "-e" "RUST_BACKTRACE=full" "-e" "RUSTFLAGS=--cap-lints=warn" "-e" "CARGO_HOME=/opt/rustwide/cargo-home" "-e" "RUSTUP_HOME=/opt/rustwide/rustup-home" "-w" "/opt/rustwide/workdir" "-m" "1610612736" "--user" "0:0" "--network" "none" "ghcr.io/rust-lang/crates-build-env/linux@sha256:34b6a614d2c27851fe6cbf88fbd1137609cefab8b10d0615aaeb6fd47975d74e" "/opt/rustwide/cargo-home/bin/cargo" "+1.54.0" "build" "--frozen" "--message-format=json", kill_on_drop: false }`
[INFO] [stdout] c864aa0054222542217bd46b0c949bbde5fd14c733a821277abb476d0ed18b65
[INFO] running `Command { std: "docker" "start" "-a" "c864aa0054222542217bd46b0c949bbde5fd14c733a821277abb476d0ed18b65", kill_on_drop: false }`
[INFO] [stderr]    Compiling winapi-build v0.1.1
[INFO] [stderr]    Compiling winapi v0.2.8
[INFO] [stderr]    Compiling utf8-ranges v0.1.3
[INFO] [stderr]    Compiling regex-syntax v0.3.9
[INFO] [stderr]    Compiling lazy_static v0.2.11
[INFO] [stderr]    Compiling rustc-serialize v0.3.24
[INFO] [stderr]    Compiling memchr v0.1.11
[INFO] [stderr]    Compiling errno v0.1.8
[INFO] [stderr]    Compiling log v0.3.9
[INFO] [stderr]    Compiling aho-corasick v0.5.3
[INFO] [stderr]    Compiling kernel32-sys v0.2.2
[INFO] [stderr]    Compiling thread-id v2.0.0
[INFO] [stderr]    Compiling thread_local v0.2.7
[INFO] [stderr]    Compiling regex v0.1.80
[INFO] [stderr]    Compiling semver-parser v0.6.2
[INFO] [stderr]    Compiling env_logger v0.3.5
[INFO] [stderr]    Compiling semver v0.4.1
[INFO] [stderr]    Compiling grpc-rust v0.1.0 (/opt/rustwide/workdir)
[INFO] [stdout] warning: use of deprecated associated function `std::error::Error::description`: use the Display impl or to_string()
[INFO] [stdout]   --> src/error.rs:64:39
[INFO] [stdout]    |
[INFO] [stdout] 64 |             Error::IO(ref err) => err.description(),
[INFO] [stdout]    |                                       ^^^^^^^^^^^
[INFO] [stdout]    |
[INFO] [stdout]    = note: `#[warn(deprecated)]` on by default
[INFO] [stdout] 
[INFO] [stdout] 
[INFO] [stdout] warning: 1 warning emitted
[INFO] [stdout] 
[INFO] [stdout] 
[INFO] [stderr]     Finished dev [unoptimized + debuginfo] target(s) in 10.55s
[INFO] running `Command { std: "docker" "inspect" "c864aa0054222542217bd46b0c949bbde5fd14c733a821277abb476d0ed18b65", kill_on_drop: false }`
[INFO] running `Command { std: "docker" "rm" "-f" "c864aa0054222542217bd46b0c949bbde5fd14c733a821277abb476d0ed18b65", kill_on_drop: false }`
[INFO] [stdout] c864aa0054222542217bd46b0c949bbde5fd14c733a821277abb476d0ed18b65
[INFO] running `Command { std: "docker" "create" "-v" "/var/lib/crater-agent-workspace/builds/worker-53/target:/opt/rustwide/target:rw,Z" "-v" "/var/lib/crater-agent-workspace/builds/worker-53/source:/opt/rustwide/workdir:ro,Z" "-v" "/var/lib/crater-agent-workspace/cargo-home:/opt/rustwide/cargo-home:ro,Z" "-v" "/var/lib/crater-agent-workspace/rustup-home:/opt/rustwide/rustup-home:ro,Z" "-e" "SOURCE_DIR=/opt/rustwide/workdir" "-e" "CARGO_TARGET_DIR=/opt/rustwide/target" "-e" "CARGO_INCREMENTAL=0" "-e" "RUST_BACKTRACE=full" "-e" "RUSTFLAGS=--cap-lints=warn" "-e" "CARGO_HOME=/opt/rustwide/cargo-home" "-e" "RUSTUP_HOME=/opt/rustwide/rustup-home" "-w" "/opt/rustwide/workdir" "-m" "1610612736" "--user" "0:0" "--network" "none" "ghcr.io/rust-lang/crates-build-env/linux@sha256:34b6a614d2c27851fe6cbf88fbd1137609cefab8b10d0615aaeb6fd47975d74e" "/opt/rustwide/cargo-home/bin/cargo" "+1.54.0" "test" "--frozen" "--no-run" "--message-format=json", kill_on_drop: false }`
[INFO] [stdout] 4fbf565fcf09bb8279350cb9cccc3c9f8265737be768a53d81c528698a8139fd
[INFO] running `Command { std: "docker" "start" "-a" "4fbf565fcf09bb8279350cb9cccc3c9f8265737be768a53d81c528698a8139fd", kill_on_drop: false }`
[INFO] [stderr]    Compiling grpc-rust v0.1.0 (/opt/rustwide/workdir)
[INFO] [stdout] warning: use of deprecated associated function `std::error::Error::description`: use the Display impl or to_string()
[INFO] [stdout]   --> src/error.rs:64:39
[INFO] [stdout]    |
[INFO] [stdout] 64 |             Error::IO(ref err) => err.description(),
[INFO] [stdout]    |                                       ^^^^^^^^^^^
[INFO] [stdout]    |
[INFO] [stdout]    = note: `#[warn(deprecated)]` on by default
[INFO] [stdout] 
[INFO] [stdout] 
[INFO] [stdout] warning: 1 warning emitted
[INFO] [stdout] 
[INFO] [stdout] 
[INFO] [stdout] warning: use of deprecated associated function `std::error::Error::description`: use the Display impl or to_string()
[INFO] [stdout]   --> src/error.rs:64:39
[INFO] [stdout]    |
[INFO] [stdout] 64 |             Error::IO(ref err) => err.description(),
[INFO] [stdout]    |                                       ^^^^^^^^^^^
[INFO] [stdout]    |
[INFO] [stdout]    = note: `#[warn(deprecated)]` on by default
[INFO] [stdout] 
[INFO] [stdout] 
[INFO] [stdout] warning: 1 warning emitted
[INFO] [stdout] 
[INFO] [stdout] 
[INFO] [stderr]     Finished test [unoptimized + debuginfo] target(s) in 0.80s
[INFO] running `Command { std: "docker" "inspect" "4fbf565fcf09bb8279350cb9cccc3c9f8265737be768a53d81c528698a8139fd", kill_on_drop: false }`
[INFO] running `Command { std: "docker" "rm" "-f" "4fbf565fcf09bb8279350cb9cccc3c9f8265737be768a53d81c528698a8139fd", kill_on_drop: false }`
[INFO] [stdout] 4fbf565fcf09bb8279350cb9cccc3c9f8265737be768a53d81c528698a8139fd
[INFO] running `Command { std: "docker" "create" "-v" "/var/lib/crater-agent-workspace/builds/worker-53/target:/opt/rustwide/target:rw,Z" "-v" "/var/lib/crater-agent-workspace/builds/worker-53/source:/opt/rustwide/workdir:ro,Z" "-v" "/var/lib/crater-agent-workspace/cargo-home:/opt/rustwide/cargo-home:ro,Z" "-v" "/var/lib/crater-agent-workspace/rustup-home:/opt/rustwide/rustup-home:ro,Z" "-e" "SOURCE_DIR=/opt/rustwide/workdir" "-e" "CARGO_TARGET_DIR=/opt/rustwide/target" "-e" "CARGO_INCREMENTAL=0" "-e" "RUST_BACKTRACE=full" "-e" "RUSTFLAGS=--cap-lints=warn" "-e" "CARGO_HOME=/opt/rustwide/cargo-home" "-e" "RUSTUP_HOME=/opt/rustwide/rustup-home" "-w" "/opt/rustwide/workdir" "-m" "1610612736" "--user" "0:0" "--network" "none" "ghcr.io/rust-lang/crates-build-env/linux@sha256:34b6a614d2c27851fe6cbf88fbd1137609cefab8b10d0615aaeb6fd47975d74e" "/opt/rustwide/cargo-home/bin/cargo" "+1.54.0" "test" "--frozen", kill_on_drop: false }`
[INFO] [stdout] abeea3360a845e9004bc77650ba49765e908d5b8f337b51ff23c1f286b9e55b1
[INFO] running `Command { std: "docker" "start" "-a" "abeea3360a845e9004bc77650ba49765e908d5b8f337b51ff23c1f286b9e55b1", kill_on_drop: false }`
[INFO] [stderr] warning: use of deprecated associated function `std::error::Error::description`: use the Display impl or to_string()
[INFO] [stderr]   --> src/error.rs:64:39
[INFO] [stderr]    |
[INFO] [stderr] 64 |             Error::IO(ref err) => err.description(),
[INFO] [stderr]    |                                       ^^^^^^^^^^^
[INFO] [stderr]    |
[INFO] [stderr]    = note: `#[warn(deprecated)]` on by default
[INFO] [stderr] 
[INFO] [stderr] warning: 1 warning emitted
[INFO] [stderr] 
[INFO] [stderr] warning: use of deprecated associated function `std::error::Error::description`: use the Display impl or to_string()
[INFO] [stderr]   --> src/error.rs:64:39
[INFO] [stderr]    |
[INFO] [stderr] 64 |             Error::IO(ref err) => err.description(),
[INFO] [stderr]    |                                       ^^^^^^^^^^^
[INFO] [stderr]    |
[INFO] [stderr]    = note: `#[warn(deprecated)]` on by default
[INFO] [stderr] 
[INFO] [stderr] warning: 1 warning emitted
[INFO] [stderr] 
[INFO] [stderr]     Finished test [unoptimized + debuginfo] target(s) in 0.02s
[INFO] [stderr]      Running unittests (/opt/rustwide/target/debug/deps/grpc_rust-a44f74cbe969fec2)
[INFO] [stdout] 
[INFO] [stdout] running 1 test
[INFO] [stdout] test tests::it_works ... ok
[INFO] [stdout] 
[INFO] [stdout] test result: ok. 1 passed; 0 failed; 0 ignored; 0 measured; 0 filtered out; finished in 0.00s
[INFO] [stdout] 
[INFO] [stderr]    Doc-tests grpc-rust
[INFO] [stdout] 
[INFO] [stdout] running 4 tests
[INFO] [stdout] test src/macros.rs - repeat_yellow (line 54) ... FAILED
[INFO] [stdout] test src/macros.rs - repeat_red (line 38) ... FAILED
[INFO] [stdout] test src/macros.rs - repeat_blue (line 70) ... FAILED
[INFO] [stdout] test src/macros.rs - repeat (line 22) ... FAILED
[INFO] [stdout] 
[INFO] [stdout] failures:
[INFO] [stdout] 
[INFO] [stdout] ---- src/macros.rs - repeat_yellow (line 54) stdout ----
[INFO] [stdout] error: cannot find macro `repeat_yellow` in this scope
[INFO] [stdout]  --> src/macros.rs:55:1
[INFO] [stdout]   |
[INFO] [stdout] 3 | repeat_yellow!("=", 80);
[INFO] [stdout]   | ^^^^^^^^^^^^^
[INFO] [stdout] 
[INFO] [stdout] error: aborting due to previous error
[INFO] [stdout] 
[INFO] [stdout] Couldn't compile the test.
[INFO] [stdout] ---- src/macros.rs - repeat_red (line 38) stdout ----
[INFO] [stdout] error: cannot find macro `repeat_red` in this scope
[INFO] [stdout]  --> src/macros.rs:39:1
[INFO] [stdout]   |
[INFO] [stdout] 3 | repeat_red!("=", 80);
[INFO] [stdout]   | ^^^^^^^^^^
[INFO] [stdout] 
[INFO] [stdout] error: aborting due to previous error
[INFO] [stdout] 
[INFO] [stdout] Couldn't compile the test.
[INFO] [stdout] ---- src/macros.rs - repeat_blue (line 70) stdout ----
[INFO] [stdout] error: cannot find macro `repeat_blue` in this scope
[INFO] [stdout]  --> src/macros.rs:71:1
[INFO] [stdout]   |
[INFO] [stdout] 3 | repeat_blue!("=", 80);
[INFO] [stdout]   | ^^^^^^^^^^^
[INFO] [stdout] 
[INFO] [stdout] error: aborting due to previous error
[INFO] [stdout] 
[INFO] [stdout] Couldn't compile the test.
[INFO] [stdout] ---- src/macros.rs - repeat (line 22) stdout ----
[INFO] [stdout] error: cannot find macro `sep` in this scope
[INFO] [stdout]  --> src/macros.rs:23:1
[INFO] [stdout]   |
[INFO] [stdout] 3 | sep!("=", 80);
[INFO] [stdout]   | ^^^
[INFO] [stdout] 
[INFO] [stdout] error: aborting due to previous error
[INFO] [stdout] 
[INFO] [stdout] Couldn't compile the test.
[INFO] [stdout] 
[INFO] [stdout] failures:
[INFO] [stdout]     src/macros.rs - repeat (line 22)
[INFO] [stdout]     src/macros.rs - repeat_blue (line 70)
[INFO] [stdout]     src/macros.rs - repeat_red (line 38)
[INFO] [stdout]     src/macros.rs - repeat_yellow (line 54)
[INFO] [stdout] 
[INFO] [stdout] test result: FAILED. 0 passed; 4 failed; 0 ignored; 0 measured; 0 filtered out; finished in 0.08s
[INFO] [stdout] 
[INFO] [stderr] error: test failed, to rerun pass '--doc'
[INFO] running `Command { std: "docker" "inspect" "abeea3360a845e9004bc77650ba49765e908d5b8f337b51ff23c1f286b9e55b1", kill_on_drop: false }`
[INFO] running `Command { std: "docker" "rm" "-f" "abeea3360a845e9004bc77650ba49765e908d5b8f337b51ff23c1f286b9e55b1", kill_on_drop: false }`
[INFO] [stdout] abeea3360a845e9004bc77650ba49765e908d5b8f337b51ff23c1f286b9e55b1
