[INFO] fetching crate gridly 0.9.0...
[INFO] testing gridly-0.9.0 against 1.54.0 for beta-1.55-1
[INFO] extracting crate gridly 0.9.0 into /workspace/builds/worker-30/source
[INFO] validating manifest of crates.io crate gridly 0.9.0 on toolchain 1.54.0
[INFO] running `Command { std: "/workspace/cargo-home/bin/cargo" "+1.54.0" "metadata" "--manifest-path" "Cargo.toml" "--no-deps", kill_on_drop: false }`
[INFO] started tweaking crates.io crate gridly 0.9.0
[INFO] finished tweaking crates.io crate gridly 0.9.0
[INFO] tweaked toml for crates.io crate gridly 0.9.0 written to /workspace/builds/worker-30/source/Cargo.toml
[INFO] running `Command { std: "/workspace/cargo-home/bin/cargo" "+1.54.0" "generate-lockfile" "--manifest-path" "Cargo.toml" "-Zno-index-update", kill_on_drop: false }`
[INFO] [stderr]     Blocking waiting for file lock on package cache
[INFO] running `Command { std: "/workspace/cargo-home/bin/cargo" "+1.54.0" "fetch" "--manifest-path" "Cargo.toml", kill_on_drop: false }`
[INFO] [stderr]     Blocking waiting for file lock on package cache
[INFO] [stderr]     Blocking waiting for file lock on package cache
[INFO] running `Command { std: "docker" "create" "-v" "/var/lib/crater-agent-workspace/builds/worker-30/target:/opt/rustwide/target:rw,Z" "-v" "/var/lib/crater-agent-workspace/builds/worker-30/source:/opt/rustwide/workdir:ro,Z" "-v" "/var/lib/crater-agent-workspace/cargo-home:/opt/rustwide/cargo-home:ro,Z" "-v" "/var/lib/crater-agent-workspace/rustup-home:/opt/rustwide/rustup-home:ro,Z" "-e" "SOURCE_DIR=/opt/rustwide/workdir" "-e" "CARGO_TARGET_DIR=/opt/rustwide/target" "-e" "CARGO_HOME=/opt/rustwide/cargo-home" "-e" "RUSTUP_HOME=/opt/rustwide/rustup-home" "-w" "/opt/rustwide/workdir" "-m" "1610612736" "--user" "0:0" "--network" "none" "ghcr.io/rust-lang/crates-build-env/linux@sha256:34b6a614d2c27851fe6cbf88fbd1137609cefab8b10d0615aaeb6fd47975d74e" "/opt/rustwide/cargo-home/bin/cargo" "+1.54.0" "metadata" "--no-deps" "--format-version=1", kill_on_drop: false }`
[INFO] [stdout] 5ab1957a3f08afeb6ce7decca70e77a679c03bcf5d6bda028c9abcfd9c440cd0
[INFO] running `Command { std: "docker" "start" "-a" "5ab1957a3f08afeb6ce7decca70e77a679c03bcf5d6bda028c9abcfd9c440cd0", kill_on_drop: false }`
[INFO] running `Command { std: "docker" "inspect" "5ab1957a3f08afeb6ce7decca70e77a679c03bcf5d6bda028c9abcfd9c440cd0", kill_on_drop: false }`
[INFO] running `Command { std: "docker" "rm" "-f" "5ab1957a3f08afeb6ce7decca70e77a679c03bcf5d6bda028c9abcfd9c440cd0", kill_on_drop: false }`
[INFO] [stdout] 5ab1957a3f08afeb6ce7decca70e77a679c03bcf5d6bda028c9abcfd9c440cd0
[INFO] running `Command { std: "docker" "create" "-v" "/var/lib/crater-agent-workspace/builds/worker-30/target:/opt/rustwide/target:rw,Z" "-v" "/var/lib/crater-agent-workspace/builds/worker-30/source:/opt/rustwide/workdir:ro,Z" "-v" "/var/lib/crater-agent-workspace/cargo-home:/opt/rustwide/cargo-home:ro,Z" "-v" "/var/lib/crater-agent-workspace/rustup-home:/opt/rustwide/rustup-home:ro,Z" "-e" "SOURCE_DIR=/opt/rustwide/workdir" "-e" "CARGO_TARGET_DIR=/opt/rustwide/target" "-e" "CARGO_INCREMENTAL=0" "-e" "RUST_BACKTRACE=full" "-e" "RUSTFLAGS=--cap-lints=warn" "-e" "CARGO_HOME=/opt/rustwide/cargo-home" "-e" "RUSTUP_HOME=/opt/rustwide/rustup-home" "-w" "/opt/rustwide/workdir" "-m" "1610612736" "--user" "0:0" "--network" "none" "ghcr.io/rust-lang/crates-build-env/linux@sha256:34b6a614d2c27851fe6cbf88fbd1137609cefab8b10d0615aaeb6fd47975d74e" "/opt/rustwide/cargo-home/bin/cargo" "+1.54.0" "build" "--frozen" "--message-format=json", kill_on_drop: false }`
[INFO] [stdout] a6c3241c54e9d6b9ddb3192326df0c5500fa79443533858c497547cbcdea2189
[INFO] running `Command { std: "docker" "start" "-a" "a6c3241c54e9d6b9ddb3192326df0c5500fa79443533858c497547cbcdea2189", kill_on_drop: false }`
[INFO] [stderr]    Compiling gridly v0.9.0 (/opt/rustwide/workdir)
[INFO] [stderr]     Finished dev [unoptimized + debuginfo] target(s) in 2.05s
[INFO] running `Command { std: "docker" "inspect" "a6c3241c54e9d6b9ddb3192326df0c5500fa79443533858c497547cbcdea2189", kill_on_drop: false }`
[INFO] running `Command { std: "docker" "rm" "-f" "a6c3241c54e9d6b9ddb3192326df0c5500fa79443533858c497547cbcdea2189", kill_on_drop: false }`
[INFO] [stdout] a6c3241c54e9d6b9ddb3192326df0c5500fa79443533858c497547cbcdea2189
[INFO] running `Command { std: "docker" "create" "-v" "/var/lib/crater-agent-workspace/builds/worker-30/target:/opt/rustwide/target:rw,Z" "-v" "/var/lib/crater-agent-workspace/builds/worker-30/source:/opt/rustwide/workdir:ro,Z" "-v" "/var/lib/crater-agent-workspace/cargo-home:/opt/rustwide/cargo-home:ro,Z" "-v" "/var/lib/crater-agent-workspace/rustup-home:/opt/rustwide/rustup-home:ro,Z" "-e" "SOURCE_DIR=/opt/rustwide/workdir" "-e" "CARGO_TARGET_DIR=/opt/rustwide/target" "-e" "CARGO_INCREMENTAL=0" "-e" "RUST_BACKTRACE=full" "-e" "RUSTFLAGS=--cap-lints=warn" "-e" "CARGO_HOME=/opt/rustwide/cargo-home" "-e" "RUSTUP_HOME=/opt/rustwide/rustup-home" "-w" "/opt/rustwide/workdir" "-m" "1610612736" "--user" "0:0" "--network" "none" "ghcr.io/rust-lang/crates-build-env/linux@sha256:34b6a614d2c27851fe6cbf88fbd1137609cefab8b10d0615aaeb6fd47975d74e" "/opt/rustwide/cargo-home/bin/cargo" "+1.54.0" "test" "--frozen" "--no-run" "--message-format=json", kill_on_drop: false }`
[INFO] [stdout] aac86939956d2fee05ac95d3dc1f0a2d9cde46b5a85137280c5650c36231726c
[INFO] running `Command { std: "docker" "start" "-a" "aac86939956d2fee05ac95d3dc1f0a2d9cde46b5a85137280c5650c36231726c", kill_on_drop: false }`
[INFO] [stderr]     Blocking waiting for file lock on package cache
[INFO] [stderr]    Compiling cool_asserts v1.1.1
[INFO] [stderr]    Compiling gridly v0.9.0 (/opt/rustwide/workdir)
[INFO] [stderr]     Finished test [unoptimized + debuginfo] target(s) in 2.78s
[INFO] running `Command { std: "docker" "inspect" "aac86939956d2fee05ac95d3dc1f0a2d9cde46b5a85137280c5650c36231726c", kill_on_drop: false }`
[INFO] running `Command { std: "docker" "rm" "-f" "aac86939956d2fee05ac95d3dc1f0a2d9cde46b5a85137280c5650c36231726c", kill_on_drop: false }`
[INFO] [stdout] aac86939956d2fee05ac95d3dc1f0a2d9cde46b5a85137280c5650c36231726c
[INFO] running `Command { std: "docker" "create" "-v" "/var/lib/crater-agent-workspace/builds/worker-30/target:/opt/rustwide/target:rw,Z" "-v" "/var/lib/crater-agent-workspace/builds/worker-30/source:/opt/rustwide/workdir:ro,Z" "-v" "/var/lib/crater-agent-workspace/cargo-home:/opt/rustwide/cargo-home:ro,Z" "-v" "/var/lib/crater-agent-workspace/rustup-home:/opt/rustwide/rustup-home:ro,Z" "-e" "SOURCE_DIR=/opt/rustwide/workdir" "-e" "CARGO_TARGET_DIR=/opt/rustwide/target" "-e" "CARGO_INCREMENTAL=0" "-e" "RUST_BACKTRACE=full" "-e" "RUSTFLAGS=--cap-lints=warn" "-e" "CARGO_HOME=/opt/rustwide/cargo-home" "-e" "RUSTUP_HOME=/opt/rustwide/rustup-home" "-w" "/opt/rustwide/workdir" "-m" "1610612736" "--user" "0:0" "--network" "none" "ghcr.io/rust-lang/crates-build-env/linux@sha256:34b6a614d2c27851fe6cbf88fbd1137609cefab8b10d0615aaeb6fd47975d74e" "/opt/rustwide/cargo-home/bin/cargo" "+1.54.0" "test" "--frozen", kill_on_drop: false }`
[INFO] [stdout] 066c2469a4c27220e002304c51710d4ca51764ae4715a9506b49a2528bf1a3ed
[INFO] running `Command { std: "docker" "start" "-a" "066c2469a4c27220e002304c51710d4ca51764ae4715a9506b49a2528bf1a3ed", kill_on_drop: false }`
[INFO] [stderr]     Finished test [unoptimized + debuginfo] target(s) in 0.01s
[INFO] [stderr]      Running unittests (/opt/rustwide/target/debug/deps/gridly-12df32cc7a3b22ab)
[INFO] [stdout] 
[INFO] [stdout] running 90 tests
[INFO] [stdout] test direction::test_from_str ... ok
[INFO] [stdout] test direction::test_vectorlike::custom_impls::anticlockwise ... ok
[INFO] [stdout] test direction::test_vectorlike::custom_impls::clockwise ... ok
[INFO] [stdout] test direction::test_vectorlike::custom_impls::checked_manhattan_length ... ok
[INFO] [stdout] test direction::test_vectorlike::custom_impls::direction ... ok
[INFO] [stdout] test direction::test_vectorlike::custom_impls::manhattan_length ... ok
[INFO] [stdout] test direction::test_vectorlike::custom_impls::reverse ... ok
[INFO] [stdout] test direction::test_vectorlike::custom_impls::transpose ... ok
[INFO] [stdout] test direction::test_vectorlike::test_row_column_vector_compatible ... ok
[INFO] [stdout] test grid::bounds::tests::test_check_component ... ok
[INFO] [stdout] test grid::bounds::tests::test_check_location ... ok
[INFO] [stdout] test grid::bounds::tests::test_check_row ... ok
[INFO] [stdout] test grid::bounds::tests::test_column_in_bounds ... ok
[INFO] [stdout] test grid::bounds::tests::test_check_column ... ok
[INFO] [stdout] test grid::bounds::tests::test_component_in_bounds ... ok
[INFO] [stdout] test grid::bounds::tests::test_dimensions ... ok
[INFO] [stdout] test grid::bounds::tests::test_location_in_bounds ... ok
[INFO] [stdout] test grid::bounds::tests::test_num_columns ... ok
[INFO] [stdout] test grid::bounds::tests::test_num_rows ... ok
[INFO] [stdout] test grid::bounds::tests::test_range ... ok
[INFO] [stdout] test grid::bounds::tests::test_outer_bound ... ok
[INFO] [stdout] test grid::bounds::tests::test_root_column ... ok
[INFO] [stdout] test grid::bounds::tests::test_root_component ... ok
[INFO] [stdout] test grid::bounds::tests::test_root_row ... ok
[INFO] [stdout] test grid::bounds::tests::test_row_in_bounds ... ok
[INFO] [stdout] test grid::setter::tests::test_replace ... ok
[INFO] [stdout] test grid::setter::tests::test_set ... ok
[INFO] [stdout] test grid::view::tests::test_get_in_bounds ... ok
[INFO] [stdout] test grid::view::tests::test_out_of_bounds ... ok
[INFO] [stdout] test location::partial_ord_tests::test_bad_diagonal ... ok
[INFO] [stdout] test location::partial_ord_tests::test_eq ... ok
[INFO] [stdout] test location::partial_ord_tests::test_orderliness ... ok
[INFO] [stdout] test location::test_add ... ok
[INFO] [stdout] test location::test_add_assign ... ok
[INFO] [stdout] test location::test_column::test_add_assign ... ok
[INFO] [stdout] test location::test_column::test_add_converse ... ok
[INFO] [stdout] test location::test_column::test_add_distance ... ok
[INFO] [stdout] test location::test_column::test_combine_converse ... ok
[INFO] [stdout] test location::test_column::test_sub_assign ... ok
[INFO] [stdout] test location::test_column::test_sub_distance ... ok
[INFO] [stdout] test location::test_column::test_sub_self ... ok
[INFO] [stdout] test location::test_row::test_add_assign ... ok
[INFO] [stdout] test location::test_row::test_add_converse ... ok
[INFO] [stdout] test location::test_row::test_add_distance ... ok
[INFO] [stdout] test location::test_row::test_combine_converse ... ok
[INFO] [stdout] test location::test_row::test_sub_assign ... ok
[INFO] [stdout] test location::test_row::test_sub_distance ... ok
[INFO] [stdout] test location::test_row::test_sub_self ... ok
[INFO] [stdout] test location::test_sub ... ok
[INFO] [stdout] test location::test_sub_assign ... ok
[INFO] [stdout] test location::test_sub_self ... ok
[INFO] [stdout] test location::test_sub_self_reverse_tuple ... ok
[INFO] [stdout] test location::test_sub_self_tuple ... ok
[INFO] [stdout] test range::test_cross_range ... ok
[INFO] [stdout] test range::test_cross_range_converge ... ok
[INFO] [stdout] test range::test_cross_range_reverse ... ok
[INFO] [stdout] test rotation::test_add ... ok
[INFO] [stdout] test rotation::test_add_assign ... ok
[INFO] [stdout] test rotation::test_mul::anticlockwise ... ok
[INFO] [stdout] test rotation::test_mul::clockwise ... ok
[INFO] [stdout] test rotation::test_mul::flip ... ok
[INFO] [stdout] test rotation::test_mul::none ... ok
[INFO] [stdout] test rotation::test_neg ... ok
[INFO] [stdout] test rotation::test_sub ... ok
[INFO] [stdout] test rotation::test_sub_assign ... ok
[INFO] [stdout] test vector::test_add ... ok
[INFO] [stdout] test vector::test_add_assign ... ok
[INFO] [stdout] test vector::test_columns::test_add ... ok
[INFO] [stdout] test vector::test_columns::test_add_assign ... ok
[INFO] [stdout] test rotation::test_sum ... ok
[INFO] [stdout] test vector::test_columns::test_add_converse ... ok
[INFO] [stdout] test vector::test_columns::test_combine_converse ... ok
[INFO] [stdout] test vector::test_columns::test_mul ... ok
[INFO] [stdout] test vector::test_columns::test_neg ... ok
[INFO] [stdout] test vector::test_columns::test_sub ... ok
[INFO] [stdout] test vector::test_columns::test_sub_assign ... ok
[INFO] [stdout] test vector::test_eq ... ok
[INFO] [stdout] test vector::test_mul ... ok
[INFO] [stdout] test vector::test_mul_assign ... ok
[INFO] [stdout] test vector::test_neg ... ok
[INFO] [stdout] test vector::test_rows::test_add ... ok
[INFO] [stdout] test vector::test_rows::test_add_assign ... ok
[INFO] [stdout] test vector::test_rows::test_add_converse ... ok
[INFO] [stdout] test vector::test_rows::test_combine_converse ... ok
[INFO] [stdout] test vector::test_rows::test_mul ... ok
[INFO] [stdout] test vector::test_rows::test_neg ... ok
[INFO] [stdout] test vector::test_rows::test_sub ... ok
[INFO] [stdout] test vector::test_rows::test_sub_assign ... ok
[INFO] [stdout] test vector::test_sub_assign ... ok
[INFO] [stdout] test vector::test_subtract ... ok
[INFO] [stdout] 
[INFO] [stdout] test result: ok. 90 passed; 0 failed; 0 ignored; 0 measured; 0 filtered out; finished in 0.01s
[INFO] [stdout] 
[INFO] [stderr]    Doc-tests gridly
[INFO] [stdout] 
[INFO] [stdout] running 68 tests
[INFO] [stdout] test src/direction.rs - direction::Direction::reverse (line 168) ... ok
[INFO] [stdout] test src/range.rs - range::ComponentRange<C>::bounded (line 35) ... FAILED
[INFO] [stdout] test src/range.rs - range::ComponentRange<C>::span (line 64) ... FAILED
[INFO] [stdout] test src/grid/bounds.rs - grid::bounds::BoundsError::column (line 263) ... FAILED
[INFO] [stdout] test src/location.rs - location::LocationLike::above (line 458) ... FAILED
[INFO] [stdout] test src/vector.rs - vector::Vector::in_direction (line 563) ... FAILED
[INFO] [stdout] test src/vector.rs - vector::Vector::upward (line 511) ... FAILED
[INFO] [stdout] test src/vector.rs - vector::VectorLike::transpose (line 739) ... FAILED
[INFO] [stdout] test src/vector.rs - vector::VectorLike::checked_manhattan_length (line 609) ... FAILED
[INFO] [stdout] test src/vector.rs - vector::Vector::zero (line 498) ... FAILED
[INFO] [stdout] test src/vector.rs - vector::Component::combine (line 74) ... FAILED
[INFO] [stdout] test src/vector.rs - vector::Vector::new (line 474) ... FAILED
[INFO] [stdout] test src/vector.rs - vector::ORTHOGONAL_ADJACENCIES (line 1173) ... FAILED
[INFO] [stdout] test src/range.rs - range::RangeError (line 234) ... FAILED
[INFO] [stdout] test src/vector.rs - vector::DIAGONAL_ADJACENCIES (line 1199) ... FAILED
[INFO] [stderr] error: test failed, to rerun pass '--doc'
[INFO] [stderr] 
[INFO] [stderr] Caused by:
[INFO] [stderr]   process didn't exit successfully: `rustdoc --edition=2018 --crate-type lib --crate-name gridly --test /opt/rustwide/workdir/src/lib.rs -L dependency=/opt/rustwide/target/debug/deps -L dependency=/opt/rustwide/target/debug/deps --extern cool_asserts=/opt/rustwide/target/debug/deps/libcool_asserts-f939216d0da12f78.rlib --extern gridly=/opt/rustwide/target/debug/deps/libgridly-f93b021d7be33e80.rlib -C embed-bitcode=no --error-format human` (signal: 9, SIGKILL: kill)
[INFO] running `Command { std: "docker" "inspect" "066c2469a4c27220e002304c51710d4ca51764ae4715a9506b49a2528bf1a3ed", kill_on_drop: false }`
[INFO] running `Command { std: "docker" "rm" "-f" "066c2469a4c27220e002304c51710d4ca51764ae4715a9506b49a2528bf1a3ed", kill_on_drop: false }`
[INFO] [stdout] 066c2469a4c27220e002304c51710d4ca51764ae4715a9506b49a2528bf1a3ed
