[INFO] fetching crate grid-sdk 0.2.1...
[INFO] testing grid-sdk-0.2.1 against 1.54.0 for beta-1.55-1
[INFO] extracting crate grid-sdk 0.2.1 into /workspace/builds/worker-23/source
[INFO] validating manifest of crates.io crate grid-sdk 0.2.1 on toolchain 1.54.0
[INFO] running `Command { std: "/workspace/cargo-home/bin/cargo" "+1.54.0" "metadata" "--manifest-path" "Cargo.toml" "--no-deps", kill_on_drop: false }`
[INFO] started tweaking crates.io crate grid-sdk 0.2.1
[INFO] finished tweaking crates.io crate grid-sdk 0.2.1
[INFO] tweaked toml for crates.io crate grid-sdk 0.2.1 written to /workspace/builds/worker-23/source/Cargo.toml
[INFO] running `Command { std: "/workspace/cargo-home/bin/cargo" "+1.54.0" "generate-lockfile" "--manifest-path" "Cargo.toml" "-Zno-index-update", kill_on_drop: false }`
[INFO] [stderr]     Blocking waiting for file lock on package cache
[INFO] running `Command { std: "/workspace/cargo-home/bin/cargo" "+1.54.0" "fetch" "--manifest-path" "Cargo.toml", kill_on_drop: false }`
[INFO] [stderr]     Blocking waiting for file lock on package cache
[INFO] [stderr]     Blocking waiting for file lock on package cache
[INFO] running `Command { std: "docker" "create" "-v" "/var/lib/crater-agent-workspace/builds/worker-23/target:/opt/rustwide/target:rw,Z" "-v" "/var/lib/crater-agent-workspace/builds/worker-23/source:/opt/rustwide/workdir:ro,Z" "-v" "/var/lib/crater-agent-workspace/cargo-home:/opt/rustwide/cargo-home:ro,Z" "-v" "/var/lib/crater-agent-workspace/rustup-home:/opt/rustwide/rustup-home:ro,Z" "-e" "SOURCE_DIR=/opt/rustwide/workdir" "-e" "CARGO_TARGET_DIR=/opt/rustwide/target" "-e" "CARGO_HOME=/opt/rustwide/cargo-home" "-e" "RUSTUP_HOME=/opt/rustwide/rustup-home" "-w" "/opt/rustwide/workdir" "-m" "1610612736" "--user" "0:0" "--network" "none" "ghcr.io/rust-lang/crates-build-env/linux@sha256:34b6a614d2c27851fe6cbf88fbd1137609cefab8b10d0615aaeb6fd47975d74e" "/opt/rustwide/cargo-home/bin/cargo" "+1.54.0" "metadata" "--no-deps" "--format-version=1", kill_on_drop: false }`
[INFO] [stdout] 4162539ddb9158b9214dcd5cc660b0071cac7adde211431dfbbf87a9171e263a
[INFO] running `Command { std: "docker" "start" "-a" "4162539ddb9158b9214dcd5cc660b0071cac7adde211431dfbbf87a9171e263a", kill_on_drop: false }`
[INFO] running `Command { std: "docker" "inspect" "4162539ddb9158b9214dcd5cc660b0071cac7adde211431dfbbf87a9171e263a", kill_on_drop: false }`
[INFO] running `Command { std: "docker" "rm" "-f" "4162539ddb9158b9214dcd5cc660b0071cac7adde211431dfbbf87a9171e263a", kill_on_drop: false }`
[INFO] [stdout] 4162539ddb9158b9214dcd5cc660b0071cac7adde211431dfbbf87a9171e263a
[INFO] running `Command { std: "docker" "create" "-v" "/var/lib/crater-agent-workspace/builds/worker-23/target:/opt/rustwide/target:rw,Z" "-v" "/var/lib/crater-agent-workspace/builds/worker-23/source:/opt/rustwide/workdir:ro,Z" "-v" "/var/lib/crater-agent-workspace/cargo-home:/opt/rustwide/cargo-home:ro,Z" "-v" "/var/lib/crater-agent-workspace/rustup-home:/opt/rustwide/rustup-home:ro,Z" "-e" "SOURCE_DIR=/opt/rustwide/workdir" "-e" "CARGO_TARGET_DIR=/opt/rustwide/target" "-e" "CARGO_INCREMENTAL=0" "-e" "RUST_BACKTRACE=full" "-e" "RUSTFLAGS=--cap-lints=warn" "-e" "CARGO_HOME=/opt/rustwide/cargo-home" "-e" "RUSTUP_HOME=/opt/rustwide/rustup-home" "-w" "/opt/rustwide/workdir" "-m" "1610612736" "--user" "0:0" "--network" "none" "ghcr.io/rust-lang/crates-build-env/linux@sha256:34b6a614d2c27851fe6cbf88fbd1137609cefab8b10d0615aaeb6fd47975d74e" "/opt/rustwide/cargo-home/bin/cargo" "+1.54.0" "build" "--frozen" "--message-format=json", kill_on_drop: false }`
[INFO] [stdout] 84582b13f2ff9f6d25aebcd7888f7ad36fc4db6c8520cd5fcd31579cba5c0fa3
[INFO] running `Command { std: "docker" "start" "-a" "84582b13f2ff9f6d25aebcd7888f7ad36fc4db6c8520cd5fcd31579cba5c0fa3", kill_on_drop: false }`
[INFO] [stderr]    Compiling libc v0.2.98
[INFO] [stderr]    Compiling pkg-config v0.3.19
[INFO] [stderr]    Compiling log v0.4.14
[INFO] [stderr]    Compiling protobuf v2.24.1
[INFO] [stderr]    Compiling either v1.6.1
[INFO] [stderr]    Compiling gcc v0.3.55
[INFO] [stderr]    Compiling error-chain v0.10.0
[INFO] [stderr]    Compiling toml v0.2.1
[INFO] [stderr]    Compiling remove_dir_all v0.5.3
[INFO] [stderr]    Compiling serde_derive v1.0.127
[INFO] [stderr]    Compiling cc v1.0.69
[INFO] [stderr]    Compiling ryu v1.0.5
[INFO] [stderr]    Compiling serde v1.0.127
[INFO] [stderr]    Compiling serde_json v1.0.66
[INFO] [stderr]    Compiling openssl v0.10.35
[INFO] [stderr]    Compiling nodrop v0.1.14
[INFO] [stderr]    Compiling foreign-types-shared v0.1.1
[INFO] [stderr]    Compiling odds v0.2.26
[INFO] [stderr]    Compiling itoa v0.4.7
[INFO] [stderr]    Compiling rustc-serialize v0.3.24
[INFO] [stderr]    Compiling zmq v0.9.2
[INFO] [stderr]    Compiling glob v0.2.11
[INFO] [stderr]    Compiling once_cell v1.8.0
[INFO] [stderr]    Compiling hex v0.3.2
[INFO] [stderr]    Compiling foreign-types v0.3.2
[INFO] [stderr]    Compiling arrayvec v0.3.25
[INFO] [stderr]    Compiling metadeps v1.1.2
[INFO] [stderr]    Compiling log v0.3.9
[INFO] [stderr]    Compiling rust-crypto v0.2.36
[INFO] [stderr]    Compiling secp256k1 v0.7.1
[INFO] [stderr]    Compiling zmq-sys v0.11.0
[INFO] [stderr]    Compiling openssl-sys v0.9.65
[INFO] [stderr]    Compiling getrandom v0.2.3
[INFO] [stderr]    Compiling which v4.2.2
[INFO] [stderr]    Compiling rand v0.4.6
[INFO] [stderr]    Compiling nix v0.20.0
[INFO] [stderr]    Compiling time v0.1.43
[INFO] [stderr]    Compiling rand_core v0.6.3
[INFO] [stderr]    Compiling protoc v2.24.1
[INFO] [stderr]    Compiling rand_chacha v0.3.1
[INFO] [stderr]    Compiling rand v0.8.4
[INFO] [stderr]    Compiling rand v0.3.23
[INFO] [stderr]    Compiling uuid v0.5.1
[INFO] [stderr]    Compiling tempfile v3.2.0
[INFO] [stderr]    Compiling protobuf-codegen v2.24.1
[INFO] [stderr]    Compiling protoc-rust v2.24.1
[INFO] [stderr]    Compiling ctrlc v3.1.9
[INFO] [stderr]    Compiling sawtooth-sdk v0.4.5
[INFO] [stderr]    Compiling grid-sdk v0.2.1 (/opt/rustwide/workdir)
[INFO] [stderr]     Finished dev [unoptimized + debuginfo] target(s) in 40.79s
[INFO] running `Command { std: "docker" "inspect" "84582b13f2ff9f6d25aebcd7888f7ad36fc4db6c8520cd5fcd31579cba5c0fa3", kill_on_drop: false }`
[INFO] running `Command { std: "docker" "rm" "-f" "84582b13f2ff9f6d25aebcd7888f7ad36fc4db6c8520cd5fcd31579cba5c0fa3", kill_on_drop: false }`
[INFO] [stdout] 84582b13f2ff9f6d25aebcd7888f7ad36fc4db6c8520cd5fcd31579cba5c0fa3
[INFO] running `Command { std: "docker" "create" "-v" "/var/lib/crater-agent-workspace/builds/worker-23/target:/opt/rustwide/target:rw,Z" "-v" "/var/lib/crater-agent-workspace/builds/worker-23/source:/opt/rustwide/workdir:ro,Z" "-v" "/var/lib/crater-agent-workspace/cargo-home:/opt/rustwide/cargo-home:ro,Z" "-v" "/var/lib/crater-agent-workspace/rustup-home:/opt/rustwide/rustup-home:ro,Z" "-e" "SOURCE_DIR=/opt/rustwide/workdir" "-e" "CARGO_TARGET_DIR=/opt/rustwide/target" "-e" "CARGO_INCREMENTAL=0" "-e" "RUST_BACKTRACE=full" "-e" "RUSTFLAGS=--cap-lints=warn" "-e" "CARGO_HOME=/opt/rustwide/cargo-home" "-e" "RUSTUP_HOME=/opt/rustwide/rustup-home" "-w" "/opt/rustwide/workdir" "-m" "1610612736" "--user" "0:0" "--network" "none" "ghcr.io/rust-lang/crates-build-env/linux@sha256:34b6a614d2c27851fe6cbf88fbd1137609cefab8b10d0615aaeb6fd47975d74e" "/opt/rustwide/cargo-home/bin/cargo" "+1.54.0" "test" "--frozen" "--no-run" "--message-format=json", kill_on_drop: false }`
[INFO] [stdout] 3a0471658b71216b532a60b5b96554a7b36acfb68976afb3256327305bcc252e
[INFO] running `Command { std: "docker" "start" "-a" "3a0471658b71216b532a60b5b96554a7b36acfb68976afb3256327305bcc252e", kill_on_drop: false }`
[INFO] [stderr]    Compiling grid-sdk v0.2.1 (/opt/rustwide/workdir)
[INFO] [stderr]     Finished test [unoptimized + debuginfo] target(s) in 15.54s
[INFO] running `Command { std: "docker" "inspect" "3a0471658b71216b532a60b5b96554a7b36acfb68976afb3256327305bcc252e", kill_on_drop: false }`
[INFO] running `Command { std: "docker" "rm" "-f" "3a0471658b71216b532a60b5b96554a7b36acfb68976afb3256327305bcc252e", kill_on_drop: false }`
[INFO] [stdout] 3a0471658b71216b532a60b5b96554a7b36acfb68976afb3256327305bcc252e
[INFO] running `Command { std: "docker" "create" "-v" "/var/lib/crater-agent-workspace/builds/worker-23/target:/opt/rustwide/target:rw,Z" "-v" "/var/lib/crater-agent-workspace/builds/worker-23/source:/opt/rustwide/workdir:ro,Z" "-v" "/var/lib/crater-agent-workspace/cargo-home:/opt/rustwide/cargo-home:ro,Z" "-v" "/var/lib/crater-agent-workspace/rustup-home:/opt/rustwide/rustup-home:ro,Z" "-e" "SOURCE_DIR=/opt/rustwide/workdir" "-e" "CARGO_TARGET_DIR=/opt/rustwide/target" "-e" "CARGO_INCREMENTAL=0" "-e" "RUST_BACKTRACE=full" "-e" "RUSTFLAGS=--cap-lints=warn" "-e" "CARGO_HOME=/opt/rustwide/cargo-home" "-e" "RUSTUP_HOME=/opt/rustwide/rustup-home" "-w" "/opt/rustwide/workdir" "-m" "1610612736" "--user" "0:0" "--network" "none" "ghcr.io/rust-lang/crates-build-env/linux@sha256:34b6a614d2c27851fe6cbf88fbd1137609cefab8b10d0615aaeb6fd47975d74e" "/opt/rustwide/cargo-home/bin/cargo" "+1.54.0" "test" "--frozen", kill_on_drop: false }`
[INFO] [stdout] e0b4c957093b6e1b16914b3e6057df6edac9a40bbbf8687f5836795ff3381105
[INFO] running `Command { std: "docker" "start" "-a" "e0b4c957093b6e1b16914b3e6057df6edac9a40bbbf8687f5836795ff3381105", kill_on_drop: false }`
[INFO] [stderr]     Blocking waiting for file lock on package cache
[INFO] [stderr]     Blocking waiting for file lock on package cache
[INFO] [stderr]     Finished test [unoptimized + debuginfo] target(s) in 0.29s
[INFO] [stderr]      Running unittests (/opt/rustwide/target/debug/deps/grid_sdk-6826e6bc2516816a)
[INFO] [stdout] 
[INFO] [stdout] running 112 tests
[INFO] [stdout] test error::constraint_violation::tests::test_debug_with_violation_type ... ok
[INFO] [stdout] test error::constraint_violation::tests::test_debug_from_source_with_violation_type ... ok
[INFO] [stdout] test error::constraint_violation::tests::test_display_from_source_with_violation_type ... ok
[INFO] [stdout] test error::constraint_violation::tests::test_display_with_violation_type ... ok
[INFO] [stdout] test error::internal::tests::test_debug_from_source ... ok
[INFO] [stdout] test error::internal::tests::test_debug_from_source_with_message ... ok
[INFO] [stdout] test error::internal::tests::test_debug_from_source_with_prefix ... ok
[INFO] [stdout] test error::internal::tests::test_debug_with_message ... ok
[INFO] [stdout] test error::internal::tests::test_display_from_source ... ok
[INFO] [stdout] test error::internal::tests::test_display_from_source_with_message ... ok
[INFO] [stdout] test error::internal::tests::test_display_from_source_with_prefix ... ok
[INFO] [stdout] test error::internal::tests::test_display_with_message ... ok
[INFO] [stdout] test error::invalid_argument::tests::test_display ... ok
[INFO] [stdout] test error::invalid_state::tests::test_display_with_message ... ok
[INFO] [stdout] test error::unavailable::tests::test_display_from_source_with_hint ... ok
[INFO] [stdout] test error::unavailable::tests::test_display_from_source ... ok
[INFO] [stdout] test protocol::pike::payload::tests::check_create_agent_action ... ok
[INFO] [stdout] test protocol::pike::payload::tests::check_create_organization_builder ... ok
[INFO] [stdout] test protocol::pike::payload::tests::check_create_agent_bytes ... ok
[INFO] [stdout] test protocol::pike::payload::tests::check_create_organization_bytes ... ok
[INFO] [stdout] test protocol::pike::payload::tests::check_pike_create_agent_payload ... ok
[INFO] [stdout] test protocol::pike::payload::tests::check_pike_create_organization_payload ... ok
[INFO] [stdout] test protocol::pike::payload::tests::check_pike_payload_bytes ... ok
[INFO] [stdout] test protocol::pike::payload::tests::check_pike_update_agent_payload ... ok
[INFO] [stdout] test protocol::pike::payload::tests::check_pike_update_organiztion_payload ... ok
[INFO] [stdout] test protocol::pike::payload::tests::check_update_agent_action ... ok
[INFO] [stdout] test protocol::pike::payload::tests::check_update_agent_bytes ... ok
[INFO] [stdout] test protocol::pike::payload::tests::check_update_organization_builder ... ok
[INFO] [stdout] test protocol::pike::state::tests::check_agent_builder ... ok
[INFO] [stdout] test protocol::pike::state::tests::check_agent_bytes ... ok
[INFO] [stdout] test protocol::pike::state::tests::check_agent_list_builder ... ok
[INFO] [stdout] test protocol::pike::state::tests::check_agent_list_bytes ... ok
[INFO] [stdout] test protocol::pike::payload::tests::check_update_organization_bytes ... ok
[INFO] [stdout] test protocol::pike::state::tests::check_key_value_entry_builder ... ok
[INFO] [stdout] test protocol::pike::state::tests::check_key_value_entry_bytes ... ok
[INFO] [stdout] test protocol::pike::state::tests::check_organization_builder ... ok
[INFO] [stdout] test protocol::pike::state::tests::check_organization_bytes ... ok
[INFO] [stdout] test protocol::pike::state::tests::check_organization_lists_builder ... ok
[INFO] [stdout] test protocol::pike::state::tests::check_organization_list_bytes ... ok
[INFO] [stdout] test protocol::product::payload::tests::test_product_create_builder ... ok
[INFO] [stdout] test protocol::product::payload::tests::test_product_delete_builder ... ok
[INFO] [stdout] test protocol::product::payload::tests::test_product_delete_into_bytes ... ok
[INFO] [stdout] test protocol::product::payload::tests::test_product_create_into_bytes ... ok
[INFO] [stdout] test protocol::product::payload::tests::test_product_payload_builder ... ok
[INFO] [stdout] test protocol::product::payload::tests::test_product_update_builder ... ok
[INFO] [stdout] test protocol::product::payload::tests::test_product_payload_bytes ... ok
[INFO] [stdout] test protocol::product::state::tests::test_product_builder ... ok
[INFO] [stdout] test protocol::product::payload::tests::test_product_update_into_bytes ... ok
[INFO] [stdout] test protocol::product::state::tests::test_product_into_builder ... ok
[INFO] [stdout] test protocol::product::state::tests::test_product_list_builder ... ok
[INFO] [stdout] test protocol::product::state::tests::test_product_into_bytes ... ok
[INFO] [stdout] test protocol::product::state::tests::test_product_list_into_builder ... ok
[INFO] [stdout] test protocol::schema::payload::tests::check_schema_create_action ... ok
[INFO] [stdout] test protocol::product::state::tests::test_product_list_into_bytes ... ok
[INFO] [stdout] test protocol::schema::payload::tests::check_schema_create_action_payload ... ok
[INFO] [stdout] test protocol::schema::payload::tests::check_schema_create_bytes ... ok
[INFO] [stdout] test protocol::schema::payload::tests::check_schema_payload_bytes ... ok
[INFO] [stdout] test protocol::schema::payload::tests::check_schema_update_action_payload ... ok
[INFO] [stdout] test protocol::schema::payload::tests::check_schema_update_action ... ok
[INFO] [stdout] test protocol::schema::state::tests::check_property_definition_builder_enum ... ok
[INFO] [stdout] test protocol::schema::payload::tests::check_schema_update_bytes ... ok
[INFO] [stdout] test protocol::schema::state::tests::check_property_definition_builder_string ... ok
[INFO] [stdout] test protocol::schema::state::tests::check_property_definition_builder_struct ... ok
[INFO] [stdout] test protocol::schema::state::tests::check_property_definition_bytes ... ok
[INFO] [stdout] test protocol::schema::state::tests::check_property_value_builder_lat_long ... ok
[INFO] [stdout] test protocol::schema::state::tests::check_property_value_builder_string ... ok
[INFO] [stdout] test protocol::schema::state::tests::check_property_value_builder_struct ... ok
[INFO] [stdout] test protocol::schema::state::tests::check_schema_builder ... ok
[INFO] [stdout] test protocol::schema::state::tests::check_property_value_bytes ... ok
[INFO] [stdout] test protocol::schema::state::tests::check_schema_bytes ... ok
[INFO] [stdout] test protocol::track_and_trace::payload::tests::test_answer_proposal_action_builder ... ok
[INFO] [stdout] test protocol::track_and_trace::payload::tests::test_answer_proposal_action_bytes ... ok
[INFO] [stdout] test protocol::track_and_trace::payload::tests::test_create_proposal_action_builder ... ok
[INFO] [stdout] test protocol::track_and_trace::payload::tests::test_create_proposal_action_bytes ... ok
[INFO] [stdout] test protocol::track_and_trace::payload::tests::test_create_record_builder ... ok
[INFO] [stdout] test protocol::track_and_trace::payload::tests::test_finalize_record_action_builder ... ok
[INFO] [stdout] test protocol::track_and_trace::payload::tests::test_finalize_record_action_bytes ... ok
[INFO] [stdout] test protocol::track_and_trace::payload::tests::test_create_record_bytes ... ok
[INFO] [stdout] test protocol::track_and_trace::payload::tests::test_payload_builder ... ok
[INFO] [stdout] test protocol::track_and_trace::payload::tests::test_payload_bytes ... ok
[INFO] [stdout] test protocol::track_and_trace::payload::tests::test_revoke_reporter_action_builder ... ok
[INFO] [stdout] test protocol::track_and_trace::payload::tests::test_revoke_reporter_action_bytes ... ok
[INFO] [stdout] test protocol::track_and_trace::payload::tests::test_update_properties_action ... ok
[INFO] [stdout] test protocol::track_and_trace::payload::tests::test_update_properties_action_bytes ... ok
[INFO] [stdout] test protocol::track_and_trace::state::tests::test_associated_agent_into_builder ... ok
[INFO] [stdout] test protocol::track_and_trace::state::tests::test_property_builder ... ok
[INFO] [stdout] test protocol::track_and_trace::state::tests::test_property_bytes ... ok
[INFO] [stdout] test protocol::track_and_trace::state::tests::test_property_into_builder ... ok
[INFO] [stdout] test protocol::track_and_trace::state::tests::test_property_list_builder ... ok
[INFO] [stdout] test protocol::track_and_trace::state::tests::test_property_list_into_builder ... ok
[INFO] [stdout] test protocol::track_and_trace::state::tests::test_property_page ... ok
[INFO] [stdout] test protocol::track_and_trace::state::tests::test_property_list_bytes ... ok
[INFO] [stdout] test protocol::track_and_trace::state::tests::test_property_page_bytes ... ok
[INFO] [stdout] test protocol::track_and_trace::state::tests::test_property_page_into_builder ... ok
[INFO] [stdout] test protocol::track_and_trace::state::tests::test_property_page_list ... ok
[INFO] [stdout] test protocol::track_and_trace::state::tests::test_property_page_list_into_builder ... ok
[INFO] [stdout] test protocol::track_and_trace::state::tests::test_proposal_bytes ... ok
[INFO] [stdout] test protocol::track_and_trace::state::tests::test_proposal_builder ... ok
[INFO] [stdout] test protocol::track_and_trace::state::tests::test_proposal_into_builder ... ok
[INFO] [stdout] test protocol::track_and_trace::state::tests::test_proposal_list ... ok
[INFO] [stdout] test protocol::track_and_trace::state::tests::test_property_page_list_bytes ... ok
[INFO] [stdout] test protocol::track_and_trace::state::tests::test_proposal_list_bytes ... ok
[INFO] [stdout] test protocol::track_and_trace::state::tests::test_record_builder ... ok
[INFO] [stdout] test protocol::track_and_trace::state::tests::test_proposal_list_into_builder ... ok
[INFO] [stdout] test protocol::track_and_trace::state::tests::test_record_bytes ... ok
[INFO] [stdout] test protocol::track_and_trace::state::tests::test_record_into_builder ... ok
[INFO] [stdout] test protocol::track_and_trace::state::tests::test_record_list_into_builder ... ok
[INFO] [stdout] test protocol::track_and_trace::state::tests::test_record_list ... ok
[INFO] [stdout] test protocol::track_and_trace::state::tests::test_record_list_bytes ... ok
[INFO] [stdout] test protocol::track_and_trace::state::tests::test_reporter_builder ... ok
[INFO] [stdout] test protocol::track_and_trace::state::tests::test_reporter_bytes ... ok
[INFO] [stdout] test protocol::track_and_trace::state::tests::test_reporter_into_builder ... ok
[INFO] [stdout] 
[INFO] [stdout] test result: ok. 112 passed; 0 failed; 0 ignored; 0 measured; 0 filtered out; finished in 0.03s
[INFO] [stdout] 
[INFO] [stderr]    Doc-tests grid-sdk
[INFO] [stdout] 
[INFO] [stdout] running 13 tests
[INFO] [stdout] test src/migrations/mod.rs - migrations (line 18) ... ignored
[INFO] [stdout] test src/error/mod.rs - error (line 26) ... ok
[INFO] [stdout] test src/error/mod.rs - error (line 42) ... ok
[INFO] [stdout] test src/error/unavailable.rs - error::unavailable::ResourceTemporarilyUnavailableError::from_source (line 38) ... FAILED
[INFO] [stdout] test src/error/internal.rs - error::internal::InternalError::from_source (line 44) ... FAILED
[INFO] [stdout] test src/error/internal.rs - error::internal::InternalError::from_source_with_message (line 68) ... FAILED
[INFO] [stdout] test src/error/internal.rs - error::internal::InternalError::from_source_with_prefix (line 93) ... FAILED
[INFO] [stdout] test src/error/constraint_violation.rs - error::constraint_violation::ConstraintViolationError::with_violation_type (line 66) ... ok
[INFO] [stdout] test src/error/invalid_argument.rs - error::invalid_argument::InvalidArgumentError::new (line 42) ... ok
[INFO] [stdout] test src/error/internal.rs - error::internal::InternalError::with_message (line 117) ... ok
[INFO] [stdout] test src/error/constraint_violation.rs - error::constraint_violation::ConstraintViolationError::from_source_with_violation_type (line 88) ... ok
[INFO] [stdout] test src/error/invalid_state.rs - error::invalid_state::InvalidStateError::with_message (line 40) ... ok
[INFO] [stderr] error: test failed, to rerun pass '--doc'
[INFO] [stdout] test src/error/unavailable.rs - error::unavailable::ResourceTemporarilyUnavailableError::from_source_with_hint (line 64) ... ok
[INFO] [stdout] 
[INFO] [stdout] failures:
[INFO] [stdout] 
[INFO] [stdout] ---- src/error/unavailable.rs - error::unavailable::ResourceTemporarilyUnavailableError::from_source (line 38) stdout ----
[INFO] [stdout] error: linking with `cc` failed: exit status: 1
[INFO] [stdout]   |
[INFO] [stdout]   = note: "cc" "-m64" "/tmp/rustdoctestvWu3NY/rust_out.rust_out.7rcbfp3g-cgu.0.rcgu.o" "/tmp/rustdoctestvWu3NY/rust_out.33dyzt1ekirinwy8.rcgu.o" "-Wl,--as-needed" "-L" "/opt/rustwide/target/debug/deps" "-L" "/opt/rustwide/target/debug/deps" "-L" "/opt/rustwide/target/debug/build/rust-crypto-e980fceb3cf7ae60/out" "-L" "/opt/rustwide/target/debug/build/secp256k1-c7b1103ea4ebc568/out" "-L" "/usr/lib/x86_64-linux-gnu" "-L" "/opt/rustwide/rustup-home/toolchains/1.54.0-x86_64-unknown-linux-gnu/lib/rustlib/x86_64-unknown-linux-gnu/lib" "-Wl,-Bstatic" "/opt/rustwide/target/debug/deps/libgrid_sdk-1c934165c64a6f2f.rlib" "/opt/rustwide/target/debug/deps/libprotobuf-698bc30f2099fba0.rlib" "/opt/rustwide/target/debug/deps/libserde-e7a5e1b02fd308f2.rlib" "-Wl,--start-group" "/opt/rustwide/rustup-home/toolchains/1.54.0-x86_64-unknown-linux-gnu/lib/rustlib/x86_64-unknown-linux-gnu/lib/libstd-2420485b9e5ef5e1.rlib" "/opt/rustwide/rustup-home/toolchains/1.54.0-x86_64-unknown-linux-gnu/lib/rustlib/x86_64-unknown-linux-gnu/lib/libpanic_unwind-785e3cb61c4b1960.rlib" "/opt/rustwide/rustup-home/toolchains/1.54.0-x86_64-unknown-linux-gnu/lib/rustlib/x86_64-unknown-linux-gnu/lib/libminiz_oxide-087191a88bdaa22d.rlib" "/opt/rustwide/rustup-home/toolchains/1.54.0-x86_64-unknown-linux-gnu/lib/rustlib/x86_64-unknown-linux-gnu/lib/libadler-9981842c02975178.rlib" "/opt/rustwide/rustup-home/toolchains/1.54.0-x86_64-unknown-linux-gnu/lib/rustlib/x86_64-unknown-linux-gnu/lib/libobject-6fb405869b015fde.rlib" "/opt/rustwide/rustup-home/toolchains/1.54.0-x86_64-unknown-linux-gnu/lib/rustlib/x86_64-unknown-linux-gnu/lib/libaddr2line-d05c5c3c56004b7b.rlib" "/opt/rustwide/rustup-home/toolchains/1.54.0-x86_64-unknown-linux-gnu/lib/rustlib/x86_64-unknown-linux-gnu/lib/libgimli-42d74d2097528b38.rlib" "/opt/rustwide/rustup-home/toolchains/1.54.0-x86_64-unknown-linux-gnu/lib/rustlib/x86_64-unknown-linux-gnu/lib/libstd_detect-fb36534c113d2209.rlib" "/opt/rustwide/rustup-home/toolchains/1.54.0-x86_64-unknown-linux-gnu/lib/rustlib/x86_64-unknown-linux-gnu/lib/librustc_demangle-b56b9042c12b6535.rlib" "/opt/rustwide/rustup-home/toolchains/1.54.0-x86_64-unknown-linux-gnu/lib/rustlib/x86_64-unknown-linux-gnu/lib/libhashbrown-491902d6cb3e76df.rlib" "/opt/rustwide/rustup-home/toolchains/1.54.0-x86_64-unknown-linux-gnu/lib/rustlib/x86_64-unknown-linux-gnu/lib/librustc_std_workspace_alloc-61834e0981b8c367.rlib" "/opt/rustwide/rustup-home/toolchains/1.54.0-x86_64-unknown-linux-gnu/lib/rustlib/x86_64-unknown-linux-gnu/lib/libunwind-f78aa99d613a55bc.rlib" "/opt/rustwide/rustup-home/toolchains/1.54.0-x86_64-unknown-linux-gnu/lib/rustlib/x86_64-unknown-linux-gnu/lib/libcfg_if-53ee54cd7fed2c57.rlib" "/opt/rustwide/rustup-home/toolchains/1.54.0-x86_64-unknown-linux-gnu/lib/rustlib/x86_64-unknown-linux-gnu/lib/liblibc-544ecdbd6cda3c58.rlib" "/opt/rustwide/rustup-home/toolchains/1.54.0-x86_64-unknown-linux-gnu/lib/rustlib/x86_64-unknown-linux-gnu/lib/liballoc-379cc252b6943a79.rlib" "/opt/rustwide/rustup-home/toolchains/1.54.0-x86_64-unknown-linux-gnu/lib/rustlib/x86_64-unknown-linux-gnu/lib/librustc_std_workspace_core-8063eea38dcc5e62.rlib" "/opt/rustwide/rustup-home/toolchains/1.54.0-x86_64-unknown-linux-gnu/lib/rustlib/x86_64-unknown-linux-gnu/lib/libcore-5b228734afae15ee.rlib" "-Wl,--end-group" "/opt/rustwide/rustup-home/toolchains/1.54.0-x86_64-unknown-linux-gnu/lib/rustlib/x86_64-unknown-linux-gnu/lib/libcompiler_builtins-d6c7a399d95d173f.rlib" "-Wl,-Bdynamic" "-lgcc_s" "-lutil" "-lrt" "-lpthread" "-lm" "-ldl" "-lc" "-Wl,--eh-frame-hdr" "-Wl,-znoexecstack" "-L" "/opt/rustwide/rustup-home/toolchains/1.54.0-x86_64-unknown-linux-gnu/lib/rustlib/x86_64-unknown-linux-gnu/lib" "-o" "/tmp/rustdoctestvWu3NY/rust_out" "-Wl,--gc-sections" "-pie" "-Wl,-zrelro" "-Wl,-znow" "-nodefaultlibs"
[INFO] [stdout]   = note: collect2: fatal error: ld terminated with signal 9 [Killed]
[INFO] [stdout]           compilation terminated.
[INFO] [stdout]           
[INFO] [stdout] 
[INFO] [stdout] error: aborting due to previous error
[INFO] [stdout] 
[INFO] [stdout] Couldn't compile the test.
[INFO] [stdout] ---- src/error/internal.rs - error::internal::InternalError::from_source (line 44) stdout ----
[INFO] [stdout] error: linking with `cc` failed: exit status: 1
[INFO] [stdout]   |
[INFO] [stdout]   = note: "cc" "-m64" "/tmp/rustdoctestRocaHg/rust_out.rust_out.7rcbfp3g-cgu.0.rcgu.o" "/tmp/rustdoctestRocaHg/rust_out.33dyzt1ekirinwy8.rcgu.o" "-Wl,--as-needed" "-L" "/opt/rustwide/target/debug/deps" "-L" "/opt/rustwide/target/debug/deps" "-L" "/opt/rustwide/target/debug/build/rust-crypto-e980fceb3cf7ae60/out" "-L" "/opt/rustwide/target/debug/build/secp256k1-c7b1103ea4ebc568/out" "-L" "/usr/lib/x86_64-linux-gnu" "-L" "/opt/rustwide/rustup-home/toolchains/1.54.0-x86_64-unknown-linux-gnu/lib/rustlib/x86_64-unknown-linux-gnu/lib" "-Wl,-Bstatic" "/opt/rustwide/target/debug/deps/libgrid_sdk-1c934165c64a6f2f.rlib" "/opt/rustwide/target/debug/deps/libprotobuf-698bc30f2099fba0.rlib" "/opt/rustwide/target/debug/deps/libserde-e7a5e1b02fd308f2.rlib" "-Wl,--start-group" "/opt/rustwide/rustup-home/toolchains/1.54.0-x86_64-unknown-linux-gnu/lib/rustlib/x86_64-unknown-linux-gnu/lib/libstd-2420485b9e5ef5e1.rlib" "/opt/rustwide/rustup-home/toolchains/1.54.0-x86_64-unknown-linux-gnu/lib/rustlib/x86_64-unknown-linux-gnu/lib/libpanic_unwind-785e3cb61c4b1960.rlib" "/opt/rustwide/rustup-home/toolchains/1.54.0-x86_64-unknown-linux-gnu/lib/rustlib/x86_64-unknown-linux-gnu/lib/libminiz_oxide-087191a88bdaa22d.rlib" "/opt/rustwide/rustup-home/toolchains/1.54.0-x86_64-unknown-linux-gnu/lib/rustlib/x86_64-unknown-linux-gnu/lib/libadler-9981842c02975178.rlib" "/opt/rustwide/rustup-home/toolchains/1.54.0-x86_64-unknown-linux-gnu/lib/rustlib/x86_64-unknown-linux-gnu/lib/libobject-6fb405869b015fde.rlib" "/opt/rustwide/rustup-home/toolchains/1.54.0-x86_64-unknown-linux-gnu/lib/rustlib/x86_64-unknown-linux-gnu/lib/libaddr2line-d05c5c3c56004b7b.rlib" "/opt/rustwide/rustup-home/toolchains/1.54.0-x86_64-unknown-linux-gnu/lib/rustlib/x86_64-unknown-linux-gnu/lib/libgimli-42d74d2097528b38.rlib" "/opt/rustwide/rustup-home/toolchains/1.54.0-x86_64-unknown-linux-gnu/lib/rustlib/x86_64-unknown-linux-gnu/lib/libstd_detect-fb36534c113d2209.rlib" "/opt/rustwide/rustup-home/toolchains/1.54.0-x86_64-unknown-linux-gnu/lib/rustlib/x86_64-unknown-linux-gnu/lib/librustc_demangle-b56b9042c12b6535.rlib" "/opt/rustwide/rustup-home/toolchains/1.54.0-x86_64-unknown-linux-gnu/lib/rustlib/x86_64-unknown-linux-gnu/lib/libhashbrown-491902d6cb3e76df.rlib" "/opt/rustwide/rustup-home/toolchains/1.54.0-x86_64-unknown-linux-gnu/lib/rustlib/x86_64-unknown-linux-gnu/lib/librustc_std_workspace_alloc-61834e0981b8c367.rlib" "/opt/rustwide/rustup-home/toolchains/1.54.0-x86_64-unknown-linux-gnu/lib/rustlib/x86_64-unknown-linux-gnu/lib/libunwind-f78aa99d613a55bc.rlib" "/opt/rustwide/rustup-home/toolchains/1.54.0-x86_64-unknown-linux-gnu/lib/rustlib/x86_64-unknown-linux-gnu/lib/libcfg_if-53ee54cd7fed2c57.rlib" "/opt/rustwide/rustup-home/toolchains/1.54.0-x86_64-unknown-linux-gnu/lib/rustlib/x86_64-unknown-linux-gnu/lib/liblibc-544ecdbd6cda3c58.rlib" "/opt/rustwide/rustup-home/toolchains/1.54.0-x86_64-unknown-linux-gnu/lib/rustlib/x86_64-unknown-linux-gnu/lib/liballoc-379cc252b6943a79.rlib" "/opt/rustwide/rustup-home/toolchains/1.54.0-x86_64-unknown-linux-gnu/lib/rustlib/x86_64-unknown-linux-gnu/lib/librustc_std_workspace_core-8063eea38dcc5e62.rlib" "/opt/rustwide/rustup-home/toolchains/1.54.0-x86_64-unknown-linux-gnu/lib/rustlib/x86_64-unknown-linux-gnu/lib/libcore-5b228734afae15ee.rlib" "-Wl,--end-group" "/opt/rustwide/rustup-home/toolchains/1.54.0-x86_64-unknown-linux-gnu/lib/rustlib/x86_64-unknown-linux-gnu/lib/libcompiler_builtins-d6c7a399d95d173f.rlib" "-Wl,-Bdynamic" "-lgcc_s" "-lutil" "-lrt" "-lpthread" "-lm" "-ldl" "-lc" "-Wl,--eh-frame-hdr" "-Wl,-znoexecstack" "-L" "/opt/rustwide/rustup-home/toolchains/1.54.0-x86_64-unknown-linux-gnu/lib/rustlib/x86_64-unknown-linux-gnu/lib" "-o" "/tmp/rustdoctestRocaHg/rust_out" "-Wl,--gc-sections" "-pie" "-Wl,-zrelro" "-Wl,-znow" "-nodefaultlibs"
[INFO] [stdout]   = note: collect2: fatal error: ld terminated with signal 9 [Killed]
[INFO] [stdout]           compilation terminated.
[INFO] [stdout]           
[INFO] [stdout] 
[INFO] [stdout] error: aborting due to previous error
[INFO] [stdout] 
[INFO] [stdout] Couldn't compile the test.
[INFO] [stdout] ---- src/error/internal.rs - error::internal::InternalError::from_source_with_message (line 68) stdout ----
[INFO] [stdout] error: linking with `cc` failed: exit status: 1
[INFO] [stdout]   |
[INFO] [stdout]   = note: "cc" "-m64" "/tmp/rustdoctests97ruu/rust_out.rust_out.7rcbfp3g-cgu.0.rcgu.o" "/tmp/rustdoctests97ruu/rust_out.33dyzt1ekirinwy8.rcgu.o" "-Wl,--as-needed" "-L" "/opt/rustwide/target/debug/deps" "-L" "/opt/rustwide/target/debug/deps" "-L" "/opt/rustwide/target/debug/build/rust-crypto-e980fceb3cf7ae60/out" "-L" "/opt/rustwide/target/debug/build/secp256k1-c7b1103ea4ebc568/out" "-L" "/usr/lib/x86_64-linux-gnu" "-L" "/opt/rustwide/rustup-home/toolchains/1.54.0-x86_64-unknown-linux-gnu/lib/rustlib/x86_64-unknown-linux-gnu/lib" "-Wl,-Bstatic" "/opt/rustwide/target/debug/deps/libgrid_sdk-1c934165c64a6f2f.rlib" "/opt/rustwide/target/debug/deps/libprotobuf-698bc30f2099fba0.rlib" "/opt/rustwide/target/debug/deps/libserde-e7a5e1b02fd308f2.rlib" "-Wl,--start-group" "/opt/rustwide/rustup-home/toolchains/1.54.0-x86_64-unknown-linux-gnu/lib/rustlib/x86_64-unknown-linux-gnu/lib/libstd-2420485b9e5ef5e1.rlib" "/opt/rustwide/rustup-home/toolchains/1.54.0-x86_64-unknown-linux-gnu/lib/rustlib/x86_64-unknown-linux-gnu/lib/libpanic_unwind-785e3cb61c4b1960.rlib" "/opt/rustwide/rustup-home/toolchains/1.54.0-x86_64-unknown-linux-gnu/lib/rustlib/x86_64-unknown-linux-gnu/lib/libminiz_oxide-087191a88bdaa22d.rlib" "/opt/rustwide/rustup-home/toolchains/1.54.0-x86_64-unknown-linux-gnu/lib/rustlib/x86_64-unknown-linux-gnu/lib/libadler-9981842c02975178.rlib" "/opt/rustwide/rustup-home/toolchains/1.54.0-x86_64-unknown-linux-gnu/lib/rustlib/x86_64-unknown-linux-gnu/lib/libobject-6fb405869b015fde.rlib" "/opt/rustwide/rustup-home/toolchains/1.54.0-x86_64-unknown-linux-gnu/lib/rustlib/x86_64-unknown-linux-gnu/lib/libaddr2line-d05c5c3c56004b7b.rlib" "/opt/rustwide/rustup-home/toolchains/1.54.0-x86_64-unknown-linux-gnu/lib/rustlib/x86_64-unknown-linux-gnu/lib/libgimli-42d74d2097528b38.rlib" "/opt/rustwide/rustup-home/toolchains/1.54.0-x86_64-unknown-linux-gnu/lib/rustlib/x86_64-unknown-linux-gnu/lib/libstd_detect-fb36534c113d2209.rlib" "/opt/rustwide/rustup-home/toolchains/1.54.0-x86_64-unknown-linux-gnu/lib/rustlib/x86_64-unknown-linux-gnu/lib/librustc_demangle-b56b9042c12b6535.rlib" "/opt/rustwide/rustup-home/toolchains/1.54.0-x86_64-unknown-linux-gnu/lib/rustlib/x86_64-unknown-linux-gnu/lib/libhashbrown-491902d6cb3e76df.rlib" "/opt/rustwide/rustup-home/toolchains/1.54.0-x86_64-unknown-linux-gnu/lib/rustlib/x86_64-unknown-linux-gnu/lib/librustc_std_workspace_alloc-61834e0981b8c367.rlib" "/opt/rustwide/rustup-home/toolchains/1.54.0-x86_64-unknown-linux-gnu/lib/rustlib/x86_64-unknown-linux-gnu/lib/libunwind-f78aa99d613a55bc.rlib" "/opt/rustwide/rustup-home/toolchains/1.54.0-x86_64-unknown-linux-gnu/lib/rustlib/x86_64-unknown-linux-gnu/lib/libcfg_if-53ee54cd7fed2c57.rlib" "/opt/rustwide/rustup-home/toolchains/1.54.0-x86_64-unknown-linux-gnu/lib/rustlib/x86_64-unknown-linux-gnu/lib/liblibc-544ecdbd6cda3c58.rlib" "/opt/rustwide/rustup-home/toolchains/1.54.0-x86_64-unknown-linux-gnu/lib/rustlib/x86_64-unknown-linux-gnu/lib/liballoc-379cc252b6943a79.rlib" "/opt/rustwide/rustup-home/toolchains/1.54.0-x86_64-unknown-linux-gnu/lib/rustlib/x86_64-unknown-linux-gnu/lib/librustc_std_workspace_core-8063eea38dcc5e62.rlib" "/opt/rustwide/rustup-home/toolchains/1.54.0-x86_64-unknown-linux-gnu/lib/rustlib/x86_64-unknown-linux-gnu/lib/libcore-5b228734afae15ee.rlib" "-Wl,--end-group" "/opt/rustwide/rustup-home/toolchains/1.54.0-x86_64-unknown-linux-gnu/lib/rustlib/x86_64-unknown-linux-gnu/lib/libcompiler_builtins-d6c7a399d95d173f.rlib" "-Wl,-Bdynamic" "-lgcc_s" "-lutil" "-lrt" "-lpthread" "-lm" "-ldl" "-lc" "-Wl,--eh-frame-hdr" "-Wl,-znoexecstack" "-L" "/opt/rustwide/rustup-home/toolchains/1.54.0-x86_64-unknown-linux-gnu/lib/rustlib/x86_64-unknown-linux-gnu/lib" "-o" "/tmp/rustdoctests97ruu/rust_out" "-Wl,--gc-sections" "-pie" "-Wl,-zrelro" "-Wl,-znow" "-nodefaultlibs"
[INFO] [stdout]   = note: collect2: fatal error: ld terminated with signal 9 [Killed]
[INFO] [stdout]           compilation terminated.
[INFO] [stdout]           
[INFO] [stdout] 
[INFO] [stdout] error: aborting due to previous error
[INFO] [stdout] 
[INFO] [stdout] Couldn't compile the test.
[INFO] [stdout] ---- src/error/internal.rs - error::internal::InternalError::from_source_with_prefix (line 93) stdout ----
[INFO] [stdout] error: linking with `cc` failed: exit status: 1
[INFO] [stdout]   |
[INFO] [stdout]   = note: "cc" "-m64" "/tmp/rustdoctestVk7lrJ/rust_out.rust_out.7rcbfp3g-cgu.0.rcgu.o" "/tmp/rustdoctestVk7lrJ/rust_out.33dyzt1ekirinwy8.rcgu.o" "-Wl,--as-needed" "-L" "/opt/rustwide/target/debug/deps" "-L" "/opt/rustwide/target/debug/deps" "-L" "/opt/rustwide/target/debug/build/rust-crypto-e980fceb3cf7ae60/out" "-L" "/opt/rustwide/target/debug/build/secp256k1-c7b1103ea4ebc568/out" "-L" "/usr/lib/x86_64-linux-gnu" "-L" "/opt/rustwide/rustup-home/toolchains/1.54.0-x86_64-unknown-linux-gnu/lib/rustlib/x86_64-unknown-linux-gnu/lib" "-Wl,-Bstatic" "/opt/rustwide/target/debug/deps/libgrid_sdk-1c934165c64a6f2f.rlib" "/opt/rustwide/target/debug/deps/libprotobuf-698bc30f2099fba0.rlib" "/opt/rustwide/target/debug/deps/libserde-e7a5e1b02fd308f2.rlib" "-Wl,--start-group" "/opt/rustwide/rustup-home/toolchains/1.54.0-x86_64-unknown-linux-gnu/lib/rustlib/x86_64-unknown-linux-gnu/lib/libstd-2420485b9e5ef5e1.rlib" "/opt/rustwide/rustup-home/toolchains/1.54.0-x86_64-unknown-linux-gnu/lib/rustlib/x86_64-unknown-linux-gnu/lib/libpanic_unwind-785e3cb61c4b1960.rlib" "/opt/rustwide/rustup-home/toolchains/1.54.0-x86_64-unknown-linux-gnu/lib/rustlib/x86_64-unknown-linux-gnu/lib/libminiz_oxide-087191a88bdaa22d.rlib" "/opt/rustwide/rustup-home/toolchains/1.54.0-x86_64-unknown-linux-gnu/lib/rustlib/x86_64-unknown-linux-gnu/lib/libadler-9981842c02975178.rlib" "/opt/rustwide/rustup-home/toolchains/1.54.0-x86_64-unknown-linux-gnu/lib/rustlib/x86_64-unknown-linux-gnu/lib/libobject-6fb405869b015fde.rlib" "/opt/rustwide/rustup-home/toolchains/1.54.0-x86_64-unknown-linux-gnu/lib/rustlib/x86_64-unknown-linux-gnu/lib/libaddr2line-d05c5c3c56004b7b.rlib" "/opt/rustwide/rustup-home/toolchains/1.54.0-x86_64-unknown-linux-gnu/lib/rustlib/x86_64-unknown-linux-gnu/lib/libgimli-42d74d2097528b38.rlib" "/opt/rustwide/rustup-home/toolchains/1.54.0-x86_64-unknown-linux-gnu/lib/rustlib/x86_64-unknown-linux-gnu/lib/libstd_detect-fb36534c113d2209.rlib" "/opt/rustwide/rustup-home/toolchains/1.54.0-x86_64-unknown-linux-gnu/lib/rustlib/x86_64-unknown-linux-gnu/lib/librustc_demangle-b56b9042c12b6535.rlib" "/opt/rustwide/rustup-home/toolchains/1.54.0-x86_64-unknown-linux-gnu/lib/rustlib/x86_64-unknown-linux-gnu/lib/libhashbrown-491902d6cb3e76df.rlib" "/opt/rustwide/rustup-home/toolchains/1.54.0-x86_64-unknown-linux-gnu/lib/rustlib/x86_64-unknown-linux-gnu/lib/librustc_std_workspace_alloc-61834e0981b8c367.rlib" "/opt/rustwide/rustup-home/toolchains/1.54.0-x86_64-unknown-linux-gnu/lib/rustlib/x86_64-unknown-linux-gnu/lib/libunwind-f78aa99d613a55bc.rlib" "/opt/rustwide/rustup-home/toolchains/1.54.0-x86_64-unknown-linux-gnu/lib/rustlib/x86_64-unknown-linux-gnu/lib/libcfg_if-53ee54cd7fed2c57.rlib" "/opt/rustwide/rustup-home/toolchains/1.54.0-x86_64-unknown-linux-gnu/lib/rustlib/x86_64-unknown-linux-gnu/lib/liblibc-544ecdbd6cda3c58.rlib" "/opt/rustwide/rustup-home/toolchains/1.54.0-x86_64-unknown-linux-gnu/lib/rustlib/x86_64-unknown-linux-gnu/lib/liballoc-379cc252b6943a79.rlib" "/opt/rustwide/rustup-home/toolchains/1.54.0-x86_64-unknown-linux-gnu/lib/rustlib/x86_64-unknown-linux-gnu/lib/librustc_std_workspace_core-8063eea38dcc5e62.rlib" "/opt/rustwide/rustup-home/toolchains/1.54.0-x86_64-unknown-linux-gnu/lib/rustlib/x86_64-unknown-linux-gnu/lib/libcore-5b228734afae15ee.rlib" "-Wl,--end-group" "/opt/rustwide/rustup-home/toolchains/1.54.0-x86_64-unknown-linux-gnu/lib/rustlib/x86_64-unknown-linux-gnu/lib/libcompiler_builtins-d6c7a399d95d173f.rlib" "-Wl,-Bdynamic" "-lgcc_s" "-lutil" "-lrt" "-lpthread" "-lm" "-ldl" "-lc" "-Wl,--eh-frame-hdr" "-Wl,-znoexecstack" "-L" "/opt/rustwide/rustup-home/toolchains/1.54.0-x86_64-unknown-linux-gnu/lib/rustlib/x86_64-unknown-linux-gnu/lib" "-o" "/tmp/rustdoctestVk7lrJ/rust_out" "-Wl,--gc-sections" "-pie" "-Wl,-zrelro" "-Wl,-znow" "-nodefaultlibs"
[INFO] [stdout]   = note: collect2: fatal error: ld terminated with signal 9 [Killed]
[INFO] [stdout]           compilation terminated.
[INFO] [stdout]           
[INFO] [stdout] 
[INFO] [stdout] error: aborting due to previous error
[INFO] [stdout] 
[INFO] [stdout] Couldn't compile the test.
[INFO] [stdout] 
[INFO] [stdout] failures:
[INFO] [stdout]     src/error/internal.rs - error::internal::InternalError::from_source (line 44)
[INFO] [stdout]     src/error/internal.rs - error::internal::InternalError::from_source_with_message (line 68)
[INFO] [stdout]     src/error/internal.rs - error::internal::InternalError::from_source_with_prefix (line 93)
[INFO] [stdout]     src/error/unavailable.rs - error::unavailable::ResourceTemporarilyUnavailableError::from_source (line 38)
[INFO] [stdout] 
[INFO] [stdout] test result: FAILED. 8 passed; 4 failed; 1 ignored; 0 measured; 0 filtered out; finished in 3.51s
[INFO] [stdout] 
[INFO] running `Command { std: "docker" "inspect" "e0b4c957093b6e1b16914b3e6057df6edac9a40bbbf8687f5836795ff3381105", kill_on_drop: false }`
[INFO] running `Command { std: "docker" "rm" "-f" "e0b4c957093b6e1b16914b3e6057df6edac9a40bbbf8687f5836795ff3381105", kill_on_drop: false }`
[INFO] [stdout] e0b4c957093b6e1b16914b3e6057df6edac9a40bbbf8687f5836795ff3381105
