[INFO] fetching crate graphql_client 0.10.0...
[INFO] testing graphql_client-0.10.0 against beta-2021-08-01 for beta-1.55-1
[INFO] extracting crate graphql_client 0.10.0 into /workspace/builds/worker-103/source
[INFO] validating manifest of crates.io crate graphql_client 0.10.0 on toolchain beta-2021-08-01
[INFO] running `Command { std: "/workspace/cargo-home/bin/cargo" "+beta-2021-08-01" "metadata" "--manifest-path" "Cargo.toml" "--no-deps", kill_on_drop: false }`
[INFO] started tweaking crates.io crate graphql_client 0.10.0
[INFO] finished tweaking crates.io crate graphql_client 0.10.0
[INFO] tweaked toml for crates.io crate graphql_client 0.10.0 written to /workspace/builds/worker-103/source/Cargo.toml
[INFO] running `Command { std: "/workspace/cargo-home/bin/cargo" "+beta-2021-08-01" "generate-lockfile" "--manifest-path" "Cargo.toml" "-Zno-index-update", kill_on_drop: false }`
[INFO] running `Command { std: "/workspace/cargo-home/bin/cargo" "+beta-2021-08-01" "fetch" "--manifest-path" "Cargo.toml", kill_on_drop: false }`
[INFO] [stderr]     Blocking waiting for file lock on package cache
[INFO] running `Command { std: "docker" "create" "-v" "/var/lib/crater-agent-workspace/builds/worker-103/target:/opt/rustwide/target:rw,Z" "-v" "/var/lib/crater-agent-workspace/builds/worker-103/source:/opt/rustwide/workdir:ro,Z" "-v" "/var/lib/crater-agent-workspace/cargo-home:/opt/rustwide/cargo-home:ro,Z" "-v" "/var/lib/crater-agent-workspace/rustup-home:/opt/rustwide/rustup-home:ro,Z" "-e" "SOURCE_DIR=/opt/rustwide/workdir" "-e" "CARGO_TARGET_DIR=/opt/rustwide/target" "-e" "CARGO_HOME=/opt/rustwide/cargo-home" "-e" "RUSTUP_HOME=/opt/rustwide/rustup-home" "-w" "/opt/rustwide/workdir" "-m" "1610612736" "--user" "0:0" "--network" "none" "ghcr.io/rust-lang/crates-build-env/linux@sha256:34b6a614d2c27851fe6cbf88fbd1137609cefab8b10d0615aaeb6fd47975d74e" "/opt/rustwide/cargo-home/bin/cargo" "+beta-2021-08-01" "metadata" "--no-deps" "--format-version=1", kill_on_drop: false }`
[INFO] [stdout] ce7f3024611581d8840a30c3fa81383110eeae6ba70130123ed49479718fb8ce
[INFO] running `Command { std: "docker" "start" "-a" "ce7f3024611581d8840a30c3fa81383110eeae6ba70130123ed49479718fb8ce", kill_on_drop: false }`
[INFO] running `Command { std: "docker" "inspect" "ce7f3024611581d8840a30c3fa81383110eeae6ba70130123ed49479718fb8ce", kill_on_drop: false }`
[INFO] running `Command { std: "docker" "rm" "-f" "ce7f3024611581d8840a30c3fa81383110eeae6ba70130123ed49479718fb8ce", kill_on_drop: false }`
[INFO] [stdout] ce7f3024611581d8840a30c3fa81383110eeae6ba70130123ed49479718fb8ce
[INFO] running `Command { std: "docker" "create" "-v" "/var/lib/crater-agent-workspace/builds/worker-103/target:/opt/rustwide/target:rw,Z" "-v" "/var/lib/crater-agent-workspace/builds/worker-103/source:/opt/rustwide/workdir:ro,Z" "-v" "/var/lib/crater-agent-workspace/cargo-home:/opt/rustwide/cargo-home:ro,Z" "-v" "/var/lib/crater-agent-workspace/rustup-home:/opt/rustwide/rustup-home:ro,Z" "-e" "SOURCE_DIR=/opt/rustwide/workdir" "-e" "CARGO_TARGET_DIR=/opt/rustwide/target" "-e" "CARGO_INCREMENTAL=0" "-e" "RUST_BACKTRACE=full" "-e" "RUSTFLAGS=--cap-lints=warn" "-e" "CARGO_HOME=/opt/rustwide/cargo-home" "-e" "RUSTUP_HOME=/opt/rustwide/rustup-home" "-w" "/opt/rustwide/workdir" "-m" "1610612736" "--user" "0:0" "--network" "none" "ghcr.io/rust-lang/crates-build-env/linux@sha256:34b6a614d2c27851fe6cbf88fbd1137609cefab8b10d0615aaeb6fd47975d74e" "/opt/rustwide/cargo-home/bin/cargo" "+beta-2021-08-01" "build" "--frozen" "--message-format=json", kill_on_drop: false }`
[INFO] [stdout] 40b10c9d5a801b60743713a3b61c2bdce759d13b358dd7520dd2af87f1e43983
[INFO] running `Command { std: "docker" "start" "-a" "40b10c9d5a801b60743713a3b61c2bdce759d13b358dd7520dd2af87f1e43983", kill_on_drop: false }`
[INFO] [stderr]     Blocking waiting for file lock on package cache
[INFO] [stderr]     Blocking waiting for file lock on package cache
[INFO] [stderr]    Compiling syn v1.0.74
[INFO] [stderr]    Compiling memchr v2.4.0
[INFO] [stderr]    Compiling libc v0.2.98
[INFO] [stderr]    Compiling serde v1.0.127
[INFO] [stderr]    Compiling ascii v0.9.3
[INFO] [stderr]    Compiling byteorder v1.4.3
[INFO] [stderr]    Compiling either v1.6.1
[INFO] [stderr]    Compiling object v0.26.0
[INFO] [stderr]    Compiling combine v3.8.1
[INFO] [stderr]    Compiling synstructure v0.12.5
[INFO] [stderr]    Compiling backtrace v0.3.61
[INFO] [stderr]    Compiling serde_derive v1.0.127
[INFO] [stderr]    Compiling failure_derive v0.1.8
[INFO] [stderr]    Compiling failure v0.1.8
[INFO] [stderr]    Compiling graphql-parser v0.2.3
[INFO] [stderr]    Compiling serde_json v1.0.66
[INFO] [stderr]    Compiling graphql-introspection-query v0.2.0
[INFO] [stderr]    Compiling graphql_client_codegen v0.10.0
[INFO] [stderr]    Compiling graphql_query_derive v0.10.0
[INFO] [stderr]    Compiling graphql_client v0.10.0 (/opt/rustwide/workdir)
[INFO] [stderr]     Finished dev [unoptimized + debuginfo] target(s) in 25.52s
[INFO] running `Command { std: "docker" "inspect" "40b10c9d5a801b60743713a3b61c2bdce759d13b358dd7520dd2af87f1e43983", kill_on_drop: false }`
[INFO] running `Command { std: "docker" "rm" "-f" "40b10c9d5a801b60743713a3b61c2bdce759d13b358dd7520dd2af87f1e43983", kill_on_drop: false }`
[INFO] [stdout] 40b10c9d5a801b60743713a3b61c2bdce759d13b358dd7520dd2af87f1e43983
[INFO] running `Command { std: "docker" "create" "-v" "/var/lib/crater-agent-workspace/builds/worker-103/target:/opt/rustwide/target:rw,Z" "-v" "/var/lib/crater-agent-workspace/builds/worker-103/source:/opt/rustwide/workdir:ro,Z" "-v" "/var/lib/crater-agent-workspace/cargo-home:/opt/rustwide/cargo-home:ro,Z" "-v" "/var/lib/crater-agent-workspace/rustup-home:/opt/rustwide/rustup-home:ro,Z" "-e" "SOURCE_DIR=/opt/rustwide/workdir" "-e" "CARGO_TARGET_DIR=/opt/rustwide/target" "-e" "CARGO_INCREMENTAL=0" "-e" "RUST_BACKTRACE=full" "-e" "RUSTFLAGS=--cap-lints=warn" "-e" "CARGO_HOME=/opt/rustwide/cargo-home" "-e" "RUSTUP_HOME=/opt/rustwide/rustup-home" "-w" "/opt/rustwide/workdir" "-m" "1610612736" "--user" "0:0" "--network" "none" "ghcr.io/rust-lang/crates-build-env/linux@sha256:34b6a614d2c27851fe6cbf88fbd1137609cefab8b10d0615aaeb6fd47975d74e" "/opt/rustwide/cargo-home/bin/cargo" "+beta-2021-08-01" "test" "--frozen" "--no-run" "--message-format=json", kill_on_drop: false }`
[INFO] [stdout] 233768146c96d69f48f64238f1f401b3028693361dc977f8ea0ac38c450c950a
[INFO] running `Command { std: "docker" "start" "-a" "233768146c96d69f48f64238f1f401b3028693361dc977f8ea0ac38c450c950a", kill_on_drop: false }`
[INFO] [stderr]    Compiling graphql_client v0.10.0 (/opt/rustwide/workdir)
[INFO] [stderr]     Finished test [unoptimized + debuginfo] target(s) in 7.34s
[INFO] running `Command { std: "docker" "inspect" "233768146c96d69f48f64238f1f401b3028693361dc977f8ea0ac38c450c950a", kill_on_drop: false }`
[INFO] running `Command { std: "docker" "rm" "-f" "233768146c96d69f48f64238f1f401b3028693361dc977f8ea0ac38c450c950a", kill_on_drop: false }`
[INFO] [stdout] 233768146c96d69f48f64238f1f401b3028693361dc977f8ea0ac38c450c950a
[INFO] running `Command { std: "docker" "create" "-v" "/var/lib/crater-agent-workspace/builds/worker-103/target:/opt/rustwide/target:rw,Z" "-v" "/var/lib/crater-agent-workspace/builds/worker-103/source:/opt/rustwide/workdir:ro,Z" "-v" "/var/lib/crater-agent-workspace/cargo-home:/opt/rustwide/cargo-home:ro,Z" "-v" "/var/lib/crater-agent-workspace/rustup-home:/opt/rustwide/rustup-home:ro,Z" "-e" "SOURCE_DIR=/opt/rustwide/workdir" "-e" "CARGO_TARGET_DIR=/opt/rustwide/target" "-e" "CARGO_INCREMENTAL=0" "-e" "RUST_BACKTRACE=full" "-e" "RUSTFLAGS=--cap-lints=warn" "-e" "CARGO_HOME=/opt/rustwide/cargo-home" "-e" "RUSTUP_HOME=/opt/rustwide/rustup-home" "-w" "/opt/rustwide/workdir" "-m" "1610612736" "--user" "0:0" "--network" "none" "ghcr.io/rust-lang/crates-build-env/linux@sha256:34b6a614d2c27851fe6cbf88fbd1137609cefab8b10d0615aaeb6fd47975d74e" "/opt/rustwide/cargo-home/bin/cargo" "+beta-2021-08-01" "test" "--frozen", kill_on_drop: false }`
[INFO] [stdout] 1441c4e094dcfee78ea6e06b93fa9ef6054fa860c5089f098876de16797443fe
[INFO] running `Command { std: "docker" "start" "-a" "1441c4e094dcfee78ea6e06b93fa9ef6054fa860c5089f098876de16797443fe", kill_on_drop: false }`
[INFO] [stderr]     Finished test [unoptimized + debuginfo] target(s) in 0.12s
[INFO] [stderr]      Running unittests (/opt/rustwide/target/debug/deps/graphql_client-0b516c0e78f2abc0)
[INFO] [stdout] 
[INFO] [stdout] running 3 tests
[INFO] [stderr]      Running tests/alias.rs (/opt/rustwide/target/debug/deps/alias-506d9f7bbca72696)
[INFO] [stdout] test tests::full_graphql_error_deserialization ... ok
[INFO] [stdout] test tests::full_graphql_error_with_extensions_deserialization ... ok
[INFO] [stdout] test tests::graphql_error_works_with_just_message ... ok
[INFO] [stdout] 
[INFO] [stdout] test result: ok. 3 passed; 0 failed; 0 ignored; 0 measured; 0 filtered out; finished in 0.01s
[INFO] [stdout] 
[INFO] [stdout] 
[INFO] [stdout] running 1 test
[INFO] [stderr]      Running tests/custom_scalars.rs (/opt/rustwide/target/debug/deps/custom_scalars-b31b724f5083aff1)
[INFO] [stdout] test alias ... ok
[INFO] [stdout] 
[INFO] [stdout] test result: ok. 1 passed; 0 failed; 0 ignored; 0 measured; 0 filtered out; finished in 0.03s
[INFO] [stdout] 
[INFO] [stdout] 
[INFO] [stdout] running 1 test
[INFO] [stderr]      Running tests/default.rs (/opt/rustwide/target/debug/deps/default-dcc9778111485606)
[INFO] [stdout] test custom_scalars ... ok
[INFO] [stdout] 
[INFO] [stdout] test result: ok. 1 passed; 0 failed; 0 ignored; 0 measured; 0 filtered out; finished in 0.00s
[INFO] [stdout] 
[INFO] [stdout] 
[INFO] [stdout] running 1 test
[INFO] [stdout] test variables_can_derive_default ... ok
[INFO] [stdout] 
[INFO] [stdout] test result: ok. 1 passed; 0 failed; 0 ignored; 0 measured; 0 filtered out; finished in 0.01s
[INFO] [stdout] 
[INFO] [stderr]      Running tests/deprecation.rs (/opt/rustwide/target/debug/deps/deprecation-de4a920e8ce11a01)
[INFO] [stdout] 
[INFO] [stdout] running 3 tests
[INFO] [stdout] test deprecation_allow ... ok
[INFO] [stdout] test deprecation_warn ... ok
[INFO] [stdout] test deprecation_deny ... ok
[INFO] [stdout] 
[INFO] [stdout] test result: ok. 3 passed; 0 failed; 0 ignored; 0 measured; 0 filtered out; finished in 0.02s
[INFO] [stdout] 
[INFO] [stderr]      Running tests/extern_enums.rs (/opt/rustwide/target/debug/deps/extern_enums-4ce50c08d870615e)
[INFO] [stdout] 
[INFO] [stdout] running 2 tests
[INFO] [stdout] test multiple_extern_enums ... ok
[INFO] [stderr]      Running tests/fragment_chain.rs (/opt/rustwide/target/debug/deps/fragment_chain-c08e81d421fe279c)
[INFO] [stdout] test single_extern_enum ... ok
[INFO] [stderr]      Running tests/fragments.rs (/opt/rustwide/target/debug/deps/fragments-1db9ddb98dc3da43)
[INFO] [stdout] 
[INFO] [stdout] test result: ok. 2 passed; 0 failed; 0 ignored; 0 measured; 0 filtered out; finished in 0.07s
[INFO] [stdout] 
[INFO] [stdout] 
[INFO] [stdout] running 0 tests
[INFO] [stdout] 
[INFO] [stdout] test result: ok. 0 passed; 0 failed; 0 ignored; 0 measured; 0 filtered out; finished in 0.00s
[INFO] [stdout] 
[INFO] [stdout] 
[INFO] [stdout] running 3 tests
[INFO] [stdout] test fragment_reference ... ok
[INFO] [stdout] test recursive_fragment ... ok
[INFO] [stdout] test fragments_with_snake_case_name ... ok
[INFO] [stdout] 
[INFO] [stdout] test result: ok. 3 passed; 0 failed; 0 ignored; 0 measured; 0 filtered out; finished in 0.01s
[INFO] [stdout] 
[INFO] [stderr]      Running tests/input_object_variables.rs (/opt/rustwide/target/debug/deps/input_object_variables-b95692fe27445e96)
[INFO] [stdout] 
[INFO] [stdout] running 4 tests
[INFO] [stdout] test indirectly_recursive_input_objects_can_be_constructed ... ok
[INFO] [stdout] test input_object_variables_query_variables_struct ... ok
[INFO] [stdout] test input_object_variables_default ... ok
[INFO] [stdout] test recursive_input_objects_can_be_constructed ... ok
[INFO] [stdout] 
[INFO] [stdout] test result: ok. 4 passed; 0 failed; 0 ignored; 0 measured; 0 filtered out; finished in 0.11s
[INFO] [stdout] 
[INFO] [stderr]      Running tests/interfaces.rs (/opt/rustwide/target/debug/deps/interfaces-4203f9ef2324f598)
[INFO] [stdout] 
[INFO] [stderr]      Running tests/introspection.rs (/opt/rustwide/target/debug/deps/introspection-1e03da2265415798)
[INFO] [stdout] running 3 tests
[INFO] [stdout] test fragment_in_interface ... ok
[INFO] [stdout] test interface_not_on_everything_deserialization ... ok
[INFO] [stdout] test interface_deserialization ... ok
[INFO] [stdout] 
[INFO] [stdout] test result: ok. 3 passed; 0 failed; 0 ignored; 0 measured; 0 filtered out; finished in 0.00s
[INFO] [stdout] 
[INFO] [stdout] 
[INFO] [stdout] running 2 tests
[INFO] [stdout] test introspection_schema ... ok
[INFO] [stdout] test leading_underscores_are_preserved ... ok
[INFO] [stdout] 
[INFO] [stdout] test result: ok. 2 passed; 0 failed; 0 ignored; 0 measured; 0 filtered out; finished in 0.12s
[INFO] [stdout] 
[INFO] [stderr]      Running tests/json_schema.rs (/opt/rustwide/target/debug/deps/json_schema-1529440d2080be4d)
[INFO] [stdout] 
[INFO] [stdout] running 1 test
[INFO] [stderr]      Running tests/more_derives.rs (/opt/rustwide/target/debug/deps/more_derives-4a92661fe42ddfb1)
[INFO] [stdout] test json_schemas_work_with_and_without_data_field ... ok
[INFO] [stdout] 
[INFO] [stdout] test result: ok. 1 passed; 0 failed; 0 ignored; 0 measured; 0 filtered out; finished in 0.01s
[INFO] [stdout] 
[INFO] [stdout] 
[INFO] [stdout] running 1 test
[INFO] [stderr]      Running tests/operation_selection.rs (/opt/rustwide/target/debug/deps/operation_selection-f2cd60c0687786ea)
[INFO] [stdout] test response_derives_can_be_added ... ok
[INFO] [stdout] 
[INFO] [stdout] test result: ok. 1 passed; 0 failed; 0 ignored; 0 measured; 0 filtered out; finished in 0.02s
[INFO] [stdout] 
[INFO] [stdout] 
[INFO] [stdout] running 2 tests
[INFO] [stdout] test operation_name_is_correct ... ok
[INFO] [stderr]      Running tests/scalar_variables.rs (/opt/rustwide/target/debug/deps/scalar_variables-ebcac61ea144ac37)
[INFO] [stdout] test operation_selection_works ... ok
[INFO] [stdout] 
[INFO] [stdout] test result: ok. 2 passed; 0 failed; 0 ignored; 0 measured; 0 filtered out; finished in 0.05s
[INFO] [stdout] 
[INFO] [stdout] 
[INFO] [stdout] running 2 tests
[INFO] [stdout] test scalar_variables_default ... ok
[INFO] [stdout] test scalar_variables_query_variables_struct ... ok
[INFO] [stdout] 
[INFO] [stdout] test result: ok. 2 passed; 0 failed; 0 ignored; 0 measured; 0 filtered out; finished in 0.03s
[INFO] [stdout] 
[INFO] [stderr]      Running tests/subscriptions.rs (/opt/rustwide/target/debug/deps/subscriptions-41b176ff3f532615)
[INFO] [stdout] 
[INFO] [stdout] running 1 test
[INFO] [stdout] test subscriptions_work ... ok
[INFO] [stdout] 
[INFO] [stdout] test result: ok. 1 passed; 0 failed; 0 ignored; 0 measured; 0 filtered out; finished in 0.02s
[INFO] [stdout] 
[INFO] [stderr]      Running tests/type_refining_fragments.rs (/opt/rustwide/target/debug/deps/type_refining_fragments-a9b5521d412ff38f)
[INFO] [stdout] 
[INFO] [stdout] running 2 tests
[INFO] [stdout] test type_refining_fragment_on_interface ... ok
[INFO] [stdout] test type_refining_fragment_on_union ... ok
[INFO] [stdout] 
[INFO] [stdout] test result: ok. 2 passed; 0 failed; 0 ignored; 0 measured; 0 filtered out; finished in 0.00s
[INFO] [stdout] 
[INFO] [stderr]      Running tests/union_query.rs (/opt/rustwide/target/debug/deps/union_query-668d2d1263215974)
[INFO] [stdout] 
[INFO] [stdout] running 3 tests
[INFO] [stdout] test fragment_and_more_on_union ... ok
[INFO] [stdout] test union_query_deserialization ... ok
[INFO] [stdout] test fragment_on_union ... ok
[INFO] [stdout] 
[INFO] [stdout] test result: ok. 3 passed; 0 failed; 0 ignored; 0 measured; 0 filtered out; finished in 0.01s
[INFO] [stdout] 
[INFO] [stderr]    Doc-tests graphql_client
[INFO] [stdout] 
[INFO] [stdout] running 3 tests
[INFO] [stdout] test src/lib.rs - GraphQLQuery (line 39) ... FAILED
[INFO] [stdout] test src/lib.rs - Error (line 132) ... ok
[INFO] [stderr] error: test failed, to rerun pass '--doc'
[INFO] [stdout] test src/lib.rs - Response (line 239) ... ok
[INFO] [stdout] 
[INFO] [stdout] failures:
[INFO] [stdout] 
[INFO] [stdout] ---- src/lib.rs - GraphQLQuery (line 39) stdout ----
[INFO] [stdout] error: Failed to generate GraphQLQuery impl: Could not find file with path: /opt/rustwide/workdir/../graphql_client_codegen/src/tests/star_wars_schema.graphql
[INFO] [stdout] 
[INFO] [stdout]                 Hint: file paths in the GraphQLQuery attribute are relative to the project root (location of the Cargo.toml). Example: query_path = "src/my_query.graphql".
[INFO] [stdout]   --> src/lib.rs:45:1
[INFO] [stdout]    |
[INFO] [stdout] 8  | / #[graphql(
[INFO] [stdout] 9  | |   query_path = "../graphql_client_codegen/src/tests/star_wars_query.graphql",
[INFO] [stdout] 10 | |   schema_path = "../graphql_client_codegen/src/tests/star_wars_schema.graphql"
[INFO] [stdout] 11 | | )]
[INFO] [stdout] 12 | | struct StarWarsQuery;
[INFO] [stdout]    | |_____________________^
[INFO] [stdout] 
[INFO] [stdout] error[E0433]: failed to resolve: use of undeclared crate or module `star_wars_query`
[INFO] [stdout]   --> src/lib.rs:54:21
[INFO] [stdout]    |
[INFO] [stdout] 17 |     let variables = star_wars_query::Variables {
[INFO] [stdout]    |                     ^^^^^^^^^^^^^^^ use of undeclared crate or module `star_wars_query`
[INFO] [stdout] 
[INFO] [stdout] error[E0433]: failed to resolve: use of undeclared crate or module `star_wars_query`
[INFO] [stdout]   --> src/lib.rs:55:27
[INFO] [stdout]    |
[INFO] [stdout] 18 |         episode_for_hero: star_wars_query::Episode::NEWHOPE,
[INFO] [stdout]    |                           ^^^^^^^^^^^^^^^ use of undeclared crate or module `star_wars_query`
[INFO] [stdout] 
[INFO] [stdout] error[E0433]: failed to resolve: use of undeclared crate or module `star_wars_query`
[INFO] [stdout]   --> src/lib.rs:59:26
[INFO] [stdout]    |
[INFO] [stdout] 22 |         "operationName": star_wars_query::OPERATION_NAME,
[INFO] [stdout]    |                          ^^^^^^^^^^^^^^^ use of undeclared crate or module `star_wars_query`
[INFO] [stdout] 
[INFO] [stdout] error[E0433]: failed to resolve: use of undeclared crate or module `star_wars_query`
[INFO] [stdout]   --> src/lib.rs:60:18
[INFO] [stdout]    |
[INFO] [stdout] 23 |         "query": star_wars_query::QUERY,
[INFO] [stdout]    |                  ^^^^^^^^^^^^^^^ use of undeclared crate or module `star_wars_query`
[INFO] [stdout] 
[INFO] [stdout] error[E0599]: no function or associated item named `build_query` found for struct `StarWarsQuery` in the current scope
[INFO] [stdout]   --> src/lib.rs:67:24
[INFO] [stdout]    |
[INFO] [stdout] 12 | struct StarWarsQuery;
[INFO] [stdout]    | --------------------- function or associated item `build_query` not found for this
[INFO] [stdout] ...
[INFO] [stdout] 30 |         StarWarsQuery::build_query(variables)
[INFO] [stdout]    |                        ^^^^^^^^^^^ function or associated item not found in `StarWarsQuery`
[INFO] [stdout]    |
[INFO] [stdout]    = help: items from traits can only be used if the trait is implemented and in scope
[INFO] [stdout]    = note: the following trait defines an item `build_query`, perhaps you need to implement it:
[INFO] [stdout]            candidate #1: `graphql_client::GraphQLQuery`
[INFO] [stdout] 
[INFO] [stdout] error: aborting due to 6 previous errors
[INFO] [stdout] 
[INFO] [stdout] Some errors have detailed explanations: E0433, E0599.
[INFO] [stdout] For more information about an error, try `rustc --explain E0433`.
[INFO] [stdout] Couldn't compile the test.
[INFO] [stdout] 
[INFO] [stdout] failures:
[INFO] [stdout]     src/lib.rs - GraphQLQuery (line 39)
[INFO] [stdout] 
[INFO] [stdout] test result: FAILED. 2 passed; 1 failed; 0 ignored; 0 measured; 0 filtered out; finished in 3.84s
[INFO] [stdout] 
[INFO] running `Command { std: "docker" "inspect" "1441c4e094dcfee78ea6e06b93fa9ef6054fa860c5089f098876de16797443fe", kill_on_drop: false }`
[INFO] running `Command { std: "docker" "rm" "-f" "1441c4e094dcfee78ea6e06b93fa9ef6054fa860c5089f098876de16797443fe", kill_on_drop: false }`
[INFO] [stdout] 1441c4e094dcfee78ea6e06b93fa9ef6054fa860c5089f098876de16797443fe
