[INFO] fetching crate graphicsmagick 0.2.1...
[INFO] testing graphicsmagick-0.2.1 against beta-2021-08-01 for beta-1.55-1
[INFO] extracting crate graphicsmagick 0.2.1 into /workspace/builds/worker-63/source
[INFO] validating manifest of crates.io crate graphicsmagick 0.2.1 on toolchain beta-2021-08-01
[INFO] running `Command { std: "/workspace/cargo-home/bin/cargo" "+beta-2021-08-01" "metadata" "--manifest-path" "Cargo.toml" "--no-deps", kill_on_drop: false }`
[INFO] started tweaking crates.io crate graphicsmagick 0.2.1
[INFO] finished tweaking crates.io crate graphicsmagick 0.2.1
[INFO] tweaked toml for crates.io crate graphicsmagick 0.2.1 written to /workspace/builds/worker-63/source/Cargo.toml
[INFO] running `Command { std: "/workspace/cargo-home/bin/cargo" "+beta-2021-08-01" "generate-lockfile" "--manifest-path" "Cargo.toml" "-Zno-index-update", kill_on_drop: false }`
[INFO] running `Command { std: "/workspace/cargo-home/bin/cargo" "+beta-2021-08-01" "fetch" "--manifest-path" "Cargo.toml", kill_on_drop: false }`
[INFO] [stderr]     Blocking waiting for file lock on package cache
[INFO] [stderr]     Blocking waiting for file lock on package cache
[INFO] [stderr]  Downloading crates ...
[INFO] [stderr]   Downloaded graphicsmagick-sys v0.1.1
[INFO] running `Command { std: "docker" "create" "-v" "/var/lib/crater-agent-workspace/builds/worker-63/target:/opt/rustwide/target:rw,Z" "-v" "/var/lib/crater-agent-workspace/builds/worker-63/source:/opt/rustwide/workdir:ro,Z" "-v" "/var/lib/crater-agent-workspace/cargo-home:/opt/rustwide/cargo-home:ro,Z" "-v" "/var/lib/crater-agent-workspace/rustup-home:/opt/rustwide/rustup-home:ro,Z" "-e" "SOURCE_DIR=/opt/rustwide/workdir" "-e" "CARGO_TARGET_DIR=/opt/rustwide/target" "-e" "CARGO_HOME=/opt/rustwide/cargo-home" "-e" "RUSTUP_HOME=/opt/rustwide/rustup-home" "-w" "/opt/rustwide/workdir" "-m" "1610612736" "--user" "0:0" "--network" "none" "ghcr.io/rust-lang/crates-build-env/linux@sha256:34b6a614d2c27851fe6cbf88fbd1137609cefab8b10d0615aaeb6fd47975d74e" "/opt/rustwide/cargo-home/bin/cargo" "+beta-2021-08-01" "metadata" "--no-deps" "--format-version=1", kill_on_drop: false }`
[INFO] [stdout] cea8b5920dc6c25e164585cec07b06447911ea3a1aa70030f91a9e33ad86369e
[INFO] running `Command { std: "docker" "start" "-a" "cea8b5920dc6c25e164585cec07b06447911ea3a1aa70030f91a9e33ad86369e", kill_on_drop: false }`
[INFO] running `Command { std: "docker" "inspect" "cea8b5920dc6c25e164585cec07b06447911ea3a1aa70030f91a9e33ad86369e", kill_on_drop: false }`
[INFO] running `Command { std: "docker" "rm" "-f" "cea8b5920dc6c25e164585cec07b06447911ea3a1aa70030f91a9e33ad86369e", kill_on_drop: false }`
[INFO] [stdout] cea8b5920dc6c25e164585cec07b06447911ea3a1aa70030f91a9e33ad86369e
[INFO] running `Command { std: "docker" "create" "-v" "/var/lib/crater-agent-workspace/builds/worker-63/target:/opt/rustwide/target:rw,Z" "-v" "/var/lib/crater-agent-workspace/builds/worker-63/source:/opt/rustwide/workdir:ro,Z" "-v" "/var/lib/crater-agent-workspace/cargo-home:/opt/rustwide/cargo-home:ro,Z" "-v" "/var/lib/crater-agent-workspace/rustup-home:/opt/rustwide/rustup-home:ro,Z" "-e" "SOURCE_DIR=/opt/rustwide/workdir" "-e" "CARGO_TARGET_DIR=/opt/rustwide/target" "-e" "CARGO_INCREMENTAL=0" "-e" "RUST_BACKTRACE=full" "-e" "RUSTFLAGS=--cap-lints=warn" "-e" "CARGO_HOME=/opt/rustwide/cargo-home" "-e" "RUSTUP_HOME=/opt/rustwide/rustup-home" "-w" "/opt/rustwide/workdir" "-m" "1610612736" "--user" "0:0" "--network" "none" "ghcr.io/rust-lang/crates-build-env/linux@sha256:34b6a614d2c27851fe6cbf88fbd1137609cefab8b10d0615aaeb6fd47975d74e" "/opt/rustwide/cargo-home/bin/cargo" "+beta-2021-08-01" "build" "--frozen" "--message-format=json", kill_on_drop: false }`
[INFO] [stdout] bff1a45dacfde725e422429a3f2aa510e9a16d6a06e1f2db8495c23015489302
[INFO] running `Command { std: "docker" "start" "-a" "bff1a45dacfde725e422429a3f2aa510e9a16d6a06e1f2db8495c23015489302", kill_on_drop: false }`
[INFO] [stderr]    Compiling memchr v2.4.0
[INFO] [stderr]    Compiling unicode-width v0.1.8
[INFO] [stderr]    Compiling regex-syntax v0.6.25
[INFO] [stderr]    Compiling quick-error v1.2.3
[INFO] [stderr]    Compiling anyhow v1.0.42
[INFO] [stderr]    Compiling bindgen v0.53.3
[INFO] [stderr]    Compiling termcolor v1.1.2
[INFO] [stderr]    Compiling libloading v0.5.2
[INFO] [stderr]    Compiling clang-sys v0.29.3
[INFO] [stderr]    Compiling atty v0.2.14
[INFO] [stderr]    Compiling which v3.1.1
[INFO] [stderr]    Compiling thiserror-impl v1.0.26
[INFO] [stderr]    Compiling humantime v1.3.0
[INFO] [stderr]    Compiling textwrap v0.11.0
[INFO] [stderr]    Compiling clap v2.33.3
[INFO] [stderr]    Compiling aho-corasick v0.7.18
[INFO] [stderr]    Compiling nom v5.1.2
[INFO] [stderr]    Compiling thiserror v1.0.26
[INFO] [stderr]    Compiling regex v1.5.4
[INFO] [stderr]    Compiling cexpr v0.4.0
[INFO] [stderr]    Compiling env_logger v0.7.1
[INFO] [stderr]    Compiling graphicsmagick-sys v0.1.1
[INFO] [stderr]    Compiling graphicsmagick v0.2.1 (/opt/rustwide/workdir)
[INFO] [stderr]     Finished dev [unoptimized + debuginfo] target(s) in 36.60s
[INFO] running `Command { std: "docker" "inspect" "bff1a45dacfde725e422429a3f2aa510e9a16d6a06e1f2db8495c23015489302", kill_on_drop: false }`
[INFO] running `Command { std: "docker" "rm" "-f" "bff1a45dacfde725e422429a3f2aa510e9a16d6a06e1f2db8495c23015489302", kill_on_drop: false }`
[INFO] [stdout] bff1a45dacfde725e422429a3f2aa510e9a16d6a06e1f2db8495c23015489302
[INFO] running `Command { std: "docker" "create" "-v" "/var/lib/crater-agent-workspace/builds/worker-63/target:/opt/rustwide/target:rw,Z" "-v" "/var/lib/crater-agent-workspace/builds/worker-63/source:/opt/rustwide/workdir:ro,Z" "-v" "/var/lib/crater-agent-workspace/cargo-home:/opt/rustwide/cargo-home:ro,Z" "-v" "/var/lib/crater-agent-workspace/rustup-home:/opt/rustwide/rustup-home:ro,Z" "-e" "SOURCE_DIR=/opt/rustwide/workdir" "-e" "CARGO_TARGET_DIR=/opt/rustwide/target" "-e" "CARGO_INCREMENTAL=0" "-e" "RUST_BACKTRACE=full" "-e" "RUSTFLAGS=--cap-lints=warn" "-e" "CARGO_HOME=/opt/rustwide/cargo-home" "-e" "RUSTUP_HOME=/opt/rustwide/rustup-home" "-w" "/opt/rustwide/workdir" "-m" "1610612736" "--user" "0:0" "--network" "none" "ghcr.io/rust-lang/crates-build-env/linux@sha256:34b6a614d2c27851fe6cbf88fbd1137609cefab8b10d0615aaeb6fd47975d74e" "/opt/rustwide/cargo-home/bin/cargo" "+beta-2021-08-01" "test" "--frozen" "--no-run" "--message-format=json", kill_on_drop: false }`
[INFO] [stdout] 9668fcd793600deb81074188b6cf03ab2e187d568ceda2f05f65006c36819c0c
[INFO] running `Command { std: "docker" "start" "-a" "9668fcd793600deb81074188b6cf03ab2e187d568ceda2f05f65006c36819c0c", kill_on_drop: false }`
[INFO] [stderr]     Blocking waiting for file lock on package cache
[INFO] [stderr]    Compiling graphicsmagick v0.2.1 (/opt/rustwide/workdir)
[INFO] [stderr]     Finished test [unoptimized + debuginfo] target(s) in 5.12s
[INFO] running `Command { std: "docker" "inspect" "9668fcd793600deb81074188b6cf03ab2e187d568ceda2f05f65006c36819c0c", kill_on_drop: false }`
[INFO] running `Command { std: "docker" "rm" "-f" "9668fcd793600deb81074188b6cf03ab2e187d568ceda2f05f65006c36819c0c", kill_on_drop: false }`
[INFO] [stdout] 9668fcd793600deb81074188b6cf03ab2e187d568ceda2f05f65006c36819c0c
[INFO] running `Command { std: "docker" "create" "-v" "/var/lib/crater-agent-workspace/builds/worker-63/target:/opt/rustwide/target:rw,Z" "-v" "/var/lib/crater-agent-workspace/builds/worker-63/source:/opt/rustwide/workdir:ro,Z" "-v" "/var/lib/crater-agent-workspace/cargo-home:/opt/rustwide/cargo-home:ro,Z" "-v" "/var/lib/crater-agent-workspace/rustup-home:/opt/rustwide/rustup-home:ro,Z" "-e" "SOURCE_DIR=/opt/rustwide/workdir" "-e" "CARGO_TARGET_DIR=/opt/rustwide/target" "-e" "CARGO_INCREMENTAL=0" "-e" "RUST_BACKTRACE=full" "-e" "RUSTFLAGS=--cap-lints=warn" "-e" "CARGO_HOME=/opt/rustwide/cargo-home" "-e" "RUSTUP_HOME=/opt/rustwide/rustup-home" "-w" "/opt/rustwide/workdir" "-m" "1610612736" "--user" "0:0" "--network" "none" "ghcr.io/rust-lang/crates-build-env/linux@sha256:34b6a614d2c27851fe6cbf88fbd1137609cefab8b10d0615aaeb6fd47975d74e" "/opt/rustwide/cargo-home/bin/cargo" "+beta-2021-08-01" "test" "--frozen", kill_on_drop: false }`
[INFO] [stdout] 090463ffe768fb684aac2a18968e4b99c32fe556d742084ff9ddc35688e3c654
[INFO] running `Command { std: "docker" "start" "-a" "090463ffe768fb684aac2a18968e4b99c32fe556d742084ff9ddc35688e3c654", kill_on_drop: false }`
[INFO] [stderr]     Finished test [unoptimized + debuginfo] target(s) in 0.15s
[INFO] [stderr]      Running unittests (/opt/rustwide/target/debug/deps/graphicsmagick-10a792af59e68da2)
[INFO] [stdout] 
[INFO] [stdout] running 367 tests
[INFO] [stdout] test wand::magick::tests::test_magick_wand_animate_images ... ignored
[INFO] [stdout] test wand::magick::tests::test_magick_wand_color_flood_fill_image ... FAILED
[INFO] [stdout] test wand::drawing::tests::test_drawing_wand_path_curve_to_smooth_relative ... FAILED
[INFO] [stdout] test wand::drawing::tests::test_drawing_wand_set_viewbox ... FAILED
[INFO] [stdout] test wand::drawing::tests::test_drawing_wand_path_curve_to_relative ... FAILED
[INFO] [stdout] test wand::magick::tests::test_magick_wand_composite_image ... FAILED
[INFO] [stdout] test wand::drawing::tests::test_drawing_wand_path_line_to_horizontal_relative ... FAILED
[INFO] [stdout] test wand::drawing::tests::test_drawing_wand_affine ... FAILED
[INFO] [stdout] test wand::drawing::tests::test_drawing_wand_get_text_antialias ... FAILED
[INFO] [stdout] test wand::drawing::tests::test_drawing_wand_color ... FAILED
[INFO] [stdout] test wand::drawing::tests::test_drawing_wand_set_text_antialias ... FAILED
[INFO] [stdout] test wand::magick::tests::test_magick_wand_blur_image ... FAILED
[INFO] [stdout] test wand::drawing::tests::test_drawing_wand_set_stroke_color ... FAILED
[INFO] [stdout] test wand::magick::tests::test_magick_wand_crop_image ... FAILED
[INFO] [stdout] test wand::magick::tests::test_magick_wand_charcoal_image ... FAILED
[INFO] [stdout] test wand::magick::tests::test_magick_wand_clip_image ... FAILED
[INFO] [stdout] test wand::magick::tests::test_magick_wand_cycle_colormap_image ... FAILED
[INFO] [stdout] test wand::magick::tests::test_magick_wand_comment_image ... FAILED
[INFO] [stdout] test wand::drawing::tests::test_drawing_wand_set_gravity ... FAILED
[INFO] [stdout] test wand::magick::tests::test_magick_wand_display_image ... ignored
[INFO] [stdout] test wand::magick::tests::test_magick_wand_display_images ... ignored
[INFO] [stdout] test wand::drawing::tests::test_drawing_wand_set_font_family ... FAILED
[INFO] [stdout] test wand::drawing::tests::test_drawing_wand_set_font_stretch ... FAILED
[INFO] [stdout] test wand::magick::tests::test_magick_wand_draw_image ... FAILED
[INFO] [stdout] test wand::drawing::tests::test_drawing_wand_set_font_size ... FAILED
[INFO] [stdout] test wand::magick::tests::test_magick_wand_colorize_image ... FAILED
[INFO] [stdout] test wand::drawing::tests::test_drawing_wand_set_fill_rule ... FAILED
[INFO] [stdout] test wand::magick::tests::test_magick_wand_coalesce_images ... FAILED
[INFO] [stdout] test wand::magick::tests::test_magick_wand_clip_path_image ... FAILED
[INFO] [stdout] test wand::magick::tests::test_magick_wand_equalize_image ... FAILED
[INFO] [stdout] test wand::magick::tests::test_magick_wand_flip_image ... FAILED
[INFO] [stdout] test wand::drawing::tests::test_drawing_wand_scale ... FAILED
[INFO] [stdout] test wand::drawing::tests::test_drawing_wand_push_graphic_context ... FAILED
[INFO] [stdout] test wand::magick::tests::test_magick_wand_get_copyright ... ok
[INFO] [stdout] test wand::drawing::tests::test_drawing_wand_pop_pattern ... FAILED
[INFO] [stdout] test wand::drawing::tests::test_drawing_wand_pop_graphic_context ... FAILED
[INFO] [stdout] test wand::drawing::tests::test_drawing_wand_push_defs ... FAILED
[INFO] [stdout] test wand::drawing::tests::test_drawing_wand_polyline ... FAILED
[INFO] [stdout] test wand::drawing::tests::test_drawing_wand_pop_clip_path ... FAILED
[INFO] [stdout] test wand::drawing::tests::test_drawing_wand_path_move_to_absolute ... FAILED
[INFO] [stdout] test wand::drawing::tests::test_drawing_wand_path_line_to_relative ... FAILED
[INFO] [stdout] test wand::magick::tests::test_magick_wand_get_image_channel_extrema ... FAILED
[INFO] [stdout] test wand::drawing::tests::test_drawing_wand_path_line_to_horizontal_absolute ... FAILED
[INFO] [stdout] test wand::drawing::tests::test_drawing_wand_path_finish ... FAILED
[INFO] [stdout] test wand::drawing::tests::test_drawing_wand_path_elliptic_arc_relative ... FAILED
[INFO] [stdout] test wand::drawing::tests::test_drawing_wand_path_elliptic_arc_absolute ... FAILED
[INFO] [stdout] test wand::magick::tests::test_magick_wand_compare_image_channels ... FAILED
[INFO] [stdout] test wand::drawing::tests::test_drawing_wand_set_stroke_width ... FAILED
[INFO] [stdout] test wand::drawing::tests::test_drawing_wand_set_text_encoding ... FAILED
[INFO] [stdout] test wand::drawing::tests::test_drawing_wand_path_curve_to_smooth_absolute ... FAILED
[INFO] [stdout] test wand::magick::tests::test_magick_wand_get_image_fuzz ... FAILED
[INFO] [stdout] test wand::drawing::tests::test_drawing_wand_path_move_to_relative ... FAILED
[INFO] [stdout] test wand::drawing::tests::test_drawing_wand_path_start ... FAILED
[INFO] [stdout] test wand::magick::tests::test_magick_wand_get_image_green_primary ... FAILED
[INFO] [stdout] test wand::drawing::tests::test_drawing_wand_push_pattern ... FAILED
[INFO] [stdout] test wand::magick::tests::test_magick_wand_get_image_height ... FAILED
[INFO] [stdout] test wand::drawing::tests::test_drawing_wand_round_rectangle ... FAILED
[INFO] [stdout] test wand::magick::tests::test_magick_wand_chop_image ... FAILED
[INFO] [stdout] test wand::magick::tests::test_magick_wand_average_images ... FAILED
[INFO] [stdout] test wand::magick::tests::test_magick_wand_auto_orient_image ... FAILED
[INFO] [stdout] test wand::magick::tests::test_magick_wand_append_images ... FAILED
[INFO] [stdout] test wand::magick::tests::test_magick_wand_annotate_image ... FAILED
[INFO] [stdout] test wand::magick::tests::test_magick_wand_affine_transform_image ... FAILED
[INFO] [stdout] test wand::magick::tests::test_magick_wand_compare_images ... FAILED
[INFO] [stdout] test wand::magick::tests::test_magick_wand_add_noise_image ... FAILED
[INFO] [stdout] test wand::drawing::tests::test_drawing_wand_point ... FAILED
[INFO] [stdout] test wand::drawing::tests::test_drawing_wand_path_curve_to_quadratic_bezier_smooth_absolute ... FAILED
[INFO] [stdout] test wand::drawing::tests::test_drawing_wand_polygon ... FAILED
[INFO] [stdout] test wand::magick::tests::test_magick_wand_add_image ... FAILED
[INFO] [stdout] test wand::magick::tests::test_magick_wand_get_image_type ... FAILED
[INFO] [stdout] test wand::magick::tests::test_magick_wand_adaptive_threshold_image_with_zero_width - should panic ... ok
[INFO] [stdout] test wand::drawing::tests::test_drawing_wand_path_curve_to_quadratic_bezier_smooth_relative ... FAILED
[INFO] [stdout] test wand::drawing::tests::test_drawing_wand_pop_defs ... FAILED
[INFO] [stdout] test wand::drawing::tests::test_drawing_wand_path_curve_to_quadratic_bezier_absolute ... FAILED
[INFO] [stdout] test wand::drawing::tests::test_drawing_wand_path_curve_to_absolute ... FAILED
[INFO] [stdout] test wand::magick::tests::test_magick_wand_adaptive_threshold_image_with_zero_height - should panic ... ok
[INFO] [stdout] test wand::magick::tests::test_magick_wand_get_package_name ... ok
[INFO] [stdout] test wand::magick::tests::test_magick_wand_get_quantum_depth ... ok
[INFO] [stdout] test wand::magick::tests::test_magick_wand_get_number_images ... FAILED
[INFO] [stdout] test wand::drawing::tests::test_drawing_wand_skew_x ... FAILED
[INFO] [stdout] test wand::magick::tests::test_magick_wand_get_release_date ... ok
[INFO] [stdout] test wand::drawing::tests::test_drawing_wand_matte ... FAILED
[INFO] [stdout] test wand::magick::tests::test_magick_wand_get_resource_limit ... ok
[INFO] [stdout] test wand::drawing::tests::test_drawing_wand_skew_y ... FAILED
[INFO] [stdout] test wand::magick::tests::test_magick_wand_get_version ... ok
[INFO] [stdout] test wand::magick::tests::test_magick_wand_adaptive_threshold_image ... FAILED
[INFO] [stdout] test wand::magick::tests::test_magick_wand_get_size ... FAILED
[INFO] [stdout] test wand::drawing::tests::test_drawing_wand_get_text_decoration ... FAILED
[INFO] [stdout] test wand::magick::tests::test_magick_wand_has_next_image ... FAILED
[INFO] [stdout] test wand::drawing::tests::test_drawing_wand_set_font ... FAILED
[INFO] [stdout] test wand::drawing::tests::test_drawing_wand_get_text_encoding ... FAILED
[INFO] [stdout] test wand::drawing::tests::test_drawing_wand_get_stroke_width ... FAILED
[INFO] [stdout] test wand::drawing::tests::test_drawing_wand_get_stroke_opacity ... FAILED
[INFO] [stdout] test wand::magick::tests::test_magick_wand_level_image ... FAILED
[INFO] [stdout] test wand::drawing::tests::test_drawing_wand_set_stroke_antialias ... FAILED
[INFO] [stdout] test wand::drawing::tests::test_drawing_wand_get_stroke_line_join ... FAILED
[INFO] [stdout] test wand::drawing::tests::test_drawing_wand_set_font_weight ... FAILED
[INFO] [stdout] test wand::drawing::tests::test_drawing_wand_set_stroke_dash_array ... FAILED
[INFO] [stdout] test wand::drawing::tests::test_drawing_wand_get_stroke_line_cap ... FAILED
[INFO] [stdout] test wand::drawing::tests::test_drawing_wand_set_fill_color ... FAILED
[INFO] [stdout] test wand::drawing::tests::test_drawing_wand_set_stroke_dash_offset ... FAILED
[INFO] [stdout] test wand::magick::tests::test_magick_wand_montage_image ... FAILED
[INFO] [stdout] test wand::drawing::tests::test_drawing_wand_get_stroke_dash_array ... FAILED
[INFO] [stdout] test wand::drawing::tests::test_drawing_wand_set_stroke_line_cap ... FAILED
[INFO] [stdout] test wand::magick::tests::test_magick_wand_negate_image ... FAILED
[INFO] [stdout] test wand::drawing::tests::test_drawing_wand_push_clip_path ... FAILED
[INFO] [stdout] test wand::drawing::tests::test_drawing_wand_set_stroke_miter_limit ... FAILED
[INFO] [stdout] test wand::drawing::tests::test_drawing_wand_path_line_to_vertical_absolute ... FAILED
[INFO] [stdout] test wand::magick::tests::test_magick_wand_next_image ... FAILED
[INFO] [stdout] test wand::drawing::tests::test_drawing_wand_get_stroke_dash_offset ... FAILED
[INFO] [stdout] test wand::drawing::tests::test_drawing_wand_get_stroke_color ... FAILED
[INFO] [stdout] test wand::drawing::tests::test_drawing_wand_get_stroke_antialias ... FAILED
[INFO] [stdout] test wand::magick::tests::test_magick_wand_cdl_image ... FAILED
[INFO] [stdout] test wand::magick::tests::test_magick_wand_previous_image ... FAILED
[INFO] [stdout] test wand::magick::tests::test_magick_wand_profile_image ... FAILED
[INFO] [stdout] test wand::drawing::tests::test_drawing_wand_get_font_stretch ... FAILED
[INFO] [stdout] test wand::drawing::tests::test_drawing_wand_get_fill_opacity ... FAILED
[INFO] [stderr] graphicsmagick-10a792af59e68da2: magick/semaphore.c:606: LockSemaphoreInfo: Assertion `semaphore_info != (SemaphoreInfo *) NULL' failed.
[INFO] [stdout] test wand::drawing::tests::test_drawing_wand_get_font_weight ... FAILED
[INFO] [stderr] error: test failed, to rerun pass '--lib'
[INFO] [stderr] 
[INFO] [stderr] Caused by:
[INFO] [stderr]   process didn't exit successfully: `/opt/rustwide/target/debug/deps/graphicsmagick-10a792af59e68da2` (signal: 6, SIGABRT: process abort signal)
[INFO] [stdout] test wand::magick::tests::test_magick_wand_border_image ... 
[INFO] running `Command { std: "docker" "inspect" "090463ffe768fb684aac2a18968e4b99c32fe556d742084ff9ddc35688e3c654", kill_on_drop: false }`
[INFO] running `Command { std: "docker" "rm" "-f" "090463ffe768fb684aac2a18968e4b99c32fe556d742084ff9ddc35688e3c654", kill_on_drop: false }`
[INFO] [stdout] 090463ffe768fb684aac2a18968e4b99c32fe556d742084ff9ddc35688e3c654
