[INFO] fetching crate graphannis 0.31.2...
[INFO] testing graphannis-0.31.2 against beta-2021-08-01 for beta-1.55-1
[INFO] extracting crate graphannis 0.31.2 into /workspace/builds/worker-61/source
[INFO] validating manifest of crates.io crate graphannis 0.31.2 on toolchain beta-2021-08-01
[INFO] running `Command { std: "/workspace/cargo-home/bin/cargo" "+beta-2021-08-01" "metadata" "--manifest-path" "Cargo.toml" "--no-deps", kill_on_drop: false }`
[INFO] started tweaking crates.io crate graphannis 0.31.2
[INFO] finished tweaking crates.io crate graphannis 0.31.2
[INFO] tweaked toml for crates.io crate graphannis 0.31.2 written to /workspace/builds/worker-61/source/Cargo.toml
[INFO] running `Command { std: "/workspace/cargo-home/bin/cargo" "+beta-2021-08-01" "generate-lockfile" "--manifest-path" "Cargo.toml" "-Zno-index-update", kill_on_drop: false }`
[INFO] [stderr]     Blocking waiting for file lock on package cache
[INFO] running `Command { std: "/workspace/cargo-home/bin/cargo" "+beta-2021-08-01" "fetch" "--manifest-path" "Cargo.toml", kill_on_drop: false }`
[INFO] [stderr]     Blocking waiting for file lock on package cache
[INFO] [stderr]     Blocking waiting for file lock on package cache
[INFO] running `Command { std: "docker" "create" "-v" "/var/lib/crater-agent-workspace/builds/worker-61/target:/opt/rustwide/target:rw,Z" "-v" "/var/lib/crater-agent-workspace/builds/worker-61/source:/opt/rustwide/workdir:ro,Z" "-v" "/var/lib/crater-agent-workspace/cargo-home:/opt/rustwide/cargo-home:ro,Z" "-v" "/var/lib/crater-agent-workspace/rustup-home:/opt/rustwide/rustup-home:ro,Z" "-e" "SOURCE_DIR=/opt/rustwide/workdir" "-e" "CARGO_TARGET_DIR=/opt/rustwide/target" "-e" "CARGO_HOME=/opt/rustwide/cargo-home" "-e" "RUSTUP_HOME=/opt/rustwide/rustup-home" "-w" "/opt/rustwide/workdir" "-m" "1610612736" "--user" "0:0" "--network" "none" "ghcr.io/rust-lang/crates-build-env/linux@sha256:34b6a614d2c27851fe6cbf88fbd1137609cefab8b10d0615aaeb6fd47975d74e" "/opt/rustwide/cargo-home/bin/cargo" "+beta-2021-08-01" "metadata" "--no-deps" "--format-version=1", kill_on_drop: false }`
[INFO] [stdout] eb44354b95da702974b6ee00d69de3bbc45fbde3e2538ef385c71a8c942456f3
[INFO] running `Command { std: "docker" "start" "-a" "eb44354b95da702974b6ee00d69de3bbc45fbde3e2538ef385c71a8c942456f3", kill_on_drop: false }`
[INFO] running `Command { std: "docker" "inspect" "eb44354b95da702974b6ee00d69de3bbc45fbde3e2538ef385c71a8c942456f3", kill_on_drop: false }`
[INFO] running `Command { std: "docker" "rm" "-f" "eb44354b95da702974b6ee00d69de3bbc45fbde3e2538ef385c71a8c942456f3", kill_on_drop: false }`
[INFO] [stdout] eb44354b95da702974b6ee00d69de3bbc45fbde3e2538ef385c71a8c942456f3
[INFO] running `Command { std: "docker" "create" "-v" "/var/lib/crater-agent-workspace/builds/worker-61/target:/opt/rustwide/target:rw,Z" "-v" "/var/lib/crater-agent-workspace/builds/worker-61/source:/opt/rustwide/workdir:ro,Z" "-v" "/var/lib/crater-agent-workspace/cargo-home:/opt/rustwide/cargo-home:ro,Z" "-v" "/var/lib/crater-agent-workspace/rustup-home:/opt/rustwide/rustup-home:ro,Z" "-e" "SOURCE_DIR=/opt/rustwide/workdir" "-e" "CARGO_TARGET_DIR=/opt/rustwide/target" "-e" "CARGO_INCREMENTAL=0" "-e" "RUST_BACKTRACE=full" "-e" "RUSTFLAGS=--cap-lints=warn" "-e" "CARGO_HOME=/opt/rustwide/cargo-home" "-e" "RUSTUP_HOME=/opt/rustwide/rustup-home" "-w" "/opt/rustwide/workdir" "-m" "1610612736" "--user" "0:0" "--network" "none" "ghcr.io/rust-lang/crates-build-env/linux@sha256:34b6a614d2c27851fe6cbf88fbd1137609cefab8b10d0615aaeb6fd47975d74e" "/opt/rustwide/cargo-home/bin/cargo" "+beta-2021-08-01" "build" "--frozen" "--message-format=json", kill_on_drop: false }`
[INFO] [stdout] e0d3eb913b98bf54b0e0612f5965df1173c33a5f699e147750d08433706aa92a
[INFO] running `Command { std: "docker" "start" "-a" "e0d3eb913b98bf54b0e0612f5965df1173c33a5f699e147750d08433706aa92a", kill_on_drop: false }`
[INFO] [stderr]     Blocking waiting for file lock on package cache
[INFO] [stderr]    Compiling memchr v2.4.0
[INFO] [stderr]    Compiling serde v1.0.127
[INFO] [stderr]    Compiling cc v1.0.69
[INFO] [stderr]    Compiling syn v1.0.74
[INFO] [stderr]    Compiling getrandom v0.1.16
[INFO] [stderr]    Compiling log v0.4.14
[INFO] [stderr]    Compiling crunchy v0.2.2
[INFO] [stderr]    Compiling tiny-keccak v2.0.2
[INFO] [stderr]    Compiling syn v0.15.44
[INFO] [stderr]    Compiling siphasher v0.3.6
[INFO] [stderr]    Compiling build_const v0.2.2
[INFO] [stderr]    Compiling pkg-config v0.3.19
[INFO] [stderr]    Compiling new_debug_unreachable v1.0.4
[INFO] [stderr]    Compiling fixedbitset v0.2.0
[INFO] [stderr]    Compiling bit-vec v0.6.3
[INFO] [stderr]    Compiling precomputed-hash v0.1.1
[INFO] [stderr]    Compiling byteorder v1.4.3
[INFO] [stderr]    Compiling crc32fast v1.2.1
[INFO] [stderr]    Compiling static_assertions v1.1.0
[INFO] [stderr]    Compiling pico-args v0.4.2
[INFO] [stderr]    Compiling adler v1.0.2
[INFO] [stderr]    Compiling diff v0.1.12
[INFO] [stderr]    Compiling file_diff v1.0.0
[INFO] [stderr]    Compiling integer-encoding v1.1.7
[INFO] [stderr]    Compiling strum v0.20.0
[INFO] [stderr]    Compiling percent-encoding v2.1.0
[INFO] [stderr]    Compiling miniz_oxide v0.4.4
[INFO] [stderr]    Compiling itertools v0.9.0
[INFO] [stderr]    Compiling dirs-sys-next v0.1.2
[INFO] [stderr]    Compiling page_size v0.4.2
[INFO] [stderr]    Compiling fs2 v0.4.3
[INFO] [stderr]    Compiling quote v0.6.13
[INFO] [stderr]    Compiling petgraph v0.5.1
[INFO] [stderr]    Compiling phf_shared v0.8.0
[INFO] [stderr]    Compiling crc v1.8.1
[INFO] [stderr]    Compiling dirs-next v2.0.0
[INFO] [stderr]    Compiling bit-set v0.5.2
[INFO] [stderr]    Compiling snap v0.2.5
[INFO] [stderr]    Compiling term v0.7.0
[INFO] [stderr]    Compiling string_cache v0.8.1
[INFO] [stderr]    Compiling aho-corasick v0.7.18
[INFO] [stderr]    Compiling csv-core v0.1.10
[INFO] [stderr]    Compiling quick-xml v0.18.1
[INFO] [stderr]    Compiling rand_core v0.5.1
[INFO] [stderr]    Compiling boolean_expression v0.3.11
[INFO] [stderr]    Compiling sys-info v0.5.8
[INFO] [stderr]    Compiling bzip2-sys v0.1.11+1.0.8
[INFO] [stderr]    Compiling ena v0.14.0
[INFO] [stderr]    Compiling sstable v0.8.2
[INFO] [stderr]    Compiling ascii-canvas v3.0.0
[INFO] [stderr]    Compiling rand_chacha v0.2.2
[INFO] [stderr]    Compiling rand_pcg v0.2.1
[INFO] [stderr]    Compiling rand v0.7.3
[INFO] [stderr]    Compiling flate2 v1.0.20
[INFO] [stderr]    Compiling regex v1.5.4
[INFO] [stderr]    Compiling bzip2 v0.4.3
[INFO] [stderr]    Compiling bstr v0.2.16
[INFO] [stderr]    Compiling smartstring v0.2.9
[INFO] [stderr]    Compiling bincode v1.3.3
[INFO] [stderr]    Compiling toml v0.5.8
[INFO] [stderr]    Compiling lalrpop-util v0.19.6
[INFO] [stderr]    Compiling graphannis-malloc_size_of v1.1.0
[INFO] [stderr]    Compiling lalrpop v0.19.6
[INFO] [stderr]    Compiling csv v1.1.6
[INFO] [stderr]    Compiling synstructure v0.11.0
[INFO] [stderr]    Compiling thiserror-impl v1.0.26
[INFO] [stderr]    Compiling strum_macros v0.20.1
[INFO] [stderr]    Compiling serde_derive v1.0.127
[INFO] [stderr]    Compiling graphannis-malloc_size_of_derive v2.0.0
[INFO] [stderr]    Compiling thiserror v1.0.26
[INFO] [stderr]    Compiling zip v0.5.13
[INFO] [stderr]    Compiling graphannis-core v0.31.2
[INFO] [stderr]    Compiling graphannis v0.31.2 (/opt/rustwide/workdir)
[INFO] [stdout] warning: use of deprecated associated function `zip::read::ZipFile::<'a>::sanitized_name`: by stripping `..`s from the path, the meaning of paths can change.
[INFO] [stdout]                 `mangled_name` can be used if this behaviour is desirable
[INFO] [stdout]    --> src/annis/db/corpusstorage.rs:846:56
[INFO] [stdout]     |
[INFO] [stdout] 846 |             let output_path = tmp_dir.path().join(file.sanitized_name());
[INFO] [stdout]     |                                                        ^^^^^^^^^^^^^^
[INFO] [stdout]     |
[INFO] [stdout]     = note: `#[warn(deprecated)]` on by default
[INFO] [stdout] 
[INFO] [stdout] 
[INFO] [stdout] warning: use of deprecated associated function `zip::read::ZipFile::<'a>::sanitized_name`: by stripping `..`s from the path, the meaning of paths can change.
[INFO] [stdout]                 `mangled_name` can be used if this behaviour is desirable
[INFO] [stdout]    --> src/annis/db/corpusstorage.rs:862:22
[INFO] [stdout]     |
[INFO] [stdout] 862 |                 file.sanitized_name().to_string_lossy(),
[INFO] [stdout]     |                      ^^^^^^^^^^^^^^
[INFO] [stdout] 
[INFO] [stdout] 
[INFO] [stdout] warning: use of deprecated associated function `zip::ZipWriter::<W>::start_file_from_path`: by stripping `..`s from the path, the meaning of paths can change. Use `start_file` instead.
[INFO] [stdout]     --> src/annis/db/corpusstorage.rs:1211:13
[INFO] [stdout]      |
[INFO] [stdout] 1211 |         zip.start_file_from_path(&path_in_zip, options)?;
[INFO] [stdout]      |             ^^^^^^^^^^^^^^^^^^^^
[INFO] [stdout] 
[INFO] [stdout] 
[INFO] [stdout] warning: use of deprecated associated function `zip::ZipWriter::<W>::start_file_from_path`: by stripping `..`s from the path, the meaning of paths can change. Use `start_file` instead.
[INFO] [stdout]     --> src/annis/db/corpusstorage.rs:1243:17
[INFO] [stdout]      |
[INFO] [stdout] 1243 |             zip.start_file_from_path(&base_path.join(&node_name), options)?;
[INFO] [stdout]      |                 ^^^^^^^^^^^^^^^^^^^^
[INFO] [stdout] 
[INFO] [stdout] 
[INFO] [stdout] warning: 4 warnings emitted
[INFO] [stdout] 
[INFO] [stdout] 
[INFO] [stderr]     Finished dev [unoptimized + debuginfo] target(s) in 45.12s
[INFO] running `Command { std: "docker" "inspect" "e0d3eb913b98bf54b0e0612f5965df1173c33a5f699e147750d08433706aa92a", kill_on_drop: false }`
[INFO] running `Command { std: "docker" "rm" "-f" "e0d3eb913b98bf54b0e0612f5965df1173c33a5f699e147750d08433706aa92a", kill_on_drop: false }`
[INFO] [stdout] e0d3eb913b98bf54b0e0612f5965df1173c33a5f699e147750d08433706aa92a
[INFO] running `Command { std: "docker" "create" "-v" "/var/lib/crater-agent-workspace/builds/worker-61/target:/opt/rustwide/target:rw,Z" "-v" "/var/lib/crater-agent-workspace/builds/worker-61/source:/opt/rustwide/workdir:ro,Z" "-v" "/var/lib/crater-agent-workspace/cargo-home:/opt/rustwide/cargo-home:ro,Z" "-v" "/var/lib/crater-agent-workspace/rustup-home:/opt/rustwide/rustup-home:ro,Z" "-e" "SOURCE_DIR=/opt/rustwide/workdir" "-e" "CARGO_TARGET_DIR=/opt/rustwide/target" "-e" "CARGO_INCREMENTAL=0" "-e" "RUST_BACKTRACE=full" "-e" "RUSTFLAGS=--cap-lints=warn" "-e" "CARGO_HOME=/opt/rustwide/cargo-home" "-e" "RUSTUP_HOME=/opt/rustwide/rustup-home" "-w" "/opt/rustwide/workdir" "-m" "1610612736" "--user" "0:0" "--network" "none" "ghcr.io/rust-lang/crates-build-env/linux@sha256:34b6a614d2c27851fe6cbf88fbd1137609cefab8b10d0615aaeb6fd47975d74e" "/opt/rustwide/cargo-home/bin/cargo" "+beta-2021-08-01" "test" "--frozen" "--no-run" "--message-format=json", kill_on_drop: false }`
[INFO] [stdout] 09e8e44746a5ab8c3c4ac074869a86e80f08bd86142f57df59cee9b972a70f00
[INFO] running `Command { std: "docker" "start" "-a" "09e8e44746a5ab8c3c4ac074869a86e80f08bd86142f57df59cee9b972a70f00", kill_on_drop: false }`
[INFO] [stderr]    Compiling serde_json v1.0.66
[INFO] [stderr]    Compiling serde_cbor v0.11.1
[INFO] [stderr]    Compiling graphannis v0.31.2 (/opt/rustwide/workdir)
[INFO] [stderr]    Compiling tinytemplate v1.2.1
[INFO] [stdout] warning: use of deprecated associated function `zip::read::ZipFile::<'a>::sanitized_name`: by stripping `..`s from the path, the meaning of paths can change.
[INFO] [stdout]                 `mangled_name` can be used if this behaviour is desirable
[INFO] [stdout]    --> src/annis/db/corpusstorage.rs:846:56
[INFO] [stdout]     |
[INFO] [stdout] 846 |             let output_path = tmp_dir.path().join(file.sanitized_name());
[INFO] [stdout]     |                                                        ^^^^^^^^^^^^^^
[INFO] [stdout]     |
[INFO] [stdout]     = note: `#[warn(deprecated)]` on by default
[INFO] [stdout] 
[INFO] [stdout] 
[INFO] [stdout] warning: use of deprecated associated function `zip::read::ZipFile::<'a>::sanitized_name`: by stripping `..`s from the path, the meaning of paths can change.
[INFO] [stdout]                 `mangled_name` can be used if this behaviour is desirable
[INFO] [stdout]    --> src/annis/db/corpusstorage.rs:862:22
[INFO] [stdout]     |
[INFO] [stdout] 862 |                 file.sanitized_name().to_string_lossy(),
[INFO] [stdout]     |                      ^^^^^^^^^^^^^^
[INFO] [stdout] 
[INFO] [stdout] 
[INFO] [stdout] warning: use of deprecated associated function `zip::ZipWriter::<W>::start_file_from_path`: by stripping `..`s from the path, the meaning of paths can change. Use `start_file` instead.
[INFO] [stdout]     --> src/annis/db/corpusstorage.rs:1211:13
[INFO] [stdout]      |
[INFO] [stdout] 1211 |         zip.start_file_from_path(&path_in_zip, options)?;
[INFO] [stdout]      |             ^^^^^^^^^^^^^^^^^^^^
[INFO] [stdout] 
[INFO] [stdout] 
[INFO] [stdout] warning: use of deprecated associated function `zip::ZipWriter::<W>::start_file_from_path`: by stripping `..`s from the path, the meaning of paths can change. Use `start_file` instead.
[INFO] [stdout]     --> src/annis/db/corpusstorage.rs:1243:17
[INFO] [stdout]      |
[INFO] [stdout] 1243 |             zip.start_file_from_path(&base_path.join(&node_name), options)?;
[INFO] [stdout]      |                 ^^^^^^^^^^^^^^^^^^^^
[INFO] [stdout] 
[INFO] [stdout] 
[INFO] [stderr]    Compiling criterion v0.3.5
[INFO] [stdout] warning: use of deprecated associated function `zip::read::ZipFile::<'a>::sanitized_name`: by stripping `..`s from the path, the meaning of paths can change.
[INFO] [stdout]                 `mangled_name` can be used if this behaviour is desirable
[INFO] [stdout]    --> src/annis/db/corpusstorage.rs:846:56
[INFO] [stdout]     |
[INFO] [stdout] 846 |             let output_path = tmp_dir.path().join(file.sanitized_name());
[INFO] [stdout]     |                                                        ^^^^^^^^^^^^^^
[INFO] [stdout]     |
[INFO] [stdout]     = note: `#[warn(deprecated)]` on by default
[INFO] [stdout] 
[INFO] [stdout] 
[INFO] [stdout] warning: use of deprecated associated function `zip::read::ZipFile::<'a>::sanitized_name`: by stripping `..`s from the path, the meaning of paths can change.
[INFO] [stdout]                 `mangled_name` can be used if this behaviour is desirable
[INFO] [stdout]    --> src/annis/db/corpusstorage.rs:862:22
[INFO] [stdout]     |
[INFO] [stdout] 862 |                 file.sanitized_name().to_string_lossy(),
[INFO] [stdout]     |                      ^^^^^^^^^^^^^^
[INFO] [stdout] 
[INFO] [stdout] 
[INFO] [stdout] warning: use of deprecated associated function `zip::ZipWriter::<W>::start_file_from_path`: by stripping `..`s from the path, the meaning of paths can change. Use `start_file` instead.
[INFO] [stdout]     --> src/annis/db/corpusstorage.rs:1211:13
[INFO] [stdout]      |
[INFO] [stdout] 1211 |         zip.start_file_from_path(&path_in_zip, options)?;
[INFO] [stdout]      |             ^^^^^^^^^^^^^^^^^^^^
[INFO] [stdout] 
[INFO] [stdout] 
[INFO] [stdout] warning: use of deprecated associated function `zip::ZipWriter::<W>::start_file_from_path`: by stripping `..`s from the path, the meaning of paths can change. Use `start_file` instead.
[INFO] [stdout]     --> src/annis/db/corpusstorage.rs:1243:17
[INFO] [stdout]      |
[INFO] [stdout] 1243 |             zip.start_file_from_path(&base_path.join(&node_name), options)?;
[INFO] [stdout]      |                 ^^^^^^^^^^^^^^^^^^^^
[INFO] [stdout] 
[INFO] [stdout] 
[INFO] [stdout] warning: 4 warnings emitted
[INFO] [stdout] 
[INFO] [stdout] 
[INFO] [stdout] warning: 4 warnings emitted
[INFO] [stdout] 
[INFO] [stdout] 
[INFO] [stderr]     Finished test [unoptimized + debuginfo] target(s) in 23.46s
[INFO] running `Command { std: "docker" "inspect" "09e8e44746a5ab8c3c4ac074869a86e80f08bd86142f57df59cee9b972a70f00", kill_on_drop: false }`
[INFO] running `Command { std: "docker" "rm" "-f" "09e8e44746a5ab8c3c4ac074869a86e80f08bd86142f57df59cee9b972a70f00", kill_on_drop: false }`
[INFO] [stdout] 09e8e44746a5ab8c3c4ac074869a86e80f08bd86142f57df59cee9b972a70f00
[INFO] running `Command { std: "docker" "create" "-v" "/var/lib/crater-agent-workspace/builds/worker-61/target:/opt/rustwide/target:rw,Z" "-v" "/var/lib/crater-agent-workspace/builds/worker-61/source:/opt/rustwide/workdir:ro,Z" "-v" "/var/lib/crater-agent-workspace/cargo-home:/opt/rustwide/cargo-home:ro,Z" "-v" "/var/lib/crater-agent-workspace/rustup-home:/opt/rustwide/rustup-home:ro,Z" "-e" "SOURCE_DIR=/opt/rustwide/workdir" "-e" "CARGO_TARGET_DIR=/opt/rustwide/target" "-e" "CARGO_INCREMENTAL=0" "-e" "RUST_BACKTRACE=full" "-e" "RUSTFLAGS=--cap-lints=warn" "-e" "CARGO_HOME=/opt/rustwide/cargo-home" "-e" "RUSTUP_HOME=/opt/rustwide/rustup-home" "-w" "/opt/rustwide/workdir" "-m" "1610612736" "--user" "0:0" "--network" "none" "ghcr.io/rust-lang/crates-build-env/linux@sha256:34b6a614d2c27851fe6cbf88fbd1137609cefab8b10d0615aaeb6fd47975d74e" "/opt/rustwide/cargo-home/bin/cargo" "+beta-2021-08-01" "test" "--frozen", kill_on_drop: false }`
[INFO] [stdout] 8bb6256458d97063f036ace417030506d81bb8cec38d3b366941f887150eb129
[INFO] running `Command { std: "docker" "start" "-a" "8bb6256458d97063f036ace417030506d81bb8cec38d3b366941f887150eb129", kill_on_drop: false }`
[INFO] [stderr]    Compiling graphannis v0.31.2 (/opt/rustwide/workdir)
[INFO] [stderr] warning: use of deprecated associated function `zip::read::ZipFile::<'a>::sanitized_name`: by stripping `..`s from the path, the meaning of paths can change.
[INFO] [stderr]                 `mangled_name` can be used if this behaviour is desirable
[INFO] [stderr]    --> src/annis/db/corpusstorage.rs:846:56
[INFO] [stderr]     |
[INFO] [stderr] 846 |             let output_path = tmp_dir.path().join(file.sanitized_name());
[INFO] [stderr]     |                                                        ^^^^^^^^^^^^^^
[INFO] [stderr]     |
[INFO] [stderr]     = note: `#[warn(deprecated)]` on by default
[INFO] [stderr] 
[INFO] [stderr] warning: use of deprecated associated function `zip::read::ZipFile::<'a>::sanitized_name`: by stripping `..`s from the path, the meaning of paths can change.
[INFO] [stderr]                 `mangled_name` can be used if this behaviour is desirable
[INFO] [stderr]    --> src/annis/db/corpusstorage.rs:862:22
[INFO] [stderr]     |
[INFO] [stderr] 862 |                 file.sanitized_name().to_string_lossy(),
[INFO] [stderr]     |                      ^^^^^^^^^^^^^^
[INFO] [stderr] 
[INFO] [stderr] warning: use of deprecated associated function `zip::ZipWriter::<W>::start_file_from_path`: by stripping `..`s from the path, the meaning of paths can change. Use `start_file` instead.
[INFO] [stderr]     --> src/annis/db/corpusstorage.rs:1211:13
[INFO] [stderr]      |
[INFO] [stderr] 1211 |         zip.start_file_from_path(&path_in_zip, options)?;
[INFO] [stderr]      |             ^^^^^^^^^^^^^^^^^^^^
[INFO] [stderr] 
[INFO] [stderr] warning: use of deprecated associated function `zip::ZipWriter::<W>::start_file_from_path`: by stripping `..`s from the path, the meaning of paths can change. Use `start_file` instead.
[INFO] [stderr]     --> src/annis/db/corpusstorage.rs:1243:17
[INFO] [stderr]      |
[INFO] [stderr] 1243 |             zip.start_file_from_path(&base_path.join(&node_name), options)?;
[INFO] [stderr]      |                 ^^^^^^^^^^^^^^^^^^^^
[INFO] [stderr] 
[INFO] [stderr] warning: `graphannis` (lib) generated 4 warnings
[INFO] [stderr] warning: `graphannis` (lib test) generated 4 warnings (4 duplicates)
[INFO] [stderr]     Finished test [unoptimized + debuginfo] target(s) in 21.36s
[INFO] [stderr]      Running unittests (/opt/rustwide/target/debug/deps/graphannis-ed75057274357be0)
[INFO] [stdout] 
[INFO] [stdout] running 12 tests
[INFO] [stdout] test annis::db::sort_matches::tests::tiger_doc_name_sort ... ok
[INFO] [stdout] test annis::util::quicksort::test::canary_sort_test ... ok
[INFO] [stdout] test annis::util::tests::test_node_names_from_match ... ok
[INFO] [stdout] test annis::util::quicksort::test::random_sort_test ... ok
[INFO] [stdout] test annis::db::corpusstorage::tests::delete ... ok
[INFO] [stdout] test annis::db::exec::tokensearch::tests::find_with_only_one_token ... ok
[INFO] [stdout] test annis::util::quicksort::test::canary_sort_test_parallel ... ok
[INFO] [stdout] test annis::db::corpusstorage::tests::load_cs_twice ... ok
[INFO] [stdout] test annis::db::sort_matches::tests::tiger_doc_name_sort_strcoll ... FAILED
[INFO] [stdout] test annis::db::corpusstorage::tests::apply_update_add_and_delete_nodes ... ok
[INFO] [stdout] test annis::db::corpusstorage::tests::subgraph_with_segmentation ... ok
[INFO] [stdout] test annis::util::quicksort::test::random_sort_test_parallel ... ok
[INFO] [stdout] 
[INFO] [stdout] failures:
[INFO] [stdout] 
[INFO] [stdout] ---- annis::db::sort_matches::tests::tiger_doc_name_sort_strcoll stdout ----
[INFO] [stdout] thread 'annis::db::sort_matches::tests::tiger_doc_name_sort_strcoll' panicked at 'assertion failed: `(left == right)`
[INFO] [stdout]   left: `Greater`,
[INFO] [stdout]  right: `Less`', src/annis/db/sort_matches.rs:204:9
[INFO] [stdout] stack backtrace:
[INFO] [stdout]    0:     0x55f0b3c00570 - std::backtrace_rs::backtrace::libunwind::trace::hff4d1766e93f64f1
[INFO] [stdout]                                at /rustc/53fd98ca776cb875bc9e5514f56b52eb74f9e7a9/library/std/src/../../backtrace/src/backtrace/libunwind.rs:90:5
[INFO] [stdout]    1:     0x55f0b3c00570 - std::backtrace_rs::backtrace::trace_unsynchronized::h56bbc8eb78770bcb
[INFO] [stdout]                                at /rustc/53fd98ca776cb875bc9e5514f56b52eb74f9e7a9/library/std/src/../../backtrace/src/backtrace/mod.rs:66:5
[INFO] [stdout]    2:     0x55f0b3c00570 - std::sys_common::backtrace::_print_fmt::h5c8e75464faca780
[INFO] [stdout]                                at /rustc/53fd98ca776cb875bc9e5514f56b52eb74f9e7a9/library/std/src/sys_common/backtrace.rs:67:5
[INFO] [stdout]    3:     0x55f0b3c00570 - <std::sys_common::backtrace::_print::DisplayBacktrace as core::fmt::Display>::fmt::h48b88277def8b362
[INFO] [stdout]                                at /rustc/53fd98ca776cb875bc9e5514f56b52eb74f9e7a9/library/std/src/sys_common/backtrace.rs:46:22
[INFO] [stdout]    4:     0x55f0b3c246fc - core::fmt::write::h3381b3176fe2b3d3
[INFO] [stdout]                                at /rustc/53fd98ca776cb875bc9e5514f56b52eb74f9e7a9/library/core/src/fmt/mod.rs:1115:17
[INFO] [stdout]    5:     0x55f0b3bfce15 - std::io::Write::write_fmt::h5f34a676f60246b5
[INFO] [stdout]                                at /rustc/53fd98ca776cb875bc9e5514f56b52eb74f9e7a9/library/std/src/io/mod.rs:1665:15
[INFO] [stdout]    6:     0x55f0b3c02b5b - std::sys_common::backtrace::_print::ha537687d6c17dd0d
[INFO] [stdout]                                at /rustc/53fd98ca776cb875bc9e5514f56b52eb74f9e7a9/library/std/src/sys_common/backtrace.rs:49:5
[INFO] [stdout]    7:     0x55f0b3c02b5b - std::sys_common::backtrace::print::h61376ae57d131d72
[INFO] [stdout]                                at /rustc/53fd98ca776cb875bc9e5514f56b52eb74f9e7a9/library/std/src/sys_common/backtrace.rs:36:9
[INFO] [stdout]    8:     0x55f0b3c02b5b - std::panicking::default_hook::{{closure}}::h0f7208c0b9644a54
[INFO] [stdout]                                at /rustc/53fd98ca776cb875bc9e5514f56b52eb74f9e7a9/library/std/src/panicking.rs:208:50
[INFO] [stdout]    9:     0x55f0b3c0266c - std::panicking::default_hook::hdac7fc06578c14ce
[INFO] [stdout]                                at /rustc/53fd98ca776cb875bc9e5514f56b52eb74f9e7a9/library/std/src/panicking.rs:222:9
[INFO] [stdout]   10:     0x55f0b3c03224 - std::panicking::rust_panic_with_hook::h72b21c283da3d1ef
[INFO] [stdout]                                at /rustc/53fd98ca776cb875bc9e5514f56b52eb74f9e7a9/library/std/src/panicking.rs:622:17
[INFO] [stdout]   11:     0x55f0b3c02d07 - std::panicking::begin_panic_handler::{{closure}}::he5778f1729cff84a
[INFO] [stdout]                                at /rustc/53fd98ca776cb875bc9e5514f56b52eb74f9e7a9/library/std/src/panicking.rs:519:13
[INFO] [stdout]   12:     0x55f0b3c00a4c - std::sys_common::backtrace::__rust_end_short_backtrace::h2d11ca8b453b4b1d
[INFO] [stdout]                                at /rustc/53fd98ca776cb875bc9e5514f56b52eb74f9e7a9/library/std/src/sys_common/backtrace.rs:141:18
[INFO] [stdout]   13:     0x55f0b3c02c69 - rust_begin_unwind
[INFO] [stdout]                                at /rustc/53fd98ca776cb875bc9e5514f56b52eb74f9e7a9/library/std/src/panicking.rs:515:5
[INFO] [stdout]   14:     0x55f0b32af961 - core::panicking::panic_fmt::hf9de31d4acbce4db
[INFO] [stdout]                                at /rustc/53fd98ca776cb875bc9e5514f56b52eb74f9e7a9/library/core/src/panicking.rs:92:14
[INFO] [stdout]   15:     0x55f0b3c23018 - core::panicking::assert_failed_inner::h62e8cb2847a6e7ec
[INFO] [stdout]   16:     0x55f0b342874a - core::panicking::assert_failed::h699f4a9b2ddf4165
[INFO] [stdout]                                at /rustc/53fd98ca776cb875bc9e5514f56b52eb74f9e7a9/library/core/src/panicking.rs:117:5
[INFO] [stdout]   17:     0x55f0b336e404 - graphannis::annis::db::sort_matches::tests::tiger_doc_name_sort_strcoll::hd22d19953fb35be0
[INFO] [stdout]                                at /opt/rustwide/workdir/src/annis/db/sort_matches.rs:204:9
[INFO] [stdout]   18:     0x55f0b336e23a - graphannis::annis::db::sort_matches::tests::tiger_doc_name_sort_strcoll::{{closure}}::h1651142095deeebc
[INFO] [stdout]                                at /opt/rustwide/workdir/src/annis/db/sort_matches.rs:195:5
[INFO] [stdout]   19:     0x55f0b334c43e - core::ops::function::FnOnce::call_once::h5a28df3f32e7046e
[INFO] [stdout]                                at /rustc/53fd98ca776cb875bc9e5514f56b52eb74f9e7a9/library/core/src/ops/function.rs:227:5
[INFO] [stdout]   20:     0x55f0b35e95e3 - core::ops::function::FnOnce::call_once::hbb52c4519d3137b0
[INFO] [stdout]                                at /rustc/53fd98ca776cb875bc9e5514f56b52eb74f9e7a9/library/core/src/ops/function.rs:227:5
[INFO] [stdout]   21:     0x55f0b35e95e3 - test::__rust_begin_short_backtrace::h86fe3a2a5a5121af
[INFO] [stdout]                                at /rustc/53fd98ca776cb875bc9e5514f56b52eb74f9e7a9/library/test/src/lib.rs:578:5
[INFO] [stdout]   22:     0x55f0b35e8098 - <alloc::boxed::Box<F,A> as core::ops::function::FnOnce<Args>>::call_once::hfd956bc3d57399be
[INFO] [stdout]                                at /rustc/53fd98ca776cb875bc9e5514f56b52eb74f9e7a9/library/alloc/src/boxed.rs:1572:9
[INFO] [stdout]   23:     0x55f0b35e8098 - <std::panic::AssertUnwindSafe<F> as core::ops::function::FnOnce<()>>::call_once::h40dc93e0ddb5938a
[INFO] [stdout]                                at /rustc/53fd98ca776cb875bc9e5514f56b52eb74f9e7a9/library/std/src/panic.rs:347:9
[INFO] [stdout]   24:     0x55f0b35e8098 - std::panicking::try::do_call::h90d07750cb47c562
[INFO] [stdout]                                at /rustc/53fd98ca776cb875bc9e5514f56b52eb74f9e7a9/library/std/src/panicking.rs:401:40
[INFO] [stdout]   25:     0x55f0b35e8098 - std::panicking::try::h063c84733ad2a629
[INFO] [stdout]                                at /rustc/53fd98ca776cb875bc9e5514f56b52eb74f9e7a9/library/std/src/panicking.rs:365:19
[INFO] [stdout]   26:     0x55f0b35e8098 - std::panic::catch_unwind::h0c464836a84e7c08
[INFO] [stdout]                                at /rustc/53fd98ca776cb875bc9e5514f56b52eb74f9e7a9/library/std/src/panic.rs:434:14
[INFO] [stdout]   27:     0x55f0b35e8098 - test::run_test_in_process::h5cb06ef620b157fc
[INFO] [stdout]                                at /rustc/53fd98ca776cb875bc9e5514f56b52eb74f9e7a9/library/test/src/lib.rs:601:18
[INFO] [stdout]   28:     0x55f0b35e8098 - test::run_test::run_test_inner::{{closure}}::h76f677f4b93f9828
[INFO] [stdout]                                at /rustc/53fd98ca776cb875bc9e5514f56b52eb74f9e7a9/library/test/src/lib.rs:493:39
[INFO] [stdout]   29:     0x55f0b35b682d - test::run_test::run_test_inner::{{closure}}::h366d01fe04f4d67a
[INFO] [stdout]                                at /rustc/53fd98ca776cb875bc9e5514f56b52eb74f9e7a9/library/test/src/lib.rs:520:37
[INFO] [stdout]   30:     0x55f0b35b682d - std::sys_common::backtrace::__rust_begin_short_backtrace::h7dfa0de4eb395af2
[INFO] [stdout]                                at /rustc/53fd98ca776cb875bc9e5514f56b52eb74f9e7a9/library/std/src/sys_common/backtrace.rs:125:18
[INFO] [stdout]   31:     0x55f0b35baff8 - std::thread::Builder::spawn_unchecked::{{closure}}::{{closure}}::hf0a74bb58798037f
[INFO] [stdout]                                at /rustc/53fd98ca776cb875bc9e5514f56b52eb74f9e7a9/library/std/src/thread/mod.rs:476:17
[INFO] [stdout]   32:     0x55f0b35baff8 - <std::panic::AssertUnwindSafe<F> as core::ops::function::FnOnce<()>>::call_once::hb024e854818586ac
[INFO] [stdout]                                at /rustc/53fd98ca776cb875bc9e5514f56b52eb74f9e7a9/library/std/src/panic.rs:347:9
[INFO] [stdout]   33:     0x55f0b35baff8 - std::panicking::try::do_call::hb2dd9f1d0d48e41d
[INFO] [stdout]                                at /rustc/53fd98ca776cb875bc9e5514f56b52eb74f9e7a9/library/std/src/panicking.rs:401:40
[INFO] [stdout]   34:     0x55f0b35baff8 - std::panicking::try::h4717ae7bac8b2bf3
[INFO] [stdout]                                at /rustc/53fd98ca776cb875bc9e5514f56b52eb74f9e7a9/library/std/src/panicking.rs:365:19
[INFO] [stdout]   35:     0x55f0b35baff8 - std::panic::catch_unwind::h0dc8a061326ce8d8
[INFO] [stdout]                                at /rustc/53fd98ca776cb875bc9e5514f56b52eb74f9e7a9/library/std/src/panic.rs:434:14
[INFO] [stdout]   36:     0x55f0b35baff8 - std::thread::Builder::spawn_unchecked::{{closure}}::haa369e2d6fd00aa1
[INFO] [stdout]                                at /rustc/53fd98ca776cb875bc9e5514f56b52eb74f9e7a9/library/std/src/thread/mod.rs:475:30
[INFO] [stdout]   37:     0x55f0b35baff8 - core::ops::function::FnOnce::call_once{{vtable.shim}}::h36dcf3de8b056f17
[INFO] [stdout]                                at /rustc/53fd98ca776cb875bc9e5514f56b52eb74f9e7a9/library/core/src/ops/function.rs:227:5
[INFO] [stdout]   38:     0x55f0b3c08e07 - <alloc::boxed::Box<F,A> as core::ops::function::FnOnce<Args>>::call_once::h65c29e4642be2358
[INFO] [stdout]                                at /rustc/53fd98ca776cb875bc9e5514f56b52eb74f9e7a9/library/alloc/src/boxed.rs:1572:9
[INFO] [stdout]   39:     0x55f0b3c08e07 - <alloc::boxed::Box<F,A> as core::ops::function::FnOnce<Args>>::call_once::hd0f8f7fbbd9fffbf
[INFO] [stdout]                                at /rustc/53fd98ca776cb875bc9e5514f56b52eb74f9e7a9/library/alloc/src/boxed.rs:1572:9
[INFO] [stdout]   40:     0x55f0b3c08e07 - std::sys::unix::thread::Thread::new::thread_start::h2fd22fee3ca77b65
[INFO] [stdout]                                at /rustc/53fd98ca776cb875bc9e5514f56b52eb74f9e7a9/library/std/src/sys/unix/thread.rs:74:17
[INFO] [stdout]   41:     0x7f3507a3d609 - start_thread
[INFO] [stdout]   42:     0x7f350780f293 - clone
[INFO] [stdout]   43:                0x0 - <unknown>
[INFO] [stdout] 
[INFO] [stdout] 
[INFO] [stdout] failures:
[INFO] [stdout]     annis::db::sort_matches::tests::tiger_doc_name_sort_strcoll
[INFO] [stdout] 
[INFO] [stdout] test result: FAILED. 11 passed; 1 failed; 0 ignored; 0 measured; 0 filtered out; finished in 1.74s
[INFO] [stdout] 
[INFO] [stderr] error: test failed, to rerun pass '--lib'
[INFO] running `Command { std: "docker" "inspect" "8bb6256458d97063f036ace417030506d81bb8cec38d3b366941f887150eb129", kill_on_drop: false }`
[INFO] running `Command { std: "docker" "rm" "-f" "8bb6256458d97063f036ace417030506d81bb8cec38d3b366941f887150eb129", kill_on_drop: false }`
[INFO] [stdout] 8bb6256458d97063f036ace417030506d81bb8cec38d3b366941f887150eb129
