[INFO] fetching crate graph-oauth 0.1.0...
[INFO] testing graph-oauth-0.1.0 against 1.54.0 for beta-1.55-1
[INFO] extracting crate graph-oauth 0.1.0 into /workspace/builds/worker-33/source
[INFO] validating manifest of crates.io crate graph-oauth 0.1.0 on toolchain 1.54.0
[INFO] running `Command { std: "/workspace/cargo-home/bin/cargo" "+1.54.0" "metadata" "--manifest-path" "Cargo.toml" "--no-deps", kill_on_drop: false }`
[INFO] started tweaking crates.io crate graph-oauth 0.1.0
[INFO] finished tweaking crates.io crate graph-oauth 0.1.0
[INFO] tweaked toml for crates.io crate graph-oauth 0.1.0 written to /workspace/builds/worker-33/source/Cargo.toml
[INFO] running `Command { std: "/workspace/cargo-home/bin/cargo" "+1.54.0" "generate-lockfile" "--manifest-path" "Cargo.toml" "-Zno-index-update", kill_on_drop: false }`
[INFO] [stderr]     Blocking waiting for file lock on package cache
[INFO] running `Command { std: "/workspace/cargo-home/bin/cargo" "+1.54.0" "fetch" "--manifest-path" "Cargo.toml", kill_on_drop: false }`
[INFO] [stderr]     Blocking waiting for file lock on package cache
[INFO] [stderr]     Blocking waiting for file lock on package cache
[INFO] running `Command { std: "docker" "create" "-v" "/var/lib/crater-agent-workspace/builds/worker-33/target:/opt/rustwide/target:rw,Z" "-v" "/var/lib/crater-agent-workspace/builds/worker-33/source:/opt/rustwide/workdir:ro,Z" "-v" "/var/lib/crater-agent-workspace/cargo-home:/opt/rustwide/cargo-home:ro,Z" "-v" "/var/lib/crater-agent-workspace/rustup-home:/opt/rustwide/rustup-home:ro,Z" "-e" "SOURCE_DIR=/opt/rustwide/workdir" "-e" "CARGO_TARGET_DIR=/opt/rustwide/target" "-e" "CARGO_HOME=/opt/rustwide/cargo-home" "-e" "RUSTUP_HOME=/opt/rustwide/rustup-home" "-w" "/opt/rustwide/workdir" "-m" "1610612736" "--user" "0:0" "--network" "none" "ghcr.io/rust-lang/crates-build-env/linux@sha256:34b6a614d2c27851fe6cbf88fbd1137609cefab8b10d0615aaeb6fd47975d74e" "/opt/rustwide/cargo-home/bin/cargo" "+1.54.0" "metadata" "--no-deps" "--format-version=1", kill_on_drop: false }`
[INFO] [stdout] e99f92e6cbc7d618d49876db472508194ef855a0cb842fdbbd4591f72877f541
[INFO] running `Command { std: "docker" "start" "-a" "e99f92e6cbc7d618d49876db472508194ef855a0cb842fdbbd4591f72877f541", kill_on_drop: false }`
[INFO] running `Command { std: "docker" "inspect" "e99f92e6cbc7d618d49876db472508194ef855a0cb842fdbbd4591f72877f541", kill_on_drop: false }`
[INFO] running `Command { std: "docker" "rm" "-f" "e99f92e6cbc7d618d49876db472508194ef855a0cb842fdbbd4591f72877f541", kill_on_drop: false }`
[INFO] [stdout] e99f92e6cbc7d618d49876db472508194ef855a0cb842fdbbd4591f72877f541
[INFO] running `Command { std: "docker" "create" "-v" "/var/lib/crater-agent-workspace/builds/worker-33/target:/opt/rustwide/target:rw,Z" "-v" "/var/lib/crater-agent-workspace/builds/worker-33/source:/opt/rustwide/workdir:ro,Z" "-v" "/var/lib/crater-agent-workspace/cargo-home:/opt/rustwide/cargo-home:ro,Z" "-v" "/var/lib/crater-agent-workspace/rustup-home:/opt/rustwide/rustup-home:ro,Z" "-e" "SOURCE_DIR=/opt/rustwide/workdir" "-e" "CARGO_TARGET_DIR=/opt/rustwide/target" "-e" "CARGO_INCREMENTAL=0" "-e" "RUST_BACKTRACE=full" "-e" "RUSTFLAGS=--cap-lints=warn" "-e" "CARGO_HOME=/opt/rustwide/cargo-home" "-e" "RUSTUP_HOME=/opt/rustwide/rustup-home" "-w" "/opt/rustwide/workdir" "-m" "1610612736" "--user" "0:0" "--network" "none" "ghcr.io/rust-lang/crates-build-env/linux@sha256:34b6a614d2c27851fe6cbf88fbd1137609cefab8b10d0615aaeb6fd47975d74e" "/opt/rustwide/cargo-home/bin/cargo" "+1.54.0" "build" "--frozen" "--message-format=json", kill_on_drop: false }`
[INFO] [stdout] b790ccb994a3d4dd827bdba4c65a1e61168aa915a5fd31547941124b219eaff6
[INFO] running `Command { std: "docker" "start" "-a" "b790ccb994a3d4dd827bdba4c65a1e61168aa915a5fd31547941124b219eaff6", kill_on_drop: false }`
[INFO] [stderr]     Blocking waiting for file lock on package cache
[INFO] [stderr]    Compiling cc v1.0.69
[INFO] [stderr]    Compiling openssl v0.10.35
[INFO] [stderr]    Compiling foreign-types-shared v0.1.1
[INFO] [stderr]    Compiling proc-macro2 v0.4.30
[INFO] [stderr]    Compiling ucd-trie v0.1.3
[INFO] [stderr]    Compiling native-tls v0.2.7
[INFO] [stderr]    Compiling maplit v1.0.2
[INFO] [stderr]    Compiling try-lock v0.2.3
[INFO] [stderr]    Compiling openssl-probe v0.1.4
[INFO] [stderr]    Compiling syn v0.15.44
[INFO] [stderr]    Compiling tower-service v0.3.1
[INFO] [stderr]    Compiling httpdate v1.0.1
[INFO] [stderr]    Compiling spin v0.5.2
[INFO] [stderr]    Compiling base64 v0.13.0
[INFO] [stderr]    Compiling untrusted v0.7.1
[INFO] [stderr]    Compiling ipnet v2.3.1
[INFO] [stderr]    Compiling webbrowser v0.4.0
[INFO] [stderr]    Compiling tokio v1.9.0
[INFO] [stderr]    Compiling futures-util v0.3.16
[INFO] [stderr]    Compiling indexmap v1.7.0
[INFO] [stderr]    Compiling yaml-rust v0.4.5
[INFO] [stderr]    Compiling tracing v0.1.26
[INFO] [stderr]    Compiling http-body v0.4.2
[INFO] [stderr]    Compiling parking_lot_core v0.8.3
[INFO] [stderr]    Compiling signal-hook-registry v1.4.0
[INFO] [stderr]    Compiling socket2 v0.4.1
[INFO] [stderr]    Compiling time v0.1.43
[INFO] [stderr]    Compiling tokio-macros v1.3.0
[INFO] [stderr]    Compiling thiserror-impl v1.0.26
[INFO] [stderr]    Compiling async-trait v0.1.51
[INFO] [stderr]    Compiling strum_macros v0.21.1
[INFO] [stderr]    Compiling serde v1.0.127
[INFO] [stderr]    Compiling foreign-types v0.3.2
[INFO] [stderr]    Compiling want v0.3.0
[INFO] [stderr]    Compiling pest v2.1.3
[INFO] [stderr]    Compiling parking_lot v0.11.1
[INFO] [stderr]    Compiling openssl-sys v0.9.65
[INFO] [stderr]    Compiling ring v0.16.20
[INFO] [stderr]    Compiling pest_meta v2.1.3
[INFO] [stderr]    Compiling quote v0.6.13
[INFO] [stderr]    Compiling thiserror v1.0.26
[INFO] [stderr]    Compiling strum v0.21.0
[INFO] [stderr]    Compiling pest_generator v2.1.3
[INFO] [stderr]    Compiling serde_json v1.0.66
[INFO] [stderr]    Compiling serde_yaml v0.8.17
[INFO] [stderr]    Compiling toml v0.5.8
[INFO] [stderr]    Compiling hashbrown v0.5.0
[INFO] [stderr]    Compiling chrono v0.4.19
[INFO] [stderr]    Compiling serde_urlencoded v0.7.0
[INFO] [stderr]    Compiling http-serde v1.0.3
[INFO] [stderr]    Compiling pest_derive v2.1.0
[INFO] [stderr]    Compiling chrono-humanize v0.0.11
[INFO] [stderr]    Compiling from_as_file v0.1.0
[INFO] [stderr]    Compiling serde-aux v2.2.0
[INFO] [stderr]    Compiling futures-executor v0.3.16
[INFO] [stderr]    Compiling futures v0.3.16
[INFO] [stderr]    Compiling handlebars v2.0.4
[INFO] [stderr]    Compiling tokio-util v0.6.7
[INFO] [stderr]    Compiling tokio-native-tls v0.3.0
[INFO] [stderr]    Compiling h2 v0.3.3
[INFO] [stderr]    Compiling derive_from_as v0.1.0
[INFO] [stderr]    Compiling from_as v0.1.0
[INFO] [stderr]    Compiling hyper v0.14.11
[INFO] [stderr]    Compiling hyper-tls v0.5.0
[INFO] [stderr]    Compiling reqwest v0.11.4
[INFO] [stderr]    Compiling graph-error v0.1.0
[INFO] [stderr]    Compiling graph-oauth v0.1.0 (/opt/rustwide/workdir)
[INFO] [stderr]     Finished dev [unoptimized + debuginfo] target(s) in 31.06s
[INFO] running `Command { std: "docker" "inspect" "b790ccb994a3d4dd827bdba4c65a1e61168aa915a5fd31547941124b219eaff6", kill_on_drop: false }`
[INFO] running `Command { std: "docker" "rm" "-f" "b790ccb994a3d4dd827bdba4c65a1e61168aa915a5fd31547941124b219eaff6", kill_on_drop: false }`
[INFO] [stdout] b790ccb994a3d4dd827bdba4c65a1e61168aa915a5fd31547941124b219eaff6
[INFO] running `Command { std: "docker" "create" "-v" "/var/lib/crater-agent-workspace/builds/worker-33/target:/opt/rustwide/target:rw,Z" "-v" "/var/lib/crater-agent-workspace/builds/worker-33/source:/opt/rustwide/workdir:ro,Z" "-v" "/var/lib/crater-agent-workspace/cargo-home:/opt/rustwide/cargo-home:ro,Z" "-v" "/var/lib/crater-agent-workspace/rustup-home:/opt/rustwide/rustup-home:ro,Z" "-e" "SOURCE_DIR=/opt/rustwide/workdir" "-e" "CARGO_TARGET_DIR=/opt/rustwide/target" "-e" "CARGO_INCREMENTAL=0" "-e" "RUST_BACKTRACE=full" "-e" "RUSTFLAGS=--cap-lints=warn" "-e" "CARGO_HOME=/opt/rustwide/cargo-home" "-e" "RUSTUP_HOME=/opt/rustwide/rustup-home" "-w" "/opt/rustwide/workdir" "-m" "1610612736" "--user" "0:0" "--network" "none" "ghcr.io/rust-lang/crates-build-env/linux@sha256:34b6a614d2c27851fe6cbf88fbd1137609cefab8b10d0615aaeb6fd47975d74e" "/opt/rustwide/cargo-home/bin/cargo" "+1.54.0" "test" "--frozen" "--no-run" "--message-format=json", kill_on_drop: false }`
[INFO] [stdout] 8d640137a2c81039e4c41719b0f06bf06a138f8f56dfea6d2108be804ca730eb
[INFO] running `Command { std: "docker" "start" "-a" "8d640137a2c81039e4c41719b0f06bf06a138f8f56dfea6d2108be804ca730eb", kill_on_drop: false }`
[INFO] [stderr]    Compiling graph-oauth v0.1.0 (/opt/rustwide/workdir)
[INFO] [stderr]     Finished test [unoptimized + debuginfo] target(s) in 4.55s
[INFO] running `Command { std: "docker" "inspect" "8d640137a2c81039e4c41719b0f06bf06a138f8f56dfea6d2108be804ca730eb", kill_on_drop: false }`
[INFO] running `Command { std: "docker" "rm" "-f" "8d640137a2c81039e4c41719b0f06bf06a138f8f56dfea6d2108be804ca730eb", kill_on_drop: false }`
[INFO] [stdout] 8d640137a2c81039e4c41719b0f06bf06a138f8f56dfea6d2108be804ca730eb
[INFO] running `Command { std: "docker" "create" "-v" "/var/lib/crater-agent-workspace/builds/worker-33/target:/opt/rustwide/target:rw,Z" "-v" "/var/lib/crater-agent-workspace/builds/worker-33/source:/opt/rustwide/workdir:ro,Z" "-v" "/var/lib/crater-agent-workspace/cargo-home:/opt/rustwide/cargo-home:ro,Z" "-v" "/var/lib/crater-agent-workspace/rustup-home:/opt/rustwide/rustup-home:ro,Z" "-e" "SOURCE_DIR=/opt/rustwide/workdir" "-e" "CARGO_TARGET_DIR=/opt/rustwide/target" "-e" "CARGO_INCREMENTAL=0" "-e" "RUST_BACKTRACE=full" "-e" "RUSTFLAGS=--cap-lints=warn" "-e" "CARGO_HOME=/opt/rustwide/cargo-home" "-e" "RUSTUP_HOME=/opt/rustwide/rustup-home" "-w" "/opt/rustwide/workdir" "-m" "1610612736" "--user" "0:0" "--network" "none" "ghcr.io/rust-lang/crates-build-env/linux@sha256:34b6a614d2c27851fe6cbf88fbd1137609cefab8b10d0615aaeb6fd47975d74e" "/opt/rustwide/cargo-home/bin/cargo" "+1.54.0" "test" "--frozen", kill_on_drop: false }`
[INFO] [stdout] 6e9dcb86a6ba02518770063fa51d98dce17a58d074579f02574303e4c1cf866b
[INFO] running `Command { std: "docker" "start" "-a" "6e9dcb86a6ba02518770063fa51d98dce17a58d074579f02574303e4c1cf866b", kill_on_drop: false }`
[INFO] [stderr]     Finished test [unoptimized + debuginfo] target(s) in 0.38s
[INFO] [stdout] 
[INFO] [stderr]      Running unittests (/opt/rustwide/target/debug/deps/graph_oauth-d84b45396fbe17fc)
[INFO] [stdout] running 0 tests
[INFO] [stderr]    Doc-tests graph-oauth
[INFO] [stdout] 
[INFO] [stdout] test result: ok. 0 passed; 0 failed; 0 ignored; 0 measured; 0 filtered out; finished in 0.00s
[INFO] [stdout] 
[INFO] [stdout] 
[INFO] [stdout] running 98 tests
[INFO] [stdout] test src/auth.rs - auth::AccessTokenGrant::access_token (line 1658) ... ignored
[INFO] [stdout] test src/auth.rs - auth::AccessTokenGrant::access_token (line 1674) ... ignored
[INFO] [stdout] test src/auth.rs - auth::AsyncAccessTokenGrant::access_token (line 1771) ... ignored
[INFO] [stdout] test src/auth.rs - auth::AsyncAccessTokenGrant::access_token (line 1787) ... ignored
[INFO] [stdout] test src/auth.rs - auth::OAuth::v1_logout (line 882) ... ignored
[INFO] [stdout] test src/auth.rs - auth::OAuth::v2_logout (line 912) ... ignored
[INFO] [stdout] test src/discovery/graphdiscovery.rs - discovery::graphdiscovery::GraphDiscovery::async_oauth (line 158) ... ignored
[INFO] [stdout] test src/discovery/graphdiscovery.rs - discovery::graphdiscovery::GraphDiscovery::async_signing_keys (line 106) ... ignored
[INFO] [stdout] test src/lib.rs - (line 35) ... ignored
[INFO] [stdout] test src/lib.rs - (line 51) ... ignored
[INFO] [stdout] test src/accesstoken.rs - accesstoken::AccessToken::refresh_token (line 296) ... FAILED
[INFO] [stdout] test src/accesstoken.rs - accesstoken::AccessToken::set_scope (line 117) ... FAILED
[INFO] [stdout] test src/accesstoken.rs - accesstoken::AccessToken (line 41) ... FAILED
[INFO] [stdout] test src/auth.rs - auth::OAuth::access_token (line 812) ... FAILED
[INFO] [stdout] test src/accesstoken.rs - accesstoken::AccessToken::is_expired (line 354) ... FAILED
[INFO] [stdout] test src/accesstoken.rs - accesstoken::AccessToken::scopes (line 257) ... FAILED
[INFO] [stdout] test src/accesstoken.rs - accesstoken::AccessToken::state (line 325) ... FAILED
[INFO] [stdout] test src/auth.rs - auth::OAuth::client_secret (line 322) ... FAILED
[INFO] [stdout] test src/auth.rs - auth::OAuth::entry (line 216) ... FAILED
[INFO] [stdout] test src/auth.rs - auth::GrantSelector<AccessTokenGrant>::client_credentials (line 1339) ... FAILED
[INFO] [stdout] test src/auth.rs - auth::GrantSelector<AccessTokenGrant>::token_flow (line 1249) ... FAILED
[INFO] [stdout] test src/auth.rs - auth::GrantSelector<AccessTokenGrant>::code_flow (line 1267) ... FAILED
[INFO] [stdout] test src/accesstoken.rs - accesstoken::AccessToken::token_type (line 229) ... FAILED
[INFO] [stdout] test src/auth.rs - auth::GrantSelector<AsyncAccessTokenGrant>::resource_owner_password_credentials (line 1485) ... FAILED
[INFO] [stdout] test src/accesstoken.rs - accesstoken::AccessToken::set_expires_in (line 102) ... FAILED
[INFO] [stdout] test src/accesstoken.rs - accesstoken::AccessToken::user_id (line 283) ... FAILED
[INFO] [stdout] test src/auth.rs - auth::GrantSelector<AsyncAccessTokenGrant>::implicit_grant (line 1413) ... FAILED
[INFO] [stdout] test src/auth.rs - auth::OAuth (line 1217) ... FAILED
[INFO] [stdout] test src/accesstoken.rs - accesstoken::AccessToken::set_refresh_token (line 145) ... FAILED
[INFO] [stdout] test src/auth.rs - auth::OAuth::code_challenge (line 526) ... FAILED
[INFO] [stdout] test src/accesstoken.rs - accesstoken::AccessToken::elapsed (line 374) ... FAILED
[INFO] [stdout] test src/auth.rs - auth::OAuth::generate_sha256_challenge_and_verifier (line 566) ... FAILED
[INFO] [stdout] test src/auth.rs - auth::OAuth::add_scope (line 690) ... FAILED
[INFO] [stdout] test src/accesstoken.rs - accesstoken::AccessToken::set_user_id (line 159) ... FAILED
[INFO] [stdout] test src/accesstoken.rs - accesstoken::AccessToken::timestamp (line 338) ... FAILED
[INFO] [stdout] test src/auth.rs - auth::OAuth::remove (line 277) ... FAILED
[INFO] [stdout] test src/discovery/graphdiscovery.rs - discovery::graphdiscovery::GraphDiscovery::url (line 69) ... FAILED
[INFO] [stdout] test src/auth.rs - auth::OAuth::login_hint (line 604) ... FAILED
[INFO] [stdout] test src/discovery/graphdiscovery.rs - discovery::graphdiscovery::GraphDiscovery::signing_keys (line 89) ... FAILED
[INFO] [stdout] test src/accesstoken.rs - accesstoken::AccessToken::set_state (line 200) ... FAILED
[INFO] [stdout] test src/auth.rs - auth::GrantSelector<AsyncAccessTokenGrant>::open_id_connect (line 1449) ... FAILED
[INFO] [stdout] test src/auth.rs - auth::OAuth::nonce (line 418) ... FAILED
[INFO] [stdout] test src/auth.rs - auth::OAuth::username (line 664) ... FAILED
[INFO] [stdout] test src/auth.rs - auth::OAuth::id_token (line 444) ... FAILED
[INFO] [stdout] test src/auth.rs - auth::OAuth::insert (line 186) ... FAILED
[INFO] [stdout] test src/auth.rs - auth::OAuth::prompt (line 431) ... FAILED
[INFO] [stdout] test src/auth.rs - auth::OAuth::session_state (line 466) ... FAILED
[INFO] [stdout] test src/lib.rs - (line 44) ... FAILED
[INFO] [stdout] test src/auth.rs - auth::OAuth::password (line 677) ... FAILED
[INFO] [stdout] test src/auth.rs - auth::OAuth::join_scopes (line 724) ... FAILED
[INFO] [stdout] test src/auth.rs - auth::OAuth::resource (line 490) ... FAILED
[INFO] [stdout] test src/auth.rs - auth::OAuth::response_type (line 406) ... FAILED
[INFO] [stdout] test src/auth.rs - auth::GrantSelector<AsyncAccessTokenGrant>::authorization_code_grant (line 1431) ... FAILED
[INFO] [stdout] test src/auth.rs - auth::OAuth::extend_scopes (line 743) ... FAILED
[INFO] [stdout] test src/auth.rs - auth::OAuth::contains (line 257) ... FAILED
[INFO] [stdout] test src/auth.rs - auth::OAuth::remove_scope (line 779) ... FAILED
[INFO] [stdout] test src/auth.rs - auth::OAuth (line 152) ... FAILED
[INFO] [stdout] test src/auth.rs - auth::OAuth::get (line 244) ... FAILED
[INFO] [stdout] test src/discovery/graphdiscovery.rs - discovery::graphdiscovery::GraphDiscovery::oauth (line 124) ... FAILED
[INFO] [stdout] test src/auth.rs - auth::OAuth::state (line 309) ... FAILED
[INFO] [stdout] test src/auth.rs - auth::OAuth::get_access_token (line 826) ... FAILED
[INFO] [stdout] test src/auth.rs - auth::OAuth::access_token_url (line 346) ... FAILED
[INFO] [stdout] test src/auth.rs - auth::OAuth::refresh_token_url (line 358) ... FAILED
[INFO] [stdout] test src/auth.rs - auth::OAuth::new (line 167) ... FAILED
[INFO] [stdout] test src/auth.rs - auth::OAuth::post_logout_redirect_uri (line 652) ... FAILED
[INFO] [stdout] test src/auth.rs - auth::OAuth::grant_type (line 478) ... FAILED
[INFO] [stdout] test src/auth.rs - auth::OAuth::response_mode (line 394) ... FAILED
[INFO] [stdout] test src/auth.rs - auth::OAuth::redirect_uri (line 370) ... FAILED
[INFO] [stdout] test src/auth.rs - auth::OAuth::get_refresh_token (line 844) ... FAILED
[INFO] [stdout] test src/auth.rs - auth::OAuth::logout_url (line 640) ... FAILED
[INFO] [stdout] test src/auth.rs - auth::OAuth::contains_scope (line 761) ... FAILED
[INFO] [stderr] error: test failed, to rerun pass '--doc'
[INFO] [stderr] 
[INFO] [stderr] Caused by:
[INFO] [stderr]   process didn't exit successfully: `rustdoc --edition=2018 --crate-type lib --crate-name graph_oauth --test /opt/rustwide/workdir/src/lib.rs -L dependency=/opt/rustwide/target/debug/deps -L dependency=/opt/rustwide/target/debug/deps -L native=/opt/rustwide/target/debug/build/ring-22e5587516159e8c/out --extern base64=/opt/rustwide/target/debug/deps/libbase64-5c7414cfb92860e8.rlib --extern chrono=/opt/rustwide/target/debug/deps/libchrono-4f6cb4f7f1c1d993.rlib --extern chrono_humanize=/opt/rustwide/target/debug/deps/libchrono_humanize-81a22ae42c5dfca4.rlib --extern from_as=/opt/rustwide/target/debug/deps/libfrom_as-ed83d22756042b15.rlib --extern graph_error=/opt/rustwide/target/debug/deps/libgraph_error-177ea2782431b139.rlib --extern graph_oauth=/opt/rustwide/target/debug/deps/libgraph_oauth-9dc298b12f0672dc.rlib --extern reqwest=/opt/rustwide/target/debug/deps/libreqwest-047bf517af5a6794.rlib --extern ring=/opt/rustwide/target/debug/deps/libring-f9e1565d91cad951.rlib --extern serde=/opt/rustwide/target/debug/deps/libserde-c39ce3e6ac5d8adf.rlib --extern serde_aux=/opt/rustwide/target/debug/deps/libserde_aux-2a0c976e0a93cb81.rlib --extern serde_json=/opt/rustwide/target/debug/deps/libserde_json-83a4a0038f10f81b.rlib --extern serde_yaml=/opt/rustwide/target/debug/deps/libserde_yaml-afa17bc18b789814.rlib --extern strum=/opt/rustwide/target/debug/deps/libstrum-fef63bc78dbbebd7.rlib --extern url=/opt/rustwide/target/debug/deps/liburl-98505fcfc663a9d7.rlib --extern webbrowser=/opt/rustwide/target/debug/deps/libwebbrowser-215ffdd2f83b0776.rlib -C embed-bitcode=no --error-format human` (signal: 9, SIGKILL: kill)
[INFO] running `Command { std: "docker" "inspect" "6e9dcb86a6ba02518770063fa51d98dce17a58d074579f02574303e4c1cf866b", kill_on_drop: false }`
[INFO] running `Command { std: "docker" "rm" "-f" "6e9dcb86a6ba02518770063fa51d98dce17a58d074579f02574303e4c1cf866b", kill_on_drop: false }`
[INFO] [stdout] 6e9dcb86a6ba02518770063fa51d98dce17a58d074579f02574303e4c1cf866b
