[INFO] fetching crate graal-bindgen-macros 0.1.0...
[INFO] testing graal-bindgen-macros-0.1.0 against 1.54.0 for beta-1.55-1
[INFO] extracting crate graal-bindgen-macros 0.1.0 into /workspace/builds/worker-33/source
[INFO] validating manifest of crates.io crate graal-bindgen-macros 0.1.0 on toolchain 1.54.0
[INFO] running `Command { std: "/workspace/cargo-home/bin/cargo" "+1.54.0" "metadata" "--manifest-path" "Cargo.toml" "--no-deps", kill_on_drop: false }`
[INFO] started tweaking crates.io crate graal-bindgen-macros 0.1.0
[INFO] finished tweaking crates.io crate graal-bindgen-macros 0.1.0
[INFO] tweaked toml for crates.io crate graal-bindgen-macros 0.1.0 written to /workspace/builds/worker-33/source/Cargo.toml
[INFO] running `Command { std: "/workspace/cargo-home/bin/cargo" "+1.54.0" "generate-lockfile" "--manifest-path" "Cargo.toml" "-Zno-index-update", kill_on_drop: false }`
[INFO] [stderr]     Blocking waiting for file lock on package cache
[INFO] running `Command { std: "/workspace/cargo-home/bin/cargo" "+1.54.0" "fetch" "--manifest-path" "Cargo.toml", kill_on_drop: false }`
[INFO] [stderr]     Blocking waiting for file lock on package cache
[INFO] running `Command { std: "docker" "create" "-v" "/var/lib/crater-agent-workspace/builds/worker-33/target:/opt/rustwide/target:rw,Z" "-v" "/var/lib/crater-agent-workspace/builds/worker-33/source:/opt/rustwide/workdir:ro,Z" "-v" "/var/lib/crater-agent-workspace/cargo-home:/opt/rustwide/cargo-home:ro,Z" "-v" "/var/lib/crater-agent-workspace/rustup-home:/opt/rustwide/rustup-home:ro,Z" "-e" "SOURCE_DIR=/opt/rustwide/workdir" "-e" "CARGO_TARGET_DIR=/opt/rustwide/target" "-e" "CARGO_HOME=/opt/rustwide/cargo-home" "-e" "RUSTUP_HOME=/opt/rustwide/rustup-home" "-w" "/opt/rustwide/workdir" "-m" "1610612736" "--user" "0:0" "--network" "none" "ghcr.io/rust-lang/crates-build-env/linux@sha256:34b6a614d2c27851fe6cbf88fbd1137609cefab8b10d0615aaeb6fd47975d74e" "/opt/rustwide/cargo-home/bin/cargo" "+1.54.0" "metadata" "--no-deps" "--format-version=1", kill_on_drop: false }`
[INFO] [stdout] abe7c1068dc040e6a75e6435ddbf138af37896d5ccc9befc4563f05376bd77ae
[INFO] running `Command { std: "docker" "start" "-a" "abe7c1068dc040e6a75e6435ddbf138af37896d5ccc9befc4563f05376bd77ae", kill_on_drop: false }`
[INFO] running `Command { std: "docker" "inspect" "abe7c1068dc040e6a75e6435ddbf138af37896d5ccc9befc4563f05376bd77ae", kill_on_drop: false }`
[INFO] running `Command { std: "docker" "rm" "-f" "abe7c1068dc040e6a75e6435ddbf138af37896d5ccc9befc4563f05376bd77ae", kill_on_drop: false }`
[INFO] [stdout] abe7c1068dc040e6a75e6435ddbf138af37896d5ccc9befc4563f05376bd77ae
[INFO] running `Command { std: "docker" "create" "-v" "/var/lib/crater-agent-workspace/builds/worker-33/target:/opt/rustwide/target:rw,Z" "-v" "/var/lib/crater-agent-workspace/builds/worker-33/source:/opt/rustwide/workdir:ro,Z" "-v" "/var/lib/crater-agent-workspace/cargo-home:/opt/rustwide/cargo-home:ro,Z" "-v" "/var/lib/crater-agent-workspace/rustup-home:/opt/rustwide/rustup-home:ro,Z" "-e" "SOURCE_DIR=/opt/rustwide/workdir" "-e" "CARGO_TARGET_DIR=/opt/rustwide/target" "-e" "CARGO_INCREMENTAL=0" "-e" "RUST_BACKTRACE=full" "-e" "RUSTFLAGS=--cap-lints=warn" "-e" "CARGO_HOME=/opt/rustwide/cargo-home" "-e" "RUSTUP_HOME=/opt/rustwide/rustup-home" "-w" "/opt/rustwide/workdir" "-m" "1610612736" "--user" "0:0" "--network" "none" "ghcr.io/rust-lang/crates-build-env/linux@sha256:34b6a614d2c27851fe6cbf88fbd1137609cefab8b10d0615aaeb6fd47975d74e" "/opt/rustwide/cargo-home/bin/cargo" "+1.54.0" "build" "--frozen" "--message-format=json", kill_on_drop: false }`
[INFO] [stdout] 1a0152e86038277b0606ed2a1632c2d4a84f42d343d043b5056075f6e17d8302
[INFO] running `Command { std: "docker" "start" "-a" "1a0152e86038277b0606ed2a1632c2d4a84f42d343d043b5056075f6e17d8302", kill_on_drop: false }`
[INFO] [stderr]    Compiling syn v1.0.74
[INFO] [stderr]    Compiling graal-bindgen-macros v0.1.0 (/opt/rustwide/workdir)
[INFO] [stderr]     Finished dev [unoptimized + debuginfo] target(s) in 12.57s
[INFO] running `Command { std: "docker" "inspect" "1a0152e86038277b0606ed2a1632c2d4a84f42d343d043b5056075f6e17d8302", kill_on_drop: false }`
[INFO] running `Command { std: "docker" "rm" "-f" "1a0152e86038277b0606ed2a1632c2d4a84f42d343d043b5056075f6e17d8302", kill_on_drop: false }`
[INFO] [stdout] 1a0152e86038277b0606ed2a1632c2d4a84f42d343d043b5056075f6e17d8302
[INFO] running `Command { std: "docker" "create" "-v" "/var/lib/crater-agent-workspace/builds/worker-33/target:/opt/rustwide/target:rw,Z" "-v" "/var/lib/crater-agent-workspace/builds/worker-33/source:/opt/rustwide/workdir:ro,Z" "-v" "/var/lib/crater-agent-workspace/cargo-home:/opt/rustwide/cargo-home:ro,Z" "-v" "/var/lib/crater-agent-workspace/rustup-home:/opt/rustwide/rustup-home:ro,Z" "-e" "SOURCE_DIR=/opt/rustwide/workdir" "-e" "CARGO_TARGET_DIR=/opt/rustwide/target" "-e" "CARGO_INCREMENTAL=0" "-e" "RUST_BACKTRACE=full" "-e" "RUSTFLAGS=--cap-lints=warn" "-e" "CARGO_HOME=/opt/rustwide/cargo-home" "-e" "RUSTUP_HOME=/opt/rustwide/rustup-home" "-w" "/opt/rustwide/workdir" "-m" "1610612736" "--user" "0:0" "--network" "none" "ghcr.io/rust-lang/crates-build-env/linux@sha256:34b6a614d2c27851fe6cbf88fbd1137609cefab8b10d0615aaeb6fd47975d74e" "/opt/rustwide/cargo-home/bin/cargo" "+1.54.0" "test" "--frozen" "--no-run" "--message-format=json", kill_on_drop: false }`
[INFO] [stdout] ba44d91659a811f318acd32be50da27efd78bcfa45f318eda22ea792c8cdc84a
[INFO] running `Command { std: "docker" "start" "-a" "ba44d91659a811f318acd32be50da27efd78bcfa45f318eda22ea792c8cdc84a", kill_on_drop: false }`
[INFO] [stderr]    Compiling graal-bindgen-macros v0.1.0 (/opt/rustwide/workdir)
[INFO] [stderr]     Finished test [unoptimized + debuginfo] target(s) in 0.52s
[INFO] running `Command { std: "docker" "inspect" "ba44d91659a811f318acd32be50da27efd78bcfa45f318eda22ea792c8cdc84a", kill_on_drop: false }`
[INFO] running `Command { std: "docker" "rm" "-f" "ba44d91659a811f318acd32be50da27efd78bcfa45f318eda22ea792c8cdc84a", kill_on_drop: false }`
[INFO] [stdout] ba44d91659a811f318acd32be50da27efd78bcfa45f318eda22ea792c8cdc84a
[INFO] running `Command { std: "docker" "create" "-v" "/var/lib/crater-agent-workspace/builds/worker-33/target:/opt/rustwide/target:rw,Z" "-v" "/var/lib/crater-agent-workspace/builds/worker-33/source:/opt/rustwide/workdir:ro,Z" "-v" "/var/lib/crater-agent-workspace/cargo-home:/opt/rustwide/cargo-home:ro,Z" "-v" "/var/lib/crater-agent-workspace/rustup-home:/opt/rustwide/rustup-home:ro,Z" "-e" "SOURCE_DIR=/opt/rustwide/workdir" "-e" "CARGO_TARGET_DIR=/opt/rustwide/target" "-e" "CARGO_INCREMENTAL=0" "-e" "RUST_BACKTRACE=full" "-e" "RUSTFLAGS=--cap-lints=warn" "-e" "CARGO_HOME=/opt/rustwide/cargo-home" "-e" "RUSTUP_HOME=/opt/rustwide/rustup-home" "-w" "/opt/rustwide/workdir" "-m" "1610612736" "--user" "0:0" "--network" "none" "ghcr.io/rust-lang/crates-build-env/linux@sha256:34b6a614d2c27851fe6cbf88fbd1137609cefab8b10d0615aaeb6fd47975d74e" "/opt/rustwide/cargo-home/bin/cargo" "+1.54.0" "test" "--frozen", kill_on_drop: false }`
[INFO] [stdout] 550535c76c77e064d1f18982343e1db423926e0d51b3c10426cd84280790cc40
[INFO] running `Command { std: "docker" "start" "-a" "550535c76c77e064d1f18982343e1db423926e0d51b3c10426cd84280790cc40", kill_on_drop: false }`
[INFO] [stderr]     Finished test [unoptimized + debuginfo] target(s) in 0.04s
[INFO] [stderr]      Running unittests (/opt/rustwide/target/debug/deps/graal_bindgen_macros-acf1f9dba8fd41f0)
[INFO] [stdout] 
[INFO] [stdout] running 0 tests
[INFO] [stdout] 
[INFO] [stdout] test result: ok. 0 passed; 0 failed; 0 ignored; 0 measured; 0 filtered out; finished in 0.00s
[INFO] [stdout] 
[INFO] [stderr]    Doc-tests graal-bindgen-macros
[INFO] [stdout] 
[INFO] [stdout] running 3 tests
[INFO] [stdout] test src/lib.rs - quote_function_stub (line 345) ... FAILED
[INFO] [stdout] test src/lib.rs - quote_function_stub (line 356) ... FAILED
[INFO] [stdout] test src/lib.rs - java_method (line 420) ... FAILED
[INFO] [stdout] 
[INFO] [stdout] failures:
[INFO] [stdout] 
[INFO] [stdout] ---- src/lib.rs - quote_function_stub (line 345) stdout ----
[INFO] [stdout] error[E0422]: cannot find struct, variant or union type `JavaFunctionStub` in this scope
[INFO] [stdout]  --> src/lib.rs:346:1
[INFO] [stdout]   |
[INFO] [stdout] 3 | JavaFunctionStub {
[INFO] [stdout]   | ^^^^^^^^^^^^^^^^ not found in this scope
[INFO] [stdout] 
[INFO] [stdout] error: aborting due to previous error
[INFO] [stdout] 
[INFO] [stdout] For more information about this error, try `rustc --explain E0422`.
[INFO] [stdout] Couldn't compile the test.
[INFO] [stdout] ---- src/lib.rs - quote_function_stub (line 356) stdout ----
[INFO] [stdout] error: `self` parameter is only allowed in associated functions
[INFO] [stdout]  --> src/lib.rs:357:18
[INFO] [stdout]   |
[INFO] [stdout] 3 | pub fn remove_at(&self, index: int) -> E {
[INFO] [stdout]   |                  ^^^^^ not semantically valid as function parameter
[INFO] [stdout]   |
[INFO] [stdout]   = note: associated functions are those in `impl` or `trait` definitions
[INFO] [stdout] 
[INFO] [stdout] error[E0433]: failed to resolve: use of undeclared type `E`
[INFO] [stdout]  --> src/lib.rs:358:11
[INFO] [stdout]   |
[INFO] [stdout] 4 |    return E::from_polyglot_value({
[INFO] [stdout]   |           ^ use of undeclared type `E`
[INFO] [stdout] 
[INFO] [stdout] error[E0433]: failed to resolve: could not find `polyglot` in the crate root
[INFO] [stdout]  --> src/lib.rs:360:19
[INFO] [stdout]   |
[INFO] [stdout] 6 |            crate::polyglot::internal::polyglot_invoke(
[INFO] [stdout]   |                   ^^^^^^^^ could not find `polyglot` in the crate root
[INFO] [stdout] 
[INFO] [stdout] error[E0433]: failed to resolve: could not find `polyglot` in the crate root
[INFO] [stdout]  --> src/lib.rs:362:23
[INFO] [stdout]   |
[INFO] [stdout] 8 |                crate::polyglot::internal::make_cstring("remove").as_ptr(),
[INFO] [stdout]   |                       ^^^^^^^^ could not find `polyglot` in the crate root
[INFO] [stdout] 
[INFO] [stdout] error[E0433]: failed to resolve: could not find `polyglot` in the crate root
[INFO] [stdout]  --> src/lib.rs:363:23
[INFO] [stdout]   |
[INFO] [stdout] 9 |                crate::polyglot::internal::expect_variadic(index),
[INFO] [stdout]   |                       ^^^^^^^^ could not find `polyglot` in the crate root
[INFO] [stdout] 
[INFO] [stdout] error[E0412]: cannot find type `int` in this scope
[INFO] [stdout]  --> src/lib.rs:357:32
[INFO] [stdout]   |
[INFO] [stdout] 3 | pub fn remove_at(&self, index: int) -> E {
[INFO] [stdout]   |                                ^^^
[INFO] [stdout]   |                                |
[INFO] [stdout]   |                                not found in this scope
[INFO] [stdout]   |                                help: perhaps you intended to use this type: `i32`
[INFO] [stdout] 
[INFO] [stdout] error[E0412]: cannot find type `E` in this scope
[INFO] [stdout]    --> src/lib.rs:357:40
[INFO] [stdout]     |
[INFO] [stdout] 3   |   pub fn remove_at(&self, index: int) -> E {
[INFO] [stdout]     |                                          ^
[INFO] [stdout]     |
[INFO] [stdout] help: a trait with a similar name exists
[INFO] [stdout]     |
[INFO] [stdout] 3   | pub fn remove_at(&self, index: int) -> Eq {
[INFO] [stdout]     |                                        ^^
[INFO] [stdout] help: you might be missing a type parameter
[INFO] [stdout]     |
[INFO] [stdout] 3   | pub fn remove_at<E>(&self, index: int) -> E {
[INFO] [stdout]     |                 ^^^
[INFO] [stdout] 
[INFO] [stdout] error: aborting due to 7 previous errors
[INFO] [stdout] 
[INFO] [stdout] Some errors have detailed explanations: E0412, E0433.
[INFO] [stdout] For more information about an error, try `rustc --explain E0412`.
[INFO] [stdout] Couldn't compile the test.
[INFO] [stdout] ---- src/lib.rs - java_method (line 420) stdout ----
[INFO] [stdout] error: `self` parameter is only allowed in associated functions
[INFO] [stdout]  --> src/lib.rs:421:18
[INFO] [stdout]   |
[INFO] [stdout] 3 | pub fn remove_at(&self, index: int) -> E {
[INFO] [stdout]   |                  ^^^^^ not semantically valid as function parameter
[INFO] [stdout]   |
[INFO] [stdout]   = note: associated functions are those in `impl` or `trait` definitions
[INFO] [stdout] 
[INFO] [stdout] error[E0433]: failed to resolve: use of undeclared type `E`
[INFO] [stdout]  --> src/lib.rs:422:11
[INFO] [stdout]   |
[INFO] [stdout] 4 |    return E::from_polyglot_value({
[INFO] [stdout]   |           ^ use of undeclared type `E`
[INFO] [stdout] 
[INFO] [stdout] error[E0433]: failed to resolve: could not find `polyglot` in the crate root
[INFO] [stdout]  --> src/lib.rs:424:19
[INFO] [stdout]   |
[INFO] [stdout] 6 |            crate::polyglot::internal::polyglot_invoke(
[INFO] [stdout]   |                   ^^^^^^^^ could not find `polyglot` in the crate root
[INFO] [stdout] 
[INFO] [stdout] error[E0433]: failed to resolve: could not find `polyglot` in the crate root
[INFO] [stdout]  --> src/lib.rs:426:23
[INFO] [stdout]   |
[INFO] [stdout] 8 |                crate::polyglot::internal::make_cstring("remove").as_ptr(),
[INFO] [stdout]   |                       ^^^^^^^^ could not find `polyglot` in the crate root
[INFO] [stdout] 
[INFO] [stdout] error[E0433]: failed to resolve: could not find `polyglot` in the crate root
[INFO] [stdout]  --> src/lib.rs:427:23
[INFO] [stdout]   |
[INFO] [stdout] 9 |                crate::polyglot::internal::expect_variadic(index),
[INFO] [stdout]   |                       ^^^^^^^^ could not find `polyglot` in the crate root
[INFO] [stdout] 
[INFO] [stdout] error[E0412]: cannot find type `int` in this scope
[INFO] [stdout]  --> src/lib.rs:421:32
[INFO] [stdout]   |
[INFO] [stdout] 3 | pub fn remove_at(&self, index: int) -> E {
[INFO] [stdout]   |                                ^^^
[INFO] [stdout]   |                                |
[INFO] [stdout]   |                                not found in this scope
[INFO] [stdout]   |                                help: perhaps you intended to use this type: `i32`
[INFO] [stdout] 
[INFO] [stdout] error[E0412]: cannot find type `E` in this scope
[INFO] [stdout]    --> src/lib.rs:421:40
[INFO] [stdout]     |
[INFO] [stdout] 3   |   pub fn remove_at(&self, index: int) -> E {
[INFO] [stdout]     |                                          ^
[INFO] [stdout]     |
[INFO] [stdout] help: a trait with a similar name exists
[INFO] [stdout]     |
[INFO] [stdout] 3   | pub fn remove_at(&self, index: int) -> Eq {
[INFO] [stdout]     |                                        ^^
[INFO] [stdout] help: you might be missing a type parameter
[INFO] [stdout]     |
[INFO] [stdout] 3   | pub fn remove_at<E>(&self, index: int) -> E {
[INFO] [stdout]     |                 ^^^
[INFO] [stdout] 
[INFO] [stdout] error: aborting due to 7 previous errors
[INFO] [stdout] 
[INFO] [stdout] Some errors have detailed explanations: E0412, E0433.
[INFO] [stdout] For more information about an error, try `rustc --explain E0412`.
[INFO] [stdout] Couldn't compile the test.
[INFO] [stdout] 
[INFO] [stdout] failures:
[INFO] [stdout]     src/lib.rs - java_method (line 420)
[INFO] [stdout]     src/lib.rs - quote_function_stub (line 345)
[INFO] [stdout]     src/lib.rs - quote_function_stub (line 356)
[INFO] [stdout] 
[INFO] [stdout] test result: FAILED. 0 passed; 3 failed; 0 ignored; 0 measured; 0 filtered out; finished in 0.17s
[INFO] [stdout] 
[INFO] [stderr] error: test failed, to rerun pass '--doc'
[INFO] running `Command { std: "docker" "inspect" "550535c76c77e064d1f18982343e1db423926e0d51b3c10426cd84280790cc40", kill_on_drop: false }`
[INFO] running `Command { std: "docker" "rm" "-f" "550535c76c77e064d1f18982343e1db423926e0d51b3c10426cd84280790cc40", kill_on_drop: false }`
[INFO] [stdout] 550535c76c77e064d1f18982343e1db423926e0d51b3c10426cd84280790cc40
