[INFO] fetching crate gpcas_isa 0.1.1...
[INFO] testing gpcas_isa-0.1.1 against 1.54.0 for beta-1.55-1
[INFO] extracting crate gpcas_isa 0.1.1 into /workspace/builds/worker-10/source
[INFO] validating manifest of crates.io crate gpcas_isa 0.1.1 on toolchain 1.54.0
[INFO] running `Command { std: "/workspace/cargo-home/bin/cargo" "+1.54.0" "metadata" "--manifest-path" "Cargo.toml" "--no-deps", kill_on_drop: false }`
[INFO] started tweaking crates.io crate gpcas_isa 0.1.1
[INFO] finished tweaking crates.io crate gpcas_isa 0.1.1
[INFO] tweaked toml for crates.io crate gpcas_isa 0.1.1 written to /workspace/builds/worker-10/source/Cargo.toml
[INFO] running `Command { std: "/workspace/cargo-home/bin/cargo" "+1.54.0" "generate-lockfile" "--manifest-path" "Cargo.toml" "-Zno-index-update", kill_on_drop: false }`
[INFO] running `Command { std: "/workspace/cargo-home/bin/cargo" "+1.54.0" "fetch" "--manifest-path" "Cargo.toml", kill_on_drop: false }`
[INFO] running `Command { std: "docker" "create" "-v" "/var/lib/crater-agent-workspace/builds/worker-10/target:/opt/rustwide/target:rw,Z" "-v" "/var/lib/crater-agent-workspace/builds/worker-10/source:/opt/rustwide/workdir:ro,Z" "-v" "/var/lib/crater-agent-workspace/cargo-home:/opt/rustwide/cargo-home:ro,Z" "-v" "/var/lib/crater-agent-workspace/rustup-home:/opt/rustwide/rustup-home:ro,Z" "-e" "SOURCE_DIR=/opt/rustwide/workdir" "-e" "CARGO_TARGET_DIR=/opt/rustwide/target" "-e" "CARGO_HOME=/opt/rustwide/cargo-home" "-e" "RUSTUP_HOME=/opt/rustwide/rustup-home" "-w" "/opt/rustwide/workdir" "-m" "1610612736" "--user" "0:0" "--network" "none" "ghcr.io/rust-lang/crates-build-env/linux@sha256:34b6a614d2c27851fe6cbf88fbd1137609cefab8b10d0615aaeb6fd47975d74e" "/opt/rustwide/cargo-home/bin/cargo" "+1.54.0" "metadata" "--no-deps" "--format-version=1", kill_on_drop: false }`
[INFO] [stdout] 7690089b59ff5b6523a364876abf7e4adf2dce64aadfdadadb342233c9b6cad3
[INFO] running `Command { std: "docker" "start" "-a" "7690089b59ff5b6523a364876abf7e4adf2dce64aadfdadadb342233c9b6cad3", kill_on_drop: false }`
[INFO] running `Command { std: "docker" "inspect" "7690089b59ff5b6523a364876abf7e4adf2dce64aadfdadadb342233c9b6cad3", kill_on_drop: false }`
[INFO] running `Command { std: "docker" "rm" "-f" "7690089b59ff5b6523a364876abf7e4adf2dce64aadfdadadb342233c9b6cad3", kill_on_drop: false }`
[INFO] [stdout] 7690089b59ff5b6523a364876abf7e4adf2dce64aadfdadadb342233c9b6cad3
[INFO] running `Command { std: "docker" "create" "-v" "/var/lib/crater-agent-workspace/builds/worker-10/target:/opt/rustwide/target:rw,Z" "-v" "/var/lib/crater-agent-workspace/builds/worker-10/source:/opt/rustwide/workdir:ro,Z" "-v" "/var/lib/crater-agent-workspace/cargo-home:/opt/rustwide/cargo-home:ro,Z" "-v" "/var/lib/crater-agent-workspace/rustup-home:/opt/rustwide/rustup-home:ro,Z" "-e" "SOURCE_DIR=/opt/rustwide/workdir" "-e" "CARGO_TARGET_DIR=/opt/rustwide/target" "-e" "CARGO_INCREMENTAL=0" "-e" "RUST_BACKTRACE=full" "-e" "RUSTFLAGS=--cap-lints=warn" "-e" "CARGO_HOME=/opt/rustwide/cargo-home" "-e" "RUSTUP_HOME=/opt/rustwide/rustup-home" "-w" "/opt/rustwide/workdir" "-m" "1610612736" "--user" "0:0" "--network" "none" "ghcr.io/rust-lang/crates-build-env/linux@sha256:34b6a614d2c27851fe6cbf88fbd1137609cefab8b10d0615aaeb6fd47975d74e" "/opt/rustwide/cargo-home/bin/cargo" "+1.54.0" "build" "--frozen" "--message-format=json", kill_on_drop: false }`
[INFO] [stdout] 278e488f259fc8ba32668e74b3e5accb76e0a11fbdc7d501704b85fb9bc0ca10
[INFO] running `Command { std: "docker" "start" "-a" "278e488f259fc8ba32668e74b3e5accb76e0a11fbdc7d501704b85fb9bc0ca10", kill_on_drop: false }`
[INFO] [stderr]    Compiling gpcas_isa v0.1.1 (/opt/rustwide/workdir)
[INFO] [stderr]     Finished dev [unoptimized + debuginfo] target(s) in 0.74s
[INFO] running `Command { std: "docker" "inspect" "278e488f259fc8ba32668e74b3e5accb76e0a11fbdc7d501704b85fb9bc0ca10", kill_on_drop: false }`
[INFO] running `Command { std: "docker" "rm" "-f" "278e488f259fc8ba32668e74b3e5accb76e0a11fbdc7d501704b85fb9bc0ca10", kill_on_drop: false }`
[INFO] [stdout] 278e488f259fc8ba32668e74b3e5accb76e0a11fbdc7d501704b85fb9bc0ca10
[INFO] running `Command { std: "docker" "create" "-v" "/var/lib/crater-agent-workspace/builds/worker-10/target:/opt/rustwide/target:rw,Z" "-v" "/var/lib/crater-agent-workspace/builds/worker-10/source:/opt/rustwide/workdir:ro,Z" "-v" "/var/lib/crater-agent-workspace/cargo-home:/opt/rustwide/cargo-home:ro,Z" "-v" "/var/lib/crater-agent-workspace/rustup-home:/opt/rustwide/rustup-home:ro,Z" "-e" "SOURCE_DIR=/opt/rustwide/workdir" "-e" "CARGO_TARGET_DIR=/opt/rustwide/target" "-e" "CARGO_INCREMENTAL=0" "-e" "RUST_BACKTRACE=full" "-e" "RUSTFLAGS=--cap-lints=warn" "-e" "CARGO_HOME=/opt/rustwide/cargo-home" "-e" "RUSTUP_HOME=/opt/rustwide/rustup-home" "-w" "/opt/rustwide/workdir" "-m" "1610612736" "--user" "0:0" "--network" "none" "ghcr.io/rust-lang/crates-build-env/linux@sha256:34b6a614d2c27851fe6cbf88fbd1137609cefab8b10d0615aaeb6fd47975d74e" "/opt/rustwide/cargo-home/bin/cargo" "+1.54.0" "test" "--frozen" "--no-run" "--message-format=json", kill_on_drop: false }`
[INFO] [stdout] 9548b84e93c8cb72c84576fdab5d98d4d1793258b841efe759528702dcd94285
[INFO] running `Command { std: "docker" "start" "-a" "9548b84e93c8cb72c84576fdab5d98d4d1793258b841efe759528702dcd94285", kill_on_drop: false }`
[INFO] [stderr]     Blocking waiting for file lock on package cache
[INFO] [stderr]    Compiling gpcas_isa v0.1.1 (/opt/rustwide/workdir)
[INFO] [stderr]     Finished test [unoptimized + debuginfo] target(s) in 0.64s
[INFO] running `Command { std: "docker" "inspect" "9548b84e93c8cb72c84576fdab5d98d4d1793258b841efe759528702dcd94285", kill_on_drop: false }`
[INFO] running `Command { std: "docker" "rm" "-f" "9548b84e93c8cb72c84576fdab5d98d4d1793258b841efe759528702dcd94285", kill_on_drop: false }`
[INFO] [stdout] 9548b84e93c8cb72c84576fdab5d98d4d1793258b841efe759528702dcd94285
[INFO] running `Command { std: "docker" "create" "-v" "/var/lib/crater-agent-workspace/builds/worker-10/target:/opt/rustwide/target:rw,Z" "-v" "/var/lib/crater-agent-workspace/builds/worker-10/source:/opt/rustwide/workdir:ro,Z" "-v" "/var/lib/crater-agent-workspace/cargo-home:/opt/rustwide/cargo-home:ro,Z" "-v" "/var/lib/crater-agent-workspace/rustup-home:/opt/rustwide/rustup-home:ro,Z" "-e" "SOURCE_DIR=/opt/rustwide/workdir" "-e" "CARGO_TARGET_DIR=/opt/rustwide/target" "-e" "CARGO_INCREMENTAL=0" "-e" "RUST_BACKTRACE=full" "-e" "RUSTFLAGS=--cap-lints=warn" "-e" "CARGO_HOME=/opt/rustwide/cargo-home" "-e" "RUSTUP_HOME=/opt/rustwide/rustup-home" "-w" "/opt/rustwide/workdir" "-m" "1610612736" "--user" "0:0" "--network" "none" "ghcr.io/rust-lang/crates-build-env/linux@sha256:34b6a614d2c27851fe6cbf88fbd1137609cefab8b10d0615aaeb6fd47975d74e" "/opt/rustwide/cargo-home/bin/cargo" "+1.54.0" "test" "--frozen", kill_on_drop: false }`
[INFO] [stdout] 8652cbce2fca24b8ce2efd970ad4c91c25b818fe8027e856557861f206a7453e
[INFO] running `Command { std: "docker" "start" "-a" "8652cbce2fca24b8ce2efd970ad4c91c25b818fe8027e856557861f206a7453e", kill_on_drop: false }`
[INFO] [stderr]     Finished test [unoptimized + debuginfo] target(s) in 0.34s
[INFO] [stderr]      Running unittests (/opt/rustwide/target/debug/deps/gpcas_isa-ba8d0d0eb144b722)
[INFO] [stdout] 
[INFO] [stdout] running 0 tests
[INFO] [stdout] 
[INFO] [stdout] test result: ok. 0 passed; 0 failed; 0 ignored; 0 measured; 0 filtered out; finished in 0.00s
[INFO] [stdout] 
[INFO] [stderr]    Doc-tests gpcas_isa
[INFO] [stdout] 
[INFO] [stdout] running 1 test
[INFO] [stdout] test src/emulator.rs - emulator::format_c_string (line 79) ... FAILED
[INFO] [stdout] 
[INFO] [stdout] failures:
[INFO] [stdout] 
[INFO] [stdout] ---- src/emulator.rs - emulator::format_c_string (line 79) stdout ----
[INFO] [stdout] error[E0433]: failed to resolve: use of undeclared crate or module `gpcas_emulator_base`
[INFO] [stdout]  --> src/emulator.rs:81:16
[INFO] [stdout]   |
[INFO] [stdout] 4 | let c_string = gpcas_emulator_base::format_c_string("The answer is %4u!", &number.to_le_bytes()[..]);
[INFO] [stdout]   |                ^^^^^^^^^^^^^^^^^^^ use of undeclared crate or module `gpcas_emulator_base`
[INFO] [stdout] 
[INFO] [stdout] error: aborting due to previous error
[INFO] [stdout] 
[INFO] [stdout] For more information about this error, try `rustc --explain E0433`.
[INFO] [stdout] Couldn't compile the test.
[INFO] [stdout] 
[INFO] [stdout] failures:
[INFO] [stdout]     src/emulator.rs - emulator::format_c_string (line 79)
[INFO] [stdout] 
[INFO] [stdout] test result: FAILED. 0 passed; 1 failed; 0 ignored; 0 measured; 0 filtered out; finished in 0.15s
[INFO] [stdout] 
[INFO] [stderr] error: test failed, to rerun pass '--doc'
[INFO] running `Command { std: "docker" "inspect" "8652cbce2fca24b8ce2efd970ad4c91c25b818fe8027e856557861f206a7453e", kill_on_drop: false }`
[INFO] running `Command { std: "docker" "rm" "-f" "8652cbce2fca24b8ce2efd970ad4c91c25b818fe8027e856557861f206a7453e", kill_on_drop: false }`
[INFO] [stdout] 8652cbce2fca24b8ce2efd970ad4c91c25b818fe8027e856557861f206a7453e
