[INFO] fetching crate gotham 0.6.0...
[INFO] testing gotham-0.6.0 against 1.54.0 for beta-1.55-1
[INFO] extracting crate gotham 0.6.0 into /workspace/builds/worker-97/source
[INFO] validating manifest of crates.io crate gotham 0.6.0 on toolchain 1.54.0
[INFO] running `Command { std: "/workspace/cargo-home/bin/cargo" "+1.54.0" "metadata" "--manifest-path" "Cargo.toml" "--no-deps", kill_on_drop: false }`
[INFO] started tweaking crates.io crate gotham 0.6.0
[INFO] finished tweaking crates.io crate gotham 0.6.0
[INFO] tweaked toml for crates.io crate gotham 0.6.0 written to /workspace/builds/worker-97/source/Cargo.toml
[INFO] running `Command { std: "/workspace/cargo-home/bin/cargo" "+1.54.0" "generate-lockfile" "--manifest-path" "Cargo.toml" "-Zno-index-update", kill_on_drop: false }`
[INFO] [stderr]     Blocking waiting for file lock on package cache
[INFO] running `Command { std: "/workspace/cargo-home/bin/cargo" "+1.54.0" "fetch" "--manifest-path" "Cargo.toml", kill_on_drop: false }`
[INFO] running `Command { std: "docker" "create" "-v" "/var/lib/crater-agent-workspace/builds/worker-97/target:/opt/rustwide/target:rw,Z" "-v" "/var/lib/crater-agent-workspace/builds/worker-97/source:/opt/rustwide/workdir:ro,Z" "-v" "/var/lib/crater-agent-workspace/cargo-home:/opt/rustwide/cargo-home:ro,Z" "-v" "/var/lib/crater-agent-workspace/rustup-home:/opt/rustwide/rustup-home:ro,Z" "-e" "SOURCE_DIR=/opt/rustwide/workdir" "-e" "CARGO_TARGET_DIR=/opt/rustwide/target" "-e" "CARGO_HOME=/opt/rustwide/cargo-home" "-e" "RUSTUP_HOME=/opt/rustwide/rustup-home" "-w" "/opt/rustwide/workdir" "-m" "1610612736" "--user" "0:0" "--network" "none" "ghcr.io/rust-lang/crates-build-env/linux@sha256:34b6a614d2c27851fe6cbf88fbd1137609cefab8b10d0615aaeb6fd47975d74e" "/opt/rustwide/cargo-home/bin/cargo" "+1.54.0" "metadata" "--no-deps" "--format-version=1", kill_on_drop: false }`
[INFO] [stdout] 0575809785e4bbeb3ddfc3b19366ce3ba392b7182cac5f40d997b2f340b5c265
[INFO] running `Command { std: "docker" "start" "-a" "0575809785e4bbeb3ddfc3b19366ce3ba392b7182cac5f40d997b2f340b5c265", kill_on_drop: false }`
[INFO] running `Command { std: "docker" "inspect" "0575809785e4bbeb3ddfc3b19366ce3ba392b7182cac5f40d997b2f340b5c265", kill_on_drop: false }`
[INFO] running `Command { std: "docker" "rm" "-f" "0575809785e4bbeb3ddfc3b19366ce3ba392b7182cac5f40d997b2f340b5c265", kill_on_drop: false }`
[INFO] [stdout] 0575809785e4bbeb3ddfc3b19366ce3ba392b7182cac5f40d997b2f340b5c265
[INFO] running `Command { std: "docker" "create" "-v" "/var/lib/crater-agent-workspace/builds/worker-97/target:/opt/rustwide/target:rw,Z" "-v" "/var/lib/crater-agent-workspace/builds/worker-97/source:/opt/rustwide/workdir:ro,Z" "-v" "/var/lib/crater-agent-workspace/cargo-home:/opt/rustwide/cargo-home:ro,Z" "-v" "/var/lib/crater-agent-workspace/rustup-home:/opt/rustwide/rustup-home:ro,Z" "-e" "SOURCE_DIR=/opt/rustwide/workdir" "-e" "CARGO_TARGET_DIR=/opt/rustwide/target" "-e" "CARGO_INCREMENTAL=0" "-e" "RUST_BACKTRACE=full" "-e" "RUSTFLAGS=--cap-lints=warn" "-e" "CARGO_HOME=/opt/rustwide/cargo-home" "-e" "RUSTUP_HOME=/opt/rustwide/rustup-home" "-w" "/opt/rustwide/workdir" "-m" "1610612736" "--user" "0:0" "--network" "none" "ghcr.io/rust-lang/crates-build-env/linux@sha256:34b6a614d2c27851fe6cbf88fbd1137609cefab8b10d0615aaeb6fd47975d74e" "/opt/rustwide/cargo-home/bin/cargo" "+1.54.0" "build" "--frozen" "--message-format=json", kill_on_drop: false }`
[INFO] [stdout] 0bc02ca24093e56148a86f30e07783bd0bb711a88d5e7da6b2e91ca55e12374b
[INFO] running `Command { std: "docker" "start" "-a" "0bc02ca24093e56148a86f30e07783bd0bb711a88d5e7da6b2e91ca55e12374b", kill_on_drop: false }`
[INFO] [stderr]    Compiling syn v1.0.74
[INFO] [stderr]    Compiling proc-macro-hack v0.5.19
[INFO] [stderr]    Compiling futures-channel v0.3.16
[INFO] [stderr]    Compiling proc-macro-nested v0.1.7
[INFO] [stderr]    Compiling futures-task v0.3.16
[INFO] [stderr]    Compiling futures-io v0.3.16
[INFO] [stderr]    Compiling const_fn v0.4.8
[INFO] [stderr]    Compiling serde v1.0.127
[INFO] [stderr]    Compiling borrow-bag v1.1.0
[INFO] [stderr]    Compiling httpdate v0.3.2
[INFO] [stderr]    Compiling futures-macro v0.3.16
[INFO] [stderr]    Compiling tokio v1.9.0
[INFO] [stderr]    Compiling futures-util v0.3.16
[INFO] [stderr]    Compiling standback v0.2.17
[INFO] [stderr]    Compiling time v0.2.27
[INFO] [stderr]    Compiling cookie v0.15.1
[INFO] [stderr]    Compiling itertools v0.10.1
[INFO] [stderr]    Compiling tracing v0.1.26
[INFO] [stderr]    Compiling num_cpus v1.13.0
[INFO] [stderr]    Compiling aho-corasick v0.7.18
[INFO] [stderr]    Compiling mime_guess v2.0.3
[INFO] [stderr]    Compiling uuid v0.8.2
[INFO] [stderr]    Compiling rand_chacha v0.3.1
[INFO] [stderr]    Compiling chrono v0.4.19
[INFO] [stderr]    Compiling rand v0.8.4
[INFO] [stderr]    Compiling regex v1.5.4
[INFO] [stderr]    Compiling tokio-util v0.6.7
[INFO] [stderr]    Compiling tokio-rustls v0.22.0
[INFO] [stderr]    Compiling bincode v1.3.3
[INFO] [stderr]    Compiling time-macros-impl v0.1.2
[INFO] [stderr]    Compiling pin-project-internal v1.0.8
[INFO] [stderr]    Compiling serde_derive v1.0.127
[INFO] [stderr]    Compiling time-macros v0.1.1
[INFO] [stderr]    Compiling pin-project v1.0.8
[INFO] [stderr]    Compiling futures-executor v0.3.16
[INFO] [stderr]    Compiling h2 v0.3.3
[INFO] [stderr]    Compiling futures v0.3.16
[INFO] [stderr]    Compiling hyper v0.14.11
[INFO] [stderr]    Compiling gotham v0.6.0 (/opt/rustwide/workdir)
[INFO] [stderr]     Finished dev [unoptimized + debuginfo] target(s) in 38.31s
[INFO] running `Command { std: "docker" "inspect" "0bc02ca24093e56148a86f30e07783bd0bb711a88d5e7da6b2e91ca55e12374b", kill_on_drop: false }`
[INFO] running `Command { std: "docker" "rm" "-f" "0bc02ca24093e56148a86f30e07783bd0bb711a88d5e7da6b2e91ca55e12374b", kill_on_drop: false }`
[INFO] [stdout] 0bc02ca24093e56148a86f30e07783bd0bb711a88d5e7da6b2e91ca55e12374b
[INFO] running `Command { std: "docker" "create" "-v" "/var/lib/crater-agent-workspace/builds/worker-97/target:/opt/rustwide/target:rw,Z" "-v" "/var/lib/crater-agent-workspace/builds/worker-97/source:/opt/rustwide/workdir:ro,Z" "-v" "/var/lib/crater-agent-workspace/cargo-home:/opt/rustwide/cargo-home:ro,Z" "-v" "/var/lib/crater-agent-workspace/rustup-home:/opt/rustwide/rustup-home:ro,Z" "-e" "SOURCE_DIR=/opt/rustwide/workdir" "-e" "CARGO_TARGET_DIR=/opt/rustwide/target" "-e" "CARGO_INCREMENTAL=0" "-e" "RUST_BACKTRACE=full" "-e" "RUSTFLAGS=--cap-lints=warn" "-e" "CARGO_HOME=/opt/rustwide/cargo-home" "-e" "RUSTUP_HOME=/opt/rustwide/rustup-home" "-w" "/opt/rustwide/workdir" "-m" "1610612736" "--user" "0:0" "--network" "none" "ghcr.io/rust-lang/crates-build-env/linux@sha256:34b6a614d2c27851fe6cbf88fbd1137609cefab8b10d0615aaeb6fd47975d74e" "/opt/rustwide/cargo-home/bin/cargo" "+1.54.0" "test" "--frozen" "--no-run" "--message-format=json", kill_on_drop: false }`
[INFO] [stdout] fff225496e3362d0d2c763a8e59a03bdcf3d86220b0558d37465e5e09ae7d20e
[INFO] running `Command { std: "docker" "start" "-a" "fff225496e3362d0d2c763a8e59a03bdcf3d86220b0558d37465e5e09ae7d20e", kill_on_drop: false }`
[INFO] [stderr]    Compiling thiserror-impl v1.0.26
[INFO] [stderr]    Compiling thiserror v1.0.26
[INFO] [stderr]    Compiling gotham v0.6.0 (/opt/rustwide/workdir)
[INFO] [stderr]     Finished test [unoptimized + debuginfo] target(s) in 29.82s
[INFO] running `Command { std: "docker" "inspect" "fff225496e3362d0d2c763a8e59a03bdcf3d86220b0558d37465e5e09ae7d20e", kill_on_drop: false }`
[INFO] running `Command { std: "docker" "rm" "-f" "fff225496e3362d0d2c763a8e59a03bdcf3d86220b0558d37465e5e09ae7d20e", kill_on_drop: false }`
[INFO] [stdout] fff225496e3362d0d2c763a8e59a03bdcf3d86220b0558d37465e5e09ae7d20e
[INFO] running `Command { std: "docker" "create" "-v" "/var/lib/crater-agent-workspace/builds/worker-97/target:/opt/rustwide/target:rw,Z" "-v" "/var/lib/crater-agent-workspace/builds/worker-97/source:/opt/rustwide/workdir:ro,Z" "-v" "/var/lib/crater-agent-workspace/cargo-home:/opt/rustwide/cargo-home:ro,Z" "-v" "/var/lib/crater-agent-workspace/rustup-home:/opt/rustwide/rustup-home:ro,Z" "-e" "SOURCE_DIR=/opt/rustwide/workdir" "-e" "CARGO_TARGET_DIR=/opt/rustwide/target" "-e" "CARGO_INCREMENTAL=0" "-e" "RUST_BACKTRACE=full" "-e" "RUSTFLAGS=--cap-lints=warn" "-e" "CARGO_HOME=/opt/rustwide/cargo-home" "-e" "RUSTUP_HOME=/opt/rustwide/rustup-home" "-w" "/opt/rustwide/workdir" "-m" "1610612736" "--user" "0:0" "--network" "none" "ghcr.io/rust-lang/crates-build-env/linux@sha256:34b6a614d2c27851fe6cbf88fbd1137609cefab8b10d0615aaeb6fd47975d74e" "/opt/rustwide/cargo-home/bin/cargo" "+1.54.0" "test" "--frozen", kill_on_drop: false }`
[INFO] [stdout] 7ced35257669c67fee227e80582aa1aff42508b185eb39af11b6dd726e9764e5
[INFO] running `Command { std: "docker" "start" "-a" "7ced35257669c67fee227e80582aa1aff42508b185eb39af11b6dd726e9764e5", kill_on_drop: false }`
[INFO] [stderr]     Blocking waiting for file lock on package cache
[INFO] [stderr]     Finished test [unoptimized + debuginfo] target(s) in 0.61s
[INFO] [stderr]      Running unittests (/opt/rustwide/target/debug/deps/gotham-44a1d68ba3113b51)
[INFO] [stdout] 
[INFO] [stdout] running 102 tests
[INFO] [stdout] test extractor::internal::tests::borrowed_str_path_tests ... ok
[INFO] [stdout] test extractor::internal::tests::borrowed_bytes_query_tests ... ok
[INFO] [stdout] test extractor::internal::tests::borrowed_bytes_path_tests ... ok
[INFO] [stdout] test extractor::internal::tests::byte_buf_values_path_tests ... ok
[INFO] [stdout] test extractor::internal::tests::byte_buf_values_query_tests ... ok
[INFO] [stdout] test extractor::internal::tests::borrowed_str_query_tests ... ok
[INFO] [stdout] test extractor::internal::tests::enum_path_tests ... ok
[INFO] [stdout] test extractor::internal::tests::enum_query_tests ... ok
[INFO] [stdout] test extractor::internal::tests::newtype_struct_path_tests ... ok
[INFO] [stdout] test extractor::internal::tests::newtype_struct_query_tests ... ok
[INFO] [stdout] test extractor::internal::tests::seq_query_tests ... ok
[INFO] [stdout] test extractor::internal::tests::seq_path_tests ... ok
[INFO] [stdout] test extractor::internal::tests::simple_values_path_tests ... ok
[INFO] [stdout] test handler::assets::accepted_encoding::tests::accepted_encoding_single ... ok
[INFO] [stdout] test handler::assets::accepted_encoding::tests::accepted_encoding_multiple_values ... ok
[INFO] [stdout] test extractor::internal::tests::simple_values_query_tests ... ok
[INFO] [stdout] test handler::assets::accepted_encoding::tests::accepted_encoding_multiple_headers ... ok
[INFO] [stdout] test handler::assets::accepted_encoding::tests::accepted_encoding_single_with_quality ... ok
[INFO] [stdout] test handler::error::test::test_error_downcast ... ok
[INFO] [stdout] test helpers::http::request::path::tests::request_path_segments_tests ... ok
[INFO] [stdout] test helpers::http::request::query_string::tests::query_string_mapping_tests ... ok
[INFO] [stdout] test helpers::http::tests::ensure_valid_percent_decode ... ok
[INFO] [stdout] test middleware::session::backend::memory::tests::cleanup_join_test ... ok
[INFO] [stdout] test helpers::http::tests::ensure_valid_www_form_url_encoded_value ... ok
[INFO] [stdout] test middleware::session::tests::enforce_secure_cookie_prefix_attributes ... ok
[INFO] [stdout] test middleware::session::backend::memory::tests::cleanup_test ... ok
[INFO] [stdout] test middleware::session::tests::enforce_host_cookie_prefix_attributes ... ok
[INFO] [stdout] test middleware::session::backend::memory::tests::memory_backend_refresh_test ... ok
[INFO] [stdout] test middleware::session::tests::existing_session ... ok
[INFO] [stdout] test pipeline::single::tests::test_pipeline_construction ... ok
[INFO] [stdout] test middleware::session::tests::new_session_custom_settings ... ok
[INFO] [stdout] test plain::test::tests::sets_client_addr ... ignored
[INFO] [stdout] test plain::test::tests::times_out ... ignored
[INFO] [stdout] test router::non_match::tests::intersection_test_status_code ... ok
[INFO] [stdout] test router::non_match::tests::intersection_test_allow_list ... ok
[INFO] [stdout] test router::non_match::tests::deconstruct_tests ... ok
[INFO] [stdout] test router::non_match::tests::union_test_allow_list ... ok
[INFO] [stdout] test router::non_match::tests::union_test_status_code ... ok
[INFO] [stdout] test router::route::matcher::accept::test::complex_header ... ok
[INFO] [stdout] test middleware::session::backend::memory::tests::memory_backend_test ... ok
[INFO] [stdout] test router::route::matcher::accept::test::no_accept_header ... ok
[INFO] [stdout] test router::route::matcher::accept::test::image_star ... ok
[INFO] [stdout] test router::route::matcher::access_control_request_method::test::correct_acrm_header ... ok
[INFO] [stdout] test router::route::matcher::accept::test::suffix_matched_by_wildcard ... ok
[INFO] [stdout] test router::route::matcher::access_control_request_method::test::incorrect_acrm_header ... ok
[INFO] [stdout] test router::route::matcher::accept::test::star_star ... ok
[INFO] [stdout] test router::route::matcher::access_control_request_method::test::no_acrm_header ... ok
[INFO] [stdout] test router::route::matcher::content_type::test::empty_type_list ... ok
[INFO] [stdout] test router::route::matcher::content_type::test::complex_type ... ok
[INFO] [stdout] test router::route::matcher::content_type::test::simple_type ... ok
[INFO] [stdout] test router::route::matcher::content_type::test::type_mismatch ... ok
[INFO] [stdout] test router::route::matcher::accept::test::single_mime_type ... ok
[INFO] [stdout] test router::tests::executes_response_finalizer_when_present ... ok
[INFO] [stdout] test middleware::session::tests::new_session ... ok
[INFO] [stdout] test router::tests::delegates_to_secondary_router ... ok
[INFO] [stdout] test router::tests::not_found_error_if_request_path_is_not_found ... ok
[INFO] [stdout] test router::tests::internal_server_error_if_no_request_path_segments ... ok
[INFO] [stdout] test router::tests::success_if_leaf_and_route_found ... ok
[INFO] [stdout] test router::route::tests::internal_route_tests ... ok
[INFO] [stdout] test router::route::tests::external_route_tests ... ok
[INFO] [stdout] test service::tests::new_handler_closure ... ok
[INFO] [stdout] test router::tree::node::tests::node_traversal_tests ... ok
[INFO] [stdout] test router::tree::tests::tree_traversal_tests ... ok
[INFO] [stdout] test router::tree::node::tests::non_matching_routes_allow_list_tests ... ok
[INFO] [stdout] test service::tests::router ... ok
[INFO] [stdout] test router::tests::custom_error_if_leaf_found_but_matching_route_not_found ... ok
[INFO] [stdout] test service::trap::tests::error ... ok
[INFO] [stdout] test router::tree::node::tests::manages_children ... ok
[INFO] [stdout] test tls::test::tests::sets_client_addr ... ignored
[INFO] [stdout] test tls::test::tests::times_out ... ignored
[INFO] [stdout] test state::request_id::tests::does_not_overwrite_existant_request_id ... ok
[INFO] [stdout] test service::trap::tests::async_success_repeat_poll ... ok
[INFO] [stdout] test state::request_id::tests::sets_a_unique_request_id ... ok
[INFO] [stdout] test state::request_id::tests::uses_an_external_request_id ... ok
[INFO] [stdout] test service::trap::tests::success ... ok
[INFO] [stdout] test router::builder::tests::build_router_test ... ok
[INFO] [stdout] test router::tree::node::tests::traverses_children ... ok
[INFO] [stdout] test service::trap::tests::async_panic ... ok
[INFO] [stdout] test service::trap::tests::new_handler_panic ... ok
[INFO] [stdout] test service::trap::tests::async_panic_repeat_poll ... ok
[INFO] [stdout] test service::trap::tests::panic ... ok
[INFO] [stdout] test state::request_id::tests::panics_before_request_id_set - should panic ... ok
[INFO] [stdout] test router::builder::draw::tests::delegate_with_matcher ... ok
[INFO] [stdout] test router::route::dispatch::tests::pipeline_chain_ordering_test ... ok
[INFO] [stdout] test handler::assets::tests::assets_no_compression_if_not_accepted ... ok
[INFO] [stdout] test handler::assets::tests::assets_no_compression_if_not_exists ... ok
[INFO] [stdout] test handler::assets::tests::assets_if_modified_since ... FAILED
[INFO] [stdout] test handler::assets::tests::assets_if_none_match_etag ... ok
[INFO] [stdout] test handler::assets::tests::assets_with_cache_control ... ok
[INFO] [stdout] test handler::assets::tests::assets_single_file ... ok
[INFO] [stdout] test handler::assets::tests::assets_default_cache_control ... ok
[INFO] [stdout] test tls::test::tests::async_echo ... ok
[INFO] [stdout] test plain::test::tests::serves_requests ... ok
[INFO] [stdout] test pipeline::tests::pipeline_ordering_test ... ok
[INFO] [stdout] test router::builder::draw::tests::delegate_without_pipelines_skips_pipelines ... ok
[INFO] [stdout] test plain::test::tests::async_echo ... ok
[INFO] [stdout] test tls::test::tests::serves_requests ... ok
[INFO] [stdout] test handler::assets::tests::assets_weighted_accept_encoding ... ok
[INFO] [stdout] test handler::assets::tests::assets_compressed_if_accept_and_exists ... ok
[INFO] [stdout] test router::builder::draw::tests::delegate_includes_pipelines ... ok
[INFO] [stdout] test handler::assets::tests::assets_guesses_content_type ... ok
[INFO] [stdout] test handler::assets::tests::assets_path_traversal ... ok
[INFO] [stdout] 
[INFO] [stdout] failures:
[INFO] [stdout] 
[INFO] [stdout] ---- handler::assets::tests::assets_if_modified_since stdout ----
[INFO] [stdout] thread 'handler::assets::tests::assets_if_modified_since' panicked at 'all times should be after the epoch: SystemTimeError(5s)', /opt/rustwide/cargo-home/registry/src/github.com-1ecc6299db9ec823/httpdate-0.3.2/src/httpdate.rs:45:14
[INFO] [stdout] stack backtrace:
[INFO] [stdout]    0:     0x55ba64b74e00 - std::backtrace_rs::backtrace::libunwind::trace::h34055254b57d8e79
[INFO] [stdout]                                at /rustc/a178d0322ce20e33eac124758e837cbd80a6f633/library/std/src/../../backtrace/src/backtrace/libunwind.rs:90:5
[INFO] [stdout]    1:     0x55ba64b74e00 - std::backtrace_rs::backtrace::trace_unsynchronized::h8f1e3fbd9afff6ec
[INFO] [stdout]                                at /rustc/a178d0322ce20e33eac124758e837cbd80a6f633/library/std/src/../../backtrace/src/backtrace/mod.rs:66:5
[INFO] [stdout]    2:     0x55ba64b74e00 - std::sys_common::backtrace::_print_fmt::h3a99a796b770c360
[INFO] [stdout]                                at /rustc/a178d0322ce20e33eac124758e837cbd80a6f633/library/std/src/sys_common/backtrace.rs:67:5
[INFO] [stdout]    3:     0x55ba64b74e00 - <std::sys_common::backtrace::_print::DisplayBacktrace as core::fmt::Display>::fmt::h32d1f94a80615d18
[INFO] [stdout]                                at /rustc/a178d0322ce20e33eac124758e837cbd80a6f633/library/std/src/sys_common/backtrace.rs:46:22
[INFO] [stdout]    4:     0x55ba64b99dbc - core::fmt::write::h306731c068f7162c
[INFO] [stdout]                                at /rustc/a178d0322ce20e33eac124758e837cbd80a6f633/library/core/src/fmt/mod.rs:1110:17
[INFO] [stdout]    5:     0x55ba64b6e245 - std::io::Write::write_fmt::h87f19b0a2cd190bc
[INFO] [stdout]                                at /rustc/a178d0322ce20e33eac124758e837cbd80a6f633/library/std/src/io/mod.rs:1588:15
[INFO] [stdout]    6:     0x55ba64b7703b - std::sys_common::backtrace::_print::h5abaa2601a852287
[INFO] [stdout]                                at /rustc/a178d0322ce20e33eac124758e837cbd80a6f633/library/std/src/sys_common/backtrace.rs:49:5
[INFO] [stdout]    7:     0x55ba64b7703b - std::sys_common::backtrace::print::h8d81445442bb638f
[INFO] [stdout]                                at /rustc/a178d0322ce20e33eac124758e837cbd80a6f633/library/std/src/sys_common/backtrace.rs:36:9
[INFO] [stdout]    8:     0x55ba64b7703b - std::panicking::default_hook::{{closure}}::hcfe804496a9fa747
[INFO] [stdout]                                at /rustc/a178d0322ce20e33eac124758e837cbd80a6f633/library/std/src/panicking.rs:208:50
[INFO] [stdout]    9:     0x55ba64b76b4c - std::panicking::default_hook::hbea8e3ccf2ba8901
[INFO] [stdout]                                at /rustc/a178d0322ce20e33eac124758e837cbd80a6f633/library/std/src/panicking.rs:222:9
[INFO] [stdout]   10:     0x55ba64b77704 - std::panicking::rust_panic_with_hook::h7ee9e1a2d0f8975a
[INFO] [stdout]                                at /rustc/a178d0322ce20e33eac124758e837cbd80a6f633/library/std/src/panicking.rs:622:17
[INFO] [stdout]   11:     0x55ba64b771e7 - std::panicking::begin_panic_handler::{{closure}}::h8ab3b4491718b2c7
[INFO] [stdout]                                at /rustc/a178d0322ce20e33eac124758e837cbd80a6f633/library/std/src/panicking.rs:519:13
[INFO] [stdout]   12:     0x55ba64b752fc - std::sys_common::backtrace::__rust_end_short_backtrace::hd489062ffa586a9f
[INFO] [stdout]                                at /rustc/a178d0322ce20e33eac124758e837cbd80a6f633/library/std/src/sys_common/backtrace.rs:141:18
[INFO] [stdout]   13:     0x55ba64b77149 - rust_begin_unwind
[INFO] [stdout]                                at /rustc/a178d0322ce20e33eac124758e837cbd80a6f633/library/std/src/panicking.rs:515:5
[INFO] [stdout]   14:     0x55ba63f42c61 - core::panicking::panic_fmt::hca6330e3e14086b4
[INFO] [stdout]                                at /rustc/a178d0322ce20e33eac124758e837cbd80a6f633/library/core/src/panicking.rs:92:14
[INFO] [stdout]   15:     0x55ba63f42d53 - core::result::unwrap_failed::h6160d2b4bfbb0e87
[INFO] [stdout]                                at /rustc/a178d0322ce20e33eac124758e837cbd80a6f633/library/core/src/result.rs:1355:5
[INFO] [stdout]   16:     0x55ba648f5504 - core::result::Result<T,E>::expect::ha626867052df3b90
[INFO] [stdout]                                at /rustc/a178d0322ce20e33eac124758e837cbd80a6f633/library/core/src/result.rs:997:23
[INFO] [stdout]   17:     0x55ba648f6a2f - <httpdate::httpdate::HttpDate as core::convert::From<std::time::SystemTime>>::from::hdcd1525b189fc56a
[INFO] [stdout]                                at /opt/rustwide/cargo-home/registry/src/github.com-1ecc6299db9ec823/httpdate-0.3.2/src/httpdate.rs:44:19
[INFO] [stdout]   18:     0x55ba648f3b01 - httpdate::fmt_http_date::h9618baec9b5d8791
[INFO] [stdout]                                at /opt/rustwide/cargo-home/registry/src/github.com-1ecc6299db9ec823/httpdate-0.3.2/src/lib.rs:74:19
[INFO] [stdout]   19:     0x55ba64337b76 - gotham::handler::assets::tests::assets_if_modified_since::hc12d2fbbb3b71db4
[INFO] [stdout]                                at /opt/rustwide/workdir/src/handler/assets/mod.rs:621:41
[INFO] [stdout]   20:     0x55ba6433754a - gotham::handler::assets::tests::assets_if_modified_since::{{closure}}::h60ae5ab5d66cbea9
[INFO] [stdout]                                at /opt/rustwide/workdir/src/handler/assets/mod.rs:586:5
[INFO] [stdout]   21:     0x55ba6403f58e - core::ops::function::FnOnce::call_once::h2a904ff5021b5a34
[INFO] [stdout]                                at /rustc/a178d0322ce20e33eac124758e837cbd80a6f633/library/core/src/ops/function.rs:227:5
[INFO] [stdout]   22:     0x55ba644fce13 - core::ops::function::FnOnce::call_once::h152e7e439ff59e19
[INFO] [stdout]                                at /rustc/a178d0322ce20e33eac124758e837cbd80a6f633/library/core/src/ops/function.rs:227:5
[INFO] [stdout]   23:     0x55ba644fce13 - test::__rust_begin_short_backtrace::h0908f3b1fdbb72ab
[INFO] [stdout]                                at /rustc/a178d0322ce20e33eac124758e837cbd80a6f633/library/test/src/lib.rs:577:5
[INFO] [stdout]   24:     0x55ba644fb8d0 - <alloc::boxed::Box<F,A> as core::ops::function::FnOnce<Args>>::call_once::hf6d2a51e5587546c
[INFO] [stdout]                                at /rustc/a178d0322ce20e33eac124758e837cbd80a6f633/library/alloc/src/boxed.rs:1575:9
[INFO] [stdout]   25:     0x55ba644fb8d0 - <std::panic::AssertUnwindSafe<F> as core::ops::function::FnOnce<()>>::call_once::h8af660f3a89ef593
[INFO] [stdout]                                at /rustc/a178d0322ce20e33eac124758e837cbd80a6f633/library/std/src/panic.rs:347:9
[INFO] [stdout]   26:     0x55ba644fb8d0 - std::panicking::try::do_call::hd36aef60f84b6d36
[INFO] [stdout]                                at /rustc/a178d0322ce20e33eac124758e837cbd80a6f633/library/std/src/panicking.rs:401:40
[INFO] [stdout]   27:     0x55ba644fb8d0 - std::panicking::try::h9932b4480e69817c
[INFO] [stdout]                                at /rustc/a178d0322ce20e33eac124758e837cbd80a6f633/library/std/src/panicking.rs:365:19
[INFO] [stdout]   28:     0x55ba644fb8d0 - std::panic::catch_unwind::h6aa177099cfff5f8
[INFO] [stdout]                                at /rustc/a178d0322ce20e33eac124758e837cbd80a6f633/library/std/src/panic.rs:434:14
[INFO] [stdout]   29:     0x55ba644fb8d0 - test::run_test_in_process::h5884d6f2d99e20c3
[INFO] [stdout]                                at /rustc/a178d0322ce20e33eac124758e837cbd80a6f633/library/test/src/lib.rs:600:18
[INFO] [stdout]   30:     0x55ba644fb8d0 - test::run_test::run_test_inner::{{closure}}::h6fdc58c6d5f5b6e3
[INFO] [stdout]                                at /rustc/a178d0322ce20e33eac124758e837cbd80a6f633/library/test/src/lib.rs:492:39
[INFO] [stdout]   31:     0x55ba644d4f82 - test::run_test::run_test_inner::{{closure}}::h408365d67a78ade8
[INFO] [stdout]                                at /rustc/a178d0322ce20e33eac124758e837cbd80a6f633/library/test/src/lib.rs:519:37
[INFO] [stdout]   32:     0x55ba644d4f82 - std::sys_common::backtrace::__rust_begin_short_backtrace::hb560b77c4f701523
[INFO] [stdout]                                at /rustc/a178d0322ce20e33eac124758e837cbd80a6f633/library/std/src/sys_common/backtrace.rs:125:18
[INFO] [stdout]   33:     0x55ba644d8b38 - std::thread::Builder::spawn_unchecked::{{closure}}::{{closure}}::hf2e7831dad93c597
[INFO] [stdout]                                at /rustc/a178d0322ce20e33eac124758e837cbd80a6f633/library/std/src/thread/mod.rs:481:17
[INFO] [stdout]   34:     0x55ba644d8b38 - <std::panic::AssertUnwindSafe<F> as core::ops::function::FnOnce<()>>::call_once::hd2e08783d8be4d02
[INFO] [stdout]                                at /rustc/a178d0322ce20e33eac124758e837cbd80a6f633/library/std/src/panic.rs:347:9
[INFO] [stdout]   35:     0x55ba644d8b38 - std::panicking::try::do_call::h062597b7acfd6b82
[INFO] [stdout]                                at /rustc/a178d0322ce20e33eac124758e837cbd80a6f633/library/std/src/panicking.rs:401:40
[INFO] [stdout]   36:     0x55ba644d8b38 - std::panicking::try::h0d7b79db04c14552
[INFO] [stdout]                                at /rustc/a178d0322ce20e33eac124758e837cbd80a6f633/library/std/src/panicking.rs:365:19
[INFO] [stdout]   37:     0x55ba644d8b38 - std::panic::catch_unwind::hb01a0b5e7c8cd43b
[INFO] [stdout]                                at /rustc/a178d0322ce20e33eac124758e837cbd80a6f633/library/std/src/panic.rs:434:14
[INFO] [stdout]   38:     0x55ba644d8b38 - std::thread::Builder::spawn_unchecked::{{closure}}::h5bde48cc887e0d1e
[INFO] [stdout]                                at /rustc/a178d0322ce20e33eac124758e837cbd80a6f633/library/std/src/thread/mod.rs:480:30
[INFO] [stdout]   39:     0x55ba644d8b38 - core::ops::function::FnOnce::call_once{{vtable.shim}}::h745ea30807a29e55
[INFO] [stdout]                                at /rustc/a178d0322ce20e33eac124758e837cbd80a6f633/library/core/src/ops/function.rs:227:5
[INFO] [stdout]   40:     0x55ba64b7ca77 - <alloc::boxed::Box<F,A> as core::ops::function::FnOnce<Args>>::call_once::h7ece6cfefaff1005
[INFO] [stdout]                                at /rustc/a178d0322ce20e33eac124758e837cbd80a6f633/library/alloc/src/boxed.rs:1575:9
[INFO] [stdout]   41:     0x55ba64b7ca77 - <alloc::boxed::Box<F,A> as core::ops::function::FnOnce<Args>>::call_once::hb8b48e55c21f193e
[INFO] [stdout]                                at /rustc/a178d0322ce20e33eac124758e837cbd80a6f633/library/alloc/src/boxed.rs:1575:9
[INFO] [stdout]   42:     0x55ba64b7ca77 - std::sys::unix::thread::Thread::new::thread_start::h8c7c4450dba62914
[INFO] [stdout]                                at /rustc/a178d0322ce20e33eac124758e837cbd80a6f633/library/std/src/sys/unix/thread.rs:71:17
[INFO] [stdout]   43:     0x7f7ae4e74609 - start_thread
[INFO] [stdout]   44:     0x7f7ae4c46293 - clone
[INFO] [stdout]   45:                0x0 - <unknown>
[INFO] [stdout] 
[INFO] [stdout] 
[INFO] [stdout] failures:
[INFO] [stdout]     handler::assets::tests::assets_if_modified_since
[INFO] [stdout] 
[INFO] [stdout] test result: FAILED. 97 passed; 1 failed; 4 ignored; 0 measured; 0 filtered out; finished in 11.36s
[INFO] [stdout] 
[INFO] [stderr] error: test failed, to rerun pass '--lib'
[INFO] running `Command { std: "docker" "inspect" "7ced35257669c67fee227e80582aa1aff42508b185eb39af11b6dd726e9764e5", kill_on_drop: false }`
[INFO] running `Command { std: "docker" "rm" "-f" "7ced35257669c67fee227e80582aa1aff42508b185eb39af11b6dd726e9764e5", kill_on_drop: false }`
[INFO] [stdout] 7ced35257669c67fee227e80582aa1aff42508b185eb39af11b6dd726e9764e5
