[INFO] fetching crate goose-eggs 0.1.10...
[INFO] testing goose-eggs-0.1.10 against beta-2021-08-01 for beta-1.55-1
[INFO] extracting crate goose-eggs 0.1.10 into /workspace/builds/worker-0/source
[INFO] validating manifest of crates.io crate goose-eggs 0.1.10 on toolchain beta-2021-08-01
[INFO] running `Command { std: "/workspace/cargo-home/bin/cargo" "+beta-2021-08-01" "metadata" "--manifest-path" "Cargo.toml" "--no-deps", kill_on_drop: false }`
[INFO] started tweaking crates.io crate goose-eggs 0.1.10
[INFO] finished tweaking crates.io crate goose-eggs 0.1.10
[INFO] tweaked toml for crates.io crate goose-eggs 0.1.10 written to /workspace/builds/worker-0/source/Cargo.toml
[INFO] crate crates.io crate goose-eggs 0.1.10 already has a lockfile, it will not be regenerated
[INFO] running `Command { std: "/workspace/cargo-home/bin/cargo" "+beta-2021-08-01" "fetch" "--manifest-path" "Cargo.toml", kill_on_drop: false }`
[INFO] [stderr]     Blocking waiting for file lock on package cache
[INFO] [stderr]     Blocking waiting for file lock on package cache
[INFO] running `Command { std: "docker" "create" "-v" "/var/lib/crater-agent-workspace/builds/worker-0/target:/opt/rustwide/target:rw,Z" "-v" "/var/lib/crater-agent-workspace/builds/worker-0/source:/opt/rustwide/workdir:ro,Z" "-v" "/var/lib/crater-agent-workspace/cargo-home:/opt/rustwide/cargo-home:ro,Z" "-v" "/var/lib/crater-agent-workspace/rustup-home:/opt/rustwide/rustup-home:ro,Z" "-e" "SOURCE_DIR=/opt/rustwide/workdir" "-e" "CARGO_TARGET_DIR=/opt/rustwide/target" "-e" "CARGO_HOME=/opt/rustwide/cargo-home" "-e" "RUSTUP_HOME=/opt/rustwide/rustup-home" "-w" "/opt/rustwide/workdir" "-m" "1610612736" "--user" "0:0" "--network" "none" "ghcr.io/rust-lang/crates-build-env/linux@sha256:34b6a614d2c27851fe6cbf88fbd1137609cefab8b10d0615aaeb6fd47975d74e" "/opt/rustwide/cargo-home/bin/cargo" "+beta-2021-08-01" "metadata" "--no-deps" "--format-version=1", kill_on_drop: false }`
[INFO] [stdout] ee2d2ca8a2d578e8381e44ba72b7dd5f4351e793078f1b01ebb63c716162d38a
[INFO] running `Command { std: "docker" "start" "-a" "ee2d2ca8a2d578e8381e44ba72b7dd5f4351e793078f1b01ebb63c716162d38a", kill_on_drop: false }`
[INFO] running `Command { std: "docker" "inspect" "ee2d2ca8a2d578e8381e44ba72b7dd5f4351e793078f1b01ebb63c716162d38a", kill_on_drop: false }`
[INFO] running `Command { std: "docker" "rm" "-f" "ee2d2ca8a2d578e8381e44ba72b7dd5f4351e793078f1b01ebb63c716162d38a", kill_on_drop: false }`
[INFO] [stdout] ee2d2ca8a2d578e8381e44ba72b7dd5f4351e793078f1b01ebb63c716162d38a
[INFO] running `Command { std: "docker" "create" "-v" "/var/lib/crater-agent-workspace/builds/worker-0/target:/opt/rustwide/target:rw,Z" "-v" "/var/lib/crater-agent-workspace/builds/worker-0/source:/opt/rustwide/workdir:ro,Z" "-v" "/var/lib/crater-agent-workspace/cargo-home:/opt/rustwide/cargo-home:ro,Z" "-v" "/var/lib/crater-agent-workspace/rustup-home:/opt/rustwide/rustup-home:ro,Z" "-e" "SOURCE_DIR=/opt/rustwide/workdir" "-e" "CARGO_TARGET_DIR=/opt/rustwide/target" "-e" "CARGO_INCREMENTAL=0" "-e" "RUST_BACKTRACE=full" "-e" "RUSTFLAGS=--cap-lints=warn" "-e" "CARGO_HOME=/opt/rustwide/cargo-home" "-e" "RUSTUP_HOME=/opt/rustwide/rustup-home" "-w" "/opt/rustwide/workdir" "-m" "1610612736" "--user" "0:0" "--network" "none" "ghcr.io/rust-lang/crates-build-env/linux@sha256:34b6a614d2c27851fe6cbf88fbd1137609cefab8b10d0615aaeb6fd47975d74e" "/opt/rustwide/cargo-home/bin/cargo" "+beta-2021-08-01" "build" "--frozen" "--message-format=json", kill_on_drop: false }`
[INFO] [stdout] 9e393885015b1757aaa4f45022cb43875aa922c143367b0221bd1b9181d70915
[INFO] running `Command { std: "docker" "start" "-a" "9e393885015b1757aaa4f45022cb43875aa922c143367b0221bd1b9181d70915", kill_on_drop: false }`
[INFO] [stderr]    Compiling syn v1.0.74
[INFO] [stderr]    Compiling libc v0.2.98
[INFO] [stderr]    Compiling pin-project-lite v0.2.7
[INFO] [stderr]    Compiling futures-core v0.3.16
[INFO] [stderr]    Compiling bytes v1.0.1
[INFO] [stderr]    Compiling itoa v0.4.7
[INFO] [stderr]    Compiling futures-sink v0.3.16
[INFO] [stderr]    Compiling futures-task v0.3.16
[INFO] [stderr]    Compiling proc-macro-nested v0.1.7
[INFO] [stderr]    Compiling futures-channel v0.3.16
[INFO] [stderr]    Compiling slab v0.4.3
[INFO] [stderr]    Compiling futures-io v0.3.16
[INFO] [stderr]    Compiling httparse v1.4.1
[INFO] [stderr]    Compiling const_fn v0.4.8
[INFO] [stderr]    Compiling openssl v0.10.35
[INFO] [stderr]    Compiling crc32fast v1.2.1
[INFO] [stderr]    Compiling semver v1.0.4
[INFO] [stderr]    Compiling native-tls v0.2.7
[INFO] [stderr]    Compiling openssl-probe v0.1.4
[INFO] [stderr]    Compiling try-lock v0.2.3
[INFO] [stderr]    Compiling base64 v0.13.0
[INFO] [stderr]    Compiling opaque-debug v0.3.0
[INFO] [stderr]    Compiling cpufeatures v0.1.5
[INFO] [stderr]    Compiling httpdate v1.0.1
[INFO] [stderr]    Compiling arrayvec v0.4.12
[INFO] [stderr]    Compiling tower-service v0.3.1
[INFO] [stderr]    Compiling nodrop v0.1.14
[INFO] [stderr]    Compiling async-trait v0.1.51
[INFO] [stderr]    Compiling utf-8 v0.7.6
[INFO] [stderr]    Compiling ipnet v2.3.1
[INFO] [stderr]    Compiling half v1.7.1
[INFO] [stderr]    Compiling futures-macro v0.3.16
[INFO] [stderr]    Compiling tokio v1.9.0
[INFO] [stderr]    Compiling futures-util v0.3.16
[INFO] [stderr]    Compiling indexmap v1.7.0
[INFO] [stderr]    Compiling openssl-sys v0.9.65
[INFO] [stderr]    Compiling standback v0.2.17
[INFO] [stderr]    Compiling generic-array v0.14.4
[INFO] [stderr]    Compiling tracing-core v0.1.18
[INFO] [stderr]    Compiling time v0.2.27
[INFO] [stderr]    Compiling cookie v0.14.4
[INFO] [stderr]    Compiling lock_api v0.4.4
[INFO] [stderr]    Compiling itertools v0.10.1
[INFO] [stderr]    Compiling publicsuffix v1.5.6
[INFO] [stderr]    Compiling http v0.2.4
[INFO] [stderr]    Compiling want v0.3.0
[INFO] [stderr]    Compiling spinning_top v0.2.4
[INFO] [stderr]    Compiling tracing v0.1.26
[INFO] [stderr]    Compiling http-body v0.4.2
[INFO] [stderr]    Compiling num-format v0.4.0
[INFO] [stderr]    Compiling rustc_version v0.4.0
[INFO] [stderr]    Compiling digest v0.9.0
[INFO] [stderr]    Compiling block-buffer v0.9.0
[INFO] [stderr]    Compiling goose v0.13.0
[INFO] [stderr]    Compiling mio v0.7.13
[INFO] [stderr]    Compiling num_cpus v1.13.0
[INFO] [stderr]    Compiling getrandom v0.2.3
[INFO] [stderr]    Compiling socket2 v0.4.1
[INFO] [stderr]    Compiling time v0.1.43
[INFO] [stderr]    Compiling flate2 v1.0.20
[INFO] [stderr]    Compiling nix v0.20.0
[INFO] [stderr]    Compiling sha-1 v0.9.7
[INFO] [stderr]    Compiling rand_core v0.6.3
[INFO] [stderr]    Compiling nanorand v0.5.2
[INFO] [stderr]    Compiling chrono v0.4.19
[INFO] [stderr]    Compiling rand_chacha v0.3.1
[INFO] [stderr]    Compiling rand v0.8.4
[INFO] [stderr]    Compiling simplelog v0.10.0
[INFO] [stderr]    Compiling tokio-macros v1.3.0
[INFO] [stderr]    Compiling serde_derive v1.0.127
[INFO] [stderr]    Compiling time-macros-impl v0.1.2
[INFO] [stderr]    Compiling thiserror-impl v1.0.26
[INFO] [stderr]    Compiling pin-project-internal v1.0.8
[INFO] [stderr]    Compiling gumdrop_derive v0.8.0
[INFO] [stderr]    Compiling time-macros v0.1.1
[INFO] [stderr]    Compiling thiserror v1.0.26
[INFO] [stderr]    Compiling gumdrop v0.8.0
[INFO] [stderr]    Compiling tungstenite v0.14.0
[INFO] [stderr]    Compiling ctrlc v3.1.9
[INFO] [stderr]    Compiling pin-project v1.0.8
[INFO] [stderr]    Compiling flume v0.10.7
[INFO] [stderr]    Compiling futures-executor v0.3.16
[INFO] [stderr]    Compiling futures v0.3.16
[INFO] [stderr]    Compiling serde v1.0.127
[INFO] [stderr]    Compiling tokio-util v0.6.7
[INFO] [stderr]    Compiling tokio-native-tls v0.3.0
[INFO] [stderr]    Compiling async-compression v0.3.8
[INFO] [stderr]    Compiling tokio-tungstenite v0.15.0
[INFO] [stderr]    Compiling h2 v0.3.3
[INFO] [stderr]    Compiling serde_json v1.0.66
[INFO] [stderr]    Compiling serde_urlencoded v0.7.0
[INFO] [stderr]    Compiling serde_cbor v0.11.1
[INFO] [stderr]    Compiling hyper v0.14.11
[INFO] [stderr]    Compiling cookie_store v0.12.0
[INFO] [stderr]    Compiling hyper-tls v0.5.0
[INFO] [stderr]    Compiling reqwest v0.11.4
[INFO] [stderr]    Compiling goose-eggs v0.1.10 (/opt/rustwide/workdir)
[INFO] [stderr]     Finished dev [unoptimized + debuginfo] target(s) in 43.03s
[INFO] running `Command { std: "docker" "inspect" "9e393885015b1757aaa4f45022cb43875aa922c143367b0221bd1b9181d70915", kill_on_drop: false }`
[INFO] running `Command { std: "docker" "rm" "-f" "9e393885015b1757aaa4f45022cb43875aa922c143367b0221bd1b9181d70915", kill_on_drop: false }`
[INFO] [stdout] 9e393885015b1757aaa4f45022cb43875aa922c143367b0221bd1b9181d70915
[INFO] running `Command { std: "docker" "create" "-v" "/var/lib/crater-agent-workspace/builds/worker-0/target:/opt/rustwide/target:rw,Z" "-v" "/var/lib/crater-agent-workspace/builds/worker-0/source:/opt/rustwide/workdir:ro,Z" "-v" "/var/lib/crater-agent-workspace/cargo-home:/opt/rustwide/cargo-home:ro,Z" "-v" "/var/lib/crater-agent-workspace/rustup-home:/opt/rustwide/rustup-home:ro,Z" "-e" "SOURCE_DIR=/opt/rustwide/workdir" "-e" "CARGO_TARGET_DIR=/opt/rustwide/target" "-e" "CARGO_INCREMENTAL=0" "-e" "RUST_BACKTRACE=full" "-e" "RUSTFLAGS=--cap-lints=warn" "-e" "CARGO_HOME=/opt/rustwide/cargo-home" "-e" "RUSTUP_HOME=/opt/rustwide/rustup-home" "-w" "/opt/rustwide/workdir" "-m" "1610612736" "--user" "0:0" "--network" "none" "ghcr.io/rust-lang/crates-build-env/linux@sha256:34b6a614d2c27851fe6cbf88fbd1137609cefab8b10d0615aaeb6fd47975d74e" "/opt/rustwide/cargo-home/bin/cargo" "+beta-2021-08-01" "test" "--frozen" "--no-run" "--message-format=json", kill_on_drop: false }`
[INFO] [stdout] fd2c1570e08e8d50180d92e346163bd46fe4e4888dda239784d373d0155780c6
[INFO] running `Command { std: "docker" "start" "-a" "fd2c1570e08e8d50180d92e346163bd46fe4e4888dda239784d373d0155780c6", kill_on_drop: false }`
[INFO] [stderr]    Compiling goose-eggs v0.1.10 (/opt/rustwide/workdir)
[INFO] [stderr]     Finished test [unoptimized + debuginfo] target(s) in 13.29s
[INFO] running `Command { std: "docker" "inspect" "fd2c1570e08e8d50180d92e346163bd46fe4e4888dda239784d373d0155780c6", kill_on_drop: false }`
[INFO] running `Command { std: "docker" "rm" "-f" "fd2c1570e08e8d50180d92e346163bd46fe4e4888dda239784d373d0155780c6", kill_on_drop: false }`
[INFO] [stdout] fd2c1570e08e8d50180d92e346163bd46fe4e4888dda239784d373d0155780c6
[INFO] running `Command { std: "docker" "create" "-v" "/var/lib/crater-agent-workspace/builds/worker-0/target:/opt/rustwide/target:rw,Z" "-v" "/var/lib/crater-agent-workspace/builds/worker-0/source:/opt/rustwide/workdir:ro,Z" "-v" "/var/lib/crater-agent-workspace/cargo-home:/opt/rustwide/cargo-home:ro,Z" "-v" "/var/lib/crater-agent-workspace/rustup-home:/opt/rustwide/rustup-home:ro,Z" "-e" "SOURCE_DIR=/opt/rustwide/workdir" "-e" "CARGO_TARGET_DIR=/opt/rustwide/target" "-e" "CARGO_INCREMENTAL=0" "-e" "RUST_BACKTRACE=full" "-e" "RUSTFLAGS=--cap-lints=warn" "-e" "CARGO_HOME=/opt/rustwide/cargo-home" "-e" "RUSTUP_HOME=/opt/rustwide/rustup-home" "-w" "/opt/rustwide/workdir" "-m" "1610612736" "--user" "0:0" "--network" "none" "ghcr.io/rust-lang/crates-build-env/linux@sha256:34b6a614d2c27851fe6cbf88fbd1137609cefab8b10d0615aaeb6fd47975d74e" "/opt/rustwide/cargo-home/bin/cargo" "+beta-2021-08-01" "test" "--frozen", kill_on_drop: false }`
[INFO] [stdout] a6caae8083e565324b749eb884969011e226b296bd894eb5731205b47c329bbf
[INFO] running `Command { std: "docker" "start" "-a" "a6caae8083e565324b749eb884969011e226b296bd894eb5731205b47c329bbf", kill_on_drop: false }`
[INFO] [stderr]     Finished test [unoptimized + debuginfo] target(s) in 0.47s
[INFO] [stdout] 
[INFO] [stderr]      Running unittests (/opt/rustwide/target/debug/deps/goose_eggs-a719dfcda5b35d47)
[INFO] [stdout] running 0 tests
[INFO] [stderr]    Doc-tests goose-eggs
[INFO] [stdout] 
[INFO] [stdout] test result: ok. 0 passed; 0 failed; 0 ignored; 0 measured; 0 filtered out; finished in 0.00s
[INFO] [stdout] 
[INFO] [stdout] 
[INFO] [stdout] running 66 tests
[INFO] [stdout] test src/drupal.rs - drupal::SearchParams::keys (line 840) ... FAILED
[INFO] [stdout] test src/lib.rs - valid_text (line 589) ... FAILED
[INFO] [stdout] test src/lib.rs - Validate::text (line 132) ... FAILED
[INFO] [stdout] test src/lib.rs - valid_header_value (line 696) ... FAILED
[INFO] [stdout] test src/drupal.rs - drupal::SearchParams::update_keys (line 928) ... FAILED
[INFO] [stdout] test src/lib.rs - Header (line 361) ... FAILED
[INFO] [stdout] test src/lib.rs - get_html_header (line 420) ... FAILED
[INFO] [stdout] test src/lib.rs - Validate::redirect (line 219) ... FAILED
[INFO] [stdout] test src/drupal.rs - drupal::get_bigpipe_form (line 114) ... FAILED
[INFO] [stdout] test src/drupal.rs - drupal::get_form_value (line 61) ... FAILED
[INFO] [stdout] test src/text.rs - text::random_word (line 10) ... FAILED
[INFO] [stdout] test src/lib.rs - Header::name_value (line 405) ... FAILED
[INFO] [stdout] test src/drupal.rs - drupal::SearchParams::update_title (line 903) ... FAILED
[INFO] [stdout] test src/drupal.rs - drupal::log_in (line 642) ... FAILED
[INFO] [stdout] test src/lib.rs - Validate::headers (line 205) ... FAILED
[INFO] [stdout] test src/lib.rs - Validate::title (line 118) ... FAILED
[INFO] [stdout] test src/lib.rs - Validate::texts (line 162) ... FAILED
[INFO] [stdout] test src/drupal.rs - drupal::Login::username (line 379) ... FAILED
[INFO] [stdout] test src/drupal.rs - drupal::SearchParams::update_url (line 860) ... FAILED
[INFO] [stdout] test src/lib.rs - Validate::update_status (line 237) ... FAILED
[INFO] [stdout] test src/lib.rs - Validate::update_text (line 272) ... FAILED
[INFO] [stdout] test src/lib.rs - header_is_set (line 649) ... FAILED
[INFO] [stdout] test src/lib.rs - Validate::header (line 191) ... FAILED
[INFO] [stdout] test src/lib.rs - Validate::update_headers (line 329) ... FAILED
[INFO] [stdout] test src/drupal.rs - drupal::Login::title (line 453) ... FAILED
[INFO] [stdout] test src/drupal.rs - drupal::Login::username_password (line 412) ... FAILED
[INFO] [stdout] test src/lib.rs - get_title (line 457) ... FAILED
[INFO] [stdout] test src/lib.rs - Validate::new (line 51) ... FAILED
[INFO] [stdout] test src/drupal.rs - drupal::Login::password (line 396) ... FAILED
[INFO] [stdout] test src/drupal.rs - drupal::search (line 953) ... FAILED
[INFO] [stdout] test src/drupal.rs - drupal::get_encoded_form_values (line 275) ... FAILED
[INFO] [stdout] test src/drupal.rs - drupal::Login::update_url (line 569) ... FAILED
[INFO] [stdout] test src/drupal.rs - drupal::SearchParams::update_submit (line 883) ... FAILED
[INFO] [stdout] test src/lib.rs - Validate::status (line 104) ... FAILED
[INFO] [stdout] test src/drupal.rs - drupal::get_updated_build_id (line 193) ... FAILED
[INFO] [stdout] test src/lib.rs - Validate::update_header (line 310) ... FAILED
[INFO] [stdout] test src/text.rs - text::random_words (line 29) ... FAILED
[INFO] [stdout] test src/drupal.rs - drupal::SearchParams::keys (line 834) ... FAILED
[INFO] [stdout] test src/lib.rs - load_static_elements (line 765) ... FAILED
[INFO] [stdout] test src/lib.rs - valid_title (line 517) ... FAILED
[INFO] [stdout] test src/drupal.rs - drupal::Login::url (line 429) ... FAILED
[INFO] [stderr] error: test failed, to rerun pass '--doc'
[INFO] [stderr] 
[INFO] [stderr] Caused by:
[INFO] [stderr]   process didn't exit successfully: `rustdoc --edition=2018 --crate-type lib --crate-name goose_eggs --test /opt/rustwide/workdir/src/lib.rs -L dependency=/opt/rustwide/target/debug/deps -L dependency=/opt/rustwide/target/debug/deps --extern goose=/opt/rustwide/target/debug/deps/libgoose-e3f60ac835579dae.rlib --extern goose_eggs=/opt/rustwide/target/debug/deps/libgoose_eggs-edf543185e89632e.rlib --extern log=/opt/rustwide/target/debug/deps/liblog-18e19f5b5787b169.rlib --extern rand=/opt/rustwide/target/debug/deps/librand-dcdf3d242398fa77.rlib --extern regex=/opt/rustwide/target/debug/deps/libregex-a3872ea1c1199fca.rlib --extern reqwest=/opt/rustwide/target/debug/deps/libreqwest-2f02cd0315d8d20d.rlib -C embed-bitcode=no --error-format human` (signal: 9, SIGKILL: kill)
[INFO] running `Command { std: "docker" "inspect" "a6caae8083e565324b749eb884969011e226b296bd894eb5731205b47c329bbf", kill_on_drop: false }`
[INFO] running `Command { std: "docker" "rm" "-f" "a6caae8083e565324b749eb884969011e226b296bd894eb5731205b47c329bbf", kill_on_drop: false }`
[INFO] [stdout] a6caae8083e565324b749eb884969011e226b296bd894eb5731205b47c329bbf
