[INFO] fetching crate glu-sys 0.1.4...
[INFO] testing glu-sys-0.1.4 against beta-2021-08-01 for beta-1.55-1
[INFO] extracting crate glu-sys 0.1.4 into /workspace/builds/worker-7/source
[INFO] validating manifest of crates.io crate glu-sys 0.1.4 on toolchain beta-2021-08-01
[INFO] running `Command { std: "/workspace/cargo-home/bin/cargo" "+beta-2021-08-01" "metadata" "--manifest-path" "Cargo.toml" "--no-deps", kill_on_drop: false }`
[INFO] started tweaking crates.io crate glu-sys 0.1.4
[INFO] finished tweaking crates.io crate glu-sys 0.1.4
[INFO] tweaked toml for crates.io crate glu-sys 0.1.4 written to /workspace/builds/worker-7/source/Cargo.toml
[INFO] running `Command { std: "/workspace/cargo-home/bin/cargo" "+beta-2021-08-01" "generate-lockfile" "--manifest-path" "Cargo.toml" "-Zno-index-update", kill_on_drop: false }`
[INFO] running `Command { std: "/workspace/cargo-home/bin/cargo" "+beta-2021-08-01" "fetch" "--manifest-path" "Cargo.toml", kill_on_drop: false }`
[INFO] running `Command { std: "docker" "create" "-v" "/var/lib/crater-agent-workspace/builds/worker-7/target:/opt/rustwide/target:rw,Z" "-v" "/var/lib/crater-agent-workspace/builds/worker-7/source:/opt/rustwide/workdir:ro,Z" "-v" "/var/lib/crater-agent-workspace/cargo-home:/opt/rustwide/cargo-home:ro,Z" "-v" "/var/lib/crater-agent-workspace/rustup-home:/opt/rustwide/rustup-home:ro,Z" "-e" "SOURCE_DIR=/opt/rustwide/workdir" "-e" "CARGO_TARGET_DIR=/opt/rustwide/target" "-e" "CARGO_HOME=/opt/rustwide/cargo-home" "-e" "RUSTUP_HOME=/opt/rustwide/rustup-home" "-w" "/opt/rustwide/workdir" "-m" "1610612736" "--user" "0:0" "--network" "none" "ghcr.io/rust-lang/crates-build-env/linux@sha256:34b6a614d2c27851fe6cbf88fbd1137609cefab8b10d0615aaeb6fd47975d74e" "/opt/rustwide/cargo-home/bin/cargo" "+beta-2021-08-01" "metadata" "--no-deps" "--format-version=1", kill_on_drop: false }`
[INFO] [stderr] WARNING: Your kernel does not support swap limit capabilities or the cgroup is not mounted. Memory limited without swap.
[INFO] [stdout] d3e609351d1569cf76f724cadc660dc3add03d631081ca4b2946743c111416ac
[INFO] running `Command { std: "docker" "start" "-a" "d3e609351d1569cf76f724cadc660dc3add03d631081ca4b2946743c111416ac", kill_on_drop: false }`
[INFO] running `Command { std: "docker" "inspect" "d3e609351d1569cf76f724cadc660dc3add03d631081ca4b2946743c111416ac", kill_on_drop: false }`
[INFO] running `Command { std: "docker" "rm" "-f" "d3e609351d1569cf76f724cadc660dc3add03d631081ca4b2946743c111416ac", kill_on_drop: false }`
[INFO] [stdout] d3e609351d1569cf76f724cadc660dc3add03d631081ca4b2946743c111416ac
[INFO] running `Command { std: "docker" "create" "-v" "/var/lib/crater-agent-workspace/builds/worker-7/target:/opt/rustwide/target:rw,Z" "-v" "/var/lib/crater-agent-workspace/builds/worker-7/source:/opt/rustwide/workdir:ro,Z" "-v" "/var/lib/crater-agent-workspace/cargo-home:/opt/rustwide/cargo-home:ro,Z" "-v" "/var/lib/crater-agent-workspace/rustup-home:/opt/rustwide/rustup-home:ro,Z" "-e" "SOURCE_DIR=/opt/rustwide/workdir" "-e" "CARGO_TARGET_DIR=/opt/rustwide/target" "-e" "CARGO_INCREMENTAL=0" "-e" "RUST_BACKTRACE=full" "-e" "RUSTFLAGS=--cap-lints=warn" "-e" "CARGO_HOME=/opt/rustwide/cargo-home" "-e" "RUSTUP_HOME=/opt/rustwide/rustup-home" "-w" "/opt/rustwide/workdir" "-m" "1610612736" "--user" "0:0" "--network" "none" "ghcr.io/rust-lang/crates-build-env/linux@sha256:34b6a614d2c27851fe6cbf88fbd1137609cefab8b10d0615aaeb6fd47975d74e" "/opt/rustwide/cargo-home/bin/cargo" "+beta-2021-08-01" "build" "--frozen" "--message-format=json", kill_on_drop: false }`
[INFO] [stdout] a4cc473d89f6cd868448cc338f441195d53226442301295cf9fbfe9c459bc593
[INFO] [stderr] WARNING: Your kernel does not support swap limit capabilities or the cgroup is not mounted. Memory limited without swap.
[INFO] running `Command { std: "docker" "start" "-a" "a4cc473d89f6cd868448cc338f441195d53226442301295cf9fbfe9c459bc593", kill_on_drop: false }`
[INFO] [stderr]     Blocking waiting for file lock on package cache
[INFO] [stderr]    Compiling glu-sys v0.1.4 (/opt/rustwide/workdir)
[INFO] [stderr]     Finished dev [unoptimized + debuginfo] target(s) in 2.96s
[INFO] running `Command { std: "docker" "inspect" "a4cc473d89f6cd868448cc338f441195d53226442301295cf9fbfe9c459bc593", kill_on_drop: false }`
[INFO] running `Command { std: "docker" "rm" "-f" "a4cc473d89f6cd868448cc338f441195d53226442301295cf9fbfe9c459bc593", kill_on_drop: false }`
[INFO] [stdout] a4cc473d89f6cd868448cc338f441195d53226442301295cf9fbfe9c459bc593
[INFO] running `Command { std: "docker" "create" "-v" "/var/lib/crater-agent-workspace/builds/worker-7/target:/opt/rustwide/target:rw,Z" "-v" "/var/lib/crater-agent-workspace/builds/worker-7/source:/opt/rustwide/workdir:ro,Z" "-v" "/var/lib/crater-agent-workspace/cargo-home:/opt/rustwide/cargo-home:ro,Z" "-v" "/var/lib/crater-agent-workspace/rustup-home:/opt/rustwide/rustup-home:ro,Z" "-e" "SOURCE_DIR=/opt/rustwide/workdir" "-e" "CARGO_TARGET_DIR=/opt/rustwide/target" "-e" "CARGO_INCREMENTAL=0" "-e" "RUST_BACKTRACE=full" "-e" "RUSTFLAGS=--cap-lints=warn" "-e" "CARGO_HOME=/opt/rustwide/cargo-home" "-e" "RUSTUP_HOME=/opt/rustwide/rustup-home" "-w" "/opt/rustwide/workdir" "-m" "1610612736" "--user" "0:0" "--network" "none" "ghcr.io/rust-lang/crates-build-env/linux@sha256:34b6a614d2c27851fe6cbf88fbd1137609cefab8b10d0615aaeb6fd47975d74e" "/opt/rustwide/cargo-home/bin/cargo" "+beta-2021-08-01" "test" "--frozen" "--no-run" "--message-format=json", kill_on_drop: false }`
[INFO] [stderr] WARNING: Your kernel does not support swap limit capabilities or the cgroup is not mounted. Memory limited without swap.
[INFO] [stdout] 32d2d1740f595ace851c9c6c987595c759cc4cd752ce06dbbb0ca909c3a7ad85
[INFO] running `Command { std: "docker" "start" "-a" "32d2d1740f595ace851c9c6c987595c759cc4cd752ce06dbbb0ca909c3a7ad85", kill_on_drop: false }`
[INFO] [stderr]    Compiling glu-sys v0.1.4 (/opt/rustwide/workdir)
[INFO] [stdout] warning: function `bindgen_test_layout___fsid_t` should have a snake case name
[INFO] [stdout]     --> src/glu.rs:7792:4
[INFO] [stdout]      |
[INFO] [stdout] 7792 | fn bindgen_test_layout___fsid_t() {
[INFO] [stdout]      |    ^^^^^^^^^^^^^^^^^^^^^^^^^^^^ help: convert the identifier to snake case: `bindgen_test_layout_fsid_t`
[INFO] [stdout]      |
[INFO] [stdout]      = note: `#[warn(non_snake_case)]` on by default
[INFO] [stdout] 
[INFO] [stdout] 
[INFO] [stdout] warning: dereferencing a null pointer
[INFO] [stdout]     --> src/glu.rs:7804:19
[INFO] [stdout]      |
[INFO] [stdout] 7804 |         unsafe { &(*(::core::ptr::null::<__fsid_t>())).__val as *const _ as usize },
[INFO] [stdout]      |                   ^^^^^^^^^^^^^^^^^^^^^^^^^^^^^^^^^^^^ this code causes undefined behavior when executed
[INFO] [stdout]      |
[INFO] [stdout]      = note: `#[warn(deref_nullptr)]` on by default
[INFO] [stdout] 
[INFO] [stdout] 
[INFO] [stdout] warning: 2 warnings emitted
[INFO] [stdout] 
[INFO] [stdout] 
[INFO] [stderr]     Finished test [unoptimized + debuginfo] target(s) in 1.75s
[INFO] running `Command { std: "docker" "inspect" "32d2d1740f595ace851c9c6c987595c759cc4cd752ce06dbbb0ca909c3a7ad85", kill_on_drop: false }`
[INFO] running `Command { std: "docker" "rm" "-f" "32d2d1740f595ace851c9c6c987595c759cc4cd752ce06dbbb0ca909c3a7ad85", kill_on_drop: false }`
[INFO] [stdout] 32d2d1740f595ace851c9c6c987595c759cc4cd752ce06dbbb0ca909c3a7ad85
[INFO] running `Command { std: "docker" "create" "-v" "/var/lib/crater-agent-workspace/builds/worker-7/target:/opt/rustwide/target:rw,Z" "-v" "/var/lib/crater-agent-workspace/builds/worker-7/source:/opt/rustwide/workdir:ro,Z" "-v" "/var/lib/crater-agent-workspace/cargo-home:/opt/rustwide/cargo-home:ro,Z" "-v" "/var/lib/crater-agent-workspace/rustup-home:/opt/rustwide/rustup-home:ro,Z" "-e" "SOURCE_DIR=/opt/rustwide/workdir" "-e" "CARGO_TARGET_DIR=/opt/rustwide/target" "-e" "CARGO_INCREMENTAL=0" "-e" "RUST_BACKTRACE=full" "-e" "RUSTFLAGS=--cap-lints=warn" "-e" "CARGO_HOME=/opt/rustwide/cargo-home" "-e" "RUSTUP_HOME=/opt/rustwide/rustup-home" "-w" "/opt/rustwide/workdir" "-m" "1610612736" "--user" "0:0" "--network" "none" "ghcr.io/rust-lang/crates-build-env/linux@sha256:34b6a614d2c27851fe6cbf88fbd1137609cefab8b10d0615aaeb6fd47975d74e" "/opt/rustwide/cargo-home/bin/cargo" "+beta-2021-08-01" "test" "--frozen", kill_on_drop: false }`
[INFO] [stdout] 2331c52574f5678c9c2efcbca1f1a3a10a1f96faaf29ccf9452133545667baf5
[INFO] [stderr] WARNING: Your kernel does not support swap limit capabilities or the cgroup is not mounted. Memory limited without swap.
[INFO] running `Command { std: "docker" "start" "-a" "2331c52574f5678c9c2efcbca1f1a3a10a1f96faaf29ccf9452133545667baf5", kill_on_drop: false }`
[INFO] [stdout] 
[INFO] [stderr] warning: function `bindgen_test_layout___fsid_t` should have a snake case name
[INFO] [stdout] running 1 test
[INFO] [stderr]     --> src/glu.rs:7792:4
[INFO] [stderr]      |
[INFO] [stderr] 7792 | fn bindgen_test_layout___fsid_t() {
[INFO] [stderr]      |    ^^^^^^^^^^^^^^^^^^^^^^^^^^^^ help: convert the identifier to snake case: `bindgen_test_layout_fsid_t`
[INFO] [stderr]      |
[INFO] [stderr]      = note: `#[warn(non_snake_case)]` on by default
[INFO] [stderr] 
[INFO] [stderr] warning: dereferencing a null pointer
[INFO] [stderr]     --> src/glu.rs:7804:19
[INFO] [stderr]      |
[INFO] [stderr] 7804 |         unsafe { &(*(::core::ptr::null::<__fsid_t>())).__val as *const _ as usize },
[INFO] [stderr]      |                   ^^^^^^^^^^^^^^^^^^^^^^^^^^^^^^^^^^^^ this code causes undefined behavior when executed
[INFO] [stderr]      |
[INFO] [stderr]      = note: `#[warn(deref_nullptr)]` on by default
[INFO] [stderr] 
[INFO] [stderr] warning: `glu-sys` (lib test) generated 2 warnings
[INFO] [stderr]     Finished test [unoptimized + debuginfo] target(s) in 0.02s
[INFO] [stderr]      Running unittests (/opt/rustwide/target/debug/deps/glu_sys-9572a6bb480adf99)
[INFO] [stdout] test glu::bindgen_test_layout___fsid_t ... ok
[INFO] [stderr]    Doc-tests glu-sys
[INFO] [stdout] 
[INFO] [stdout] test result: ok. 1 passed; 0 failed; 0 ignored; 0 measured; 0 filtered out; finished in 0.00s
[INFO] [stdout] 
[INFO] [stdout] 
[INFO] [stdout] running 1 test
[INFO] [stdout] test src/lib.rs - (line 4) ... FAILED
[INFO] [stdout] 
[INFO] [stdout] failures:
[INFO] [stdout] 
[INFO] [stdout] ---- src/lib.rs - (line 4) stdout ----
[INFO] [stdout] error[E0425]: cannot find value `W` in this scope
[INFO] [stdout]   --> src/lib.rs:11:26
[INFO] [stdout]    |
[INFO] [stdout] 4  | fn draw_triangle() {
[INFO] [stdout]    |                 - help: you might be missing a type parameter: `<W>`
[INFO] [stdout] ...
[INFO] [stdout] 10 |         glViewport(0, 0, W, H);
[INFO] [stdout]    |                          ^ not found in this scope
[INFO] [stdout] 
[INFO] [stdout] error[E0425]: cannot find value `H` in this scope
[INFO] [stdout]   --> src/lib.rs:11:29
[INFO] [stdout]    |
[INFO] [stdout] 4  | fn draw_triangle() {
[INFO] [stdout]    |                 - help: you might be missing a type parameter: `<H>`
[INFO] [stdout] ...
[INFO] [stdout] 10 |         glViewport(0, 0, W, H);
[INFO] [stdout]    |                             ^ not found in this scope
[INFO] [stdout] 
[INFO] [stdout] error[E0425]: cannot find value `W` in this scope
[INFO] [stdout]   --> src/lib.rs:12:31
[INFO] [stdout]    |
[INFO] [stdout] 4  | fn draw_triangle() {
[INFO] [stdout]    |                 - help: you might be missing a type parameter: `<W>`
[INFO] [stdout] ...
[INFO] [stdout] 11 |         gluPerspective(45.0, (W as f32 / H as f32).into(), 1.0, 10.0);
[INFO] [stdout]    |                               ^ not found in this scope
[INFO] [stdout] 
[INFO] [stdout] error[E0425]: cannot find value `H` in this scope
[INFO] [stdout]   --> src/lib.rs:12:42
[INFO] [stdout]    |
[INFO] [stdout] 4  | fn draw_triangle() {
[INFO] [stdout]    |                 - help: you might be missing a type parameter: `<H>`
[INFO] [stdout] ...
[INFO] [stdout] 11 |         gluPerspective(45.0, (W as f32 / H as f32).into(), 1.0, 10.0);
[INFO] [stdout]    |                                          ^ not found in this scope
[INFO] [stdout] 
[INFO] [stdout] error: aborting due to 4 previous errors
[INFO] [stdout] 
[INFO] [stdout] For more information about this error, try `rustc --explain E0425`.
[INFO] [stdout] Couldn't compile the test.
[INFO] [stdout] 
[INFO] [stdout] failures:
[INFO] [stdout]     src/lib.rs - (line 4)
[INFO] [stdout] 
[INFO] [stdout] test result: FAILED. 0 passed; 1 failed; 0 ignored; 0 measured; 0 filtered out; finished in 0.26s
[INFO] [stdout] 
[INFO] [stderr] error: test failed, to rerun pass '--doc'
[INFO] running `Command { std: "docker" "inspect" "2331c52574f5678c9c2efcbca1f1a3a10a1f96faaf29ccf9452133545667baf5", kill_on_drop: false }`
[INFO] running `Command { std: "docker" "rm" "-f" "2331c52574f5678c9c2efcbca1f1a3a10a1f96faaf29ccf9452133545667baf5", kill_on_drop: false }`
[INFO] [stdout] 2331c52574f5678c9c2efcbca1f1a3a10a1f96faaf29ccf9452133545667baf5
