[INFO] fetching crate gltf 0.16.0...
[INFO] testing gltf-0.16.0 against beta-2021-08-01 for beta-1.55-1
[INFO] extracting crate gltf 0.16.0 into /workspace/builds/worker-6/source
[INFO] validating manifest of crates.io crate gltf 0.16.0 on toolchain beta-2021-08-01
[INFO] running `Command { std: "/workspace/cargo-home/bin/cargo" "+beta-2021-08-01" "metadata" "--manifest-path" "Cargo.toml" "--no-deps", kill_on_drop: false }`
[INFO] started tweaking crates.io crate gltf 0.16.0
[INFO] removed 0 missing examples
[INFO] finished tweaking crates.io crate gltf 0.16.0
[INFO] tweaked toml for crates.io crate gltf 0.16.0 written to /workspace/builds/worker-6/source/Cargo.toml
[INFO] crate crates.io crate gltf 0.16.0 already has a lockfile, it will not be regenerated
[INFO] running `Command { std: "/workspace/cargo-home/bin/cargo" "+beta-2021-08-01" "fetch" "--manifest-path" "Cargo.toml", kill_on_drop: false }`
[INFO] [stderr]  Downloading crates ...
[INFO] [stderr]   Downloaded gltf-json v0.16.0
[INFO] running `Command { std: "docker" "create" "-v" "/var/lib/crater-agent-workspace/builds/worker-6/target:/opt/rustwide/target:rw,Z" "-v" "/var/lib/crater-agent-workspace/builds/worker-6/source:/opt/rustwide/workdir:ro,Z" "-v" "/var/lib/crater-agent-workspace/cargo-home:/opt/rustwide/cargo-home:ro,Z" "-v" "/var/lib/crater-agent-workspace/rustup-home:/opt/rustwide/rustup-home:ro,Z" "-e" "SOURCE_DIR=/opt/rustwide/workdir" "-e" "CARGO_TARGET_DIR=/opt/rustwide/target" "-e" "CARGO_HOME=/opt/rustwide/cargo-home" "-e" "RUSTUP_HOME=/opt/rustwide/rustup-home" "-w" "/opt/rustwide/workdir" "-m" "1610612736" "--user" "0:0" "--network" "none" "ghcr.io/rust-lang/crates-build-env/linux@sha256:34b6a614d2c27851fe6cbf88fbd1137609cefab8b10d0615aaeb6fd47975d74e" "/opt/rustwide/cargo-home/bin/cargo" "+beta-2021-08-01" "metadata" "--no-deps" "--format-version=1", kill_on_drop: false }`
[INFO] [stdout] 7cac413cad3d6391659a40840dc872f90d5f301d87e546aafead08ba26824d4f
[INFO] [stderr] WARNING: Your kernel does not support swap limit capabilities or the cgroup is not mounted. Memory limited without swap.
[INFO] running `Command { std: "docker" "start" "-a" "7cac413cad3d6391659a40840dc872f90d5f301d87e546aafead08ba26824d4f", kill_on_drop: false }`
[INFO] running `Command { std: "docker" "inspect" "7cac413cad3d6391659a40840dc872f90d5f301d87e546aafead08ba26824d4f", kill_on_drop: false }`
[INFO] running `Command { std: "docker" "rm" "-f" "7cac413cad3d6391659a40840dc872f90d5f301d87e546aafead08ba26824d4f", kill_on_drop: false }`
[INFO] [stdout] 7cac413cad3d6391659a40840dc872f90d5f301d87e546aafead08ba26824d4f
[INFO] running `Command { std: "docker" "create" "-v" "/var/lib/crater-agent-workspace/builds/worker-6/target:/opt/rustwide/target:rw,Z" "-v" "/var/lib/crater-agent-workspace/builds/worker-6/source:/opt/rustwide/workdir:ro,Z" "-v" "/var/lib/crater-agent-workspace/cargo-home:/opt/rustwide/cargo-home:ro,Z" "-v" "/var/lib/crater-agent-workspace/rustup-home:/opt/rustwide/rustup-home:ro,Z" "-e" "SOURCE_DIR=/opt/rustwide/workdir" "-e" "CARGO_TARGET_DIR=/opt/rustwide/target" "-e" "CARGO_INCREMENTAL=0" "-e" "RUST_BACKTRACE=full" "-e" "RUSTFLAGS=--cap-lints=warn" "-e" "CARGO_HOME=/opt/rustwide/cargo-home" "-e" "RUSTUP_HOME=/opt/rustwide/rustup-home" "-w" "/opt/rustwide/workdir" "-m" "1610612736" "--user" "0:0" "--network" "none" "ghcr.io/rust-lang/crates-build-env/linux@sha256:34b6a614d2c27851fe6cbf88fbd1137609cefab8b10d0615aaeb6fd47975d74e" "/opt/rustwide/cargo-home/bin/cargo" "+beta-2021-08-01" "build" "--frozen" "--message-format=json", kill_on_drop: false }`
[INFO] [stdout] 477407895bc998d5e705d472d47598a224f4fe3fb7e1ea9e570d4edc24d9fd1d
[INFO] [stderr] WARNING: Your kernel does not support swap limit capabilities or the cgroup is not mounted. Memory limited without swap.
[INFO] running `Command { std: "docker" "start" "-a" "477407895bc998d5e705d472d47598a224f4fe3fb7e1ea9e570d4edc24d9fd1d", kill_on_drop: false }`
[INFO] [stderr]    Compiling serde_json v1.0.64
[INFO] [stderr]    Compiling inflections v1.1.1
[INFO] [stderr]    Compiling jpeg-decoder v0.1.22
[INFO] [stderr]    Compiling bytemuck v1.5.1
[INFO] [stderr]    Compiling deflate v0.8.6
[INFO] [stderr]    Compiling syn v1.0.72
[INFO] [stderr]    Compiling png v0.16.8
[INFO] [stderr]    Compiling image v0.23.14
[INFO] [stderr]    Compiling serde_derive v1.0.126
[INFO] [stderr]    Compiling gltf-derive v0.16.0
[INFO] [stderr]    Compiling gltf-json v0.16.0
[INFO] [stderr]    Compiling gltf v0.16.0 (/opt/rustwide/workdir)
[INFO] [stderr]     Finished dev [unoptimized + debuginfo] target(s) in 22.63s
[INFO] running `Command { std: "docker" "inspect" "477407895bc998d5e705d472d47598a224f4fe3fb7e1ea9e570d4edc24d9fd1d", kill_on_drop: false }`
[INFO] running `Command { std: "docker" "rm" "-f" "477407895bc998d5e705d472d47598a224f4fe3fb7e1ea9e570d4edc24d9fd1d", kill_on_drop: false }`
[INFO] [stdout] 477407895bc998d5e705d472d47598a224f4fe3fb7e1ea9e570d4edc24d9fd1d
[INFO] running `Command { std: "docker" "create" "-v" "/var/lib/crater-agent-workspace/builds/worker-6/target:/opt/rustwide/target:rw,Z" "-v" "/var/lib/crater-agent-workspace/builds/worker-6/source:/opt/rustwide/workdir:ro,Z" "-v" "/var/lib/crater-agent-workspace/cargo-home:/opt/rustwide/cargo-home:ro,Z" "-v" "/var/lib/crater-agent-workspace/rustup-home:/opt/rustwide/rustup-home:ro,Z" "-e" "SOURCE_DIR=/opt/rustwide/workdir" "-e" "CARGO_TARGET_DIR=/opt/rustwide/target" "-e" "CARGO_INCREMENTAL=0" "-e" "RUST_BACKTRACE=full" "-e" "RUSTFLAGS=--cap-lints=warn" "-e" "CARGO_HOME=/opt/rustwide/cargo-home" "-e" "RUSTUP_HOME=/opt/rustwide/rustup-home" "-w" "/opt/rustwide/workdir" "-m" "1610612736" "--user" "0:0" "--network" "none" "ghcr.io/rust-lang/crates-build-env/linux@sha256:34b6a614d2c27851fe6cbf88fbd1137609cefab8b10d0615aaeb6fd47975d74e" "/opt/rustwide/cargo-home/bin/cargo" "+beta-2021-08-01" "test" "--frozen" "--no-run" "--message-format=json", kill_on_drop: false }`
[INFO] [stderr] WARNING: Your kernel does not support swap limit capabilities or the cgroup is not mounted. Memory limited without swap.
[INFO] [stdout] d0eef9ca91c6d8af5e1e229a2129448793fe50892aad0fd5a19f13e49d23f837
[INFO] running `Command { std: "docker" "start" "-a" "d0eef9ca91c6d8af5e1e229a2129448793fe50892aad0fd5a19f13e49d23f837", kill_on_drop: false }`
[INFO] [stderr]    Compiling approx v0.3.2
[INFO] [stderr]    Compiling gltf v0.16.0 (/opt/rustwide/workdir)
[INFO] [stderr]     Finished test [unoptimized + debuginfo] target(s) in 6.29s
[INFO] running `Command { std: "docker" "inspect" "d0eef9ca91c6d8af5e1e229a2129448793fe50892aad0fd5a19f13e49d23f837", kill_on_drop: false }`
[INFO] running `Command { std: "docker" "rm" "-f" "d0eef9ca91c6d8af5e1e229a2129448793fe50892aad0fd5a19f13e49d23f837", kill_on_drop: false }`
[INFO] [stdout] d0eef9ca91c6d8af5e1e229a2129448793fe50892aad0fd5a19f13e49d23f837
[INFO] running `Command { std: "docker" "create" "-v" "/var/lib/crater-agent-workspace/builds/worker-6/target:/opt/rustwide/target:rw,Z" "-v" "/var/lib/crater-agent-workspace/builds/worker-6/source:/opt/rustwide/workdir:ro,Z" "-v" "/var/lib/crater-agent-workspace/cargo-home:/opt/rustwide/cargo-home:ro,Z" "-v" "/var/lib/crater-agent-workspace/rustup-home:/opt/rustwide/rustup-home:ro,Z" "-e" "SOURCE_DIR=/opt/rustwide/workdir" "-e" "CARGO_TARGET_DIR=/opt/rustwide/target" "-e" "CARGO_INCREMENTAL=0" "-e" "RUST_BACKTRACE=full" "-e" "RUSTFLAGS=--cap-lints=warn" "-e" "CARGO_HOME=/opt/rustwide/cargo-home" "-e" "RUSTUP_HOME=/opt/rustwide/rustup-home" "-w" "/opt/rustwide/workdir" "-m" "1610612736" "--user" "0:0" "--network" "none" "ghcr.io/rust-lang/crates-build-env/linux@sha256:34b6a614d2c27851fe6cbf88fbd1137609cefab8b10d0615aaeb6fd47975d74e" "/opt/rustwide/cargo-home/bin/cargo" "+beta-2021-08-01" "test" "--frozen", kill_on_drop: false }`
[INFO] [stdout] df09311f5a7c86bc417fe3ae6d95c523156fe98b84d0b22e318d6443c8d58c71
[INFO] [stderr] WARNING: Your kernel does not support swap limit capabilities or the cgroup is not mounted. Memory limited without swap.
[INFO] running `Command { std: "docker" "start" "-a" "df09311f5a7c86bc417fe3ae6d95c523156fe98b84d0b22e318d6443c8d58c71", kill_on_drop: false }`
[INFO] [stderr]     Finished test [unoptimized + debuginfo] target(s) in 0.04s
[INFO] [stdout] 
[INFO] [stderr]      Running unittests (/opt/rustwide/target/debug/deps/gltf-2f495b26660a51fb)
[INFO] [stdout] running 49 tests
[INFO] [stdout] test scene::tests::decompose_identity ... ok
[INFO] [stdout] test scene::tests::decompose_negative_yscale_unit ... ok
[INFO] [stdout] test scene::tests::decompose_nonuniform_scale_down_lsm ... ok
[INFO] [stdout] test scene::tests::decompose_nonuniform_scale_up_lsm ... ok
[INFO] [stdout] test scene::tests::decompose_negative_xscale_down ... ok
[INFO] [stdout] test scene::tests::decompose_nonuniform_scale_up_mls ... ok
[INFO] [stdout] test scene::tests::decompose_nonuniform_scale_unit_ls ... ok
[INFO] [stdout] test scene::tests::decompose_nonuniform_scale_ms_negative_up ... ok
[INFO] [stdout] test scene::tests::decompose_rotation_full_turn ... ok
[INFO] [stdout] test scene::tests::decompose_negative_zscale_unit ... ok
[INFO] [stdout] test scene::tests::decompose_negative_xscale_up ... ok
[INFO] [stdout] test scene::tests::decompose_nonuniform_scale_down_mls ... ok
[INFO] [stdout] test scene::tests::decompose_nonuniform_scale_ms_negative_unit ... ok
[INFO] [stdout] test scene::tests::decompose_negative_zscale_up ... ok
[INFO] [stdout] test scene::tests::decompose_negative_zscale_down ... ok
[INFO] [stdout] test scene::tests::decompose_nonuniform_scale_down_sml ... ok
[INFO] [stdout] test scene::tests::decompose_nonuniform_scale_ms_negative_down ... ok
[INFO] [stdout] test scene::tests::decompose_negative_yscale_up ... ok
[INFO] [stdout] test scene::tests::decompose_negative_yscale_down ... ok
[INFO] [stdout] test scene::tests::decompose_negative_xscale_unit ... ok
[INFO] [stdout] test scene::tests::decompose_rotation_eighth_turn ... ok
[INFO] [stdout] test scene::tests::decompose_nonuniform_scale_up_sml ... ok
[INFO] [stdout] test scene::tests::decompose_rotation_random0 ... ok
[INFO] [stdout] test scene::tests::decompose_translation_unit_x ... ok
[INFO] [stdout] test scene::tests::decompose_translation_unit_y ... ok
[INFO] [stdout] test scene::tests::decompose_translation_unit_z ... ok
[INFO] [stdout] test scene::tests::decompose_uniform_scale_down ... ok
[INFO] [stdout] test scene::tests::decompose_uniform_scale_up ... ok
[INFO] [stdout] test scene::tests::decompose_xscale_down ... ok
[INFO] [stdout] test scene::tests::decompose_xscale_up ... ok
[INFO] [stdout] test scene::tests::decompose_rotation_yaxis ... ok
[INFO] [stdout] test scene::tests::decompose_translation_random2 ... ok
[INFO] [stdout] test scene::tests::decompose_rotation_xaxis ... ok
[INFO] [stdout] test scene::tests::decompose_rotation_random1 ... ok
[INFO] [stdout] test scene::tests::decompose_translation_random1 ... ok
[INFO] [stdout] test scene::tests::decompose_rotation_negative_yaxis ... ok
[INFO] [stdout] test scene::tests::decompose_rotation_negative_quarter_turn ... ok
[INFO] [stdout] test scene::tests::decompose_rotation_zaxis ... ok
[INFO] [stdout] test scene::tests::decompose_translation_random0 ... ok
[INFO] [stdout] test scene::tests::decompose_rotation_zero_turn_yaxis ... ok
[INFO] [stdout] test scene::tests::decompose_rotation_negative_xaxis ... ok
[INFO] [stdout] test scene::tests::decompose_rotation_negative_zaxis ... ok
[INFO] [stdout] test scene::tests::decompose_rotation_zero_turn_xaxis ... ok
[INFO] [stdout] test scene::tests::decompose_rotation_zero_turn_zaxis ... ok
[INFO] [stdout] test scene::tests::decompose_rotation_half_turn ... ok
[INFO] [stdout] test scene::tests::decompose_zscale_up ... ok
[INFO] [stdout] test scene::tests::decompose_zscale_down ... ok
[INFO] [stdout] test scene::tests::decompose_yscale_down ... ok
[INFO] [stdout] test scene::tests::decompose_yscale_up ... ok
[INFO] [stdout] 
[INFO] [stdout] test result: ok. 49 passed; 0 failed; 0 ignored; 0 measured; 0 filtered out; finished in 0.02s
[INFO] [stdout] 
[INFO] [stderr]      Running tests/import_sanity_check.rs (/opt/rustwide/target/debug/deps/import_sanity_check-0add06d45be1f2af)
[INFO] [stdout] 
[INFO] [stdout] running 1 test
[INFO] [stdout] test import_sanity_check ... FAILED
[INFO] [stdout] 
[INFO] [stdout] failures:
[INFO] [stdout] 
[INFO] [stdout] ---- import_sanity_check stdout ----
[INFO] [stdout] thread 'import_sanity_check' panicked at 'test failure: Os { code: 2, kind: NotFound, message: "No such file or directory" }', tests/import_sanity_check.rs:92:11
[INFO] [stdout] stack backtrace:
[INFO] [stdout]    0:     0x560123cf5af0 - std::backtrace_rs::backtrace::libunwind::trace::hff4d1766e93f64f1
[INFO] [stdout]                                at /rustc/53fd98ca776cb875bc9e5514f56b52eb74f9e7a9/library/std/src/../../backtrace/src/backtrace/libunwind.rs:90:5
[INFO] [stdout]    1:     0x560123cf5af0 - std::backtrace_rs::backtrace::trace_unsynchronized::h56bbc8eb78770bcb
[INFO] [stdout]                                at /rustc/53fd98ca776cb875bc9e5514f56b52eb74f9e7a9/library/std/src/../../backtrace/src/backtrace/mod.rs:66:5
[INFO] [stdout]    2:     0x560123cf5af0 - std::sys_common::backtrace::_print_fmt::h5c8e75464faca780
[INFO] [stdout]                                at /rustc/53fd98ca776cb875bc9e5514f56b52eb74f9e7a9/library/std/src/sys_common/backtrace.rs:67:5
[INFO] [stdout]    3:     0x560123cf5af0 - <std::sys_common::backtrace::_print::DisplayBacktrace as core::fmt::Display>::fmt::h48b88277def8b362
[INFO] [stdout]                                at /rustc/53fd98ca776cb875bc9e5514f56b52eb74f9e7a9/library/std/src/sys_common/backtrace.rs:46:22
[INFO] [stdout]    4:     0x560123d186ec - core::fmt::write::h3381b3176fe2b3d3
[INFO] [stdout]                                at /rustc/53fd98ca776cb875bc9e5514f56b52eb74f9e7a9/library/core/src/fmt/mod.rs:1115:17
[INFO] [stdout]    5:     0x560123cf2595 - std::io::Write::write_fmt::h5f34a676f60246b5
[INFO] [stdout]                                at /rustc/53fd98ca776cb875bc9e5514f56b52eb74f9e7a9/library/std/src/io/mod.rs:1665:15
[INFO] [stdout]    6:     0x560123cf7c6b - std::sys_common::backtrace::_print::ha537687d6c17dd0d
[INFO] [stdout]                                at /rustc/53fd98ca776cb875bc9e5514f56b52eb74f9e7a9/library/std/src/sys_common/backtrace.rs:49:5
[INFO] [stdout]    7:     0x560123cf7c6b - std::sys_common::backtrace::print::h61376ae57d131d72
[INFO] [stdout]                                at /rustc/53fd98ca776cb875bc9e5514f56b52eb74f9e7a9/library/std/src/sys_common/backtrace.rs:36:9
[INFO] [stdout]    8:     0x560123cf7c6b - std::panicking::default_hook::{{closure}}::h0f7208c0b9644a54
[INFO] [stdout]                                at /rustc/53fd98ca776cb875bc9e5514f56b52eb74f9e7a9/library/std/src/panicking.rs:208:50
[INFO] [stdout]    9:     0x560123cf777c - std::panicking::default_hook::hdac7fc06578c14ce
[INFO] [stdout]                                at /rustc/53fd98ca776cb875bc9e5514f56b52eb74f9e7a9/library/std/src/panicking.rs:222:9
[INFO] [stdout]   10:     0x560123cf8334 - std::panicking::rust_panic_with_hook::h72b21c283da3d1ef
[INFO] [stdout]                                at /rustc/53fd98ca776cb875bc9e5514f56b52eb74f9e7a9/library/std/src/panicking.rs:622:17
[INFO] [stdout]   11:     0x560123cf7e17 - std::panicking::begin_panic_handler::{{closure}}::he5778f1729cff84a
[INFO] [stdout]                                at /rustc/53fd98ca776cb875bc9e5514f56b52eb74f9e7a9/library/std/src/panicking.rs:519:13
[INFO] [stdout]   12:     0x560123cf5fcc - std::sys_common::backtrace::__rust_end_short_backtrace::h2d11ca8b453b4b1d
[INFO] [stdout]                                at /rustc/53fd98ca776cb875bc9e5514f56b52eb74f9e7a9/library/std/src/sys_common/backtrace.rs:141:18
[INFO] [stdout]   13:     0x560123cf7d79 - rust_begin_unwind
[INFO] [stdout]                                at /rustc/53fd98ca776cb875bc9e5514f56b52eb74f9e7a9/library/std/src/panicking.rs:515:5
[INFO] [stdout]   14:     0x56012395d8d1 - core::panicking::panic_fmt::hf9de31d4acbce4db
[INFO] [stdout]                                at /rustc/53fd98ca776cb875bc9e5514f56b52eb74f9e7a9/library/core/src/panicking.rs:92:14
[INFO] [stdout]   15:     0x56012395d9c3 - core::result::unwrap_failed::ha0c84e81219e5878
[INFO] [stdout]                                at /rustc/53fd98ca776cb875bc9e5514f56b52eb74f9e7a9/library/core/src/result.rs:1599:5
[INFO] [stdout]   16:     0x5601239606ab - core::result::Result<T,E>::expect::h4974df73918992ae
[INFO] [stdout]                                at /rustc/53fd98ca776cb875bc9e5514f56b52eb74f9e7a9/library/core/src/result.rs:1241:23
[INFO] [stdout]   17:     0x5601239602a5 - import_sanity_check::import_sanity_check::h0afbc77b196596d1
[INFO] [stdout]                                at /opt/rustwide/workdir/tests/import_sanity_check.rs:92:5
[INFO] [stdout]   18:     0x56012396025a - import_sanity_check::import_sanity_check::{{closure}}::h9d6056a546a2a126
[INFO] [stdout]                                at /opt/rustwide/workdir/tests/import_sanity_check.rs:91:1
[INFO] [stdout]   19:     0x5601239625de - core::ops::function::FnOnce::call_once::hdfd6d30583020d92
[INFO] [stdout]                                at /rustc/53fd98ca776cb875bc9e5514f56b52eb74f9e7a9/library/core/src/ops/function.rs:227:5
[INFO] [stdout]   20:     0x560123cd9543 - core::ops::function::FnOnce::call_once::hbb52c4519d3137b0
[INFO] [stdout]                                at /rustc/53fd98ca776cb875bc9e5514f56b52eb74f9e7a9/library/core/src/ops/function.rs:227:5
[INFO] [stdout]   21:     0x560123cd9543 - test::__rust_begin_short_backtrace::h86fe3a2a5a5121af
[INFO] [stdout]                                at /rustc/53fd98ca776cb875bc9e5514f56b52eb74f9e7a9/library/test/src/lib.rs:578:5
[INFO] [stdout]   22:     0x560123cd7ff8 - <alloc::boxed::Box<F,A> as core::ops::function::FnOnce<Args>>::call_once::hfd956bc3d57399be
[INFO] [stdout]                                at /rustc/53fd98ca776cb875bc9e5514f56b52eb74f9e7a9/library/alloc/src/boxed.rs:1572:9
[INFO] [stdout]   23:     0x560123cd7ff8 - <std::panic::AssertUnwindSafe<F> as core::ops::function::FnOnce<()>>::call_once::h40dc93e0ddb5938a
[INFO] [stdout]                                at /rustc/53fd98ca776cb875bc9e5514f56b52eb74f9e7a9/library/std/src/panic.rs:347:9
[INFO] [stdout]   24:     0x560123cd7ff8 - std::panicking::try::do_call::h90d07750cb47c562
[INFO] [stdout]                                at /rustc/53fd98ca776cb875bc9e5514f56b52eb74f9e7a9/library/std/src/panicking.rs:401:40
[INFO] [stdout]   25:     0x560123cd7ff8 - std::panicking::try::h063c84733ad2a629
[INFO] [stdout]                                at /rustc/53fd98ca776cb875bc9e5514f56b52eb74f9e7a9/library/std/src/panicking.rs:365:19
[INFO] [stdout]   26:     0x560123cd7ff8 - std::panic::catch_unwind::h0c464836a84e7c08
[INFO] [stdout]                                at /rustc/53fd98ca776cb875bc9e5514f56b52eb74f9e7a9/library/std/src/panic.rs:434:14
[INFO] [stdout]   27:     0x560123cd7ff8 - test::run_test_in_process::h5cb06ef620b157fc
[INFO] [stdout]                                at /rustc/53fd98ca776cb875bc9e5514f56b52eb74f9e7a9/library/test/src/lib.rs:601:18
[INFO] [stdout]   28:     0x560123cd7ff8 - test::run_test::run_test_inner::{{closure}}::h76f677f4b93f9828
[INFO] [stdout]                                at /rustc/53fd98ca776cb875bc9e5514f56b52eb74f9e7a9/library/test/src/lib.rs:493:39
[INFO] [stdout]   29:     0x560123ca678d - test::run_test::run_test_inner::{{closure}}::h366d01fe04f4d67a
[INFO] [stdout]                                at /rustc/53fd98ca776cb875bc9e5514f56b52eb74f9e7a9/library/test/src/lib.rs:520:37
[INFO] [stdout]   30:     0x560123ca678d - std::sys_common::backtrace::__rust_begin_short_backtrace::h7dfa0de4eb395af2
[INFO] [stdout]                                at /rustc/53fd98ca776cb875bc9e5514f56b52eb74f9e7a9/library/std/src/sys_common/backtrace.rs:125:18
[INFO] [stdout]   31:     0x560123caaf58 - std::thread::Builder::spawn_unchecked::{{closure}}::{{closure}}::hf0a74bb58798037f
[INFO] [stdout]                                at /rustc/53fd98ca776cb875bc9e5514f56b52eb74f9e7a9/library/std/src/thread/mod.rs:476:17
[INFO] [stdout]   32:     0x560123caaf58 - <std::panic::AssertUnwindSafe<F> as core::ops::function::FnOnce<()>>::call_once::hb024e854818586ac
[INFO] [stdout]                                at /rustc/53fd98ca776cb875bc9e5514f56b52eb74f9e7a9/library/std/src/panic.rs:347:9
[INFO] [stdout]   33:     0x560123caaf58 - std::panicking::try::do_call::hb2dd9f1d0d48e41d
[INFO] [stdout]                                at /rustc/53fd98ca776cb875bc9e5514f56b52eb74f9e7a9/library/std/src/panicking.rs:401:40
[INFO] [stdout]   34:     0x560123caaf58 - std::panicking::try::h4717ae7bac8b2bf3
[INFO] [stdout]                                at /rustc/53fd98ca776cb875bc9e5514f56b52eb74f9e7a9/library/std/src/panicking.rs:365:19
[INFO] [stdout]   35:     0x560123caaf58 - std::panic::catch_unwind::h0dc8a061326ce8d8
[INFO] [stdout]                                at /rustc/53fd98ca776cb875bc9e5514f56b52eb74f9e7a9/library/std/src/panic.rs:434:14
[INFO] [stdout]   36:     0x560123caaf58 - std::thread::Builder::spawn_unchecked::{{closure}}::haa369e2d6fd00aa1
[INFO] [stdout]                                at /rustc/53fd98ca776cb875bc9e5514f56b52eb74f9e7a9/library/std/src/thread/mod.rs:475:30
[INFO] [stdout]   37:     0x560123caaf58 - core::ops::function::FnOnce::call_once{{vtable.shim}}::h36dcf3de8b056f17
[INFO] [stdout]                                at /rustc/53fd98ca776cb875bc9e5514f56b52eb74f9e7a9/library/core/src/ops/function.rs:227:5
[INFO] [stdout]   38:     0x560123cfd2c7 - <alloc::boxed::Box<F,A> as core::ops::function::FnOnce<Args>>::call_once::h65c29e4642be2358
[INFO] [stdout]                                at /rustc/53fd98ca776cb875bc9e5514f56b52eb74f9e7a9/library/alloc/src/boxed.rs:1572:9
[INFO] [stdout]   39:     0x560123cfd2c7 - <alloc::boxed::Box<F,A> as core::ops::function::FnOnce<Args>>::call_once::hd0f8f7fbbd9fffbf
[INFO] [stdout]                                at /rustc/53fd98ca776cb875bc9e5514f56b52eb74f9e7a9/library/alloc/src/boxed.rs:1572:9
[INFO] [stdout]   40:     0x560123cfd2c7 - std::sys::unix::thread::Thread::new::thread_start::h2fd22fee3ca77b65
[INFO] [stdout]                                at /rustc/53fd98ca776cb875bc9e5514f56b52eb74f9e7a9/library/std/src/sys/unix/thread.rs:74:17
[INFO] [stdout]   41:     0x7ff3af712609 - start_thread
[INFO] [stdout]   42:     0x7ff3af4e4293 - clone
[INFO] [stdout]   43:                0x0 - <unknown>
[INFO] [stdout] 
[INFO] [stdout] 
[INFO] [stdout] failures:
[INFO] [stdout]     import_sanity_check
[INFO] [stdout] 
[INFO] [stdout] test result: FAILED. 0 passed; 1 failed; 0 ignored; 0 measured; 0 filtered out; finished in 0.02s
[INFO] [stdout] 
[INFO] [stderr] error: test failed, to rerun pass '--test import_sanity_check'
[INFO] running `Command { std: "docker" "inspect" "df09311f5a7c86bc417fe3ae6d95c523156fe98b84d0b22e318d6443c8d58c71", kill_on_drop: false }`
[INFO] running `Command { std: "docker" "rm" "-f" "df09311f5a7c86bc417fe3ae6d95c523156fe98b84d0b22e318d6443c8d58c71", kill_on_drop: false }`
[INFO] [stdout] df09311f5a7c86bc417fe3ae6d95c523156fe98b84d0b22e318d6443c8d58c71
