[INFO] fetching crate glossy 0.2.0...
[INFO] testing glossy-0.2.0 against 1.54.0 for beta-1.55-1
[INFO] extracting crate glossy 0.2.0 into /workspace/builds/worker-2/source
[INFO] validating manifest of crates.io crate glossy 0.2.0 on toolchain 1.54.0
[INFO] running `Command { std: "/workspace/cargo-home/bin/cargo" "+1.54.0" "metadata" "--manifest-path" "Cargo.toml" "--no-deps", kill_on_drop: false }`
[INFO] started tweaking crates.io crate glossy 0.2.0
[INFO] finished tweaking crates.io crate glossy 0.2.0
[INFO] tweaked toml for crates.io crate glossy 0.2.0 written to /workspace/builds/worker-2/source/Cargo.toml
[INFO] running `Command { std: "/workspace/cargo-home/bin/cargo" "+1.54.0" "generate-lockfile" "--manifest-path" "Cargo.toml" "-Zno-index-update", kill_on_drop: false }`
[INFO] running `Command { std: "/workspace/cargo-home/bin/cargo" "+1.54.0" "fetch" "--manifest-path" "Cargo.toml", kill_on_drop: false }`
[INFO] running `Command { std: "docker" "create" "-v" "/var/lib/crater-agent-workspace/builds/worker-2/target:/opt/rustwide/target:rw,Z" "-v" "/var/lib/crater-agent-workspace/builds/worker-2/source:/opt/rustwide/workdir:ro,Z" "-v" "/var/lib/crater-agent-workspace/cargo-home:/opt/rustwide/cargo-home:ro,Z" "-v" "/var/lib/crater-agent-workspace/rustup-home:/opt/rustwide/rustup-home:ro,Z" "-e" "SOURCE_DIR=/opt/rustwide/workdir" "-e" "CARGO_TARGET_DIR=/opt/rustwide/target" "-e" "CARGO_HOME=/opt/rustwide/cargo-home" "-e" "RUSTUP_HOME=/opt/rustwide/rustup-home" "-w" "/opt/rustwide/workdir" "-m" "1610612736" "--user" "0:0" "--network" "none" "ghcr.io/rust-lang/crates-build-env/linux@sha256:34b6a614d2c27851fe6cbf88fbd1137609cefab8b10d0615aaeb6fd47975d74e" "/opt/rustwide/cargo-home/bin/cargo" "+1.54.0" "metadata" "--no-deps" "--format-version=1", kill_on_drop: false }`
[INFO] [stderr] WARNING: Your kernel does not support swap limit capabilities or the cgroup is not mounted. Memory limited without swap.
[INFO] [stdout] aa1a87a8dae11180d6057affb391b87ca6279ed847c7fc9263d0b0857caf3ee9
[INFO] running `Command { std: "docker" "start" "-a" "aa1a87a8dae11180d6057affb391b87ca6279ed847c7fc9263d0b0857caf3ee9", kill_on_drop: false }`
[INFO] running `Command { std: "docker" "inspect" "aa1a87a8dae11180d6057affb391b87ca6279ed847c7fc9263d0b0857caf3ee9", kill_on_drop: false }`
[INFO] running `Command { std: "docker" "rm" "-f" "aa1a87a8dae11180d6057affb391b87ca6279ed847c7fc9263d0b0857caf3ee9", kill_on_drop: false }`
[INFO] [stdout] aa1a87a8dae11180d6057affb391b87ca6279ed847c7fc9263d0b0857caf3ee9
[INFO] running `Command { std: "docker" "create" "-v" "/var/lib/crater-agent-workspace/builds/worker-2/target:/opt/rustwide/target:rw,Z" "-v" "/var/lib/crater-agent-workspace/builds/worker-2/source:/opt/rustwide/workdir:ro,Z" "-v" "/var/lib/crater-agent-workspace/cargo-home:/opt/rustwide/cargo-home:ro,Z" "-v" "/var/lib/crater-agent-workspace/rustup-home:/opt/rustwide/rustup-home:ro,Z" "-e" "SOURCE_DIR=/opt/rustwide/workdir" "-e" "CARGO_TARGET_DIR=/opt/rustwide/target" "-e" "CARGO_INCREMENTAL=0" "-e" "RUST_BACKTRACE=full" "-e" "RUSTFLAGS=--cap-lints=warn" "-e" "CARGO_HOME=/opt/rustwide/cargo-home" "-e" "RUSTUP_HOME=/opt/rustwide/rustup-home" "-w" "/opt/rustwide/workdir" "-m" "1610612736" "--user" "0:0" "--network" "none" "ghcr.io/rust-lang/crates-build-env/linux@sha256:34b6a614d2c27851fe6cbf88fbd1137609cefab8b10d0615aaeb6fd47975d74e" "/opt/rustwide/cargo-home/bin/cargo" "+1.54.0" "build" "--frozen" "--message-format=json", kill_on_drop: false }`
[INFO] [stdout] 9dbab2fa28badc7b97391aaf872044a7ae0375a0a284702c3fe4059530ce8346
[INFO] [stderr] WARNING: Your kernel does not support swap limit capabilities or the cgroup is not mounted. Memory limited without swap.
[INFO] running `Command { std: "docker" "start" "-a" "9dbab2fa28badc7b97391aaf872044a7ae0375a0a284702c3fe4059530ce8346", kill_on_drop: false }`
[INFO] [stderr]    Compiling glossy v0.2.0 (/opt/rustwide/workdir)
[INFO] [stderr]     Finished dev [unoptimized + debuginfo] target(s) in 0.18s
[INFO] running `Command { std: "docker" "inspect" "9dbab2fa28badc7b97391aaf872044a7ae0375a0a284702c3fe4059530ce8346", kill_on_drop: false }`
[INFO] running `Command { std: "docker" "rm" "-f" "9dbab2fa28badc7b97391aaf872044a7ae0375a0a284702c3fe4059530ce8346", kill_on_drop: false }`
[INFO] [stdout] 9dbab2fa28badc7b97391aaf872044a7ae0375a0a284702c3fe4059530ce8346
[INFO] running `Command { std: "docker" "create" "-v" "/var/lib/crater-agent-workspace/builds/worker-2/target:/opt/rustwide/target:rw,Z" "-v" "/var/lib/crater-agent-workspace/builds/worker-2/source:/opt/rustwide/workdir:ro,Z" "-v" "/var/lib/crater-agent-workspace/cargo-home:/opt/rustwide/cargo-home:ro,Z" "-v" "/var/lib/crater-agent-workspace/rustup-home:/opt/rustwide/rustup-home:ro,Z" "-e" "SOURCE_DIR=/opt/rustwide/workdir" "-e" "CARGO_TARGET_DIR=/opt/rustwide/target" "-e" "CARGO_INCREMENTAL=0" "-e" "RUST_BACKTRACE=full" "-e" "RUSTFLAGS=--cap-lints=warn" "-e" "CARGO_HOME=/opt/rustwide/cargo-home" "-e" "RUSTUP_HOME=/opt/rustwide/rustup-home" "-w" "/opt/rustwide/workdir" "-m" "1610612736" "--user" "0:0" "--network" "none" "ghcr.io/rust-lang/crates-build-env/linux@sha256:34b6a614d2c27851fe6cbf88fbd1137609cefab8b10d0615aaeb6fd47975d74e" "/opt/rustwide/cargo-home/bin/cargo" "+1.54.0" "test" "--frozen" "--no-run" "--message-format=json", kill_on_drop: false }`
[INFO] [stdout] d64b84251f2b9b78c1b960d2e21c3a4dcfd40beb4fd0ed54f5a817e11ed51075
[INFO] [stderr] WARNING: Your kernel does not support swap limit capabilities or the cgroup is not mounted. Memory limited without swap.
[INFO] running `Command { std: "docker" "start" "-a" "d64b84251f2b9b78c1b960d2e21c3a4dcfd40beb4fd0ed54f5a817e11ed51075", kill_on_drop: false }`
[INFO] [stderr]    Compiling glossy v0.2.0 (/opt/rustwide/workdir)
[INFO] [stderr]     Finished test [unoptimized + debuginfo] target(s) in 0.46s
[INFO] running `Command { std: "docker" "inspect" "d64b84251f2b9b78c1b960d2e21c3a4dcfd40beb4fd0ed54f5a817e11ed51075", kill_on_drop: false }`
[INFO] running `Command { std: "docker" "rm" "-f" "d64b84251f2b9b78c1b960d2e21c3a4dcfd40beb4fd0ed54f5a817e11ed51075", kill_on_drop: false }`
[INFO] [stdout] d64b84251f2b9b78c1b960d2e21c3a4dcfd40beb4fd0ed54f5a817e11ed51075
[INFO] running `Command { std: "docker" "create" "-v" "/var/lib/crater-agent-workspace/builds/worker-2/target:/opt/rustwide/target:rw,Z" "-v" "/var/lib/crater-agent-workspace/builds/worker-2/source:/opt/rustwide/workdir:ro,Z" "-v" "/var/lib/crater-agent-workspace/cargo-home:/opt/rustwide/cargo-home:ro,Z" "-v" "/var/lib/crater-agent-workspace/rustup-home:/opt/rustwide/rustup-home:ro,Z" "-e" "SOURCE_DIR=/opt/rustwide/workdir" "-e" "CARGO_TARGET_DIR=/opt/rustwide/target" "-e" "CARGO_INCREMENTAL=0" "-e" "RUST_BACKTRACE=full" "-e" "RUSTFLAGS=--cap-lints=warn" "-e" "CARGO_HOME=/opt/rustwide/cargo-home" "-e" "RUSTUP_HOME=/opt/rustwide/rustup-home" "-w" "/opt/rustwide/workdir" "-m" "1610612736" "--user" "0:0" "--network" "none" "ghcr.io/rust-lang/crates-build-env/linux@sha256:34b6a614d2c27851fe6cbf88fbd1137609cefab8b10d0615aaeb6fd47975d74e" "/opt/rustwide/cargo-home/bin/cargo" "+1.54.0" "test" "--frozen", kill_on_drop: false }`
[INFO] [stderr] WARNING: Your kernel does not support swap limit capabilities or the cgroup is not mounted. Memory limited without swap.
[INFO] [stdout] e406a242ae8fd7bbe04a5a5fbc6584b8d3763d20847d71eb1fba849f346ead5e
[INFO] running `Command { std: "docker" "start" "-a" "e406a242ae8fd7bbe04a5a5fbc6584b8d3763d20847d71eb1fba849f346ead5e", kill_on_drop: false }`
[INFO] [stderr]     Finished test [unoptimized + debuginfo] target(s) in 0.01s
[INFO] [stderr]      Running unittests (/opt/rustwide/target/debug/deps/glossy-6e9a16f7e95f8bd6)
[INFO] [stdout] 
[INFO] [stdout] running 0 tests
[INFO] [stdout] 
[INFO] [stdout] test result: ok. 0 passed; 0 failed; 0 ignored; 0 measured; 0 filtered out; finished in 0.00s
[INFO] [stdout] 
[INFO] [stderr]    Doc-tests glossy
[INFO] [stdout] 
[INFO] [stdout] running 2 tests
[INFO] [stdout] test src/lib.rs - (line 11) ... FAILED
[INFO] [stdout] test src/lib.rs - (line 26) ... FAILED
[INFO] [stdout] 
[INFO] [stdout] failures:
[INFO] [stdout] 
[INFO] [stdout] ---- src/lib.rs - (line 11) stdout ----
[INFO] [stdout] error: expected one of `!`, `.`, `::`, `;`, `?`, `{`, `}`, or an operator, found `main`
[INFO] [stdout]  --> src/lib.rs:14:6
[INFO] [stdout]   |
[INFO] [stdout] 6 | void main() {
[INFO] [stdout]   |      ^^^^ expected one of 8 possible tokens
[INFO] [stdout] 
[INFO] [stdout] error[E0463]: can't find crate for `glossy_codegen`
[INFO] [stdout]  --> src/lib.rs:10:1
[INFO] [stdout]   |
[INFO] [stdout] 2 | extern crate glossy_codegen as glsl;
[INFO] [stdout]   | ^^^^^^^^^^^^^^^^^^^^^^^^^^^^^^^^^^^^ can't find crate
[INFO] [stdout] 
[INFO] [stdout] error: aborting due to 2 previous errors
[INFO] [stdout] 
[INFO] [stdout] For more information about this error, try `rustc --explain E0463`.
[INFO] [stdout] Couldn't compile the test.
[INFO] [stdout] ---- src/lib.rs - (line 26) stdout ----
[INFO] [stdout] error: expected one of `!`, `.`, `::`, `;`, `?`, `{`, `}`, or an operator, found `main`
[INFO] [stdout]  --> src/lib.rs:31:6
[INFO] [stdout]   |
[INFO] [stdout] 7 | void main() {
[INFO] [stdout]   |      ^^^^ expected one of 8 possible tokens
[INFO] [stdout] 
[INFO] [stdout] error[E0468]: an `extern crate` loading macros must be at the crate root
[INFO] [stdout]  --> src/lib.rs:28:1
[INFO] [stdout]   |
[INFO] [stdout] 4 | extern crate glossy;
[INFO] [stdout]   | ^^^^^^^^^^^^^^^^^^^^
[INFO] [stdout] 
[INFO] [stdout] error[E0463]: can't find crate for `glium`
[INFO] [stdout]  --> src/lib.rs:29:1
[INFO] [stdout]   |
[INFO] [stdout] 5 | extern crate glium;
[INFO] [stdout]   | ^^^^^^^^^^^^^^^^^^^ can't find crate
[INFO] [stdout] 
[INFO] [stdout] error: aborting due to 3 previous errors
[INFO] [stdout] 
[INFO] [stdout] Some errors have detailed explanations: E0463, E0468.
[INFO] [stdout] For more information about an error, try `rustc --explain E0463`.
[INFO] [stdout] Couldn't compile the test.
[INFO] [stdout] 
[INFO] [stdout] failures:
[INFO] [stdout]     src/lib.rs - (line 11)
[INFO] [stdout]     src/lib.rs - (line 26)
[INFO] [stdout] 
[INFO] [stdout] test result: FAILED. 0 passed; 2 failed; 0 ignored; 0 measured; 0 filtered out; finished in 0.15s
[INFO] [stdout] 
[INFO] [stderr] error: test failed, to rerun pass '--doc'
[INFO] running `Command { std: "docker" "inspect" "e406a242ae8fd7bbe04a5a5fbc6584b8d3763d20847d71eb1fba849f346ead5e", kill_on_drop: false }`
[INFO] running `Command { std: "docker" "rm" "-f" "e406a242ae8fd7bbe04a5a5fbc6584b8d3763d20847d71eb1fba849f346ead5e", kill_on_drop: false }`
[INFO] [stdout] e406a242ae8fd7bbe04a5a5fbc6584b8d3763d20847d71eb1fba849f346ead5e
