[INFO] fetching crate glk 0.2.0...
[INFO] testing glk-0.2.0 against beta-2021-08-01 for beta-1.55-1
[INFO] extracting crate glk 0.2.0 into /workspace/builds/worker-2/source
[INFO] validating manifest of crates.io crate glk 0.2.0 on toolchain beta-2021-08-01
[INFO] running `Command { std: "/workspace/cargo-home/bin/cargo" "+beta-2021-08-01" "metadata" "--manifest-path" "Cargo.toml" "--no-deps", kill_on_drop: false }`
[INFO] started tweaking crates.io crate glk 0.2.0
[INFO] finished tweaking crates.io crate glk 0.2.0
[INFO] tweaked toml for crates.io crate glk 0.2.0 written to /workspace/builds/worker-2/source/Cargo.toml
[INFO] crate crates.io crate glk 0.2.0 already has a lockfile, it will not be regenerated
[INFO] running `Command { std: "/workspace/cargo-home/bin/cargo" "+beta-2021-08-01" "fetch" "--manifest-path" "Cargo.toml", kill_on_drop: false }`
[INFO] [stderr]  Downloading crates ...
[INFO] [stderr]   Downloaded glulxe v0.2.0
[INFO] [stderr]   Downloaded crossterm v0.12.1
[INFO] running `Command { std: "docker" "create" "-v" "/var/lib/crater-agent-workspace/builds/worker-2/target:/opt/rustwide/target:rw,Z" "-v" "/var/lib/crater-agent-workspace/builds/worker-2/source:/opt/rustwide/workdir:ro,Z" "-v" "/var/lib/crater-agent-workspace/cargo-home:/opt/rustwide/cargo-home:ro,Z" "-v" "/var/lib/crater-agent-workspace/rustup-home:/opt/rustwide/rustup-home:ro,Z" "-e" "SOURCE_DIR=/opt/rustwide/workdir" "-e" "CARGO_TARGET_DIR=/opt/rustwide/target" "-e" "CARGO_HOME=/opt/rustwide/cargo-home" "-e" "RUSTUP_HOME=/opt/rustwide/rustup-home" "-w" "/opt/rustwide/workdir" "-m" "1610612736" "--user" "0:0" "--network" "none" "ghcr.io/rust-lang/crates-build-env/linux@sha256:34b6a614d2c27851fe6cbf88fbd1137609cefab8b10d0615aaeb6fd47975d74e" "/opt/rustwide/cargo-home/bin/cargo" "+beta-2021-08-01" "metadata" "--no-deps" "--format-version=1", kill_on_drop: false }`
[INFO] [stdout] 793061ce573f5109c038c010e6b891ed1a9efcb2821055a522219c8b65bf9fa8
[INFO] [stderr] WARNING: Your kernel does not support swap limit capabilities or the cgroup is not mounted. Memory limited without swap.
[INFO] running `Command { std: "docker" "start" "-a" "793061ce573f5109c038c010e6b891ed1a9efcb2821055a522219c8b65bf9fa8", kill_on_drop: false }`
[INFO] running `Command { std: "docker" "inspect" "793061ce573f5109c038c010e6b891ed1a9efcb2821055a522219c8b65bf9fa8", kill_on_drop: false }`
[INFO] running `Command { std: "docker" "rm" "-f" "793061ce573f5109c038c010e6b891ed1a9efcb2821055a522219c8b65bf9fa8", kill_on_drop: false }`
[INFO] [stdout] 793061ce573f5109c038c010e6b891ed1a9efcb2821055a522219c8b65bf9fa8
[INFO] running `Command { std: "docker" "create" "-v" "/var/lib/crater-agent-workspace/builds/worker-2/target:/opt/rustwide/target:rw,Z" "-v" "/var/lib/crater-agent-workspace/builds/worker-2/source:/opt/rustwide/workdir:ro,Z" "-v" "/var/lib/crater-agent-workspace/cargo-home:/opt/rustwide/cargo-home:ro,Z" "-v" "/var/lib/crater-agent-workspace/rustup-home:/opt/rustwide/rustup-home:ro,Z" "-e" "SOURCE_DIR=/opt/rustwide/workdir" "-e" "CARGO_TARGET_DIR=/opt/rustwide/target" "-e" "CARGO_INCREMENTAL=0" "-e" "RUST_BACKTRACE=full" "-e" "RUSTFLAGS=--cap-lints=warn" "-e" "CARGO_HOME=/opt/rustwide/cargo-home" "-e" "RUSTUP_HOME=/opt/rustwide/rustup-home" "-w" "/opt/rustwide/workdir" "-m" "1610612736" "--user" "0:0" "--network" "none" "ghcr.io/rust-lang/crates-build-env/linux@sha256:34b6a614d2c27851fe6cbf88fbd1137609cefab8b10d0615aaeb6fd47975d74e" "/opt/rustwide/cargo-home/bin/cargo" "+beta-2021-08-01" "build" "--frozen" "--message-format=json", kill_on_drop: false }`
[INFO] [stderr] WARNING: Your kernel does not support swap limit capabilities or the cgroup is not mounted. Memory limited without swap.
[INFO] [stdout] e58797cc196e8f677c31b7148c088e61c4dcf45f8d21ef75aa0bebfa855271f8
[INFO] running `Command { std: "docker" "start" "-a" "e58797cc196e8f677c31b7148c088e61c4dcf45f8d21ef75aa0bebfa855271f8", kill_on_drop: false }`
[INFO] [stderr]    Compiling libc v0.2.64
[INFO] [stderr]    Compiling proc-macro2 v1.0.5
[INFO] [stderr]    Compiling bindgen v0.51.1
[INFO] [stderr]    Compiling libloading v0.5.2
[INFO] [stderr]    Compiling nom v4.2.3
[INFO] [stderr]    Compiling rustc-hash v1.0.1
[INFO] [stderr]    Compiling cexpr v0.3.5
[INFO] [stderr]    Compiling atty v0.2.13
[INFO] [stderr]    Compiling clang-sys v0.28.1
[INFO] [stderr]    Compiling which v3.0.0
[INFO] [stderr]    Compiling quote v1.0.2
[INFO] [stderr]    Compiling env_logger v0.6.2
[INFO] [stderr]    Compiling clap v2.33.0
[INFO] [stderr]    Compiling glk-sys v0.2.0
[INFO] [stderr]    Compiling glk v0.2.0 (/opt/rustwide/workdir)
[INFO] [stdout] warning: unused borrow that must be used
[INFO] [stdout]   --> src/helpers/memory_stream.rs:88:13
[INFO] [stdout]    |
[INFO] [stdout] 88 |             &buf[0..last - self.pos].copy_from_slice(&self.buffer[self.pos..last]);
[INFO] [stdout]    |             ^^^^^^^^^^^^^^^^^^^^^^^^^^^^^^^^^^^^^^^^^^^^^^^^^^^^^^^^^^^^^^^^^^^^^^
[INFO] [stdout]    |
[INFO] [stdout]    = note: `#[warn(unused_must_use)]` on by default
[INFO] [stdout] 
[INFO] [stdout] 
[INFO] [stdout] warning: unused borrow that must be used
[INFO] [stdout]    --> src/helpers/memory_stream.rs:189:13
[INFO] [stdout]     |
[INFO] [stdout] 189 |             &buf[0..last - self.pos].copy_from_slice(&self.buffer[self.pos..last]);
[INFO] [stdout]     |             ^^^^^^^^^^^^^^^^^^^^^^^^^^^^^^^^^^^^^^^^^^^^^^^^^^^^^^^^^^^^^^^^^^^^^^
[INFO] [stdout] 
[INFO] [stdout] 
[INFO] [stdout] warning: 2 warnings emitted
[INFO] [stdout] 
[INFO] [stdout] 
[INFO] [stderr]     Finished dev [unoptimized + debuginfo] target(s) in 25.19s
[INFO] running `Command { std: "docker" "inspect" "e58797cc196e8f677c31b7148c088e61c4dcf45f8d21ef75aa0bebfa855271f8", kill_on_drop: false }`
[INFO] running `Command { std: "docker" "rm" "-f" "e58797cc196e8f677c31b7148c088e61c4dcf45f8d21ef75aa0bebfa855271f8", kill_on_drop: false }`
[INFO] [stdout] e58797cc196e8f677c31b7148c088e61c4dcf45f8d21ef75aa0bebfa855271f8
[INFO] running `Command { std: "docker" "create" "-v" "/var/lib/crater-agent-workspace/builds/worker-2/target:/opt/rustwide/target:rw,Z" "-v" "/var/lib/crater-agent-workspace/builds/worker-2/source:/opt/rustwide/workdir:ro,Z" "-v" "/var/lib/crater-agent-workspace/cargo-home:/opt/rustwide/cargo-home:ro,Z" "-v" "/var/lib/crater-agent-workspace/rustup-home:/opt/rustwide/rustup-home:ro,Z" "-e" "SOURCE_DIR=/opt/rustwide/workdir" "-e" "CARGO_TARGET_DIR=/opt/rustwide/target" "-e" "CARGO_INCREMENTAL=0" "-e" "RUST_BACKTRACE=full" "-e" "RUSTFLAGS=--cap-lints=warn" "-e" "CARGO_HOME=/opt/rustwide/cargo-home" "-e" "RUSTUP_HOME=/opt/rustwide/rustup-home" "-w" "/opt/rustwide/workdir" "-m" "1610612736" "--user" "0:0" "--network" "none" "ghcr.io/rust-lang/crates-build-env/linux@sha256:34b6a614d2c27851fe6cbf88fbd1137609cefab8b10d0615aaeb6fd47975d74e" "/opt/rustwide/cargo-home/bin/cargo" "+beta-2021-08-01" "test" "--frozen" "--no-run" "--message-format=json", kill_on_drop: false }`
[INFO] [stdout] 4ecaba41ce6dcaf1bc0172c69ce275b069652ca094d9c3f71ad7abf4ffa4a625
[INFO] [stderr] WARNING: Your kernel does not support swap limit capabilities or the cgroup is not mounted. Memory limited without swap.
[INFO] running `Command { std: "docker" "start" "-a" "4ecaba41ce6dcaf1bc0172c69ce275b069652ca094d9c3f71ad7abf4ffa4a625", kill_on_drop: false }`
[INFO] [stderr]    Compiling net2 v0.2.33
[INFO] [stderr]    Compiling iovec v0.1.4
[INFO] [stderr]    Compiling glulxe-sys v0.2.0
[INFO] [stdout] warning: unused borrow that must be used
[INFO] [stdout]   --> src/helpers/memory_stream.rs:88:13
[INFO] [stdout]    |
[INFO] [stdout] 88 |             &buf[0..last - self.pos].copy_from_slice(&self.buffer[self.pos..last]);
[INFO] [stdout]    |             ^^^^^^^^^^^^^^^^^^^^^^^^^^^^^^^^^^^^^^^^^^^^^^^^^^^^^^^^^^^^^^^^^^^^^^
[INFO] [stdout]    |
[INFO] [stdout]    = note: `#[warn(unused_must_use)]` on by default
[INFO] [stdout] 
[INFO] [stdout] 
[INFO] [stdout] warning: unused borrow that must be used
[INFO] [stdout]    --> src/helpers/memory_stream.rs:189:13
[INFO] [stdout]     |
[INFO] [stdout] 189 |             &buf[0..last - self.pos].copy_from_slice(&self.buffer[self.pos..last]);
[INFO] [stdout]     |             ^^^^^^^^^^^^^^^^^^^^^^^^^^^^^^^^^^^^^^^^^^^^^^^^^^^^^^^^^^^^^^^^^^^^^^
[INFO] [stdout] 
[INFO] [stdout] 
[INFO] [stdout] warning: 2 warnings emitted
[INFO] [stdout] 
[INFO] [stdout] 
[INFO] [stderr]    Compiling mio v0.6.19
[INFO] [stderr]    Compiling crossterm v0.12.1
[INFO] [stderr]    Compiling glulxe v0.2.0
[INFO] [stderr]    Compiling glk v0.2.0 (/opt/rustwide/workdir)
[INFO] [stdout] warning: unused borrow that must be used
[INFO] [stdout]   --> src/helpers/memory_stream.rs:88:13
[INFO] [stdout]    |
[INFO] [stdout] 88 |             &buf[0..last - self.pos].copy_from_slice(&self.buffer[self.pos..last]);
[INFO] [stdout]    |             ^^^^^^^^^^^^^^^^^^^^^^^^^^^^^^^^^^^^^^^^^^^^^^^^^^^^^^^^^^^^^^^^^^^^^^
[INFO] [stdout]    |
[INFO] [stdout]    = note: `#[warn(unused_must_use)]` on by default
[INFO] [stdout] 
[INFO] [stdout] 
[INFO] [stdout] warning: unused borrow that must be used
[INFO] [stdout]    --> src/helpers/memory_stream.rs:189:13
[INFO] [stdout]     |
[INFO] [stdout] 189 |             &buf[0..last - self.pos].copy_from_slice(&self.buffer[self.pos..last]);
[INFO] [stdout]     |             ^^^^^^^^^^^^^^^^^^^^^^^^^^^^^^^^^^^^^^^^^^^^^^^^^^^^^^^^^^^^^^^^^^^^^^
[INFO] [stdout] 
[INFO] [stdout] 
[INFO] [stdout] warning: 2 warnings emitted
[INFO] [stdout] 
[INFO] [stdout] 
[INFO] [stderr]     Finished test [unoptimized + debuginfo] target(s) in 13.05s
[INFO] running `Command { std: "docker" "inspect" "4ecaba41ce6dcaf1bc0172c69ce275b069652ca094d9c3f71ad7abf4ffa4a625", kill_on_drop: false }`
[INFO] running `Command { std: "docker" "rm" "-f" "4ecaba41ce6dcaf1bc0172c69ce275b069652ca094d9c3f71ad7abf4ffa4a625", kill_on_drop: false }`
[INFO] [stdout] 4ecaba41ce6dcaf1bc0172c69ce275b069652ca094d9c3f71ad7abf4ffa4a625
[INFO] running `Command { std: "docker" "create" "-v" "/var/lib/crater-agent-workspace/builds/worker-2/target:/opt/rustwide/target:rw,Z" "-v" "/var/lib/crater-agent-workspace/builds/worker-2/source:/opt/rustwide/workdir:ro,Z" "-v" "/var/lib/crater-agent-workspace/cargo-home:/opt/rustwide/cargo-home:ro,Z" "-v" "/var/lib/crater-agent-workspace/rustup-home:/opt/rustwide/rustup-home:ro,Z" "-e" "SOURCE_DIR=/opt/rustwide/workdir" "-e" "CARGO_TARGET_DIR=/opt/rustwide/target" "-e" "CARGO_INCREMENTAL=0" "-e" "RUST_BACKTRACE=full" "-e" "RUSTFLAGS=--cap-lints=warn" "-e" "CARGO_HOME=/opt/rustwide/cargo-home" "-e" "RUSTUP_HOME=/opt/rustwide/rustup-home" "-w" "/opt/rustwide/workdir" "-m" "1610612736" "--user" "0:0" "--network" "none" "ghcr.io/rust-lang/crates-build-env/linux@sha256:34b6a614d2c27851fe6cbf88fbd1137609cefab8b10d0615aaeb6fd47975d74e" "/opt/rustwide/cargo-home/bin/cargo" "+beta-2021-08-01" "test" "--frozen", kill_on_drop: false }`
[INFO] [stdout] 382ac12a4b52e376d0d177ac340883b23a46fff9092b51f054dffc783d07c226
[INFO] [stderr] WARNING: Your kernel does not support swap limit capabilities or the cgroup is not mounted. Memory limited without swap.
[INFO] running `Command { std: "docker" "start" "-a" "382ac12a4b52e376d0d177ac340883b23a46fff9092b51f054dffc783d07c226", kill_on_drop: false }`
[INFO] [stderr] warning: unused borrow that must be used
[INFO] [stderr]   --> src/helpers/memory_stream.rs:88:13
[INFO] [stderr]    |
[INFO] [stderr] 88 |             &buf[0..last - self.pos].copy_from_slice(&self.buffer[self.pos..last]);
[INFO] [stderr]    |             ^^^^^^^^^^^^^^^^^^^^^^^^^^^^^^^^^^^^^^^^^^^^^^^^^^^^^^^^^^^^^^^^^^^^^^
[INFO] [stderr]    |
[INFO] [stderr]    = note: `#[warn(unused_must_use)]` on by default
[INFO] [stderr] 
[INFO] [stderr] warning: unused borrow that must be used
[INFO] [stderr]    --> src/helpers/memory_stream.rs:189:13
[INFO] [stderr]     |
[INFO] [stderr] 189 |             &buf[0..last - self.pos].copy_from_slice(&self.buffer[self.pos..last]);
[INFO] [stderr]     |             ^^^^^^^^^^^^^^^^^^^^^^^^^^^^^^^^^^^^^^^^^^^^^^^^^^^^^^^^^^^^^^^^^^^^^^
[INFO] [stderr] 
[INFO] [stderr] warning: `glk` (lib) generated 2 warnings
[INFO] [stderr] warning: `glk` (lib test) generated 2 warnings (2 duplicates)
[INFO] [stderr]     Finished test [unoptimized + debuginfo] target(s) in 0.06s
[INFO] [stderr]      Running unittests (/opt/rustwide/target/debug/deps/glk-e00311cf20ea8e53)
[INFO] [stdout] 
[INFO] [stdout] running 17 tests
[INFO] [stdout] test helpers::pool::tests::from_iter ... ok
[INFO] [stdout] test filename::tests::test_to_os_string ... ok
[INFO] [stdout] test helpers::pool::tests::get ... ok
[INFO] [stdout] test helpers::pool::tests::clear ... ok
[INFO] [stdout] test helpers::pool::tests::iter ... ok
[INFO] [stdout] test helpers::pool::tests::iter_mut ... ok
[INFO] [stdout] test filename::tests::test_extension ... ok
[INFO] [stdout] test helpers::pool::tests::insert ... ok
[INFO] [stdout] test helpers::pool::tests::indexing ... ok
[INFO] [stdout] test helpers::pool::tests::new ... ok
[INFO] [stdout] test helpers::pool::tests::next ... ok
[INFO] [stdout] test helpers::pool::tests::remove ... ok
[INFO] [stdout] test helpers::pool::tests::reserve ... ok
[INFO] [stdout] test helpers::pool::tests::with_capacity ... ok
[INFO] [stdout] test helpers::pool::tests::reserve_exact ... ok
[INFO] [stdout] test helpers::pool::tests::indexing_vacant - should panic ... ok
[INFO] [stderr]    Doc-tests glk
[INFO] [stdout] test helpers::pool::tests::invalid_indexing - should panic ... ok
[INFO] [stdout] 
[INFO] [stdout] test result: ok. 17 passed; 0 failed; 0 ignored; 0 measured; 0 filtered out; finished in 0.07s
[INFO] [stdout] 
[INFO] [stdout] 
[INFO] [stdout] running 21 tests
[INFO] [stdout] test src/helpers/pool.rs - helpers::pool::ObjPool<T, O>::new (line 130) ... FAILED
[INFO] [stdout] test src/helpers/pool.rs - helpers::pool::ObjPool<T, O>::is_empty (line 219) ... FAILED
[INFO] [stdout] test src/helpers/pool.rs - helpers::pool::ObjPool<T, O>::next_vacant (line 238) ... FAILED
[INFO] [stdout] test src/helpers/pool.rs - helpers::pool::ObjPool<T, O>::get_mut (line 392) ... FAILED
[INFO] [stdout] test src/helpers/pool.rs - helpers::pool::ObjPool<T, O>::clear (line 342) ... FAILED
[INFO] [stdout] test src/helpers/pool.rs - helpers::pool::ObjPool<T, O>::insert (line 265) ... FAILED
[INFO] [stdout] test src/helpers/pool.rs - helpers::pool::ObjPool<T, O>::len (line 199) ... FAILED
[INFO] [stdout] test src/helpers/pool.rs - helpers::pool::ObjPool<T, O>::get_unchecked_mut (line 444) ... FAILED
[INFO] [stdout] test src/helpers/pool.rs - helpers::pool::ObjPool<T, O>::get_unchecked (line 420) ... FAILED
[INFO] [stdout] test src/helpers/pool.rs - helpers::pool::ObjPool<T, O>::get (line 367) ... FAILED
[INFO] [stdout] test src/helpers/pool.rs - helpers::pool::ObjPool<T, O>::iter (line 548) ... FAILED
[INFO] [stdout] test src/helpers/pool.rs - helpers::pool::ObjPool<T, O>::capacity (line 184) ... FAILED
[INFO] [stdout] test src/helpers/pool.rs - helpers::pool::ObjPool (line 60) ... FAILED
[INFO] [stdout] test src/helpers/pool.rs - helpers::pool::ObjPool (line 80) ... FAILED
[INFO] [stdout] test src/helpers/pool.rs - helpers::pool::ObjPool<T, O>::iter_mut (line 573) ... FAILED
[INFO] [stdout] test src/helpers/pool.rs - helpers::pool::ObjPool<T, O>::remove (line 308) ... FAILED
[INFO] [stdout] test src/helpers/pool.rs - helpers::pool::ObjPool<T, O>::reserve (line 502) ... FAILED
[INFO] [stdout] test src/helpers/pool.rs - helpers::pool::ObjPool<T, O>::reserve_exact (line 528) ... FAILED
[INFO] [stdout] test src/helpers/pool.rs - helpers::pool::ObjPool<T, O>::shrink_to_fit (line 606) ... FAILED
[INFO] [stdout] test src/helpers/pool.rs - helpers::pool::ObjPool<T, O>::swap (line 471) ... FAILED
[INFO] [stdout] test src/helpers/pool.rs - helpers::pool::ObjPool<T, O>::with_capacity (line 152) ... FAILED
[INFO] [stdout] 
[INFO] [stdout] failures:
[INFO] [stdout] 
[INFO] [stdout] ---- src/helpers/pool.rs - helpers::pool::ObjPool<T, O>::new (line 130) stdout ----
[INFO] [stdout] error[E0432]: unresolved import `obj_pool`
[INFO] [stdout]  --> src/helpers/pool.rs:131:5
[INFO] [stdout]   |
[INFO] [stdout] 3 | use obj_pool::ObjPool;
[INFO] [stdout]   |     ^^^^^^^^ use of undeclared crate or module `obj_pool`
[INFO] [stdout] 
[INFO] [stdout] error: aborting due to previous error
[INFO] [stdout] 
[INFO] [stdout] For more information about this error, try `rustc --explain E0432`.
[INFO] [stdout] Couldn't compile the test.
[INFO] [stdout] ---- src/helpers/pool.rs - helpers::pool::ObjPool<T, O>::is_empty (line 219) stdout ----
[INFO] [stdout] error[E0432]: unresolved import `obj_pool`
[INFO] [stdout]  --> src/helpers/pool.rs:220:5
[INFO] [stdout]   |
[INFO] [stdout] 3 | use obj_pool::ObjPool;
[INFO] [stdout]   |     ^^^^^^^^ use of undeclared crate or module `obj_pool`
[INFO] [stdout] 
[INFO] [stdout] error: aborting due to previous error
[INFO] [stdout] 
[INFO] [stdout] For more information about this error, try `rustc --explain E0432`.
[INFO] [stdout] Couldn't compile the test.
[INFO] [stdout] ---- src/helpers/pool.rs - helpers::pool::ObjPool<T, O>::next_vacant (line 238) stdout ----
[INFO] [stdout] error[E0432]: unresolved import `obj_pool`
[INFO] [stdout]  --> src/helpers/pool.rs:239:5
[INFO] [stdout]   |
[INFO] [stdout] 3 | use obj_pool::ObjPool;
[INFO] [stdout]   |     ^^^^^^^^ use of undeclared crate or module `obj_pool`
[INFO] [stdout] 
[INFO] [stdout] error: aborting due to previous error
[INFO] [stdout] 
[INFO] [stdout] For more information about this error, try `rustc --explain E0432`.
[INFO] [stdout] Couldn't compile the test.
[INFO] [stdout] ---- src/helpers/pool.rs - helpers::pool::ObjPool<T, O>::get_mut (line 392) stdout ----
[INFO] [stdout] error[E0432]: unresolved import `obj_pool`
[INFO] [stdout]  --> src/helpers/pool.rs:393:5
[INFO] [stdout]   |
[INFO] [stdout] 3 | use obj_pool::ObjPool;
[INFO] [stdout]   |     ^^^^^^^^ use of undeclared crate or module `obj_pool`
[INFO] [stdout] 
[INFO] [stdout] error: aborting due to previous error
[INFO] [stdout] 
[INFO] [stdout] For more information about this error, try `rustc --explain E0432`.
[INFO] [stdout] Couldn't compile the test.
[INFO] [stdout] ---- src/helpers/pool.rs - helpers::pool::ObjPool<T, O>::clear (line 342) stdout ----
[INFO] [stdout] error[E0432]: unresolved import `obj_pool`
[INFO] [stdout]  --> src/helpers/pool.rs:343:5
[INFO] [stdout]   |
[INFO] [stdout] 3 | use obj_pool::ObjPool;
[INFO] [stdout]   |     ^^^^^^^^ use of undeclared crate or module `obj_pool`
[INFO] [stdout] 
[INFO] [stdout] error: aborting due to previous error
[INFO] [stdout] 
[INFO] [stdout] For more information about this error, try `rustc --explain E0432`.
[INFO] [stdout] Couldn't compile the test.
[INFO] [stdout] ---- src/helpers/pool.rs - helpers::pool::ObjPool<T, O>::insert (line 265) stdout ----
[INFO] [stdout] error[E0432]: unresolved import `obj_pool`
[INFO] [stdout]  --> src/helpers/pool.rs:266:5
[INFO] [stdout]   |
[INFO] [stdout] 3 | use obj_pool::ObjPool;
[INFO] [stdout]   |     ^^^^^^^^ use of undeclared crate or module `obj_pool`
[INFO] [stdout] 
[INFO] [stdout] error: aborting due to previous error
[INFO] [stdout] 
[INFO] [stdout] For more information about this error, try `rustc --explain E0432`.
[INFO] [stdout] Couldn't compile the test.
[INFO] [stdout] ---- src/helpers/pool.rs - helpers::pool::ObjPool<T, O>::len (line 199) stdout ----
[INFO] [stdout] error[E0432]: unresolved import `obj_pool`
[INFO] [stdout]  --> src/helpers/pool.rs:200:5
[INFO] [stdout]   |
[INFO] [stdout] 3 | use obj_pool::ObjPool;
[INFO] [stdout]   |     ^^^^^^^^ use of undeclared crate or module `obj_pool`
[INFO] [stdout] 
[INFO] [stdout] error: aborting due to previous error
[INFO] [stdout] 
[INFO] [stdout] For more information about this error, try `rustc --explain E0432`.
[INFO] [stdout] Couldn't compile the test.
[INFO] [stdout] ---- src/helpers/pool.rs - helpers::pool::ObjPool<T, O>::get_unchecked_mut (line 444) stdout ----
[INFO] [stdout] error[E0432]: unresolved import `obj_pool`
[INFO] [stdout]  --> src/helpers/pool.rs:445:5
[INFO] [stdout]   |
[INFO] [stdout] 3 | use obj_pool::ObjPool;
[INFO] [stdout]   |     ^^^^^^^^ use of undeclared crate or module `obj_pool`
[INFO] [stdout] 
[INFO] [stdout] error: aborting due to previous error
[INFO] [stdout] 
[INFO] [stdout] For more information about this error, try `rustc --explain E0432`.
[INFO] [stdout] Couldn't compile the test.
[INFO] [stdout] ---- src/helpers/pool.rs - helpers::pool::ObjPool<T, O>::get_unchecked (line 420) stdout ----
[INFO] [stdout] error[E0432]: unresolved import `obj_pool`
[INFO] [stdout]  --> src/helpers/pool.rs:421:5
[INFO] [stdout]   |
[INFO] [stdout] 3 | use obj_pool::ObjPool;
[INFO] [stdout]   |     ^^^^^^^^ use of undeclared crate or module `obj_pool`
[INFO] [stdout] 
[INFO] [stdout] error: aborting due to previous error
[INFO] [stdout] 
[INFO] [stdout] For more information about this error, try `rustc --explain E0432`.
[INFO] [stdout] Couldn't compile the test.
[INFO] [stdout] ---- src/helpers/pool.rs - helpers::pool::ObjPool<T, O>::get (line 367) stdout ----
[INFO] [stdout] error[E0432]: unresolved import `obj_pool`
[INFO] [stdout]  --> src/helpers/pool.rs:368:5
[INFO] [stdout]   |
[INFO] [stdout] 3 | use obj_pool::ObjPool;
[INFO] [stdout]   |     ^^^^^^^^ use of undeclared crate or module `obj_pool`
[INFO] [stdout] 
[INFO] [stdout] error: aborting due to previous error
[INFO] [stdout] 
[INFO] [stdout] For more information about this error, try `rustc --explain E0432`.
[INFO] [stdout] Couldn't compile the test.
[INFO] [stdout] ---- src/helpers/pool.rs - helpers::pool::ObjPool<T, O>::iter (line 548) stdout ----
[INFO] [stdout] error[E0432]: unresolved import `obj_pool`
[INFO] [stdout]  --> src/helpers/pool.rs:549:5
[INFO] [stdout]   |
[INFO] [stdout] 3 | use obj_pool::ObjPool;
[INFO] [stdout]   |     ^^^^^^^^ use of undeclared crate or module `obj_pool`
[INFO] [stdout] 
[INFO] [stdout] error: aborting due to previous error
[INFO] [stdout] 
[INFO] [stdout] For more information about this error, try `rustc --explain E0432`.
[INFO] [stdout] Couldn't compile the test.
[INFO] [stdout] ---- src/helpers/pool.rs - helpers::pool::ObjPool<T, O>::capacity (line 184) stdout ----
[INFO] [stdout] error[E0432]: unresolved import `obj_pool`
[INFO] [stdout]  --> src/helpers/pool.rs:185:5
[INFO] [stdout]   |
[INFO] [stdout] 3 | use obj_pool::ObjPool;
[INFO] [stdout]   |     ^^^^^^^^ use of undeclared crate or module `obj_pool`
[INFO] [stdout] 
[INFO] [stdout] error: aborting due to previous error
[INFO] [stdout] 
[INFO] [stdout] For more information about this error, try `rustc --explain E0432`.
[INFO] [stdout] Couldn't compile the test.
[INFO] [stdout] ---- src/helpers/pool.rs - helpers::pool::ObjPool (line 60) stdout ----
[INFO] [stdout] error[E0432]: unresolved import `obj_pool`
[INFO] [stdout]  --> src/helpers/pool.rs:61:5
[INFO] [stdout]   |
[INFO] [stdout] 3 | use obj_pool::ObjPool;
[INFO] [stdout]   |     ^^^^^^^^ use of undeclared crate or module `obj_pool`
[INFO] [stdout] 
[INFO] [stdout] error: aborting due to previous error
[INFO] [stdout] 
[INFO] [stdout] For more information about this error, try `rustc --explain E0432`.
[INFO] [stdout] Couldn't compile the test.
[INFO] [stdout] ---- src/helpers/pool.rs - helpers::pool::ObjPool (line 80) stdout ----
[INFO] [stdout] error[E0432]: unresolved import `obj_pool`
[INFO] [stdout]  --> src/helpers/pool.rs:81:5
[INFO] [stdout]   |
[INFO] [stdout] 3 | use obj_pool::ObjPool;
[INFO] [stdout]   |     ^^^^^^^^ use of undeclared crate or module `obj_pool`
[INFO] [stdout] 
[INFO] [stdout] error: aborting due to previous error
[INFO] [stdout] 
[INFO] [stdout] For more information about this error, try `rustc --explain E0432`.
[INFO] [stdout] Couldn't compile the test.
[INFO] [stdout] ---- src/helpers/pool.rs - helpers::pool::ObjPool<T, O>::iter_mut (line 573) stdout ----
[INFO] [stdout] error[E0432]: unresolved import `obj_pool`
[INFO] [stdout]  --> src/helpers/pool.rs:574:5
[INFO] [stdout]   |
[INFO] [stdout] 3 | use obj_pool::ObjPool;
[INFO] [stdout]   |     ^^^^^^^^ use of undeclared crate or module `obj_pool`
[INFO] [stdout] 
[INFO] [stdout] error: aborting due to previous error
[INFO] [stdout] 
[INFO] [stdout] For more information about this error, try `rustc --explain E0432`.
[INFO] [stdout] Couldn't compile the test.
[INFO] [stdout] ---- src/helpers/pool.rs - helpers::pool::ObjPool<T, O>::remove (line 308) stdout ----
[INFO] [stdout] error[E0432]: unresolved import `obj_pool`
[INFO] [stdout]  --> src/helpers/pool.rs:309:5
[INFO] [stdout]   |
[INFO] [stdout] 3 | use obj_pool::ObjPool;
[INFO] [stdout]   |     ^^^^^^^^ use of undeclared crate or module `obj_pool`
[INFO] [stdout] 
[INFO] [stdout] error: aborting due to previous error
[INFO] [stdout] 
[INFO] [stdout] For more information about this error, try `rustc --explain E0432`.
[INFO] [stdout] Couldn't compile the test.
[INFO] [stdout] ---- src/helpers/pool.rs - helpers::pool::ObjPool<T, O>::reserve (line 502) stdout ----
[INFO] [stdout] error[E0432]: unresolved import `obj_pool`
[INFO] [stdout]  --> src/helpers/pool.rs:503:5
[INFO] [stdout]   |
[INFO] [stdout] 3 | use obj_pool::ObjPool;
[INFO] [stdout]   |     ^^^^^^^^ use of undeclared crate or module `obj_pool`
[INFO] [stdout] 
[INFO] [stdout] error: aborting due to previous error
[INFO] [stdout] 
[INFO] [stdout] For more information about this error, try `rustc --explain E0432`.
[INFO] [stdout] Couldn't compile the test.
[INFO] [stdout] ---- src/helpers/pool.rs - helpers::pool::ObjPool<T, O>::reserve_exact (line 528) stdout ----
[INFO] [stdout] error[E0432]: unresolved import `obj_pool`
[INFO] [stdout]  --> src/helpers/pool.rs:529:5
[INFO] [stdout]   |
[INFO] [stdout] 3 | use obj_pool::ObjPool;
[INFO] [stdout]   |     ^^^^^^^^ use of undeclared crate or module `obj_pool`
[INFO] [stdout] 
[INFO] [stdout] error: aborting due to previous error
[INFO] [stdout] 
[INFO] [stdout] For more information about this error, try `rustc --explain E0432`.
[INFO] [stdout] Couldn't compile the test.
[INFO] [stdout] ---- src/helpers/pool.rs - helpers::pool::ObjPool<T, O>::shrink_to_fit (line 606) stdout ----
[INFO] [stdout] error[E0432]: unresolved import `obj_pool`
[INFO] [stdout]  --> src/helpers/pool.rs:607:5
[INFO] [stdout]   |
[INFO] [stdout] 3 | use obj_pool::ObjPool;
[INFO] [stdout]   |     ^^^^^^^^ use of undeclared crate or module `obj_pool`
[INFO] [stdout] 
[INFO] [stdout] error: aborting due to previous error
[INFO] [stdout] 
[INFO] [stdout] For more information about this error, try `rustc --explain E0432`.
[INFO] [stdout] Couldn't compile the test.
[INFO] [stdout] ---- src/helpers/pool.rs - helpers::pool::ObjPool<T, O>::swap (line 471) stdout ----
[INFO] [stdout] error[E0432]: unresolved import `obj_pool`
[INFO] [stdout]  --> src/helpers/pool.rs:472:5
[INFO] [stdout]   |
[INFO] [stdout] 3 | use obj_pool::ObjPool;
[INFO] [stdout]   |     ^^^^^^^^ use of undeclared crate or module `obj_pool`
[INFO] [stdout] 
[INFO] [stdout] error: aborting due to previous error
[INFO] [stdout] 
[INFO] [stdout] For more information about this error, try `rustc --explain E0432`.
[INFO] [stdout] Couldn't compile the test.
[INFO] [stdout] ---- src/helpers/pool.rs - helpers::pool::ObjPool<T, O>::with_capacity (line 152) stdout ----
[INFO] [stdout] error[E0432]: unresolved import `obj_pool`
[INFO] [stdout]  --> src/helpers/pool.rs:153:5
[INFO] [stdout]   |
[INFO] [stdout] 3 | use obj_pool::ObjPool;
[INFO] [stdout]   |     ^^^^^^^^ use of undeclared crate or module `obj_pool`
[INFO] [stdout] 
[INFO] [stdout] error: aborting due to previous error
[INFO] [stdout] 
[INFO] [stdout] For more information about this error, try `rustc --explain E0432`.
[INFO] [stdout] Couldn't compile the test.
[INFO] [stdout] 
[INFO] [stdout] failures:
[INFO] [stdout]     src/helpers/pool.rs - helpers::pool::ObjPool (line 60)
[INFO] [stdout]     src/helpers/pool.rs - helpers::pool::ObjPool (line 80)
[INFO] [stdout]     src/helpers/pool.rs - helpers::pool::ObjPool<T, O>::capacity (line 184)
[INFO] [stdout]     src/helpers/pool.rs - helpers::pool::ObjPool<T, O>::clear (line 342)
[INFO] [stdout]     src/helpers/pool.rs - helpers::pool::ObjPool<T, O>::get (line 367)
[INFO] [stdout]     src/helpers/pool.rs - helpers::pool::ObjPool<T, O>::get_mut (line 392)
[INFO] [stdout]     src/helpers/pool.rs - helpers::pool::ObjPool<T, O>::get_unchecked (line 420)
[INFO] [stdout]     src/helpers/pool.rs - helpers::pool::ObjPool<T, O>::get_unchecked_mut (line 444)
[INFO] [stdout]     src/helpers/pool.rs - helpers::pool::ObjPool<T, O>::insert (line 265)
[INFO] [stdout]     src/helpers/pool.rs - helpers::pool::ObjPool<T, O>::is_empty (line 219)
[INFO] [stdout]     src/helpers/pool.rs - helpers::pool::ObjPool<T, O>::iter (line 548)
[INFO] [stdout]     src/helpers/pool.rs - helpers::pool::ObjPool<T, O>::iter_mut (line 573)
[INFO] [stdout]     src/helpers/pool.rs - helpers::pool::ObjPool<T, O>::len (line 199)
[INFO] [stdout]     src/helpers/pool.rs - helpers::pool::ObjPool<T, O>::new (line 130)
[INFO] [stdout]     src/helpers/pool.rs - helpers::pool::ObjPool<T, O>::next_vacant (line 238)
[INFO] [stdout]     src/helpers/pool.rs - helpers::pool::ObjPool<T, O>::remove (line 308)
[INFO] [stdout]     src/helpers/pool.rs - helpers::pool::ObjPool<T, O>::reserve (line 502)
[INFO] [stdout]     src/helpers/pool.rs - helpers::pool::ObjPool<T, O>::reserve_exact (line 528)
[INFO] [stdout]     src/helpers/pool.rs - helpers::pool::ObjPool<T, O>::shrink_to_fit (line 606)
[INFO] [stdout]     src/helpers/pool.rs - helpers::pool::ObjPool<T, O>::swap (line 471)
[INFO] [stdout]     src/helpers/pool.rs - helpers::pool::ObjPool<T, O>::with_capacity (line 152)
[INFO] [stdout] 
[INFO] [stdout] test result: FAILED. 0 passed; 21 failed; 0 ignored; 0 measured; 0 filtered out; finished in 1.75s
[INFO] [stdout] 
[INFO] [stderr] error: test failed, to rerun pass '--doc'
[INFO] running `Command { std: "docker" "inspect" "382ac12a4b52e376d0d177ac340883b23a46fff9092b51f054dffc783d07c226", kill_on_drop: false }`
[INFO] running `Command { std: "docker" "rm" "-f" "382ac12a4b52e376d0d177ac340883b23a46fff9092b51f054dffc783d07c226", kill_on_drop: false }`
[INFO] [stdout] 382ac12a4b52e376d0d177ac340883b23a46fff9092b51f054dffc783d07c226
