[INFO] fetching crate glitchup_derive 0.4.0...
[INFO] testing glitchup_derive-0.4.0 against beta-2021-08-01 for beta-1.55-1
[INFO] extracting crate glitchup_derive 0.4.0 into /workspace/builds/worker-5/source
[INFO] validating manifest of crates.io crate glitchup_derive 0.4.0 on toolchain beta-2021-08-01
[INFO] running `Command { std: "/workspace/cargo-home/bin/cargo" "+beta-2021-08-01" "metadata" "--manifest-path" "Cargo.toml" "--no-deps", kill_on_drop: false }`
[INFO] started tweaking crates.io crate glitchup_derive 0.4.0
[INFO] finished tweaking crates.io crate glitchup_derive 0.4.0
[INFO] tweaked toml for crates.io crate glitchup_derive 0.4.0 written to /workspace/builds/worker-5/source/Cargo.toml
[INFO] running `Command { std: "/workspace/cargo-home/bin/cargo" "+beta-2021-08-01" "generate-lockfile" "--manifest-path" "Cargo.toml" "-Zno-index-update", kill_on_drop: false }`
[INFO] running `Command { std: "/workspace/cargo-home/bin/cargo" "+beta-2021-08-01" "fetch" "--manifest-path" "Cargo.toml", kill_on_drop: false }`
[INFO] [stderr]     Blocking waiting for file lock on package cache
[INFO] running `Command { std: "docker" "create" "-v" "/var/lib/crater-agent-workspace/builds/worker-5/target:/opt/rustwide/target:rw,Z" "-v" "/var/lib/crater-agent-workspace/builds/worker-5/source:/opt/rustwide/workdir:ro,Z" "-v" "/var/lib/crater-agent-workspace/cargo-home:/opt/rustwide/cargo-home:ro,Z" "-v" "/var/lib/crater-agent-workspace/rustup-home:/opt/rustwide/rustup-home:ro,Z" "-e" "SOURCE_DIR=/opt/rustwide/workdir" "-e" "CARGO_TARGET_DIR=/opt/rustwide/target" "-e" "CARGO_HOME=/opt/rustwide/cargo-home" "-e" "RUSTUP_HOME=/opt/rustwide/rustup-home" "-w" "/opt/rustwide/workdir" "-m" "1610612736" "--user" "0:0" "--network" "none" "ghcr.io/rust-lang/crates-build-env/linux@sha256:34b6a614d2c27851fe6cbf88fbd1137609cefab8b10d0615aaeb6fd47975d74e" "/opt/rustwide/cargo-home/bin/cargo" "+beta-2021-08-01" "metadata" "--no-deps" "--format-version=1", kill_on_drop: false }`
[INFO] [stderr] WARNING: Your kernel does not support swap limit capabilities or the cgroup is not mounted. Memory limited without swap.
[INFO] [stdout] f495a83af9537b89304f2ddd9ba1992c088045722a3e262fc0c7041782803da6
[INFO] running `Command { std: "docker" "start" "-a" "f495a83af9537b89304f2ddd9ba1992c088045722a3e262fc0c7041782803da6", kill_on_drop: false }`
[INFO] running `Command { std: "docker" "inspect" "f495a83af9537b89304f2ddd9ba1992c088045722a3e262fc0c7041782803da6", kill_on_drop: false }`
[INFO] running `Command { std: "docker" "rm" "-f" "f495a83af9537b89304f2ddd9ba1992c088045722a3e262fc0c7041782803da6", kill_on_drop: false }`
[INFO] [stdout] f495a83af9537b89304f2ddd9ba1992c088045722a3e262fc0c7041782803da6
[INFO] running `Command { std: "docker" "create" "-v" "/var/lib/crater-agent-workspace/builds/worker-5/target:/opt/rustwide/target:rw,Z" "-v" "/var/lib/crater-agent-workspace/builds/worker-5/source:/opt/rustwide/workdir:ro,Z" "-v" "/var/lib/crater-agent-workspace/cargo-home:/opt/rustwide/cargo-home:ro,Z" "-v" "/var/lib/crater-agent-workspace/rustup-home:/opt/rustwide/rustup-home:ro,Z" "-e" "SOURCE_DIR=/opt/rustwide/workdir" "-e" "CARGO_TARGET_DIR=/opt/rustwide/target" "-e" "CARGO_INCREMENTAL=0" "-e" "RUST_BACKTRACE=full" "-e" "RUSTFLAGS=--cap-lints=warn" "-e" "CARGO_HOME=/opt/rustwide/cargo-home" "-e" "RUSTUP_HOME=/opt/rustwide/rustup-home" "-w" "/opt/rustwide/workdir" "-m" "1610612736" "--user" "0:0" "--network" "none" "ghcr.io/rust-lang/crates-build-env/linux@sha256:34b6a614d2c27851fe6cbf88fbd1137609cefab8b10d0615aaeb6fd47975d74e" "/opt/rustwide/cargo-home/bin/cargo" "+beta-2021-08-01" "build" "--frozen" "--message-format=json", kill_on_drop: false }`
[INFO] [stderr] WARNING: Your kernel does not support swap limit capabilities or the cgroup is not mounted. Memory limited without swap.
[INFO] [stdout] 782582098f9254010a019d0c06168aaa70b6a59b16f2df895ced905d3a1e1c57
[INFO] running `Command { std: "docker" "start" "-a" "782582098f9254010a019d0c06168aaa70b6a59b16f2df895ced905d3a1e1c57", kill_on_drop: false }`
[INFO] [stderr]    Compiling syn v0.15.44
[INFO] [stderr]    Compiling glitchup_derive v0.4.0 (/opt/rustwide/workdir)
[INFO] [stdout] warning: function is never used: `extract_generic_types`
[INFO] [stdout]    --> src/lib.rs:128:4
[INFO] [stdout]     |
[INFO] [stdout] 128 | fn extract_generic_types(data: &Data) -> Vec<Vec<&syn::PathSegment>> {
[INFO] [stdout]     |    ^^^^^^^^^^^^^^^^^^^^^
[INFO] [stdout]     |
[INFO] [stdout]     = note: `#[warn(dead_code)]` on by default
[INFO] [stdout] 
[INFO] [stdout] 
[INFO] [stdout] warning: 1 warning emitted
[INFO] [stdout] 
[INFO] [stdout] 
[INFO] [stderr]     Finished dev [unoptimized + debuginfo] target(s) in 6.64s
[INFO] running `Command { std: "docker" "inspect" "782582098f9254010a019d0c06168aaa70b6a59b16f2df895ced905d3a1e1c57", kill_on_drop: false }`
[INFO] running `Command { std: "docker" "rm" "-f" "782582098f9254010a019d0c06168aaa70b6a59b16f2df895ced905d3a1e1c57", kill_on_drop: false }`
[INFO] [stdout] 782582098f9254010a019d0c06168aaa70b6a59b16f2df895ced905d3a1e1c57
[INFO] running `Command { std: "docker" "create" "-v" "/var/lib/crater-agent-workspace/builds/worker-5/target:/opt/rustwide/target:rw,Z" "-v" "/var/lib/crater-agent-workspace/builds/worker-5/source:/opt/rustwide/workdir:ro,Z" "-v" "/var/lib/crater-agent-workspace/cargo-home:/opt/rustwide/cargo-home:ro,Z" "-v" "/var/lib/crater-agent-workspace/rustup-home:/opt/rustwide/rustup-home:ro,Z" "-e" "SOURCE_DIR=/opt/rustwide/workdir" "-e" "CARGO_TARGET_DIR=/opt/rustwide/target" "-e" "CARGO_INCREMENTAL=0" "-e" "RUST_BACKTRACE=full" "-e" "RUSTFLAGS=--cap-lints=warn" "-e" "CARGO_HOME=/opt/rustwide/cargo-home" "-e" "RUSTUP_HOME=/opt/rustwide/rustup-home" "-w" "/opt/rustwide/workdir" "-m" "1610612736" "--user" "0:0" "--network" "none" "ghcr.io/rust-lang/crates-build-env/linux@sha256:34b6a614d2c27851fe6cbf88fbd1137609cefab8b10d0615aaeb6fd47975d74e" "/opt/rustwide/cargo-home/bin/cargo" "+beta-2021-08-01" "test" "--frozen" "--no-run" "--message-format=json", kill_on_drop: false }`
[INFO] [stdout] d20ff52045e03feaa1b1175a775a88798b327ace12d3f05f5aa006fb09bcf2fd
[INFO] [stderr] WARNING: Your kernel does not support swap limit capabilities or the cgroup is not mounted. Memory limited without swap.
[INFO] running `Command { std: "docker" "start" "-a" "d20ff52045e03feaa1b1175a775a88798b327ace12d3f05f5aa006fb09bcf2fd", kill_on_drop: false }`
[INFO] [stderr]    Compiling glitchup_derive v0.4.0 (/opt/rustwide/workdir)
[INFO] [stdout] warning: function is never used: `extract_generic_types`
[INFO] [stdout]    --> src/lib.rs:128:4
[INFO] [stdout]     |
[INFO] [stdout] 128 | fn extract_generic_types(data: &Data) -> Vec<Vec<&syn::PathSegment>> {
[INFO] [stdout]     |    ^^^^^^^^^^^^^^^^^^^^^
[INFO] [stdout]     |
[INFO] [stdout]     = note: `#[warn(dead_code)]` on by default
[INFO] [stdout] 
[INFO] [stdout] 
[INFO] [stdout] warning: 1 warning emitted
[INFO] [stdout] 
[INFO] [stdout] 
[INFO] [stdout] warning: function is never used: `extract_generic_types`
[INFO] [stdout]    --> src/lib.rs:128:4
[INFO] [stdout]     |
[INFO] [stdout] 128 | fn extract_generic_types(data: &Data) -> Vec<Vec<&syn::PathSegment>> {
[INFO] [stdout]     |    ^^^^^^^^^^^^^^^^^^^^^
[INFO] [stdout]     |
[INFO] [stdout]     = note: `#[warn(dead_code)]` on by default
[INFO] [stdout] 
[INFO] [stdout] 
[INFO] [stdout] warning: 1 warning emitted
[INFO] [stdout] 
[INFO] [stdout] 
[INFO] [stderr]     Finished test [unoptimized + debuginfo] target(s) in 0.62s
[INFO] running `Command { std: "docker" "inspect" "d20ff52045e03feaa1b1175a775a88798b327ace12d3f05f5aa006fb09bcf2fd", kill_on_drop: false }`
[INFO] running `Command { std: "docker" "rm" "-f" "d20ff52045e03feaa1b1175a775a88798b327ace12d3f05f5aa006fb09bcf2fd", kill_on_drop: false }`
[INFO] [stdout] d20ff52045e03feaa1b1175a775a88798b327ace12d3f05f5aa006fb09bcf2fd
[INFO] running `Command { std: "docker" "create" "-v" "/var/lib/crater-agent-workspace/builds/worker-5/target:/opt/rustwide/target:rw,Z" "-v" "/var/lib/crater-agent-workspace/builds/worker-5/source:/opt/rustwide/workdir:ro,Z" "-v" "/var/lib/crater-agent-workspace/cargo-home:/opt/rustwide/cargo-home:ro,Z" "-v" "/var/lib/crater-agent-workspace/rustup-home:/opt/rustwide/rustup-home:ro,Z" "-e" "SOURCE_DIR=/opt/rustwide/workdir" "-e" "CARGO_TARGET_DIR=/opt/rustwide/target" "-e" "CARGO_INCREMENTAL=0" "-e" "RUST_BACKTRACE=full" "-e" "RUSTFLAGS=--cap-lints=warn" "-e" "CARGO_HOME=/opt/rustwide/cargo-home" "-e" "RUSTUP_HOME=/opt/rustwide/rustup-home" "-w" "/opt/rustwide/workdir" "-m" "1610612736" "--user" "0:0" "--network" "none" "ghcr.io/rust-lang/crates-build-env/linux@sha256:34b6a614d2c27851fe6cbf88fbd1137609cefab8b10d0615aaeb6fd47975d74e" "/opt/rustwide/cargo-home/bin/cargo" "+beta-2021-08-01" "test" "--frozen", kill_on_drop: false }`
[INFO] [stderr] WARNING: Your kernel does not support swap limit capabilities or the cgroup is not mounted. Memory limited without swap.
[INFO] [stdout] 50d35ba3a1dfe86b4418f2e5997aa6bcd6533ec8d461b818a005515db5ad929c
[INFO] running `Command { std: "docker" "start" "-a" "50d35ba3a1dfe86b4418f2e5997aa6bcd6533ec8d461b818a005515db5ad929c", kill_on_drop: false }`
[INFO] [stderr] warning: function is never used: `extract_generic_types`
[INFO] [stderr]    --> src/lib.rs:128:4
[INFO] [stderr]     |
[INFO] [stderr] 128 | fn extract_generic_types(data: &Data) -> Vec<Vec<&syn::PathSegment>> {
[INFO] [stderr]     |    ^^^^^^^^^^^^^^^^^^^^^
[INFO] [stderr]     |
[INFO] [stderr]     = note: `#[warn(dead_code)]` on by default
[INFO] [stderr] 
[INFO] [stderr] warning: `glitchup_derive` (lib) generated 1 warning
[INFO] [stderr] warning: `glitchup_derive` (lib test) generated 1 warning (1 duplicate)
[INFO] [stderr]     Finished test [unoptimized + debuginfo] target(s) in 0.01s
[INFO] [stderr]      Running unittests (/opt/rustwide/target/debug/deps/glitchup_derive-271267170eb77d19)
[INFO] [stdout] 
[INFO] [stdout] running 0 tests
[INFO] [stdout] 
[INFO] [stdout] test result: ok. 0 passed; 0 failed; 0 ignored; 0 measured; 0 filtered out; finished in 0.00s
[INFO] [stderr]    Doc-tests glitchup_derive
[INFO] [stdout] 
[INFO] [stdout] 
[INFO] [stdout] running 1 test
[INFO] [stderr] error: test failed, to rerun pass '--doc'
[INFO] [stdout] test src/lib.rs - extract_generic_types (line 121) ... FAILED
[INFO] [stdout] 
[INFO] [stdout] failures:
[INFO] [stdout] 
[INFO] [stdout] ---- src/lib.rs - extract_generic_types (line 121) stdout ----
[INFO] [stdout] error: unexpected token: `...`
[INFO] [stdout]  --> src/lib.rs:124:9
[INFO] [stdout]   |
[INFO] [stdout] 5 |         ...
[INFO] [stdout]   |         ^^^
[INFO] [stdout]   |
[INFO] [stdout] help: use `..` for an exclusive range
[INFO] [stdout]   |
[INFO] [stdout] 5 |         ..
[INFO] [stdout]   |
[INFO] [stdout] help: or `..=` for an inclusive range
[INFO] [stdout]   |
[INFO] [stdout] 5 |         ..=
[INFO] [stdout]   |
[INFO] [stdout] 
[INFO] [stdout] error[E0586]: inclusive range with no end
[INFO] [stdout]  --> src/lib.rs:124:9
[INFO] [stdout]   |
[INFO] [stdout] 5 |         ...
[INFO] [stdout]   |         ^^^ help: use `..` instead
[INFO] [stdout]   |
[INFO] [stdout]   = note: inclusive ranges must be bounded at the end (`..=b` or `a..=b`)
[INFO] [stdout] 
[INFO] [stdout] error[E0425]: cannot find value `output` in this scope
[INFO] [stdout]  --> src/lib.rs:122:1
[INFO] [stdout]   |
[INFO] [stdout] 3 | output.iter().map(|TYPE| {
[INFO] [stdout]   | ^^^^^^ not found in this scope
[INFO] [stdout] 
[INFO] [stdout] error: aborting due to 3 previous errors
[INFO] [stdout] 
[INFO] [stdout] Some errors have detailed explanations: E0425, E0586.
[INFO] [stdout] For more information about an error, try `rustc --explain E0425`.
[INFO] [stdout] Couldn't compile the test.
[INFO] [stdout] 
[INFO] [stdout] failures:
[INFO] [stdout]     src/lib.rs - extract_generic_types (line 121)
[INFO] [stdout] 
[INFO] [stdout] test result: FAILED. 0 passed; 1 failed; 0 ignored; 0 measured; 0 filtered out; finished in 0.24s
[INFO] [stdout] 
[INFO] running `Command { std: "docker" "inspect" "50d35ba3a1dfe86b4418f2e5997aa6bcd6533ec8d461b818a005515db5ad929c", kill_on_drop: false }`
[INFO] running `Command { std: "docker" "rm" "-f" "50d35ba3a1dfe86b4418f2e5997aa6bcd6533ec8d461b818a005515db5ad929c", kill_on_drop: false }`
[INFO] [stdout] 50d35ba3a1dfe86b4418f2e5997aa6bcd6533ec8d461b818a005515db5ad929c
