[INFO] fetching crate glimesh 0.6.0...
[INFO] testing glimesh-0.6.0 against beta-2021-08-01 for beta-1.55-1
[INFO] extracting crate glimesh 0.6.0 into /workspace/builds/worker-4/source
[INFO] validating manifest of crates.io crate glimesh 0.6.0 on toolchain beta-2021-08-01
[INFO] running `Command { std: "/workspace/cargo-home/bin/cargo" "+beta-2021-08-01" "metadata" "--manifest-path" "Cargo.toml" "--no-deps", kill_on_drop: false }`
[INFO] started tweaking crates.io crate glimesh 0.6.0
[INFO] finished tweaking crates.io crate glimesh 0.6.0
[INFO] tweaked toml for crates.io crate glimesh 0.6.0 written to /workspace/builds/worker-4/source/Cargo.toml
[INFO] running `Command { std: "/workspace/cargo-home/bin/cargo" "+beta-2021-08-01" "generate-lockfile" "--manifest-path" "Cargo.toml" "-Zno-index-update", kill_on_drop: false }`
[INFO] running `Command { std: "/workspace/cargo-home/bin/cargo" "+beta-2021-08-01" "fetch" "--manifest-path" "Cargo.toml", kill_on_drop: false }`
[INFO] [stderr]  Downloading crates ...
[INFO] [stderr]   Downloaded graphql_query_derive v0.10.0
[INFO] [stderr]   Downloaded graphql-introspection-query v0.2.0
[INFO] [stderr]   Downloaded async-tungstenite v0.14.0
[INFO] [stderr]   Downloaded graphql_client_codegen v0.10.0
[INFO] [stderr]   Downloaded graphql_client v0.10.0
[INFO] [stderr]   Downloaded glimesh-protocol v0.6.0
[INFO] running `Command { std: "docker" "create" "-v" "/var/lib/crater-agent-workspace/builds/worker-4/target:/opt/rustwide/target:rw,Z" "-v" "/var/lib/crater-agent-workspace/builds/worker-4/source:/opt/rustwide/workdir:ro,Z" "-v" "/var/lib/crater-agent-workspace/cargo-home:/opt/rustwide/cargo-home:ro,Z" "-v" "/var/lib/crater-agent-workspace/rustup-home:/opt/rustwide/rustup-home:ro,Z" "-e" "SOURCE_DIR=/opt/rustwide/workdir" "-e" "CARGO_TARGET_DIR=/opt/rustwide/target" "-e" "CARGO_HOME=/opt/rustwide/cargo-home" "-e" "RUSTUP_HOME=/opt/rustwide/rustup-home" "-w" "/opt/rustwide/workdir" "-m" "1610612736" "--user" "0:0" "--network" "none" "ghcr.io/rust-lang/crates-build-env/linux@sha256:34b6a614d2c27851fe6cbf88fbd1137609cefab8b10d0615aaeb6fd47975d74e" "/opt/rustwide/cargo-home/bin/cargo" "+beta-2021-08-01" "metadata" "--no-deps" "--format-version=1", kill_on_drop: false }`
[INFO] [stdout] 8011083390f52bcb530c4e20db016f9d9f9d88a33ee017ef7891b73c10739478
[INFO] [stderr] WARNING: Your kernel does not support swap limit capabilities or the cgroup is not mounted. Memory limited without swap.
[INFO] running `Command { std: "docker" "start" "-a" "8011083390f52bcb530c4e20db016f9d9f9d88a33ee017ef7891b73c10739478", kill_on_drop: false }`
[INFO] running `Command { std: "docker" "inspect" "8011083390f52bcb530c4e20db016f9d9f9d88a33ee017ef7891b73c10739478", kill_on_drop: false }`
[INFO] running `Command { std: "docker" "rm" "-f" "8011083390f52bcb530c4e20db016f9d9f9d88a33ee017ef7891b73c10739478", kill_on_drop: false }`
[INFO] [stdout] 8011083390f52bcb530c4e20db016f9d9f9d88a33ee017ef7891b73c10739478
[INFO] running `Command { std: "docker" "create" "-v" "/var/lib/crater-agent-workspace/builds/worker-4/target:/opt/rustwide/target:rw,Z" "-v" "/var/lib/crater-agent-workspace/builds/worker-4/source:/opt/rustwide/workdir:ro,Z" "-v" "/var/lib/crater-agent-workspace/cargo-home:/opt/rustwide/cargo-home:ro,Z" "-v" "/var/lib/crater-agent-workspace/rustup-home:/opt/rustwide/rustup-home:ro,Z" "-e" "SOURCE_DIR=/opt/rustwide/workdir" "-e" "CARGO_TARGET_DIR=/opt/rustwide/target" "-e" "CARGO_INCREMENTAL=0" "-e" "RUST_BACKTRACE=full" "-e" "RUSTFLAGS=--cap-lints=warn" "-e" "CARGO_HOME=/opt/rustwide/cargo-home" "-e" "RUSTUP_HOME=/opt/rustwide/rustup-home" "-w" "/opt/rustwide/workdir" "-m" "1610612736" "--user" "0:0" "--network" "none" "ghcr.io/rust-lang/crates-build-env/linux@sha256:34b6a614d2c27851fe6cbf88fbd1137609cefab8b10d0615aaeb6fd47975d74e" "/opt/rustwide/cargo-home/bin/cargo" "+beta-2021-08-01" "build" "--frozen" "--message-format=json", kill_on_drop: false }`
[INFO] [stdout] b9a1764133e960e1d87081a950c6c1f2bd17660aebf6225bc74d531e23d0ed63
[INFO] [stderr] WARNING: Your kernel does not support swap limit capabilities or the cgroup is not mounted. Memory limited without swap.
[INFO] running `Command { std: "docker" "start" "-a" "b9a1764133e960e1d87081a950c6c1f2bd17660aebf6225bc74d531e23d0ed63", kill_on_drop: false }`
[INFO] [stderr]    Compiling bimap v0.6.1
[INFO] [stderr]    Compiling tokio v1.9.0
[INFO] [stderr]    Compiling tracing-core v0.1.18
[INFO] [stderr]    Compiling object v0.26.0
[INFO] [stderr]    Compiling combine v3.8.1
[INFO] [stderr]    Compiling ring v0.16.20
[INFO] [stderr]    Compiling tokio-macros v1.3.0
[INFO] [stderr]    Compiling synstructure v0.12.5
[INFO] [stderr]    Compiling pin-project-internal v1.0.8
[INFO] [stderr]    Compiling serde_tuple_macros v0.5.0
[INFO] [stderr]    Compiling snafu-derive v0.6.10
[INFO] [stderr]    Compiling futures-util v0.3.16
[INFO] [stderr]    Compiling sha-1 v0.9.7
[INFO] [stderr]    Compiling serde_json v1.0.66
[INFO] [stderr]    Compiling graphql-introspection-query v0.2.0
[INFO] [stderr]    Compiling chrono v0.4.19
[INFO] [stderr]    Compiling serde_urlencoded v0.7.0
[INFO] [stderr]    Compiling tracing v0.1.26
[INFO] [stderr]    Compiling webpki v0.21.4
[INFO] [stderr]    Compiling sct v0.6.1
[INFO] [stderr]    Compiling failure_derive v0.1.8
[INFO] [stderr]    Compiling rustls v0.19.1
[INFO] [stderr]    Compiling webpki-roots v0.21.1
[INFO] [stderr]    Compiling serde_tuple v0.5.0
[INFO] [stderr]    Compiling futures-executor v0.3.16
[INFO] [stderr]    Compiling snafu v0.6.10
[INFO] [stderr]    Compiling pin-project v1.0.8
[INFO] [stderr]    Compiling futures v0.3.16
[INFO] [stderr]    Compiling glimesh-protocol v0.6.0
[INFO] [stderr]    Compiling backtrace v0.3.61
[INFO] [stderr]    Compiling failure v0.1.8
[INFO] [stderr]    Compiling tungstenite v0.13.0
[INFO] [stderr]    Compiling graphql-parser v0.2.3
[INFO] [stderr]    Compiling tokio-util v0.6.7
[INFO] [stderr]    Compiling tokio-rustls v0.22.0
[INFO] [stderr]    Compiling backoff v0.3.0
[INFO] [stderr]    Compiling async-tungstenite v0.14.0
[INFO] [stderr]    Compiling h2 v0.3.3
[INFO] [stderr]    Compiling tokio-stream v0.1.7
[INFO] [stderr]    Compiling graphql_client_codegen v0.10.0
[INFO] [stderr]    Compiling graphql_query_derive v0.10.0
[INFO] [stderr]    Compiling hyper v0.14.11
[INFO] [stderr]    Compiling graphql_client v0.10.0
[INFO] [stderr]    Compiling hyper-rustls v0.22.1
[INFO] [stderr]    Compiling reqwest v0.11.4
[INFO] [stderr]    Compiling glimesh v0.6.0 (/opt/rustwide/workdir)
[INFO] [stderr]     Finished dev [unoptimized + debuginfo] target(s) in 1m 02s
[INFO] running `Command { std: "docker" "inspect" "b9a1764133e960e1d87081a950c6c1f2bd17660aebf6225bc74d531e23d0ed63", kill_on_drop: false }`
[INFO] running `Command { std: "docker" "rm" "-f" "b9a1764133e960e1d87081a950c6c1f2bd17660aebf6225bc74d531e23d0ed63", kill_on_drop: false }`
[INFO] [stdout] b9a1764133e960e1d87081a950c6c1f2bd17660aebf6225bc74d531e23d0ed63
[INFO] running `Command { std: "docker" "create" "-v" "/var/lib/crater-agent-workspace/builds/worker-4/target:/opt/rustwide/target:rw,Z" "-v" "/var/lib/crater-agent-workspace/builds/worker-4/source:/opt/rustwide/workdir:ro,Z" "-v" "/var/lib/crater-agent-workspace/cargo-home:/opt/rustwide/cargo-home:ro,Z" "-v" "/var/lib/crater-agent-workspace/rustup-home:/opt/rustwide/rustup-home:ro,Z" "-e" "SOURCE_DIR=/opt/rustwide/workdir" "-e" "CARGO_TARGET_DIR=/opt/rustwide/target" "-e" "CARGO_INCREMENTAL=0" "-e" "RUST_BACKTRACE=full" "-e" "RUSTFLAGS=--cap-lints=warn" "-e" "CARGO_HOME=/opt/rustwide/cargo-home" "-e" "RUSTUP_HOME=/opt/rustwide/rustup-home" "-w" "/opt/rustwide/workdir" "-m" "1610612736" "--user" "0:0" "--network" "none" "ghcr.io/rust-lang/crates-build-env/linux@sha256:34b6a614d2c27851fe6cbf88fbd1137609cefab8b10d0615aaeb6fd47975d74e" "/opt/rustwide/cargo-home/bin/cargo" "+beta-2021-08-01" "test" "--frozen" "--no-run" "--message-format=json", kill_on_drop: false }`
[INFO] [stdout] 93ee2057e893decb9110e84eb1a27e3cb6b7c460e86fa9f802a4c4259e7f5bb5
[INFO] [stderr] WARNING: Your kernel does not support swap limit capabilities or the cgroup is not mounted. Memory limited without swap.
[INFO] running `Command { std: "docker" "start" "-a" "93ee2057e893decb9110e84eb1a27e3cb6b7c460e86fa9f802a4c4259e7f5bb5", kill_on_drop: false }`
[INFO] [stderr]    Compiling sharded-slab v0.1.3
[INFO] [stderr]    Compiling regex-automata v0.1.10
[INFO] [stderr]    Compiling regex v1.5.4
[INFO] [stderr]    Compiling tracing-log v0.1.2
[INFO] [stderr]    Compiling tracing-serde v0.1.2
[INFO] [stderr]    Compiling matchers v0.0.1
[INFO] [stderr]    Compiling tracing-subscriber v0.2.19
[INFO] [stderr]    Compiling glimesh v0.6.0 (/opt/rustwide/workdir)
[INFO] [stderr]     Finished test [unoptimized + debuginfo] target(s) in 12.86s
[INFO] running `Command { std: "docker" "inspect" "93ee2057e893decb9110e84eb1a27e3cb6b7c460e86fa9f802a4c4259e7f5bb5", kill_on_drop: false }`
[INFO] running `Command { std: "docker" "rm" "-f" "93ee2057e893decb9110e84eb1a27e3cb6b7c460e86fa9f802a4c4259e7f5bb5", kill_on_drop: false }`
[INFO] [stdout] 93ee2057e893decb9110e84eb1a27e3cb6b7c460e86fa9f802a4c4259e7f5bb5
[INFO] running `Command { std: "docker" "create" "-v" "/var/lib/crater-agent-workspace/builds/worker-4/target:/opt/rustwide/target:rw,Z" "-v" "/var/lib/crater-agent-workspace/builds/worker-4/source:/opt/rustwide/workdir:ro,Z" "-v" "/var/lib/crater-agent-workspace/cargo-home:/opt/rustwide/cargo-home:ro,Z" "-v" "/var/lib/crater-agent-workspace/rustup-home:/opt/rustwide/rustup-home:ro,Z" "-e" "SOURCE_DIR=/opt/rustwide/workdir" "-e" "CARGO_TARGET_DIR=/opt/rustwide/target" "-e" "CARGO_INCREMENTAL=0" "-e" "RUST_BACKTRACE=full" "-e" "RUSTFLAGS=--cap-lints=warn" "-e" "CARGO_HOME=/opt/rustwide/cargo-home" "-e" "RUSTUP_HOME=/opt/rustwide/rustup-home" "-w" "/opt/rustwide/workdir" "-m" "1610612736" "--user" "0:0" "--network" "none" "ghcr.io/rust-lang/crates-build-env/linux@sha256:34b6a614d2c27851fe6cbf88fbd1137609cefab8b10d0615aaeb6fd47975d74e" "/opt/rustwide/cargo-home/bin/cargo" "+beta-2021-08-01" "test" "--frozen", kill_on_drop: false }`
[INFO] [stdout] 1b4b75ef0aa0771de9eac7902213034803b271ada95586c39e999e15e022c691
[INFO] [stderr] WARNING: Your kernel does not support swap limit capabilities or the cgroup is not mounted. Memory limited without swap.
[INFO] running `Command { std: "docker" "start" "-a" "1b4b75ef0aa0771de9eac7902213034803b271ada95586c39e999e15e022c691", kill_on_drop: false }`
[INFO] [stderr]     Finished test [unoptimized + debuginfo] target(s) in 0.16s
[INFO] [stderr]      Running unittests (/opt/rustwide/target/debug/deps/glimesh-c1ee191a466507ad)
[INFO] [stdout] 
[INFO] [stdout] running 0 tests
[INFO] [stdout] 
[INFO] [stdout] test result: ok. 0 passed; 0 failed; 0 ignored; 0 measured; 0 filtered out; finished in 0.00s
[INFO] [stdout] 
[INFO] [stderr]    Doc-tests glimesh
[INFO] [stdout] 
[INFO] [stdout] running 6 tests
[INFO] [stdout] test src/conn/http.rs - conn::http::ConnectionBuilder (line 34) ... FAILED
[INFO] [stdout] test src/auth.rs - auth::Auth::refreshable_access_token (line 55) ... FAILED
[INFO] [stdout] test src/lib.rs - (line 16) ... FAILED
[INFO] [stdout] test src/conn/ws/connection.rs - conn::ws::connection::ConnectionBuilder (line 16) ... FAILED
[INFO] [stdout] test src/conn/ws.rs - conn::ws (line 5) ... FAILED
[INFO] [stdout] test src/conn/http.rs - conn::http (line 5) ... ok
[INFO] [stdout] 
[INFO] [stdout] failures:
[INFO] [stdout] 
[INFO] [stdout] ---- src/conn/http.rs - conn::http::ConnectionBuilder (line 34) stdout ----
[INFO] [stdout] error[E0433]: failed to resolve: use of undeclared type `Connection`
[INFO] [stdout]  --> src/conn/http.rs:35:18
[INFO] [stdout]   |
[INFO] [stdout] 3 | let connection = Connection::builder()
[INFO] [stdout]   |                  ^^^^^^^^^^ not found in this scope
[INFO] [stdout]   |
[INFO] [stdout] help: consider importing one of these items
[INFO] [stdout]   |
[INFO] [stdout] 2 | use glimesh::http::Connection;
[INFO] [stdout]   |
[INFO] [stdout] 2 | use glimesh::ws::Connection;
[INFO] [stdout]   |
[INFO] [stdout] 
[INFO] [stdout] error: aborting due to previous error
[INFO] [stdout] 
[INFO] [stdout] For more information about this error, try `rustc --explain E0433`.
[INFO] [stdout] Couldn't compile the test.
[INFO] [stdout] ---- src/auth.rs - auth::Auth::refreshable_access_token (line 55) stdout ----
[INFO] [stdout] error[E0433]: failed to resolve: use of undeclared type `Auth`
[INFO] [stdout]  --> src/auth.rs:56:30
[INFO] [stdout]   |
[INFO] [stdout] 3 | let (auth, token_receiver) = Auth::refreshable_access_token(
[INFO] [stdout]   |                              ^^^^ not found in this scope
[INFO] [stdout]   |
[INFO] [stdout] help: consider importing this enum
[INFO] [stdout]   |
[INFO] [stdout] 2 | use glimesh::Auth;
[INFO] [stdout]   |
[INFO] [stdout] 
[INFO] [stdout] error[E0422]: cannot find struct, variant or union type `AccessToken` in this scope
[INFO] [stdout]  --> src/auth.rs:60:5
[INFO] [stdout]   |
[INFO] [stdout] 7 |     AccessToken { .. },
[INFO] [stdout]   |     ^^^^^^^^^^^ not found in this scope
[INFO] [stdout]   |
[INFO] [stdout] help: consider importing one of these items
[INFO] [stdout]   |
[INFO] [stdout] 2 | use glimesh::AccessToken;
[INFO] [stdout]   |
[INFO] [stdout] 2 | use glimesh::Auth::AccessToken;
[INFO] [stdout]   |
[INFO] [stdout] 
[INFO] [stdout] error: base expression required after `..`
[INFO] [stdout]  --> src/auth.rs:60:21
[INFO] [stdout]   |
[INFO] [stdout] 7 |     AccessToken { .. },
[INFO] [stdout]   |                     ^ add a base expression here
[INFO] [stdout] 
[INFO] [stdout] error: aborting due to 3 previous errors
[INFO] [stdout] 
[INFO] [stdout] Some errors have detailed explanations: E0422, E0433.
[INFO] [stdout] For more information about an error, try `rustc --explain E0422`.
[INFO] [stdout] Couldn't compile the test.
[INFO] [stdout] ---- src/lib.rs - (line 16) stdout ----
[INFO] [stdout] error: Failed to generate GraphQLQuery impl: Could not find file with path: /opt/rustwide/workdir/examples/graphql/schema.json
[INFO] [stdout] 
[INFO] [stdout]                 Hint: file paths in the GraphQLQuery attribute are relative to the project root (location of the Cargo.toml). Example: query_path = "src/my_query.graphql".
[INFO] [stdout]   --> src/lib.rs:22:1
[INFO] [stdout]    |
[INFO] [stdout] 8  | / #[graphql(
[INFO] [stdout] 9  | |     schema_path = "examples/graphql/schema.json",
[INFO] [stdout] 10 | |     query_path = "examples/graphql/user_details.graphql",
[INFO] [stdout] 11 | |     response_derives = "Debug"
[INFO] [stdout] 12 | | )]
[INFO] [stdout] 13 | | pub struct UserDetailsQuery;
[INFO] [stdout]    | |____________________________^
[INFO] [stdout] 
[INFO] [stdout] error[E0433]: failed to resolve: use of undeclared crate or module `user_details_query`
[INFO] [stdout]   --> src/lib.rs:39:9
[INFO] [stdout]    |
[INFO] [stdout] 25 |         user_details_query::Variables {
[INFO] [stdout]    |         ^^^^^^^^^^^^^^^^^^ use of undeclared crate or module `user_details_query`
[INFO] [stdout] 
[INFO] [stdout] error[E0277]: the trait bound `UserDetailsQuery: GraphQLQuery` is not satisfied
[INFO] [stdout]   --> src/lib.rs:38:6
[INFO] [stdout]    |
[INFO] [stdout] 24 |     .query::<UserDetailsQuery>(
[INFO] [stdout]    |      ^^^^^ the trait `GraphQLQuery` is not implemented for `UserDetailsQuery`
[INFO] [stdout] 
[INFO] [stdout] error[E0277]: the trait bound `UserDetailsQuery: GraphQLQuery` is not satisfied
[INFO] [stdout]   --> src/lib.rs:37:11
[INFO] [stdout]    |
[INFO] [stdout] 23 |   let res = client
[INFO] [stdout]    |  ___________^
[INFO] [stdout] 24 | |     .query::<UserDetailsQuery>(
[INFO] [stdout] 25 | |         user_details_query::Variables {
[INFO] [stdout] 26 | |             username: "James".into(),
[INFO] [stdout] 27 | |         }
[INFO] [stdout] 28 | |     )
[INFO] [stdout] 29 | |     .await?;
[INFO] [stdout]    | |__________^ the trait `GraphQLQuery` is not implemented for `UserDetailsQuery`
[INFO] [stdout] 
[INFO] [stdout] error: aborting due to 4 previous errors
[INFO] [stdout] 
[INFO] [stdout] Some errors have detailed explanations: E0277, E0433.
[INFO] [stdout] For more information about an error, try `rustc --explain E0277`.
[INFO] [stdout] Couldn't compile the test.
[INFO] [stdout] ---- src/conn/ws/connection.rs - conn::ws::connection::ConnectionBuilder (line 16) stdout ----
[INFO] [stdout] error[E0433]: failed to resolve: use of undeclared type `Connection`
[INFO] [stdout]  --> src/conn/ws/connection.rs:17:18
[INFO] [stdout]   |
[INFO] [stdout] 3 | let connection = Connection::builder()
[INFO] [stdout]   |                  ^^^^^^^^^^ not found in this scope
[INFO] [stdout]   |
[INFO] [stdout] help: consider importing one of these items
[INFO] [stdout]   |
[INFO] [stdout] 2 | use glimesh::http::Connection;
[INFO] [stdout]   |
[INFO] [stdout] 2 | use glimesh::ws::Connection;
[INFO] [stdout]   |
[INFO] [stdout] 
[INFO] [stdout] error: aborting due to previous error
[INFO] [stdout] 
[INFO] [stdout] For more information about this error, try `rustc --explain E0433`.
[INFO] [stdout] Couldn't compile the test.
[INFO] [stdout] ---- src/conn/ws.rs - conn::ws (line 5) stdout ----
[INFO] [stdout] error[E0728]: `await` is only allowed inside `async` functions and blocks
[INFO] [stdout]  --> src/conn/ws.rs:7:14
[INFO] [stdout]   |
[INFO] [stdout] 3 | fn main() { #[allow(non_snake_case)] fn _doctest_main_src_conn_ws_rs_5_0() {
[INFO] [stdout]   |                                         -------------------------------- this is not `async`
[INFO] [stdout] 4 | use glimesh::{ws::Connection, Auth};
[INFO] [stdout] 5 | let client = Connection::connect(Auth::client_id("<GLIMESH_CLIENT_ID>")).await.into_client();
[INFO] [stdout]   |              ^^^^^^^^^^^^^^^^^^^^^^^^^^^^^^^^^^^^^^^^^^^^^^^^^^^^^^^^^^^^^^^^^ only allowed inside `async` functions and blocks
[INFO] [stdout] 
[INFO] [stdout] error[E0599]: no method named `into_client` found for enum `Result` in the current scope
[INFO] [stdout]  --> src/conn/ws.rs:7:80
[INFO] [stdout]   |
[INFO] [stdout] 5 | let client = Connection::connect(Auth::client_id("<GLIMESH_CLIENT_ID>")).await.into_client();
[INFO] [stdout]   |                                                                                ^^^^^^^^^^^ method not found in `Result<glimesh::ws::Connection, WebsocketConnectionError>`
[INFO] [stdout] 
[INFO] [stdout] error: aborting due to 2 previous errors
[INFO] [stdout] 
[INFO] [stdout] Some errors have detailed explanations: E0599, E0728.
[INFO] [stdout] For more information about an error, try `rustc --explain E0599`.
[INFO] [stdout] Couldn't compile the test.
[INFO] [stdout] 
[INFO] [stdout] failures:
[INFO] [stdout]     src/auth.rs - auth::Auth::refreshable_access_token (line 55)
[INFO] [stdout]     src/conn/http.rs - conn::http::ConnectionBuilder (line 34)
[INFO] [stdout]     src/conn/ws.rs - conn::ws (line 5)
[INFO] [stdout]     src/conn/ws/connection.rs - conn::ws::connection::ConnectionBuilder (line 16)
[INFO] [stdout]     src/lib.rs - (line 16)
[INFO] [stdout] 
[INFO] [stdout] test result: FAILED. 1 passed; 5 failed; 0 ignored; 0 measured; 0 filtered out; finished in 6.14s
[INFO] [stdout] 
[INFO] [stderr] error: test failed, to rerun pass '--doc'
[INFO] running `Command { std: "docker" "inspect" "1b4b75ef0aa0771de9eac7902213034803b271ada95586c39e999e15e022c691", kill_on_drop: false }`
[INFO] running `Command { std: "docker" "rm" "-f" "1b4b75ef0aa0771de9eac7902213034803b271ada95586c39e999e15e022c691", kill_on_drop: false }`
[INFO] [stdout] 1b4b75ef0aa0771de9eac7902213034803b271ada95586c39e999e15e022c691
