[INFO] fetching crate glib-sys 0.14.0...
[INFO] testing glib-sys-0.14.0 against beta-2021-08-01 for beta-1.55-1
[INFO] extracting crate glib-sys 0.14.0 into /workspace/builds/worker-2/source
[INFO] validating manifest of crates.io crate glib-sys 0.14.0 on toolchain beta-2021-08-01
[INFO] running `Command { std: "/workspace/cargo-home/bin/cargo" "+beta-2021-08-01" "metadata" "--manifest-path" "Cargo.toml" "--no-deps", kill_on_drop: false }`
[INFO] started tweaking crates.io crate glib-sys 0.14.0
[INFO] finished tweaking crates.io crate glib-sys 0.14.0
[INFO] tweaked toml for crates.io crate glib-sys 0.14.0 written to /workspace/builds/worker-2/source/Cargo.toml
[INFO] running `Command { std: "/workspace/cargo-home/bin/cargo" "+beta-2021-08-01" "generate-lockfile" "--manifest-path" "Cargo.toml" "-Zno-index-update", kill_on_drop: false }`
[INFO] running `Command { std: "/workspace/cargo-home/bin/cargo" "+beta-2021-08-01" "fetch" "--manifest-path" "Cargo.toml", kill_on_drop: false }`
[INFO] running `Command { std: "docker" "create" "-v" "/var/lib/crater-agent-workspace/builds/worker-2/target:/opt/rustwide/target:rw,Z" "-v" "/var/lib/crater-agent-workspace/builds/worker-2/source:/opt/rustwide/workdir:ro,Z" "-v" "/var/lib/crater-agent-workspace/cargo-home:/opt/rustwide/cargo-home:ro,Z" "-v" "/var/lib/crater-agent-workspace/rustup-home:/opt/rustwide/rustup-home:ro,Z" "-e" "SOURCE_DIR=/opt/rustwide/workdir" "-e" "CARGO_TARGET_DIR=/opt/rustwide/target" "-e" "CARGO_HOME=/opt/rustwide/cargo-home" "-e" "RUSTUP_HOME=/opt/rustwide/rustup-home" "-w" "/opt/rustwide/workdir" "-m" "1610612736" "--user" "0:0" "--network" "none" "ghcr.io/rust-lang/crates-build-env/linux@sha256:34b6a614d2c27851fe6cbf88fbd1137609cefab8b10d0615aaeb6fd47975d74e" "/opt/rustwide/cargo-home/bin/cargo" "+beta-2021-08-01" "metadata" "--no-deps" "--format-version=1", kill_on_drop: false }`
[INFO] [stdout] ee0ea1059c95f1244b2b856ffff3b30e259f9591c2f58ed7aade079f8e6d7344
[INFO] [stderr] WARNING: Your kernel does not support swap limit capabilities or the cgroup is not mounted. Memory limited without swap.
[INFO] running `Command { std: "docker" "start" "-a" "ee0ea1059c95f1244b2b856ffff3b30e259f9591c2f58ed7aade079f8e6d7344", kill_on_drop: false }`
[INFO] running `Command { std: "docker" "inspect" "ee0ea1059c95f1244b2b856ffff3b30e259f9591c2f58ed7aade079f8e6d7344", kill_on_drop: false }`
[INFO] running `Command { std: "docker" "rm" "-f" "ee0ea1059c95f1244b2b856ffff3b30e259f9591c2f58ed7aade079f8e6d7344", kill_on_drop: false }`
[INFO] [stdout] ee0ea1059c95f1244b2b856ffff3b30e259f9591c2f58ed7aade079f8e6d7344
[INFO] running `Command { std: "docker" "create" "-v" "/var/lib/crater-agent-workspace/builds/worker-2/target:/opt/rustwide/target:rw,Z" "-v" "/var/lib/crater-agent-workspace/builds/worker-2/source:/opt/rustwide/workdir:ro,Z" "-v" "/var/lib/crater-agent-workspace/cargo-home:/opt/rustwide/cargo-home:ro,Z" "-v" "/var/lib/crater-agent-workspace/rustup-home:/opt/rustwide/rustup-home:ro,Z" "-e" "SOURCE_DIR=/opt/rustwide/workdir" "-e" "CARGO_TARGET_DIR=/opt/rustwide/target" "-e" "CARGO_INCREMENTAL=0" "-e" "RUST_BACKTRACE=full" "-e" "RUSTFLAGS=--cap-lints=warn" "-e" "CARGO_HOME=/opt/rustwide/cargo-home" "-e" "RUSTUP_HOME=/opt/rustwide/rustup-home" "-w" "/opt/rustwide/workdir" "-m" "1610612736" "--user" "0:0" "--network" "none" "ghcr.io/rust-lang/crates-build-env/linux@sha256:34b6a614d2c27851fe6cbf88fbd1137609cefab8b10d0615aaeb6fd47975d74e" "/opt/rustwide/cargo-home/bin/cargo" "+beta-2021-08-01" "build" "--frozen" "--message-format=json", kill_on_drop: false }`
[INFO] [stderr] WARNING: Your kernel does not support swap limit capabilities or the cgroup is not mounted. Memory limited without swap.
[INFO] [stdout] a94119bd7a8ca2b8344544e19a06564489e155754e1fd60ff427643b8c592415
[INFO] running `Command { std: "docker" "start" "-a" "a94119bd7a8ca2b8344544e19a06564489e155754e1fd60ff427643b8c592415", kill_on_drop: false }`
[INFO] [stderr]    Compiling version-compare v0.0.11
[INFO] [stderr]    Compiling strum v0.21.0
[INFO] [stderr]    Compiling cfg-expr v0.8.1
[INFO] [stderr]    Compiling toml v0.5.8
[INFO] [stderr]    Compiling strum_macros v0.21.1
[INFO] [stderr]    Compiling system-deps v3.2.0
[INFO] [stderr]    Compiling glib-sys v0.14.0 (/opt/rustwide/workdir)
[INFO] [stderr]     Finished dev [unoptimized + debuginfo] target(s) in 7.84s
[INFO] running `Command { std: "docker" "inspect" "a94119bd7a8ca2b8344544e19a06564489e155754e1fd60ff427643b8c592415", kill_on_drop: false }`
[INFO] running `Command { std: "docker" "rm" "-f" "a94119bd7a8ca2b8344544e19a06564489e155754e1fd60ff427643b8c592415", kill_on_drop: false }`
[INFO] [stdout] a94119bd7a8ca2b8344544e19a06564489e155754e1fd60ff427643b8c592415
[INFO] running `Command { std: "docker" "create" "-v" "/var/lib/crater-agent-workspace/builds/worker-2/target:/opt/rustwide/target:rw,Z" "-v" "/var/lib/crater-agent-workspace/builds/worker-2/source:/opt/rustwide/workdir:ro,Z" "-v" "/var/lib/crater-agent-workspace/cargo-home:/opt/rustwide/cargo-home:ro,Z" "-v" "/var/lib/crater-agent-workspace/rustup-home:/opt/rustwide/rustup-home:ro,Z" "-e" "SOURCE_DIR=/opt/rustwide/workdir" "-e" "CARGO_TARGET_DIR=/opt/rustwide/target" "-e" "CARGO_INCREMENTAL=0" "-e" "RUST_BACKTRACE=full" "-e" "RUSTFLAGS=--cap-lints=warn" "-e" "CARGO_HOME=/opt/rustwide/cargo-home" "-e" "RUSTUP_HOME=/opt/rustwide/rustup-home" "-w" "/opt/rustwide/workdir" "-m" "1610612736" "--user" "0:0" "--network" "none" "ghcr.io/rust-lang/crates-build-env/linux@sha256:34b6a614d2c27851fe6cbf88fbd1137609cefab8b10d0615aaeb6fd47975d74e" "/opt/rustwide/cargo-home/bin/cargo" "+beta-2021-08-01" "test" "--frozen" "--no-run" "--message-format=json", kill_on_drop: false }`
[INFO] [stderr] WARNING: Your kernel does not support swap limit capabilities or the cgroup is not mounted. Memory limited without swap.
[INFO] [stdout] 20b7a15a7aa73282e84a59e923aae57070406f38e51d74e2e4db5497b03950e7
[INFO] running `Command { std: "docker" "start" "-a" "20b7a15a7aa73282e84a59e923aae57070406f38e51d74e2e4db5497b03950e7", kill_on_drop: false }`
[INFO] [stderr]    Compiling glib-sys v0.14.0 (/opt/rustwide/workdir)
[INFO] [stderr]     Finished test [unoptimized + debuginfo] target(s) in 1.01s
[INFO] running `Command { std: "docker" "inspect" "20b7a15a7aa73282e84a59e923aae57070406f38e51d74e2e4db5497b03950e7", kill_on_drop: false }`
[INFO] running `Command { std: "docker" "rm" "-f" "20b7a15a7aa73282e84a59e923aae57070406f38e51d74e2e4db5497b03950e7", kill_on_drop: false }`
[INFO] [stdout] 20b7a15a7aa73282e84a59e923aae57070406f38e51d74e2e4db5497b03950e7
[INFO] running `Command { std: "docker" "create" "-v" "/var/lib/crater-agent-workspace/builds/worker-2/target:/opt/rustwide/target:rw,Z" "-v" "/var/lib/crater-agent-workspace/builds/worker-2/source:/opt/rustwide/workdir:ro,Z" "-v" "/var/lib/crater-agent-workspace/cargo-home:/opt/rustwide/cargo-home:ro,Z" "-v" "/var/lib/crater-agent-workspace/rustup-home:/opt/rustwide/rustup-home:ro,Z" "-e" "SOURCE_DIR=/opt/rustwide/workdir" "-e" "CARGO_TARGET_DIR=/opt/rustwide/target" "-e" "CARGO_INCREMENTAL=0" "-e" "RUST_BACKTRACE=full" "-e" "RUSTFLAGS=--cap-lints=warn" "-e" "CARGO_HOME=/opt/rustwide/cargo-home" "-e" "RUSTUP_HOME=/opt/rustwide/rustup-home" "-w" "/opt/rustwide/workdir" "-m" "1610612736" "--user" "0:0" "--network" "none" "ghcr.io/rust-lang/crates-build-env/linux@sha256:34b6a614d2c27851fe6cbf88fbd1137609cefab8b10d0615aaeb6fd47975d74e" "/opt/rustwide/cargo-home/bin/cargo" "+beta-2021-08-01" "test" "--frozen", kill_on_drop: false }`
[INFO] [stdout] b21bf0f0aae48d17c7e5b63b81138343759ce24cedb958f4a3290b1705e745b2
[INFO] [stderr] WARNING: Your kernel does not support swap limit capabilities or the cgroup is not mounted. Memory limited without swap.
[INFO] running `Command { std: "docker" "start" "-a" "b21bf0f0aae48d17c7e5b63b81138343759ce24cedb958f4a3290b1705e745b2", kill_on_drop: false }`
[INFO] [stderr]     Finished test [unoptimized + debuginfo] target(s) in 0.03s
[INFO] [stderr]      Running unittests (/opt/rustwide/target/debug/deps/glib_sys-d39a37917798b0df)
[INFO] [stdout] 
[INFO] [stdout] running 0 tests
[INFO] [stdout] 
[INFO] [stdout] test result: ok. 0 passed; 0 failed; 0 ignored; 0 measured; 0 filtered out; finished in 0.00s
[INFO] [stdout] 
[INFO] [stderr]      Running tests/abi.rs (/opt/rustwide/target/debug/deps/abi-7893269543eb916b)
[INFO] [stdout] 
[INFO] [stdout] running 2 tests
[INFO] [stderr] tests/layout.c: In function 'main':
[INFO] [stderr] tests/layout.c:26:60: error: 'GFileSetContentsFlags' undeclared (first use in this function)
[INFO] [stderr]    26 |     printf("%s;%zu;%zu\n", "GFileSetContentsFlags", sizeof(GFileSetContentsFlags), alignof(GFileSetContentsFlags));
[INFO] [stderr]       |                                                            ^~~~~~~~~~~~~~~~~~~~~
[INFO] [stderr] tests/layout.c:26:60: note: each undeclared identifier is reported only once for each function it appears in
[INFO] [stderr] tests/layout.c:107:48: error: 'GUriError' undeclared (first use in this function); did you mean 'GIOError'?
[INFO] [stderr]   107 |     printf("%s;%zu;%zu\n", "GUriError", sizeof(GUriError), alignof(GUriError));
[INFO] [stderr]       |                                                ^~~~~~~~~
[INFO] [stderr]       |                                                GIOError
[INFO] [stderr] tests/layout.c:108:48: error: 'GUriFlags' undeclared (first use in this function); did you mean 'GIOFlags'?
[INFO] [stderr]   108 |     printf("%s;%zu;%zu\n", "GUriFlags", sizeof(GUriFlags), alignof(GUriFlags));
[INFO] [stderr]       |                                                ^~~~~~~~~
[INFO] [stderr]       |                                                GIOFlags
[INFO] [stderr] tests/layout.c:109:52: error: 'GUriHideFlags' undeclared (first use in this function)
[INFO] [stderr]   109 |     printf("%s;%zu;%zu\n", "GUriHideFlags", sizeof(GUriHideFlags), alignof(GUriHideFlags));
[INFO] [stderr]       |                                                    ^~~~~~~~~~~~~
[INFO] [stderr] tests/layout.c:110:54: error: 'GUriParamsFlags' undeclared (first use in this function); did you mean 'GParamFlags'?
[INFO] [stderr]   110 |     printf("%s;%zu;%zu\n", "GUriParamsFlags", sizeof(GUriParamsFlags), alignof(GUriParamsFlags));
[INFO] [stderr]       |                                                      ^~~~~~~~~~~~~~~
[INFO] [stderr]       |                                                      GParamFlags
[INFO] [stderr] tests/layout.c:111:53: error: 'GUriParamsIter' undeclared (first use in this function); did you mean 'GParameter'?
[INFO] [stderr]   111 |     printf("%s;%zu;%zu\n", "GUriParamsIter", sizeof(GUriParamsIter), alignof(GUriParamsIter));
[INFO] [stderr]       |                                                     ^~~~~~~~~~~~~~
[INFO] [stderr]       |                                                     GParameter
[INFO] [stderr] tests/constant.c: In function 'main':
[INFO] [stderr] tests/constant.c:136:28: error: 'G_FILE_SET_CONTENTS_CONSISTENT' undeclared (first use in this function)
[INFO] [stderr]   136 |     PRINT_CONSTANT((guint) G_FILE_SET_CONTENTS_CONSISTENT);
[INFO] [stderr]       |                            ^~~~~~~~~~~~~~~~~~~~~~~~~~~~~~
[INFO] [stderr] tests/constant.c:10:22: note: in definition of macro 'PRINT_CONSTANT'
[INFO] [stderr]    10 |     printf(_Generic((CONSTANT_NAME), \
[INFO] [stderr]       |                      ^~~~~~~~~~~~~
[INFO] [stderr] tests/constant.c:136:28: note: each undeclared identifier is reported only once for each function it appears in
[INFO] [stderr]   136 |     PRINT_CONSTANT((guint) G_FILE_SET_CONTENTS_CONSISTENT);
[INFO] [stderr]       |                            ^~~~~~~~~~~~~~~~~~~~~~~~~~~~~~
[INFO] [stderr] tests/constant.c:10:22: note: in definition of macro 'PRINT_CONSTANT'
[INFO] [stderr]    10 |     printf(_Generic((CONSTANT_NAME), \
[INFO] [stderr]       |                      ^~~~~~~~~~~~~
[INFO] [stderr] tests/constant.c:137:28: error: 'G_FILE_SET_CONTENTS_DURABLE' undeclared (first use in this function)
[INFO] [stderr]   137 |     PRINT_CONSTANT((guint) G_FILE_SET_CONTENTS_DURABLE);
[INFO] [stderr]       |                            ^~~~~~~~~~~~~~~~~~~~~~~~~~~
[INFO] [stderr] tests/constant.c:10:22: note: in definition of macro 'PRINT_CONSTANT'
[INFO] [stderr]    10 |     printf(_Generic((CONSTANT_NAME), \
[INFO] [stderr]       |                      ^~~~~~~~~~~~~
[INFO] [stderr] tests/constant.c:138:28: error: 'G_FILE_SET_CONTENTS_NONE' undeclared (first use in this function)
[INFO] [stderr]   138 |     PRINT_CONSTANT((guint) G_FILE_SET_CONTENTS_NONE);
[INFO] [stderr]       |                            ^~~~~~~~~~~~~~~~~~~~~~~~
[INFO] [stderr] tests/constant.c:10:22: note: in definition of macro 'PRINT_CONSTANT'
[INFO] [stderr]    10 |     printf(_Generic((CONSTANT_NAME), \
[INFO] [stderr]       |                      ^~~~~~~~~~~~~
[INFO] [stdout] test cross_validate_layout_with_c ... FAILED
[INFO] [stderr] tests/constant.c:139:28: error: 'G_FILE_SET_CONTENTS_ONLY_EXISTING' undeclared (first use in this function)
[INFO] [stderr]   139 |     PRINT_CONSTANT((guint) G_FILE_SET_CONTENTS_ONLY_EXISTING);
[INFO] [stderr]       |                            ^~~~~~~~~~~~~~~~~~~~~~~~~~~~~~~~~
[INFO] [stderr] tests/constant.c:10:22: note: in definition of macro 'PRINT_CONSTANT'
[INFO] [stderr]    10 |     printf(_Generic((CONSTANT_NAME), \
[INFO] [stderr]       |                      ^~~~~~~~~~~~~
[INFO] [stderr] tests/constant.c:594:27: error: 'G_UNICODE_SCRIPT_CHORASMIAN' undeclared (first use in this function); did you mean 'G_UNICODE_SCRIPT_CHAKMA'?
[INFO] [stderr]   594 |     PRINT_CONSTANT((gint) G_UNICODE_SCRIPT_CHORASMIAN);
[INFO] [stderr]       |                           ^~~~~~~~~~~~~~~~~~~~~~~~~~~
[INFO] [stderr] tests/constant.c:10:22: note: in definition of macro 'PRINT_CONSTANT'
[INFO] [stderr]    10 |     printf(_Generic((CONSTANT_NAME), \
[INFO] [stderr]       |                      ^~~~~~~~~~~~~
[INFO] [stderr] tests/constant.c:602:27: error: 'G_UNICODE_SCRIPT_DIVES_AKURU' undeclared (first use in this function); did you mean 'G_UNICODE_SCRIPT_AVESTAN'?
[INFO] [stderr]   602 |     PRINT_CONSTANT((gint) G_UNICODE_SCRIPT_DIVES_AKURU);
[INFO] [stderr]       |                           ^~~~~~~~~~~~~~~~~~~~~~~~~~~~
[INFO] [stderr] tests/constant.c:10:22: note: in definition of macro 'PRINT_CONSTANT'
[INFO] [stderr]    10 |     printf(_Generic((CONSTANT_NAME), \
[INFO] [stderr]       |                      ^~~~~~~~~~~~~
[INFO] [stderr] tests/constant.c:635:27: error: 'G_UNICODE_SCRIPT_KHITAN_SMALL_SCRIPT' undeclared (first use in this function)
[INFO] [stderr]   635 |     PRINT_CONSTANT((gint) G_UNICODE_SCRIPT_KHITAN_SMALL_SCRIPT);
[INFO] [stderr]       |                           ^~~~~~~~~~~~~~~~~~~~~~~~~~~~~~~~~~~~
[INFO] [stderr] tests/constant.c:10:22: note: in definition of macro 'PRINT_CONSTANT'
[INFO] [stderr]    10 |     printf(_Generic((CONSTANT_NAME), \
[INFO] [stderr]       |                      ^~~~~~~~~~~~~
[INFO] [stderr] tests/constant.c:726:27: error: 'G_UNICODE_SCRIPT_YEZIDI' undeclared (first use in this function); did you mean 'G_UNICODE_SCRIPT_MODI'?
[INFO] [stderr]   726 |     PRINT_CONSTANT((gint) G_UNICODE_SCRIPT_YEZIDI);
[INFO] [stderr]       |                           ^~~~~~~~~~~~~~~~~~~~~~~
[INFO] [stderr] tests/constant.c:10:22: note: in definition of macro 'PRINT_CONSTANT'
[INFO] [stderr]    10 |     printf(_Generic((CONSTANT_NAME), \
[INFO] [stderr]       |                      ^~~~~~~~~~~~~
[INFO] [stderr] tests/constant.c:735:27: error: 'G_URI_ERROR_BAD_AUTH_PARAMS' undeclared (first use in this function)
[INFO] [stderr]   735 |     PRINT_CONSTANT((gint) G_URI_ERROR_BAD_AUTH_PARAMS);
[INFO] [stderr]       |                           ^~~~~~~~~~~~~~~~~~~~~~~~~~~
[INFO] [stderr] tests/constant.c:10:22: note: in definition of macro 'PRINT_CONSTANT'
[INFO] [stderr]    10 |     printf(_Generic((CONSTANT_NAME), \
[INFO] [stderr]       |                      ^~~~~~~~~~~~~
[INFO] [stderr] tests/constant.c:736:27: error: 'G_URI_ERROR_BAD_FRAGMENT' undeclared (first use in this function)
[INFO] [stderr]   736 |     PRINT_CONSTANT((gint) G_URI_ERROR_BAD_FRAGMENT);
[INFO] [stderr]       |                           ^~~~~~~~~~~~~~~~~~~~~~~~
[INFO] [stderr] tests/constant.c:10:22: note: in definition of macro 'PRINT_CONSTANT'
[INFO] [stderr]    10 |     printf(_Generic((CONSTANT_NAME), \
[INFO] [stderr]       |                      ^~~~~~~~~~~~~
[INFO] [stderr] tests/constant.c:737:27: error: 'G_URI_ERROR_BAD_HOST' undeclared (first use in this function)
[INFO] [stderr]   737 |     PRINT_CONSTANT((gint) G_URI_ERROR_BAD_HOST);
[INFO] [stderr]       |                           ^~~~~~~~~~~~~~~~~~~~
[INFO] [stderr] tests/constant.c:10:22: note: in definition of macro 'PRINT_CONSTANT'
[INFO] [stderr]    10 |     printf(_Generic((CONSTANT_NAME), \
[INFO] [stderr]       |                      ^~~~~~~~~~~~~
[INFO] [stderr] tests/constant.c:738:27: error: 'G_URI_ERROR_BAD_PASSWORD' undeclared (first use in this function)
[INFO] [stderr]   738 |     PRINT_CONSTANT((gint) G_URI_ERROR_BAD_PASSWORD);
[INFO] [stderr]       |                           ^~~~~~~~~~~~~~~~~~~~~~~~
[INFO] [stderr] tests/constant.c:10:22: note: in definition of macro 'PRINT_CONSTANT'
[INFO] [stderr]    10 |     printf(_Generic((CONSTANT_NAME), \
[INFO] [stderr]       |                      ^~~~~~~~~~~~~
[INFO] [stderr] tests/constant.c:739:27: error: 'G_URI_ERROR_BAD_PATH' undeclared (first use in this function)
[INFO] [stderr]   739 |     PRINT_CONSTANT((gint) G_URI_ERROR_BAD_PATH);
[INFO] [stderr]       |                           ^~~~~~~~~~~~~~~~~~~~
[INFO] [stderr] tests/constant.c:10:22: note: in definition of macro 'PRINT_CONSTANT'
[INFO] [stderr]    10 |     printf(_Generic((CONSTANT_NAME), \
[INFO] [stderr]       |                      ^~~~~~~~~~~~~
[INFO] [stderr] tests/constant.c:740:27: error: 'G_URI_ERROR_BAD_PORT' undeclared (first use in this function)
[INFO] [stderr]   740 |     PRINT_CONSTANT((gint) G_URI_ERROR_BAD_PORT);
[INFO] [stderr]       |                           ^~~~~~~~~~~~~~~~~~~~
[INFO] [stderr] tests/constant.c:10:22: note: in definition of macro 'PRINT_CONSTANT'
[INFO] [stderr]    10 |     printf(_Generic((CONSTANT_NAME), \
[INFO] [stderr]       |                      ^~~~~~~~~~~~~
[INFO] [stderr] tests/constant.c:741:27: error: 'G_URI_ERROR_BAD_QUERY' undeclared (first use in this function)
[INFO] [stderr]   741 |     PRINT_CONSTANT((gint) G_URI_ERROR_BAD_QUERY);
[INFO] [stderr]       |                           ^~~~~~~~~~~~~~~~~~~~~
[INFO] [stderr] tests/constant.c:10:22: note: in definition of macro 'PRINT_CONSTANT'
[INFO] [stderr]    10 |     printf(_Generic((CONSTANT_NAME), \
[INFO] [stderr]       |                      ^~~~~~~~~~~~~
[INFO] [stderr] tests/constant.c:742:27: error: 'G_URI_ERROR_BAD_SCHEME' undeclared (first use in this function)
[INFO] [stderr]   742 |     PRINT_CONSTANT((gint) G_URI_ERROR_BAD_SCHEME);
[INFO] [stderr]       |                           ^~~~~~~~~~~~~~~~~~~~~~
[INFO] [stderr] tests/constant.c:10:22: note: in definition of macro 'PRINT_CONSTANT'
[INFO] [stderr]    10 |     printf(_Generic((CONSTANT_NAME), \
[INFO] [stderr]       |                      ^~~~~~~~~~~~~
[INFO] [stderr] tests/constant.c:743:27: error: 'G_URI_ERROR_BAD_USER' undeclared (first use in this function); did you mean 'G_MARKUP_ERROR_BAD_UTF8'?
[INFO] [stderr]   743 |     PRINT_CONSTANT((gint) G_URI_ERROR_BAD_USER);
[INFO] [stderr]       |                           ^~~~~~~~~~~~~~~~~~~~
[INFO] [stderr] tests/constant.c:10:22: note: in definition of macro 'PRINT_CONSTANT'
[INFO] [stderr]    10 |     printf(_Generic((CONSTANT_NAME), \
[INFO] [stderr]       |                      ^~~~~~~~~~~~~
[INFO] [stderr] tests/constant.c:744:27: error: 'G_URI_ERROR_FAILED' undeclared (first use in this function); did you mean 'G_FILE_ERROR_FAILED'?
[INFO] [stderr]   744 |     PRINT_CONSTANT((gint) G_URI_ERROR_FAILED);
[INFO] [stderr]       |                           ^~~~~~~~~~~~~~~~~~
[INFO] [stderr] tests/constant.c:10:22: note: in definition of macro 'PRINT_CONSTANT'
[INFO] [stderr]    10 |     printf(_Generic((CONSTANT_NAME), \
[INFO] [stderr]       |                      ^~~~~~~~~~~~~
[INFO] [stderr] tests/constant.c:745:28: error: 'G_URI_FLAGS_ENCODED' undeclared (first use in this function)
[INFO] [stderr]   745 |     PRINT_CONSTANT((guint) G_URI_FLAGS_ENCODED);
[INFO] [stderr]       |                            ^~~~~~~~~~~~~~~~~~~
[INFO] [stderr] tests/constant.c:10:22: note: in definition of macro 'PRINT_CONSTANT'
[INFO] [stderr]    10 |     printf(_Generic((CONSTANT_NAME), \
[INFO] [stderr]       |                      ^~~~~~~~~~~~~
[INFO] [stderr] tests/constant.c:746:28: error: 'G_URI_FLAGS_ENCODED_FRAGMENT' undeclared (first use in this function)
[INFO] [stderr]   746 |     PRINT_CONSTANT((guint) G_URI_FLAGS_ENCODED_FRAGMENT);
[INFO] [stderr]       |                            ^~~~~~~~~~~~~~~~~~~~~~~~~~~~
[INFO] [stderr] tests/constant.c:10:22: note: in definition of macro 'PRINT_CONSTANT'
[INFO] [stderr]    10 |     printf(_Generic((CONSTANT_NAME), \
[INFO] [stderr]       |                      ^~~~~~~~~~~~~
[INFO] [stderr] tests/constant.c:747:28: error: 'G_URI_FLAGS_ENCODED_PATH' undeclared (first use in this function)
[INFO] [stderr]   747 |     PRINT_CONSTANT((guint) G_URI_FLAGS_ENCODED_PATH);
[INFO] [stderr]       |                            ^~~~~~~~~~~~~~~~~~~~~~~~
[INFO] [stderr] tests/constant.c:10:22: note: in definition of macro 'PRINT_CONSTANT'
[INFO] [stderr]    10 |     printf(_Generic((CONSTANT_NAME), \
[INFO] [stderr]       |                      ^~~~~~~~~~~~~
[INFO] [stderr] tests/constant.c:748:28: error: 'G_URI_FLAGS_ENCODED_QUERY' undeclared (first use in this function)
[INFO] [stderr]   748 |     PRINT_CONSTANT((guint) G_URI_FLAGS_ENCODED_QUERY);
[INFO] [stderr]       |                            ^~~~~~~~~~~~~~~~~~~~~~~~~
[INFO] [stderr] tests/constant.c:10:22: note: in definition of macro 'PRINT_CONSTANT'
[INFO] [stderr]    10 |     printf(_Generic((CONSTANT_NAME), \
[INFO] [stderr]       |                      ^~~~~~~~~~~~~
[INFO] [stderr] tests/constant.c:749:28: error: 'G_URI_FLAGS_HAS_AUTH_PARAMS' undeclared (first use in this function)
[INFO] [stderr]   749 |     PRINT_CONSTANT((guint) G_URI_FLAGS_HAS_AUTH_PARAMS);
[INFO] [stderr]       |                            ^~~~~~~~~~~~~~~~~~~~~~~~~~~
[INFO] [stderr] tests/constant.c:10:22: note: in definition of macro 'PRINT_CONSTANT'
[INFO] [stderr]    10 |     printf(_Generic((CONSTANT_NAME), \
[INFO] [stderr]       |                      ^~~~~~~~~~~~~
[INFO] [stderr] tests/constant.c:750:28: error: 'G_URI_FLAGS_HAS_PASSWORD' undeclared (first use in this function)
[INFO] [stderr]   750 |     PRINT_CONSTANT((guint) G_URI_FLAGS_HAS_PASSWORD);
[INFO] [stderr]       |                            ^~~~~~~~~~~~~~~~~~~~~~~~
[INFO] [stderr] tests/constant.c:10:22: note: in definition of macro 'PRINT_CONSTANT'
[INFO] [stderr]    10 |     printf(_Generic((CONSTANT_NAME), \
[INFO] [stderr]       |                      ^~~~~~~~~~~~~
[INFO] [stderr] tests/constant.c:751:28: error: 'G_URI_FLAGS_NONE' undeclared (first use in this function); did you mean 'G_OPTION_FLAG_NONE'?
[INFO] [stderr]   751 |     PRINT_CONSTANT((guint) G_URI_FLAGS_NONE);
[INFO] [stderr]       |                            ^~~~~~~~~~~~~~~~
[INFO] [stderr] tests/constant.c:10:22: note: in definition of macro 'PRINT_CONSTANT'
[INFO] [stderr]    10 |     printf(_Generic((CONSTANT_NAME), \
[INFO] [stderr]       |                      ^~~~~~~~~~~~~
[INFO] [stderr] tests/constant.c:752:28: error: 'G_URI_FLAGS_NON_DNS' undeclared (first use in this function)
[INFO] [stderr]   752 |     PRINT_CONSTANT((guint) G_URI_FLAGS_NON_DNS);
[INFO] [stderr]       |                            ^~~~~~~~~~~~~~~~~~~
[INFO] [stderr] tests/constant.c:10:22: note: in definition of macro 'PRINT_CONSTANT'
[INFO] [stderr]    10 |     printf(_Generic((CONSTANT_NAME), \
[INFO] [stderr]       |                      ^~~~~~~~~~~~~
[INFO] [stderr] tests/constant.c:753:28: error: 'G_URI_FLAGS_PARSE_RELAXED' undeclared (first use in this function)
[INFO] [stderr]   753 |     PRINT_CONSTANT((guint) G_URI_FLAGS_PARSE_RELAXED);
[INFO] [stderr]       |                            ^~~~~~~~~~~~~~~~~~~~~~~~~
[INFO] [stderr] tests/constant.c:10:22: note: in definition of macro 'PRINT_CONSTANT'
[INFO] [stderr]    10 |     printf(_Generic((CONSTANT_NAME), \
[INFO] [stderr]       |                      ^~~~~~~~~~~~~
[INFO] [stderr] tests/constant.c:754:28: error: 'G_URI_HIDE_AUTH_PARAMS' undeclared (first use in this function)
[INFO] [stderr]   754 |     PRINT_CONSTANT((guint) G_URI_HIDE_AUTH_PARAMS);
[INFO] [stderr]       |                            ^~~~~~~~~~~~~~~~~~~~~~
[INFO] [stderr] tests/constant.c:10:22: note: in definition of macro 'PRINT_CONSTANT'
[INFO] [stderr]    10 |     printf(_Generic((CONSTANT_NAME), \
[INFO] [stderr]       |                      ^~~~~~~~~~~~~
[INFO] [stderr] tests/constant.c:755:28: error: 'G_URI_HIDE_FRAGMENT' undeclared (first use in this function)
[INFO] [stderr]   755 |     PRINT_CONSTANT((guint) G_URI_HIDE_FRAGMENT);
[INFO] [stderr]       |                            ^~~~~~~~~~~~~~~~~~~
[INFO] [stderr] tests/constant.c:10:22: note: in definition of macro 'PRINT_CONSTANT'
[INFO] [stderr]    10 |     printf(_Generic((CONSTANT_NAME), \
[INFO] [stderr]       |                      ^~~~~~~~~~~~~
[INFO] [stderr] tests/constant.c:756:28: error: 'G_URI_HIDE_NONE' undeclared (first use in this function); did you mean 'G_KEY_FILE_NONE'?
[INFO] [stderr]   756 |     PRINT_CONSTANT((guint) G_URI_HIDE_NONE);
[INFO] [stderr]       |                            ^~~~~~~~~~~~~~~
[INFO] [stderr] tests/constant.c:10:22: note: in definition of macro 'PRINT_CONSTANT'
[INFO] [stderr]    10 |     printf(_Generic((CONSTANT_NAME), \
[INFO] [stderr]       |                      ^~~~~~~~~~~~~
[INFO] [stderr] tests/constant.c:757:28: error: 'G_URI_HIDE_PASSWORD' undeclared (first use in this function)
[INFO] [stderr]   757 |     PRINT_CONSTANT((guint) G_URI_HIDE_PASSWORD);
[INFO] [stderr]       |                            ^~~~~~~~~~~~~~~~~~~
[INFO] [stderr] tests/constant.c:10:22: note: in definition of macro 'PRINT_CONSTANT'
[INFO] [stderr]    10 |     printf(_Generic((CONSTANT_NAME), \
[INFO] [stderr]       |                      ^~~~~~~~~~~~~
[INFO] [stderr] tests/constant.c:758:28: error: 'G_URI_HIDE_QUERY' undeclared (first use in this function)
[INFO] [stderr]   758 |     PRINT_CONSTANT((guint) G_URI_HIDE_QUERY);
[INFO] [stderr]       |                            ^~~~~~~~~~~~~~~~
[INFO] [stderr] tests/constant.c:10:22: note: in definition of macro 'PRINT_CONSTANT'
[INFO] [stderr]    10 |     printf(_Generic((CONSTANT_NAME), \
[INFO] [stderr]       |                      ^~~~~~~~~~~~~
[INFO] [stderr] tests/constant.c:759:28: error: 'G_URI_HIDE_USERINFO' undeclared (first use in this function)
[INFO] [stderr]   759 |     PRINT_CONSTANT((guint) G_URI_HIDE_USERINFO);
[INFO] [stderr]       |                            ^~~~~~~~~~~~~~~~~~~
[INFO] [stderr] tests/constant.c:10:22: note: in definition of macro 'PRINT_CONSTANT'
[INFO] [stderr]    10 |     printf(_Generic((CONSTANT_NAME), \
[INFO] [stderr]       |                      ^~~~~~~~~~~~~
[INFO] [stderr] tests/constant.c:760:28: error: 'G_URI_PARAMS_CASE_INSENSITIVE' undeclared (first use in this function)
[INFO] [stderr]   760 |     PRINT_CONSTANT((guint) G_URI_PARAMS_CASE_INSENSITIVE);
[INFO] [stderr]       |                            ^~~~~~~~~~~~~~~~~~~~~~~~~~~~~
[INFO] [stderr] tests/constant.c:10:22: note: in definition of macro 'PRINT_CONSTANT'
[INFO] [stderr]    10 |     printf(_Generic((CONSTANT_NAME), \
[INFO] [stderr]       |                      ^~~~~~~~~~~~~
[INFO] [stderr] tests/constant.c:761:28: error: 'G_URI_PARAMS_NONE' undeclared (first use in this function)
[INFO] [stderr]   761 |     PRINT_CONSTANT((guint) G_URI_PARAMS_NONE);
[INFO] [stderr]       |                            ^~~~~~~~~~~~~~~~~
[INFO] [stderr] tests/constant.c:10:22: note: in definition of macro 'PRINT_CONSTANT'
[INFO] [stderr]    10 |     printf(_Generic((CONSTANT_NAME), \
[INFO] [stderr]       |                      ^~~~~~~~~~~~~
[INFO] [stderr] tests/constant.c:762:28: error: 'G_URI_PARAMS_PARSE_RELAXED' undeclared (first use in this function)
[INFO] [stderr]   762 |     PRINT_CONSTANT((guint) G_URI_PARAMS_PARSE_RELAXED);
[INFO] [stderr]       |                            ^~~~~~~~~~~~~~~~~~~~~~~~~~
[INFO] [stderr] tests/constant.c:10:22: note: in definition of macro 'PRINT_CONSTANT'
[INFO] [stderr]    10 |     printf(_Generic((CONSTANT_NAME), \
[INFO] [stderr]       |                      ^~~~~~~~~~~~~
[INFO] [stderr] tests/constant.c:763:28: error: 'G_URI_PARAMS_WWW_FORM' undeclared (first use in this function)
[INFO] [stderr]   763 |     PRINT_CONSTANT((guint) G_URI_PARAMS_WWW_FORM);
[INFO] [stderr]       |                            ^~~~~~~~~~~~~~~~~~~~~
[INFO] [stderr] tests/constant.c:10:22: note: in definition of macro 'PRINT_CONSTANT'
[INFO] [stderr]    10 |     printf(_Generic((CONSTANT_NAME), \
[INFO] [stderr]       |                      ^~~~~~~~~~~~~
[INFO] [stderr] tests/constant.c:813:20: error: 'G_WIN32_MSG_HANDLE' undeclared (first use in this function)
[INFO] [stderr]   813 |     PRINT_CONSTANT(G_WIN32_MSG_HANDLE);
[INFO] [stderr]       |                    ^~~~~~~~~~~~~~~~~~
[INFO] [stderr] tests/constant.c:10:22: note: in definition of macro 'PRINT_CONSTANT'
[INFO] [stderr]    10 |     printf(_Generic((CONSTANT_NAME), \
[INFO] [stderr]       |                      ^~~~~~~~~~~~~
[INFO] [stderr] tests/constant.c:10:5: warning: '%s' directive argument is null [-Wformat-overflow=]
[INFO] [stderr]    10 |     printf(_Generic((CONSTANT_NAME), \
[INFO] [stderr]       |     ^~~~~~~~~~~~~~~~~~~~~~~~~~~~~~~~~~
[INFO] [stderr]    11 |                     char *: "%s", \
[INFO] [stderr]       |                     ~~~~~~~~~~~~~~~
[INFO] [stderr]    12 |                     const char *: "%s", \
[INFO] [stderr]       |                     ~~~~~~~~~~~~~~~~~~~~~
[INFO] [stderr]    13 |                     char: "%c", \
[INFO] [stderr]       |                     ~~~~~~~~~~~~~
[INFO] [stderr]    14 |                     signed char: "%hhd", \
[INFO] [stderr]       |                     ~~~~~~~~~~~~~~~~~~~~~~
[INFO] [stderr]    15 |                     unsigned char: "%hhu", \
[INFO] [stderr]       |                     ~~~~~~~~~~~~~~~~~~~~~~~~
[INFO] [stderr]    16 |                     short int: "%hd", \
[INFO] [stderr]       |                     ~~~~~~~~~~~~~~~~~~~
[INFO] [stderr]    17 |                     unsigned short int: "%hu", \
[INFO] [stderr]       |                     ~~~~~~~~~~~~~~~~~~~~~~~~~~~~
[INFO] [stderr]    18 |                     int: "%d", \
[INFO] [stderr]       |                     ~~~~~~~~~~~~
[INFO] [stderr]    19 |                     unsigned int: "%u", \
[INFO] [stderr]       |                     ~~~~~~~~~~~~~~~~~~~~~
[INFO] [stderr]    20 |                     long: "%ld", \
[INFO] [stderr]       |                     ~~~~~~~~~~~~~~
[INFO] [stderr]    21 |                     unsigned long: "%lu", \
[INFO] [stderr]       |                     ~~~~~~~~~~~~~~~~~~~~~~~
[INFO] [stderr]    22 |                     long long: "%lld", \
[INFO] [stderr]       |                     ~~~~~~~~~~~~~~~~~~~~
[INFO] [stderr]    23 |                     unsigned long long: "%llu", \
[INFO] [stderr]       |                     ~~~~~~~~~~~~~~~~~~~~~~~~~~~~~
[INFO] [stderr]    24 |                     float: "%f", \
[INFO] [stderr]       |                     ~~~~~~~~~~~~~~
[INFO] [stderr]    25 |                     double: "%f", \
[INFO] [stderr]       |                     ~~~~~~~~~~~~~~~
[INFO] [stderr]    26 |                     long double: "%ld"), \
[INFO] [stderr]       |                     ~~~~~~~~~~~~~~~~~~~~~~
[INFO] [stderr]    27 |            CONSTANT_NAME); \
[INFO] [stderr]       |            ~~~~~~~~~~~~~~
[INFO] [stderr] tests/constant.c:227:5: note: in expansion of macro 'PRINT_CONSTANT'
[INFO] [stderr]   227 |     PRINT_CONSTANT(G_LOG_DOMAIN);
[INFO] [stderr]       |     ^~~~~~~~~~~~~~
[INFO] [stderr] tests/constant.c:11:30: note: format string is defined here
[INFO] [stderr]    11 |                     char *: "%s", \
[INFO] [stderr]       |                              ^~
[INFO] [stdout] test cross_validate_constants_with_c ... FAILED
[INFO] [stdout] 
[INFO] [stdout] failures:
[INFO] [stdout] 
[INFO] [stdout] ---- cross_validate_layout_with_c stdout ----
[INFO] [stdout] thread 'cross_validate_layout_with_c' panicked at 'called `Result::unwrap()` on an `Err` value: "compilation command \"cc\" \"-Wno-deprecated-declarations\" \"-std=c11\" \"-D__USE_MINGW_ANSI_STDIO\" \"-I/usr/include/glib-2.0\" \"-I/usr/lib/x86_64-linux-gnu/glib-2.0/include\" \"tests/layout.c\" \"-o\" \"/tmp/abiGxj1wR/layout\" failed, exit status: 1"', tests/abi.rs:156:37
[INFO] [stdout] stack backtrace:
[INFO] [stdout]    0:     0x564f75ba7ad0 - std::backtrace_rs::backtrace::libunwind::trace::hff4d1766e93f64f1
[INFO] [stdout]                                at /rustc/53fd98ca776cb875bc9e5514f56b52eb74f9e7a9/library/std/src/../../backtrace/src/backtrace/libunwind.rs:90:5
[INFO] [stdout]    1:     0x564f75ba7ad0 - std::backtrace_rs::backtrace::trace_unsynchronized::h56bbc8eb78770bcb
[INFO] [stdout]                                at /rustc/53fd98ca776cb875bc9e5514f56b52eb74f9e7a9/library/std/src/../../backtrace/src/backtrace/mod.rs:66:5
[INFO] [stdout]    2:     0x564f75ba7ad0 - std::sys_common::backtrace::_print_fmt::h5c8e75464faca780
[INFO] [stdout]                                at /rustc/53fd98ca776cb875bc9e5514f56b52eb74f9e7a9/library/std/src/sys_common/backtrace.rs:67:5
[INFO] [stdout]    3:     0x564f75ba7ad0 - <std::sys_common::backtrace::_print::DisplayBacktrace as core::fmt::Display>::fmt::h48b88277def8b362
[INFO] [stdout]                                at /rustc/53fd98ca776cb875bc9e5514f56b52eb74f9e7a9/library/std/src/sys_common/backtrace.rs:46:22
[INFO] [stdout]    4:     0x564f75bcbaac - core::fmt::write::h3381b3176fe2b3d3
[INFO] [stdout]                                at /rustc/53fd98ca776cb875bc9e5514f56b52eb74f9e7a9/library/core/src/fmt/mod.rs:1115:17
[INFO] [stdout]    5:     0x564f75ba4295 - std::io::Write::write_fmt::h5f34a676f60246b5
[INFO] [stdout]                                at /rustc/53fd98ca776cb875bc9e5514f56b52eb74f9e7a9/library/std/src/io/mod.rs:1665:15
[INFO] [stdout]    6:     0x564f75baa0db - std::sys_common::backtrace::_print::ha537687d6c17dd0d
[INFO] [stdout]                                at /rustc/53fd98ca776cb875bc9e5514f56b52eb74f9e7a9/library/std/src/sys_common/backtrace.rs:49:5
[INFO] [stdout]    7:     0x564f75baa0db - std::sys_common::backtrace::print::h61376ae57d131d72
[INFO] [stdout]                                at /rustc/53fd98ca776cb875bc9e5514f56b52eb74f9e7a9/library/std/src/sys_common/backtrace.rs:36:9
[INFO] [stdout]    8:     0x564f75baa0db - std::panicking::default_hook::{{closure}}::h0f7208c0b9644a54
[INFO] [stdout]                                at /rustc/53fd98ca776cb875bc9e5514f56b52eb74f9e7a9/library/std/src/panicking.rs:208:50
[INFO] [stdout]    9:     0x564f75ba9bec - std::panicking::default_hook::hdac7fc06578c14ce
[INFO] [stdout]                                at /rustc/53fd98ca776cb875bc9e5514f56b52eb74f9e7a9/library/std/src/panicking.rs:222:9
[INFO] [stdout]   10:     0x564f75baa7a4 - std::panicking::rust_panic_with_hook::h72b21c283da3d1ef
[INFO] [stdout]                                at /rustc/53fd98ca776cb875bc9e5514f56b52eb74f9e7a9/library/std/src/panicking.rs:622:17
[INFO] [stdout]   11:     0x564f75baa287 - std::panicking::begin_panic_handler::{{closure}}::he5778f1729cff84a
[INFO] [stdout]                                at /rustc/53fd98ca776cb875bc9e5514f56b52eb74f9e7a9/library/std/src/panicking.rs:519:13
[INFO] [stdout]   12:     0x564f75ba7fac - std::sys_common::backtrace::__rust_end_short_backtrace::h2d11ca8b453b4b1d
[INFO] [stdout]                                at /rustc/53fd98ca776cb875bc9e5514f56b52eb74f9e7a9/library/std/src/sys_common/backtrace.rs:141:18
[INFO] [stdout]   13:     0x564f75baa1e9 - rust_begin_unwind
[INFO] [stdout]                                at /rustc/53fd98ca776cb875bc9e5514f56b52eb74f9e7a9/library/std/src/panicking.rs:515:5
[INFO] [stdout]   14:     0x564f75afb7e1 - core::panicking::panic_fmt::hf9de31d4acbce4db
[INFO] [stdout]                                at /rustc/53fd98ca776cb875bc9e5514f56b52eb74f9e7a9/library/core/src/panicking.rs:92:14
[INFO] [stdout]   15:     0x564f75afb8d3 - core::result::unwrap_failed::ha0c84e81219e5878
[INFO] [stdout]                                at /rustc/53fd98ca776cb875bc9e5514f56b52eb74f9e7a9/library/core/src/result.rs:1599:5
[INFO] [stdout]   16:     0x564f75b0862f - core::result::Result<T,E>::unwrap::h01b2b5d4ec16bae2
[INFO] [stdout]                                at /rustc/53fd98ca776cb875bc9e5514f56b52eb74f9e7a9/library/core/src/result.rs:1281:23
[INFO] [stdout]   17:     0x564f75b00853 - abi::cross_validate_layout_with_c::hf0950e1122372d9c
[INFO] [stdout]                                at /opt/rustwide/workdir/tests/abi.rs:156:14
[INFO] [stdout]   18:     0x564f75b007ea - abi::cross_validate_layout_with_c::{{closure}}::hff7c751b84ce9b61
[INFO] [stdout]                                at /opt/rustwide/workdir/tests/abi.rs:153:1
[INFO] [stdout]   19:     0x564f75b0dcfe - core::ops::function::FnOnce::call_once::h066527fe34981b9f
[INFO] [stdout]                                at /rustc/53fd98ca776cb875bc9e5514f56b52eb74f9e7a9/library/core/src/ops/function.rs:227:5
[INFO] [stdout]   20:     0x564f75b47a73 - core::ops::function::FnOnce::call_once::hbb52c4519d3137b0
[INFO] [stdout]                                at /rustc/53fd98ca776cb875bc9e5514f56b52eb74f9e7a9/library/core/src/ops/function.rs:227:5
[INFO] [stdout]   21:     0x564f75b47a73 - test::__rust_begin_short_backtrace::h86fe3a2a5a5121af
[INFO] [stdout]                                at /rustc/53fd98ca776cb875bc9e5514f56b52eb74f9e7a9/library/test/src/lib.rs:578:5
[INFO] [stdout]   22:     0x564f75b46528 - <alloc::boxed::Box<F,A> as core::ops::function::FnOnce<Args>>::call_once::hfd956bc3d57399be
[INFO] [stdout]                                at /rustc/53fd98ca776cb875bc9e5514f56b52eb74f9e7a9/library/alloc/src/boxed.rs:1572:9
[INFO] [stdout]   23:     0x564f75b46528 - <std::panic::AssertUnwindSafe<F> as core::ops::function::FnOnce<()>>::call_once::h40dc93e0ddb5938a
[INFO] [stdout]                                at /rustc/53fd98ca776cb875bc9e5514f56b52eb74f9e7a9/library/std/src/panic.rs:347:9
[INFO] [stdout]   24:     0x564f75b46528 - std::panicking::try::do_call::h90d07750cb47c562
[INFO] [stdout]                                at /rustc/53fd98ca776cb875bc9e5514f56b52eb74f9e7a9/library/std/src/panicking.rs:401:40
[INFO] [stdout]   25:     0x564f75b46528 - std::panicking::try::h063c84733ad2a629
[INFO] [stdout]                                at /rustc/53fd98ca776cb875bc9e5514f56b52eb74f9e7a9/library/std/src/panicking.rs:365:19
[INFO] [stdout]   26:     0x564f75b46528 - std::panic::catch_unwind::h0c464836a84e7c08
[INFO] [stdout]                                at /rustc/53fd98ca776cb875bc9e5514f56b52eb74f9e7a9/library/std/src/panic.rs:434:14
[INFO] [stdout]   27:     0x564f75b46528 - test::run_test_in_process::h5cb06ef620b157fc
[INFO] [stdout]                                at /rustc/53fd98ca776cb875bc9e5514f56b52eb74f9e7a9/library/test/src/lib.rs:601:18
[INFO] [stdout]   28:     0x564f75b46528 - test::run_test::run_test_inner::{{closure}}::h76f677f4b93f9828
[INFO] [stdout]                                at /rustc/53fd98ca776cb875bc9e5514f56b52eb74f9e7a9/library/test/src/lib.rs:493:39
[INFO] [stdout]   29:     0x564f75b14cbd - test::run_test::run_test_inner::{{closure}}::h366d01fe04f4d67a
[INFO] [stdout]                                at /rustc/53fd98ca776cb875bc9e5514f56b52eb74f9e7a9/library/test/src/lib.rs:520:37
[INFO] [stdout]   30:     0x564f75b14cbd - std::sys_common::backtrace::__rust_begin_short_backtrace::h7dfa0de4eb395af2
[INFO] [stdout]                                at /rustc/53fd98ca776cb875bc9e5514f56b52eb74f9e7a9/library/std/src/sys_common/backtrace.rs:125:18
[INFO] [stdout]   31:     0x564f75b19488 - std::thread::Builder::spawn_unchecked::{{closure}}::{{closure}}::hf0a74bb58798037f
[INFO] [stdout]                                at /rustc/53fd98ca776cb875bc9e5514f56b52eb74f9e7a9/library/std/src/thread/mod.rs:476:17
[INFO] [stdout]   32:     0x564f75b19488 - <std::panic::AssertUnwindSafe<F> as core::ops::function::FnOnce<()>>::call_once::hb024e854818586ac
[INFO] [stdout]                                at /rustc/53fd98ca776cb875bc9e5514f56b52eb74f9e7a9/library/std/src/panic.rs:347:9
[INFO] [stdout]   33:     0x564f75b19488 - std::panicking::try::do_call::hb2dd9f1d0d48e41d
[INFO] [stdout]                                at /rustc/53fd98ca776cb875bc9e5514f56b52eb74f9e7a9/library/std/src/panicking.rs:401:40
[INFO] [stdout]   34:     0x564f75b19488 - std::panicking::try::h4717ae7bac8b2bf3
[INFO] [stdout]                                at /rustc/53fd98ca776cb875bc9e5514f56b52eb74f9e7a9/library/std/src/panicking.rs:365:19
[INFO] [stdout]   35:     0x564f75b19488 - std::panic::catch_unwind::h0dc8a061326ce8d8
[INFO] [stdout]                                at /rustc/53fd98ca776cb875bc9e5514f56b52eb74f9e7a9/library/std/src/panic.rs:434:14
[INFO] [stdout]   36:     0x564f75b19488 - std::thread::Builder::spawn_unchecked::{{closure}}::haa369e2d6fd00aa1
[INFO] [stdout]                                at /rustc/53fd98ca776cb875bc9e5514f56b52eb74f9e7a9/library/std/src/thread/mod.rs:475:30
[INFO] [stdout]   37:     0x564f75b19488 - core::ops::function::FnOnce::call_once{{vtable.shim}}::h36dcf3de8b056f17
[INFO] [stdout]                                at /rustc/53fd98ca776cb875bc9e5514f56b52eb74f9e7a9/library/core/src/ops/function.rs:227:5
[INFO] [stdout]   38:     0x564f75bb01c7 - <alloc::boxed::Box<F,A> as core::ops::function::FnOnce<Args>>::call_once::h65c29e4642be2358
[INFO] [stdout]                                at /rustc/53fd98ca776cb875bc9e5514f56b52eb74f9e7a9/library/alloc/src/boxed.rs:1572:9
[INFO] [stdout]   39:     0x564f75bb01c7 - <alloc::boxed::Box<F,A> as core::ops::function::FnOnce<Args>>::call_once::hd0f8f7fbbd9fffbf
[INFO] [stdout]                                at /rustc/53fd98ca776cb875bc9e5514f56b52eb74f9e7a9/library/alloc/src/boxed.rs:1572:9
[INFO] [stdout]   40:     0x564f75bb01c7 - std::sys::unix::thread::Thread::new::thread_start::h2fd22fee3ca77b65
[INFO] [stdout]                                at /rustc/53fd98ca776cb875bc9e5514f56b52eb74f9e7a9/library/std/src/sys/unix/thread.rs:74:17
[INFO] [stdout]   41:     0x7fa185c3c609 - start_thread
[INFO] [stdout]   42:     0x7fa185a0e293 - clone
[INFO] [stdout]   43:                0x0 - <unknown>
[INFO] [stdout] 
[INFO] [stdout] ---- cross_validate_constants_with_c stdout ----
[INFO] [stdout] thread 'cross_validate_constants_with_c' panicked at 'called `Result::unwrap()` on an `Err` value: "compilation command \"cc\" \"-Wno-deprecated-declarations\" \"-std=c11\" \"-D__USE_MINGW_ANSI_STDIO\" \"-I/usr/include/glib-2.0\" \"-I/usr/lib/x86_64-linux-gnu/glib-2.0/include\" \"tests/constant.c\" \"-o\" \"/tmp/abi83Svf9/constant\" failed, exit status: 1"', tests/abi.rs:116:39
[INFO] [stdout] stack backtrace:
[INFO] [stdout]    0:     0x564f75ba7ad0 - std::backtrace_rs::backtrace::libunwind::trace::hff4d1766e93f64f1
[INFO] [stdout]                                at /rustc/53fd98ca776cb875bc9e5514f56b52eb74f9e7a9/library/std/src/../../backtrace/src/backtrace/libunwind.rs:90:5
[INFO] [stdout]    1:     0x564f75ba7ad0 - std::backtrace_rs::backtrace::trace_unsynchronized::h56bbc8eb78770bcb
[INFO] [stdout]                                at /rustc/53fd98ca776cb875bc9e5514f56b52eb74f9e7a9/library/std/src/../../backtrace/src/backtrace/mod.rs:66:5
[INFO] [stdout]    2:     0x564f75ba7ad0 - std::sys_common::backtrace::_print_fmt::h5c8e75464faca780
[INFO] [stdout]                                at /rustc/53fd98ca776cb875bc9e5514f56b52eb74f9e7a9/library/std/src/sys_common/backtrace.rs:67:5
[INFO] [stdout]    3:     0x564f75ba7ad0 - <std::sys_common::backtrace::_print::DisplayBacktrace as core::fmt::Display>::fmt::h48b88277def8b362
[INFO] [stdout]                                at /rustc/53fd98ca776cb875bc9e5514f56b52eb74f9e7a9/library/std/src/sys_common/backtrace.rs:46:22
[INFO] [stdout]    4:     0x564f75bcbaac - core::fmt::write::h3381b3176fe2b3d3
[INFO] [stdout]                                at /rustc/53fd98ca776cb875bc9e5514f56b52eb74f9e7a9/library/core/src/fmt/mod.rs:1115:17
[INFO] [stdout]    5:     0x564f75ba4295 - std::io::Write::write_fmt::h5f34a676f60246b5
[INFO] [stdout]                                at /rustc/53fd98ca776cb875bc9e5514f56b52eb74f9e7a9/library/std/src/io/mod.rs:1665:15
[INFO] [stdout]    6:     0x564f75baa0db - std::sys_common::backtrace::_print::ha537687d6c17dd0d
[INFO] [stdout]                                at /rustc/53fd98ca776cb875bc9e5514f56b52eb74f9e7a9/library/std/src/sys_common/backtrace.rs:49:5
[INFO] [stdout]    7:     0x564f75baa0db - std::sys_common::backtrace::print::h61376ae57d131d72
[INFO] [stdout]                                at /rustc/53fd98ca776cb875bc9e5514f56b52eb74f9e7a9/library/std/src/sys_common/backtrace.rs:36:9
[INFO] [stdout]    8:     0x564f75baa0db - std::panicking::default_hook::{{closure}}::h0f7208c0b9644a54
[INFO] [stdout]                                at /rustc/53fd98ca776cb875bc9e5514f56b52eb74f9e7a9/library/std/src/panicking.rs:208:50
[INFO] [stdout]    9:     0x564f75ba9bec - std::panicking::default_hook::hdac7fc06578c14ce
[INFO] [stdout]                                at /rustc/53fd98ca776cb875bc9e5514f56b52eb74f9e7a9/library/std/src/panicking.rs:222:9
[INFO] [stdout]   10:     0x564f75baa7a4 - std::panicking::rust_panic_with_hook::h72b21c283da3d1ef
[INFO] [stdout]                                at /rustc/53fd98ca776cb875bc9e5514f56b52eb74f9e7a9/library/std/src/panicking.rs:622:17
[INFO] [stdout]   11:     0x564f75baa287 - std::panicking::begin_panic_handler::{{closure}}::he5778f1729cff84a
[INFO] [stdout]                                at /rustc/53fd98ca776cb875bc9e5514f56b52eb74f9e7a9/library/std/src/panicking.rs:519:13
[INFO] [stdout]   12:     0x564f75ba7fac - std::sys_common::backtrace::__rust_end_short_backtrace::h2d11ca8b453b4b1d
[INFO] [stdout]                                at /rustc/53fd98ca776cb875bc9e5514f56b52eb74f9e7a9/library/std/src/sys_common/backtrace.rs:141:18
[INFO] [stdout]   13:     0x564f75baa1e9 - rust_begin_unwind
[INFO] [stdout]                                at /rustc/53fd98ca776cb875bc9e5514f56b52eb74f9e7a9/library/std/src/panicking.rs:515:5
[INFO] [stdout]   14:     0x564f75afb7e1 - core::panicking::panic_fmt::hf9de31d4acbce4db
[INFO] [stdout]                                at /rustc/53fd98ca776cb875bc9e5514f56b52eb74f9e7a9/library/core/src/panicking.rs:92:14
[INFO] [stdout]   15:     0x564f75afb8d3 - core::result::unwrap_failed::ha0c84e81219e5878
[INFO] [stdout]                                at /rustc/53fd98ca776cb875bc9e5514f56b52eb74f9e7a9/library/core/src/result.rs:1599:5
[INFO] [stdout]   16:     0x564f75b0862f - core::result::Result<T,E>::unwrap::h01b2b5d4ec16bae2
[INFO] [stdout]                                at /rustc/53fd98ca776cb875bc9e5514f56b52eb74f9e7a9/library/core/src/result.rs:1281:23
[INFO] [stdout]   17:     0x564f75affe83 - abi::cross_validate_constants_with_c::h2f300d844dfe40cc
[INFO] [stdout]                                at /opt/rustwide/workdir/tests/abi.rs:116:14
[INFO] [stdout]   18:     0x564f75affe1a - abi::cross_validate_constants_with_c::{{closure}}::h88eae6a62a82d374
[INFO] [stdout]                                at /opt/rustwide/workdir/tests/abi.rs:113:1
[INFO] [stdout]   19:     0x564f75b0dd9e - core::ops::function::FnOnce::call_once::h7587761be77c64c5
[INFO] [stdout]                                at /rustc/53fd98ca776cb875bc9e5514f56b52eb74f9e7a9/library/core/src/ops/function.rs:227:5
[INFO] [stdout]   20:     0x564f75b47a73 - core::ops::function::FnOnce::call_once::hbb52c4519d3137b0
[INFO] [stdout]                                at /rustc/53fd98ca776cb875bc9e5514f56b52eb74f9e7a9/library/core/src/ops/function.rs:227:5
[INFO] [stdout]   21:     0x564f75b47a73 - test::__rust_begin_short_backtrace::h86fe3a2a5a5121af
[INFO] [stdout]                                at /rustc/53fd98ca776cb875bc9e5514f56b52eb74f9e7a9/library/test/src/lib.rs:578:5
[INFO] [stdout]   22:     0x564f75b46528 - <alloc::boxed::Box<F,A> as core::ops::function::FnOnce<Args>>::call_once::hfd956bc3d57399be
[INFO] [stdout]                                at /rustc/53fd98ca776cb875bc9e5514f56b52eb74f9e7a9/library/alloc/src/boxed.rs:1572:9
[INFO] [stdout]   23:     0x564f75b46528 - <std::panic::AssertUnwindSafe<F> as core::ops::function::FnOnce<()>>::call_once::h40dc93e0ddb5938a
[INFO] [stdout]                                at /rustc/53fd98ca776cb875bc9e5514f56b52eb74f9e7a9/library/std/src/panic.rs:347:9
[INFO] [stdout]   24:     0x564f75b46528 - std::panicking::try::do_call::h90d07750cb47c562
[INFO] [stdout]                                at /rustc/53fd98ca776cb875bc9e5514f56b52eb74f9e7a9/library/std/src/panicking.rs:401:40
[INFO] [stdout]   25:     0x564f75b46528 - std::panicking::try::h063c84733ad2a629
[INFO] [stdout]                                at /rustc/53fd98ca776cb875bc9e5514f56b52eb74f9e7a9/library/std/src/panicking.rs:365:19
[INFO] [stdout]   26:     0x564f75b46528 - std::panic::catch_unwind::h0c464836a84e7c08
[INFO] [stdout]                                at /rustc/53fd98ca776cb875bc9e5514f56b52eb74f9e7a9/library/std/src/panic.rs:434:14
[INFO] [stdout]   27:     0x564f75b46528 - test::run_test_in_process::h5cb06ef620b157fc
[INFO] [stdout]                                at /rustc/53fd98ca776cb875bc9e5514f56b52eb74f9e7a9/library/test/src/lib.rs:601:18
[INFO] [stdout]   28:     0x564f75b46528 - test::run_test::run_test_inner::{{closure}}::h76f677f4b93f9828
[INFO] [stdout]                                at /rustc/53fd98ca776cb875bc9e5514f56b52eb74f9e7a9/library/test/src/lib.rs:493:39
[INFO] [stdout]   29:     0x564f75b14cbd - test::run_test::run_test_inner::{{closure}}::h366d01fe04f4d67a
[INFO] [stdout]                                at /rustc/53fd98ca776cb875bc9e5514f56b52eb74f9e7a9/library/test/src/lib.rs:520:37
[INFO] [stdout]   30:     0x564f75b14cbd - std::sys_common::backtrace::__rust_begin_short_backtrace::h7dfa0de4eb395af2
[INFO] [stdout]                                at /rustc/53fd98ca776cb875bc9e5514f56b52eb74f9e7a9/library/std/src/sys_common/backtrace.rs:125:18
[INFO] [stdout]   31:     0x564f75b19488 - std::thread::Builder::spawn_unchecked::{{closure}}::{{closure}}::hf0a74bb58798037f
[INFO] [stdout]                                at /rustc/53fd98ca776cb875bc9e5514f56b52eb74f9e7a9/library/std/src/thread/mod.rs:476:17
[INFO] [stdout]   32:     0x564f75b19488 - <std::panic::AssertUnwindSafe<F> as core::ops::function::FnOnce<()>>::call_once::hb024e854818586ac
[INFO] [stdout]                                at /rustc/53fd98ca776cb875bc9e5514f56b52eb74f9e7a9/library/std/src/panic.rs:347:9
[INFO] [stdout]   33:     0x564f75b19488 - std::panicking::try::do_call::hb2dd9f1d0d48e41d
[INFO] [stdout]                                at /rustc/53fd98ca776cb875bc9e5514f56b52eb74f9e7a9/library/std/src/panicking.rs:401:40
[INFO] [stdout]   34:     0x564f75b19488 - std::panicking::try::h4717ae7bac8b2bf3
[INFO] [stdout]                                at /rustc/53fd98ca776cb875bc9e5514f56b52eb74f9e7a9/library/std/src/panicking.rs:365:19
[INFO] [stdout]   35:     0x564f75b19488 - std::panic::catch_unwind::h0dc8a061326ce8d8
[INFO] [stdout]                                at /rustc/53fd98ca776cb875bc9e5514f56b52eb74f9e7a9/library/std/src/panic.rs:434:14
[INFO] [stdout]   36:     0x564f75b19488 - std::thread::Builder::spawn_unchecked::{{closure}}::haa369e2d6fd00aa1
[INFO] [stdout]                                at /rustc/53fd98ca776cb875bc9e5514f56b52eb74f9e7a9/library/std/src/thread/mod.rs:475:30
[INFO] [stdout]   37:     0x564f75b19488 - core::ops::function::FnOnce::call_once{{vtable.shim}}::h36dcf3de8b056f17
[INFO] [stdout]                                at /rustc/53fd98ca776cb875bc9e5514f56b52eb74f9e7a9/library/core/src/ops/function.rs:227:5
[INFO] [stdout]   38:     0x564f75bb01c7 - <alloc::boxed::Box<F,A> as core::ops::function::FnOnce<Args>>::call_once::h65c29e4642be2358
[INFO] [stdout]                                at /rustc/53fd98ca776cb875bc9e5514f56b52eb74f9e7a9/library/alloc/src/boxed.rs:1572:9
[INFO] [stdout]   39:     0x564f75bb01c7 - <alloc::boxed::Box<F,A> as core::ops::function::FnOnce<Args>>::call_once::hd0f8f7fbbd9fffbf
[INFO] [stdout]                                at /rustc/53fd98ca776cb875bc9e5514f56b52eb74f9e7a9/library/alloc/src/boxed.rs:1572:9
[INFO] [stdout]   40:     0x564f75bb01c7 - std::sys::unix::thread::Thread::new::thread_start::h2fd22fee3ca77b65
[INFO] [stdout]                                at /rustc/53fd98ca776cb875bc9e5514f56b52eb74f9e7a9/library/std/src/sys/unix/thread.rs:74:17
[INFO] [stdout]   41:     0x7fa185c3c609 - start_thread
[INFO] [stdout]   42:     0x7fa185a0e293 - clone
[INFO] [stdout]   43:                0x0 - <unknown>
[INFO] [stdout] 
[INFO] [stdout] 
[INFO] [stdout] failures:
[INFO] [stdout]     cross_validate_constants_with_c
[INFO] [stdout]     cross_validate_layout_with_c
[INFO] [stdout] 
[INFO] [stdout] test result: FAILED. 0 passed; 2 failed; 0 ignored; 0 measured; 0 filtered out; finished in 0.46s
[INFO] [stdout] 
[INFO] [stderr] error: test failed, to rerun pass '--test abi'
[INFO] running `Command { std: "docker" "inspect" "b21bf0f0aae48d17c7e5b63b81138343759ce24cedb958f4a3290b1705e745b2", kill_on_drop: false }`
[INFO] running `Command { std: "docker" "rm" "-f" "b21bf0f0aae48d17c7e5b63b81138343759ce24cedb958f4a3290b1705e745b2", kill_on_drop: false }`
[INFO] [stdout] b21bf0f0aae48d17c7e5b63b81138343759ce24cedb958f4a3290b1705e745b2
