[INFO] fetching crate gitrevset 0.2.0...
[INFO] testing gitrevset-0.2.0 against 1.54.0 for beta-1.55-1
[INFO] extracting crate gitrevset 0.2.0 into /workspace/builds/worker-0/source
[INFO] validating manifest of crates.io crate gitrevset 0.2.0 on toolchain 1.54.0
[INFO] running `Command { std: "/workspace/cargo-home/bin/cargo" "+1.54.0" "metadata" "--manifest-path" "Cargo.toml" "--no-deps", kill_on_drop: false }`
[INFO] started tweaking crates.io crate gitrevset 0.2.0
[INFO] finished tweaking crates.io crate gitrevset 0.2.0
[INFO] tweaked toml for crates.io crate gitrevset 0.2.0 written to /workspace/builds/worker-0/source/Cargo.toml
[INFO] crate crates.io crate gitrevset 0.2.0 already has a lockfile, it will not be regenerated
[INFO] running `Command { std: "/workspace/cargo-home/bin/cargo" "+1.54.0" "fetch" "--manifest-path" "Cargo.toml", kill_on_drop: false }`
[INFO] [stderr]     Blocking waiting for file lock on package cache
[INFO] running `Command { std: "docker" "create" "-v" "/var/lib/crater-agent-workspace/builds/worker-0/target:/opt/rustwide/target:rw,Z" "-v" "/var/lib/crater-agent-workspace/builds/worker-0/source:/opt/rustwide/workdir:ro,Z" "-v" "/var/lib/crater-agent-workspace/cargo-home:/opt/rustwide/cargo-home:ro,Z" "-v" "/var/lib/crater-agent-workspace/rustup-home:/opt/rustwide/rustup-home:ro,Z" "-e" "SOURCE_DIR=/opt/rustwide/workdir" "-e" "CARGO_TARGET_DIR=/opt/rustwide/target" "-e" "CARGO_HOME=/opt/rustwide/cargo-home" "-e" "RUSTUP_HOME=/opt/rustwide/rustup-home" "-w" "/opt/rustwide/workdir" "-m" "1610612736" "--user" "0:0" "--network" "none" "ghcr.io/rust-lang/crates-build-env/linux@sha256:34b6a614d2c27851fe6cbf88fbd1137609cefab8b10d0615aaeb6fd47975d74e" "/opt/rustwide/cargo-home/bin/cargo" "+1.54.0" "metadata" "--no-deps" "--format-version=1", kill_on_drop: false }`
[INFO] [stdout] 37431994afa2a522ddc6b34404fc12ac8458072619ce75047a008bbf24f8b718
[INFO] [stderr] WARNING: Your kernel does not support swap limit capabilities or the cgroup is not mounted. Memory limited without swap.
[INFO] running `Command { std: "docker" "start" "-a" "37431994afa2a522ddc6b34404fc12ac8458072619ce75047a008bbf24f8b718", kill_on_drop: false }`
[INFO] running `Command { std: "docker" "inspect" "37431994afa2a522ddc6b34404fc12ac8458072619ce75047a008bbf24f8b718", kill_on_drop: false }`
[INFO] running `Command { std: "docker" "rm" "-f" "37431994afa2a522ddc6b34404fc12ac8458072619ce75047a008bbf24f8b718", kill_on_drop: false }`
[INFO] [stdout] 37431994afa2a522ddc6b34404fc12ac8458072619ce75047a008bbf24f8b718
[INFO] running `Command { std: "docker" "create" "-v" "/var/lib/crater-agent-workspace/builds/worker-0/target:/opt/rustwide/target:rw,Z" "-v" "/var/lib/crater-agent-workspace/builds/worker-0/source:/opt/rustwide/workdir:ro,Z" "-v" "/var/lib/crater-agent-workspace/cargo-home:/opt/rustwide/cargo-home:ro,Z" "-v" "/var/lib/crater-agent-workspace/rustup-home:/opt/rustwide/rustup-home:ro,Z" "-e" "SOURCE_DIR=/opt/rustwide/workdir" "-e" "CARGO_TARGET_DIR=/opt/rustwide/target" "-e" "CARGO_INCREMENTAL=0" "-e" "RUST_BACKTRACE=full" "-e" "RUSTFLAGS=--cap-lints=warn" "-e" "CARGO_HOME=/opt/rustwide/cargo-home" "-e" "RUSTUP_HOME=/opt/rustwide/rustup-home" "-w" "/opt/rustwide/workdir" "-m" "1610612736" "--user" "0:0" "--network" "none" "ghcr.io/rust-lang/crates-build-env/linux@sha256:34b6a614d2c27851fe6cbf88fbd1137609cefab8b10d0615aaeb6fd47975d74e" "/opt/rustwide/cargo-home/bin/cargo" "+1.54.0" "build" "--frozen" "--message-format=json", kill_on_drop: false }`
[INFO] [stderr] WARNING: Your kernel does not support swap limit capabilities or the cgroup is not mounted. Memory limited without swap.
[INFO] [stdout] d3c936ddd5053c2ec10f53ea7262bef4bf16d78fca6a4dfb7473f0245aeafe30
[INFO] running `Command { std: "docker" "start" "-a" "d3c936ddd5053c2ec10f53ea7262bef4bf16d78fca6a4dfb7473f0245aeafe30", kill_on_drop: false }`
[INFO] [stderr]    Compiling syn v1.0.39
[INFO] [stderr]    Compiling either v1.6.0
[INFO] [stderr]    Compiling esl01-vlqencoding v0.1.0
[INFO] [stderr]    Compiling esl01-drawdag v0.1.0
[INFO] [stderr]    Compiling hashbrown v0.8.2
[INFO] [stderr]    Compiling tracing-core v0.1.15
[INFO] [stderr]    Compiling indexmap v1.5.1
[INFO] [stderr]    Compiling jobserver v0.1.21
[INFO] [stderr]    Compiling getrandom v0.1.14
[INFO] [stderr]    Compiling memmap v0.7.0
[INFO] [stderr]    Compiling parking_lot_core v0.7.2
[INFO] [stderr]    Compiling fs2 v0.4.3
[INFO] [stderr]    Compiling time v0.1.44
[INFO] [stderr]    Compiling bstr v0.2.13
[INFO] [stderr]    Compiling lalrpop-util v0.19.0
[INFO] [stderr]    Compiling itertools v0.8.2
[INFO] [stderr]    Compiling cc v1.0.59
[INFO] [stderr]    Compiling rand_core v0.5.1
[INFO] [stderr]    Compiling parking_lot v0.10.2
[INFO] [stderr]    Compiling chrono v0.4.15
[INFO] [stderr]    Compiling globset v0.4.5
[INFO] [stderr]    Compiling rand_chacha v0.2.2
[INFO] [stderr]    Compiling rand v0.7.3
[INFO] [stderr]    Compiling openssl-sys v0.9.58
[INFO] [stderr]    Compiling libz-sys v1.1.1
[INFO] [stderr]    Compiling libssh2-sys v0.2.19
[INFO] [stderr]    Compiling libgit2-sys v0.12.12+1.0.1
[INFO] [stderr]    Compiling esl01-hgtime v0.1.0
[INFO] [stderr]    Compiling tempfile v3.1.0
[INFO] [stderr]    Compiling twox-hash v1.5.0
[INFO] [stderr]    Compiling git2 v0.13.10
[INFO] [stderr]    Compiling serde_derive v1.0.115
[INFO] [stderr]    Compiling tracing-attributes v0.1.11
[INFO] [stderr]    Compiling thiserror-impl v1.0.20
[INFO] [stderr]    Compiling thiserror v1.0.20
[INFO] [stderr]    Compiling tracing v0.1.19
[INFO] [stderr]    Compiling serde v1.0.115
[INFO] [stderr]    Compiling esl01-minibytes v0.2.0
[INFO] [stderr]    Compiling esl01-indexedlog v0.1.2
[INFO] [stderr]    Compiling esl01-dag v0.2.1
[INFO] [stderr]    Compiling gitdag v0.1.2
[INFO] [stderr]    Compiling gitrevset v0.2.0 (/opt/rustwide/workdir)
[INFO] [stderr]     Finished dev [unoptimized + debuginfo] target(s) in 49.44s
[INFO] running `Command { std: "docker" "inspect" "d3c936ddd5053c2ec10f53ea7262bef4bf16d78fca6a4dfb7473f0245aeafe30", kill_on_drop: false }`
[INFO] running `Command { std: "docker" "rm" "-f" "d3c936ddd5053c2ec10f53ea7262bef4bf16d78fca6a4dfb7473f0245aeafe30", kill_on_drop: false }`
[INFO] [stdout] d3c936ddd5053c2ec10f53ea7262bef4bf16d78fca6a4dfb7473f0245aeafe30
[INFO] running `Command { std: "docker" "create" "-v" "/var/lib/crater-agent-workspace/builds/worker-0/target:/opt/rustwide/target:rw,Z" "-v" "/var/lib/crater-agent-workspace/builds/worker-0/source:/opt/rustwide/workdir:ro,Z" "-v" "/var/lib/crater-agent-workspace/cargo-home:/opt/rustwide/cargo-home:ro,Z" "-v" "/var/lib/crater-agent-workspace/rustup-home:/opt/rustwide/rustup-home:ro,Z" "-e" "SOURCE_DIR=/opt/rustwide/workdir" "-e" "CARGO_TARGET_DIR=/opt/rustwide/target" "-e" "CARGO_INCREMENTAL=0" "-e" "RUST_BACKTRACE=full" "-e" "RUSTFLAGS=--cap-lints=warn" "-e" "CARGO_HOME=/opt/rustwide/cargo-home" "-e" "RUSTUP_HOME=/opt/rustwide/rustup-home" "-w" "/opt/rustwide/workdir" "-m" "1610612736" "--user" "0:0" "--network" "none" "ghcr.io/rust-lang/crates-build-env/linux@sha256:34b6a614d2c27851fe6cbf88fbd1137609cefab8b10d0615aaeb6fd47975d74e" "/opt/rustwide/cargo-home/bin/cargo" "+1.54.0" "test" "--frozen" "--no-run" "--message-format=json", kill_on_drop: false }`
[INFO] [stderr] WARNING: Your kernel does not support swap limit capabilities or the cgroup is not mounted. Memory limited without swap.
[INFO] [stdout] 8a0894887427f253b6d456bc7dc087df2ecb085fb778b59c9fff34997774f1a8
[INFO] running `Command { std: "docker" "start" "-a" "8a0894887427f253b6d456bc7dc087df2ecb085fb778b59c9fff34997774f1a8", kill_on_drop: false }`
[INFO] [stderr]    Compiling gitrevset v0.2.0 (/opt/rustwide/workdir)
[INFO] [stderr]     Finished test [unoptimized + debuginfo] target(s) in 5.93s
[INFO] running `Command { std: "docker" "inspect" "8a0894887427f253b6d456bc7dc087df2ecb085fb778b59c9fff34997774f1a8", kill_on_drop: false }`
[INFO] running `Command { std: "docker" "rm" "-f" "8a0894887427f253b6d456bc7dc087df2ecb085fb778b59c9fff34997774f1a8", kill_on_drop: false }`
[INFO] [stdout] 8a0894887427f253b6d456bc7dc087df2ecb085fb778b59c9fff34997774f1a8
[INFO] running `Command { std: "docker" "create" "-v" "/var/lib/crater-agent-workspace/builds/worker-0/target:/opt/rustwide/target:rw,Z" "-v" "/var/lib/crater-agent-workspace/builds/worker-0/source:/opt/rustwide/workdir:ro,Z" "-v" "/var/lib/crater-agent-workspace/cargo-home:/opt/rustwide/cargo-home:ro,Z" "-v" "/var/lib/crater-agent-workspace/rustup-home:/opt/rustwide/rustup-home:ro,Z" "-e" "SOURCE_DIR=/opt/rustwide/workdir" "-e" "CARGO_TARGET_DIR=/opt/rustwide/target" "-e" "CARGO_INCREMENTAL=0" "-e" "RUST_BACKTRACE=full" "-e" "RUSTFLAGS=--cap-lints=warn" "-e" "CARGO_HOME=/opt/rustwide/cargo-home" "-e" "RUSTUP_HOME=/opt/rustwide/rustup-home" "-w" "/opt/rustwide/workdir" "-m" "1610612736" "--user" "0:0" "--network" "none" "ghcr.io/rust-lang/crates-build-env/linux@sha256:34b6a614d2c27851fe6cbf88fbd1137609cefab8b10d0615aaeb6fd47975d74e" "/opt/rustwide/cargo-home/bin/cargo" "+1.54.0" "test" "--frozen", kill_on_drop: false }`
[INFO] [stderr] WARNING: Your kernel does not support swap limit capabilities or the cgroup is not mounted. Memory limited without swap.
[INFO] [stdout] 9c462aed6db4f155f12d2de143c1c84da6e1f167e1bf4511f96a2f5e4e2d0cf6
[INFO] running `Command { std: "docker" "start" "-a" "9c462aed6db4f155f12d2de143c1c84da6e1f167e1bf4511f96a2f5e4e2d0cf6", kill_on_drop: false }`
[INFO] [stderr]     Finished test [unoptimized + debuginfo] target(s) in 0.10s
[INFO] [stderr]      Running unittests (/opt/rustwide/target/debug/deps/gitrevset-f3d8630a14663eb6)
[INFO] [stdout] 
[INFO] [stdout] running 5 tests
[INFO] [stdout] test tests::test_ast_macro ... ok
[INFO] [stdout] test tests::test_ext ... ok
[INFO] [stdout] test tests::test_revset_alias_config ... ok
[INFO] [stdout] test tests::test_ast_repo ... ok
[INFO] [stderr]      Running unittests (/opt/rustwide/target/debug/deps/git_revs-14df2b935fdd7431)
[INFO] [stdout] test tests::test_revset_functions ... ok
[INFO] [stdout] 
[INFO] [stdout] test result: ok. 5 passed; 0 failed; 0 ignored; 0 measured; 0 filtered out; finished in 0.84s
[INFO] [stdout] 
[INFO] [stdout] 
[INFO] [stdout] running 0 tests
[INFO] [stdout] 
[INFO] [stdout] test result: ok. 0 passed; 0 failed; 0 ignored; 0 measured; 0 filtered out; finished in 0.00s
[INFO] [stdout] 
[INFO] [stderr]    Doc-tests gitrevset
[INFO] [stdout] 
[INFO] [stdout] running 6 tests
[INFO] [stdout] test src/lib.rs - (line 91) ... FAILED
[INFO] [stdout] test src/ast.rs - ast (line 131) ... ok
[INFO] [stdout] test src/ast.rs - ast (line 142) ... ok
[INFO] [stdout] test src/lib.rs - (line 69) ... ok
[INFO] [stdout] test src/lib.rs - (line 112) ... ok
[INFO] [stdout] test src/ast.rs - ast (line 123) ... ok
[INFO] [stdout] 
[INFO] [stdout] failures:
[INFO] [stdout] 
[INFO] [stdout] ---- src/lib.rs - (line 91) stdout ----
[INFO] [stdout] error: linking with `cc` failed: exit status: 1
[INFO] [stdout]   |
[INFO] [stdout]   = note: "cc" "-m64" "/tmp/rustdoctestq2zu0G/rust_out.rust_out.7rcbfp3g-cgu.0.rcgu.o" "/tmp/rustdoctestq2zu0G/rust_out.33dyzt1ekirinwy8.rcgu.o" "-Wl,--as-needed" "-L" "/opt/rustwide/target/debug/deps" "-L" "/opt/rustwide/target/debug/deps" "-L" "/opt/rustwide/target/debug/build/libgit2-sys-4b0eb331eb306ed7/out/build" "-L" "/opt/rustwide/target/debug/build/libssh2-sys-bdb17e308f197904/out/build" "-L" "/opt/rustwide/rustup-home/toolchains/1.54.0-x86_64-unknown-linux-gnu/lib/rustlib/x86_64-unknown-linux-gnu/lib" "-Wl,-Bstatic" "/opt/rustwide/target/debug/deps/libgitrevset-fb61e3b36029c944.rlib" "/opt/rustwide/target/debug/deps/liblalrpop_util-bbe12f945d74bc56.rlib" "/opt/rustwide/target/debug/deps/libesl01_hgtime-a56e0de75eefc971.rlib" "/opt/rustwide/target/debug/deps/libhumantime-0c5f2594fbfc0e6a.rlib" "/opt/rustwide/target/debug/deps/libquick_error-ed708074fa1e3146.rlib" "/opt/rustwide/target/debug/deps/libchrono-b38ce01df1f5c05d.rlib" "/opt/rustwide/target/debug/deps/libnum_integer-3dae6684bc335aff.rlib" "/opt/rustwide/target/debug/deps/libnum_traits-ef004956f0c8ac97.rlib" "/opt/rustwide/target/debug/deps/libtime-6649c775a5d83216.rlib" "/opt/rustwide/target/debug/deps/libglobset-00fa97c450e5e083.rlib" "/opt/rustwide/target/debug/deps/libregex-d0a3115775288d5a.rlib" "/opt/rustwide/target/debug/deps/libthread_local-79a746b2b8f7bdad.rlib" "/opt/rustwide/target/debug/deps/libregex_syntax-cc6f85808d425969.rlib" "/opt/rustwide/target/debug/deps/libfnv-56e05e18a5751d51.rlib" "/opt/rustwide/target/debug/deps/libbstr-eb6262bf05f4fb1b.rlib" "/opt/rustwide/target/debug/deps/libaho_corasick-9a096c29062a9151.rlib" "/opt/rustwide/target/debug/deps/libmemchr-d7dcdb754b97af01.rlib" "/opt/rustwide/target/debug/deps/libgitdag-7895a620416ba9f4.rlib" "/opt/rustwide/target/debug/deps/libgit2-fe8441e2241cf8c8.rlib" "/opt/rustwide/target/debug/deps/libopenssl_probe-448ee40efb9df675.rlib" "/opt/rustwide/target/debug/deps/liburl-ed77f9cd94a69bae.rlib" "/opt/rustwide/target/debug/deps/libpercent_encoding-549c334c22432c49.rlib" "/opt/rustwide/target/debug/deps/libidna-cd516107805d4967.rlib" "/opt/rustwide/target/debug/deps/libunicode_normalization-aedd075bc9eb3692.rlib" "/opt/rustwide/target/debug/deps/libtinyvec-c850b7ec86bd6639.rlib" "/opt/rustwide/target/debug/deps/libunicode_bidi-658b16b5d9bb5631.rlib" "/opt/rustwide/target/debug/deps/libmatches-5bfcef5685786a07.rlib" "/opt/rustwide/target/debug/deps/liblog-00ac55f4644ef2c9.rlib" "/opt/rustwide/target/debug/deps/liblibgit2_sys-8d4f887102a08aa1.rlib" "/opt/rustwide/target/debug/deps/liblibssh2_sys-be6793640bbafd2c.rlib" "/opt/rustwide/target/debug/deps/libopenssl_sys-6d9a682097198e66.rlib" "/opt/rustwide/target/debug/deps/liblibz_sys-c885ce7b200d296d.rlib" "/opt/rustwide/target/debug/deps/libesl01_dag-408fa1f94123ffee.rlib" "/opt/rustwide/target/debug/deps/libesl01_drawdag-690cbcfedf9cea94.rlib" "/opt/rustwide/target/debug/deps/libanyhow-9eb44b20014833e0.rlib" "/opt/rustwide/target/debug/deps/libitertools-8e46130f78f3859a.rlib" "/opt/rustwide/target/debug/deps/libeither-d9f29bd14fabe55e.rlib" "/opt/rustwide/target/debug/deps/libbitflags-f89ae4b715176e2d.rlib" "/opt/rustwide/target/debug/deps/libparking_lot-2b7d89c63b568789.rlib" "/opt/rustwide/target/debug/deps/libparking_lot_core-90760b18cb6af765.rlib" "/opt/rustwide/target/debug/deps/libsmallvec-8ed8e20939789287.rlib" "/opt/rustwide/target/debug/deps/liblock_api-dc263642307a5f06.rlib" "/opt/rustwide/target/debug/deps/libscopeguard-7a1710762e6687e9.rlib" "/opt/rustwide/target/debug/deps/libesl01_indexedlog-37c2768c0401a874.rlib" "/opt/rustwide/target/debug/deps/libhex-4d02e2a3e313017d.rlib" "/opt/rustwide/target/debug/deps/libtempfile-2af33953a444ab95.rlib" "/opt/rustwide/target/debug/deps/libremove_dir_all-80ef6726c25ad48c.rlib" "/opt/rustwide/target/debug/deps/libonce_cell-e80fe5d7e2321ae3.rlib" "/opt/rustwide/target/debug/deps/libesl01_vlqencoding-32e976c8d6a19fba.rlib" "/opt/rustwide/target/debug/deps/libtwox_hash-4965c9e046d15bc4.rlib" "/opt/rustwide/target/debug/deps/librand-0c63ea1c3b2f5751.rlib" "/opt/rustwide/target/debug/deps/librand_chacha-6a05b4ef102dcf9a.rlib" "/opt/rustwide/target/debug/deps/libppv_lite86-e9df1654e1a6cee2.rlib" "/opt/rustwide/target/debug/deps/librand_core-863c373d9b36c7f5.rlib" "/opt/rustwide/target/debug/deps/libgetrandom-bc684c0feb8d7df3.rlib" "/opt/rustwide/target/debug/deps/libfs2-b735500435728e2b.rlib" "/opt/rustwide/target/debug/deps/libbyteorder-d836ba3e41654e24.rlib" "/opt/rustwide/target/debug/deps/libtracing-f7ca95045700342b.rlib" "/opt/rustwide/target/debug/deps/libtracing_core-d70677efaa522b3f.rlib" "/opt/rustwide/target/debug/deps/liblazy_static-5c53d641eb010a81.rlib" "/opt/rustwide/target/debug/deps/libcfg_if-e7a28af79b261e75.rlib" "/opt/rustwide/target/debug/deps/libindexmap-01798041c523ffa3.rlib" "/opt/rustwide/target/debug/deps/libhashbrown-6af43895244e84cf.rlib" "/opt/rustwide/target/debug/deps/libesl01_minibytes-e3d3e565e3e68d34.rlib" "/opt/rustwide/target/debug/deps/libserde-c6c8241005d47607.rlib" "/opt/rustwide/target/debug/deps/libmemmap-d69f0a9ddf4a6a0e.rlib" "/opt/rustwide/target/debug/deps/liblibc-e4461f962dbe23c2.rlib" "/opt/rustwide/target/debug/deps/libthiserror-744b8a362d657bae.rlib" "-Wl,--start-group" "/opt/rustwide/rustup-home/toolchains/1.54.0-x86_64-unknown-linux-gnu/lib/rustlib/x86_64-unknown-linux-gnu/lib/libstd-2420485b9e5ef5e1.rlib" "/opt/rustwide/rustup-home/toolchains/1.54.0-x86_64-unknown-linux-gnu/lib/rustlib/x86_64-unknown-linux-gnu/lib/libpanic_unwind-785e3cb61c4b1960.rlib" "/opt/rustwide/rustup-home/toolchains/1.54.0-x86_64-unknown-linux-gnu/lib/rustlib/x86_64-unknown-linux-gnu/lib/libminiz_oxide-087191a88bdaa22d.rlib" "/opt/rustwide/rustup-home/toolchains/1.54.0-x86_64-unknown-linux-gnu/lib/rustlib/x86_64-unknown-linux-gnu/lib/libadler-9981842c02975178.rlib" "/opt/rustwide/rustup-home/toolchains/1.54.0-x86_64-unknown-linux-gnu/lib/rustlib/x86_64-unknown-linux-gnu/lib/libobject-6fb405869b015fde.rlib" "/opt/rustwide/rustup-home/toolchains/1.54.0-x86_64-unknown-linux-gnu/lib/rustlib/x86_64-unknown-linux-gnu/lib/libaddr2line-d05c5c3c56004b7b.rlib" "/opt/rustwide/rustup-home/toolchains/1.54.0-x86_64-unknown-linux-gnu/lib/rustlib/x86_64-unknown-linux-gnu/lib/libgimli-42d74d2097528b38.rlib" "/opt/rustwide/rustup-home/toolchains/1.54.0-x86_64-unknown-linux-gnu/lib/rustlib/x86_64-unknown-linux-gnu/lib/libstd_detect-fb36534c113d2209.rlib" "/opt/rustwide/rustup-home/toolchains/1.54.0-x86_64-unknown-linux-gnu/lib/rustlib/x86_64-unknown-linux-gnu/lib/librustc_demangle-b56b9042c12b6535.rlib" "/opt/rustwide/rustup-home/toolchains/1.54.0-x86_64-unknown-linux-gnu/lib/rustlib/x86_64-unknown-linux-gnu/lib/libhashbrown-491902d6cb3e76df.rlib" "/opt/rustwide/rustup-home/toolchains/1.54.0-x86_64-unknown-linux-gnu/lib/rustlib/x86_64-unknown-linux-gnu/lib/librustc_std_workspace_alloc-61834e0981b8c367.rlib" "/opt/rustwide/rustup-home/toolchains/1.54.0-x86_64-unknown-linux-gnu/lib/rustlib/x86_64-unknown-linux-gnu/lib/libunwind-f78aa99d613a55bc.rlib" "/opt/rustwide/rustup-home/toolchains/1.54.0-x86_64-unknown-linux-gnu/lib/rustlib/x86_64-unknown-linux-gnu/lib/libcfg_if-53ee54cd7fed2c57.rlib" "/opt/rustwide/rustup-home/toolchains/1.54.0-x86_64-unknown-linux-gnu/lib/rustlib/x86_64-unknown-linux-gnu/lib/liblibc-544ecdbd6cda3c58.rlib" "/opt/rustwide/rustup-home/toolchains/1.54.0-x86_64-unknown-linux-gnu/lib/rustlib/x86_64-unknown-linux-gnu/lib/liballoc-379cc252b6943a79.rlib" "/opt/rustwide/rustup-home/toolchains/1.54.0-x86_64-unknown-linux-gnu/lib/rustlib/x86_64-unknown-linux-gnu/lib/librustc_std_workspace_core-8063eea38dcc5e62.rlib" "/opt/rustwide/rustup-home/toolchains/1.54.0-x86_64-unknown-linux-gnu/lib/rustlib/x86_64-unknown-linux-gnu/lib/libcore-5b228734afae15ee.rlib" "-Wl,--end-group" "/opt/rustwide/rustup-home/toolchains/1.54.0-x86_64-unknown-linux-gnu/lib/rustlib/x86_64-unknown-linux-gnu/lib/libcompiler_builtins-d6c7a399d95d173f.rlib" "-Wl,-Bdynamic" "-lssl" "-lcrypto" "-lz" "-lutil" "-ldl" "-lutil" "-lgcc_s" "-lutil" "-lrt" "-lpthread" "-lm" "-ldl" "-lc" "-Wl,--eh-frame-hdr" "-Wl,-znoexecstack" "-L" "/opt/rustwide/rustup-home/toolchains/1.54.0-x86_64-unknown-linux-gnu/lib/rustlib/x86_64-unknown-linux-gnu/lib" "-o" "/tmp/rustdoctestq2zu0G/rust_out" "-Wl,--gc-sections" "-pie" "-Wl,-zrelro" "-Wl,-znow" "-nodefaultlibs"
[INFO] [stdout]   = note: collect2: fatal error: ld terminated with signal 9 [Killed]
[INFO] [stdout]           compilation terminated.
[INFO] [stdout]           
[INFO] [stdout] 
[INFO] [stdout] error: aborting due to previous error
[INFO] [stdout] 
[INFO] [stdout] Couldn't compile the test.
[INFO] [stdout] 
[INFO] [stdout] failures:
[INFO] [stdout]     src/lib.rs - (line 91)
[INFO] [stdout] 
[INFO] [stdout] test result: FAILED. 5 passed; 1 failed; 0 ignored; 0 measured; 0 filtered out; finished in 7.56s
[INFO] [stdout] 
[INFO] [stderr] error: test failed, to rerun pass '--doc'
[INFO] running `Command { std: "docker" "inspect" "9c462aed6db4f155f12d2de143c1c84da6e1f167e1bf4511f96a2f5e4e2d0cf6", kill_on_drop: false }`
[INFO] running `Command { std: "docker" "rm" "-f" "9c462aed6db4f155f12d2de143c1c84da6e1f167e1bf4511f96a2f5e4e2d0cf6", kill_on_drop: false }`
[INFO] [stdout] 9c462aed6db4f155f12d2de143c1c84da6e1f167e1bf4511f96a2f5e4e2d0cf6
