[INFO] fetching crate gitignored 0.4.0...
[INFO] testing gitignored-0.4.0 against beta-2021-08-01 for beta-1.55-1
[INFO] extracting crate gitignored 0.4.0 into /workspace/builds/worker-7/source
[INFO] validating manifest of crates.io crate gitignored 0.4.0 on toolchain beta-2021-08-01
[INFO] running `Command { std: "/workspace/cargo-home/bin/cargo" "+beta-2021-08-01" "metadata" "--manifest-path" "Cargo.toml" "--no-deps", kill_on_drop: false }`
[INFO] started tweaking crates.io crate gitignored 0.4.0
[INFO] finished tweaking crates.io crate gitignored 0.4.0
[INFO] tweaked toml for crates.io crate gitignored 0.4.0 written to /workspace/builds/worker-7/source/Cargo.toml
[INFO] running `Command { std: "/workspace/cargo-home/bin/cargo" "+beta-2021-08-01" "generate-lockfile" "--manifest-path" "Cargo.toml" "-Zno-index-update", kill_on_drop: false }`
[INFO] running `Command { std: "/workspace/cargo-home/bin/cargo" "+beta-2021-08-01" "fetch" "--manifest-path" "Cargo.toml", kill_on_drop: false }`
[INFO] running `Command { std: "docker" "create" "-v" "/var/lib/crater-agent-workspace/builds/worker-7/target:/opt/rustwide/target:rw,Z" "-v" "/var/lib/crater-agent-workspace/builds/worker-7/source:/opt/rustwide/workdir:ro,Z" "-v" "/var/lib/crater-agent-workspace/cargo-home:/opt/rustwide/cargo-home:ro,Z" "-v" "/var/lib/crater-agent-workspace/rustup-home:/opt/rustwide/rustup-home:ro,Z" "-e" "SOURCE_DIR=/opt/rustwide/workdir" "-e" "CARGO_TARGET_DIR=/opt/rustwide/target" "-e" "CARGO_HOME=/opt/rustwide/cargo-home" "-e" "RUSTUP_HOME=/opt/rustwide/rustup-home" "-w" "/opt/rustwide/workdir" "-m" "1610612736" "--user" "0:0" "--network" "none" "ghcr.io/rust-lang/crates-build-env/linux@sha256:34b6a614d2c27851fe6cbf88fbd1137609cefab8b10d0615aaeb6fd47975d74e" "/opt/rustwide/cargo-home/bin/cargo" "+beta-2021-08-01" "metadata" "--no-deps" "--format-version=1", kill_on_drop: false }`
[INFO] [stdout] b677ac6613c045f6c3cf7691de36d7de0ce3f777124706122c41dbb5fe615ca8
[INFO] [stderr] WARNING: Your kernel does not support swap limit capabilities or the cgroup is not mounted. Memory limited without swap.
[INFO] running `Command { std: "docker" "start" "-a" "b677ac6613c045f6c3cf7691de36d7de0ce3f777124706122c41dbb5fe615ca8", kill_on_drop: false }`
[INFO] running `Command { std: "docker" "inspect" "b677ac6613c045f6c3cf7691de36d7de0ce3f777124706122c41dbb5fe615ca8", kill_on_drop: false }`
[INFO] running `Command { std: "docker" "rm" "-f" "b677ac6613c045f6c3cf7691de36d7de0ce3f777124706122c41dbb5fe615ca8", kill_on_drop: false }`
[INFO] [stdout] b677ac6613c045f6c3cf7691de36d7de0ce3f777124706122c41dbb5fe615ca8
[INFO] running `Command { std: "docker" "create" "-v" "/var/lib/crater-agent-workspace/builds/worker-7/target:/opt/rustwide/target:rw,Z" "-v" "/var/lib/crater-agent-workspace/builds/worker-7/source:/opt/rustwide/workdir:ro,Z" "-v" "/var/lib/crater-agent-workspace/cargo-home:/opt/rustwide/cargo-home:ro,Z" "-v" "/var/lib/crater-agent-workspace/rustup-home:/opt/rustwide/rustup-home:ro,Z" "-e" "SOURCE_DIR=/opt/rustwide/workdir" "-e" "CARGO_TARGET_DIR=/opt/rustwide/target" "-e" "CARGO_INCREMENTAL=0" "-e" "RUST_BACKTRACE=full" "-e" "RUSTFLAGS=--cap-lints=warn" "-e" "CARGO_HOME=/opt/rustwide/cargo-home" "-e" "RUSTUP_HOME=/opt/rustwide/rustup-home" "-w" "/opt/rustwide/workdir" "-m" "1610612736" "--user" "0:0" "--network" "none" "ghcr.io/rust-lang/crates-build-env/linux@sha256:34b6a614d2c27851fe6cbf88fbd1137609cefab8b10d0615aaeb6fd47975d74e" "/opt/rustwide/cargo-home/bin/cargo" "+beta-2021-08-01" "build" "--frozen" "--message-format=json", kill_on_drop: false }`
[INFO] [stdout] d3d09fd0f4668824b818543bde49d96003aae4ed42dc66c5f5357f5801ad62a9
[INFO] [stderr] WARNING: Your kernel does not support swap limit capabilities or the cgroup is not mounted. Memory limited without swap.
[INFO] running `Command { std: "docker" "start" "-a" "d3d09fd0f4668824b818543bde49d96003aae4ed42dc66c5f5357f5801ad62a9", kill_on_drop: false }`
[INFO] [stderr]    Compiling bstr v0.2.16
[INFO] [stderr]    Compiling globset v0.4.8
[INFO] [stderr]    Compiling gitignored v0.4.0 (/opt/rustwide/workdir)
[INFO] [stderr]     Finished dev [unoptimized + debuginfo] target(s) in 3.23s
[INFO] running `Command { std: "docker" "inspect" "d3d09fd0f4668824b818543bde49d96003aae4ed42dc66c5f5357f5801ad62a9", kill_on_drop: false }`
[INFO] running `Command { std: "docker" "rm" "-f" "d3d09fd0f4668824b818543bde49d96003aae4ed42dc66c5f5357f5801ad62a9", kill_on_drop: false }`
[INFO] [stdout] d3d09fd0f4668824b818543bde49d96003aae4ed42dc66c5f5357f5801ad62a9
[INFO] running `Command { std: "docker" "create" "-v" "/var/lib/crater-agent-workspace/builds/worker-7/target:/opt/rustwide/target:rw,Z" "-v" "/var/lib/crater-agent-workspace/builds/worker-7/source:/opt/rustwide/workdir:ro,Z" "-v" "/var/lib/crater-agent-workspace/cargo-home:/opt/rustwide/cargo-home:ro,Z" "-v" "/var/lib/crater-agent-workspace/rustup-home:/opt/rustwide/rustup-home:ro,Z" "-e" "SOURCE_DIR=/opt/rustwide/workdir" "-e" "CARGO_TARGET_DIR=/opt/rustwide/target" "-e" "CARGO_INCREMENTAL=0" "-e" "RUST_BACKTRACE=full" "-e" "RUSTFLAGS=--cap-lints=warn" "-e" "CARGO_HOME=/opt/rustwide/cargo-home" "-e" "RUSTUP_HOME=/opt/rustwide/rustup-home" "-w" "/opt/rustwide/workdir" "-m" "1610612736" "--user" "0:0" "--network" "none" "ghcr.io/rust-lang/crates-build-env/linux@sha256:34b6a614d2c27851fe6cbf88fbd1137609cefab8b10d0615aaeb6fd47975d74e" "/opt/rustwide/cargo-home/bin/cargo" "+beta-2021-08-01" "test" "--frozen" "--no-run" "--message-format=json", kill_on_drop: false }`
[INFO] [stdout] c6ef89f9900ef7f702abc75f9783b689efb3d7cd30a95b42fd1924f749e05111
[INFO] [stderr] WARNING: Your kernel does not support swap limit capabilities or the cgroup is not mounted. Memory limited without swap.
[INFO] running `Command { std: "docker" "start" "-a" "c6ef89f9900ef7f702abc75f9783b689efb3d7cd30a95b42fd1924f749e05111", kill_on_drop: false }`
[INFO] [stderr]    Compiling gitignored v0.4.0 (/opt/rustwide/workdir)
[INFO] [stdout] warning: unused import: `std::io::Write as _`
[INFO] [stdout]  --> tests/walk.rs:5:5
[INFO] [stdout]   |
[INFO] [stdout] 5 | use std::io::Write as _;
[INFO] [stdout]   |     ^^^^^^^^^^^^^^^^^^^
[INFO] [stdout]   |
[INFO] [stdout]   = note: `#[warn(unused_imports)]` on by default
[INFO] [stdout] 
[INFO] [stdout] 
[INFO] [stdout] warning: unused import: `Path`
[INFO] [stdout]  --> tests/walk.rs:6:17
[INFO] [stdout]   |
[INFO] [stdout] 6 | use std::path::{Path, PathBuf};
[INFO] [stdout]   |                 ^^^^
[INFO] [stdout] 
[INFO] [stdout] 
[INFO] [stdout] warning: 2 warnings emitted
[INFO] [stdout] 
[INFO] [stdout] 
[INFO] [stderr]     Finished test [unoptimized + debuginfo] target(s) in 2.50s
[INFO] running `Command { std: "docker" "inspect" "c6ef89f9900ef7f702abc75f9783b689efb3d7cd30a95b42fd1924f749e05111", kill_on_drop: false }`
[INFO] running `Command { std: "docker" "rm" "-f" "c6ef89f9900ef7f702abc75f9783b689efb3d7cd30a95b42fd1924f749e05111", kill_on_drop: false }`
[INFO] [stdout] c6ef89f9900ef7f702abc75f9783b689efb3d7cd30a95b42fd1924f749e05111
[INFO] running `Command { std: "docker" "create" "-v" "/var/lib/crater-agent-workspace/builds/worker-7/target:/opt/rustwide/target:rw,Z" "-v" "/var/lib/crater-agent-workspace/builds/worker-7/source:/opt/rustwide/workdir:ro,Z" "-v" "/var/lib/crater-agent-workspace/cargo-home:/opt/rustwide/cargo-home:ro,Z" "-v" "/var/lib/crater-agent-workspace/rustup-home:/opt/rustwide/rustup-home:ro,Z" "-e" "SOURCE_DIR=/opt/rustwide/workdir" "-e" "CARGO_TARGET_DIR=/opt/rustwide/target" "-e" "CARGO_INCREMENTAL=0" "-e" "RUST_BACKTRACE=full" "-e" "RUSTFLAGS=--cap-lints=warn" "-e" "CARGO_HOME=/opt/rustwide/cargo-home" "-e" "RUSTUP_HOME=/opt/rustwide/rustup-home" "-w" "/opt/rustwide/workdir" "-m" "1610612736" "--user" "0:0" "--network" "none" "ghcr.io/rust-lang/crates-build-env/linux@sha256:34b6a614d2c27851fe6cbf88fbd1137609cefab8b10d0615aaeb6fd47975d74e" "/opt/rustwide/cargo-home/bin/cargo" "+beta-2021-08-01" "test" "--frozen", kill_on_drop: false }`
[INFO] [stderr] WARNING: Your kernel does not support swap limit capabilities or the cgroup is not mounted. Memory limited without swap.
[INFO] [stdout] 2d16764dc4696835a727b2a657ca382b3d5754a398daec3e8abec646fb1f3fa4
[INFO] running `Command { std: "docker" "start" "-a" "2d16764dc4696835a727b2a657ca382b3d5754a398daec3e8abec646fb1f3fa4", kill_on_drop: false }`
[INFO] [stderr] warning: unused import: `std::io::Write as _`
[INFO] [stderr]  --> tests/walk.rs:5:5
[INFO] [stderr]   |
[INFO] [stderr] 5 | use std::io::Write as _;
[INFO] [stderr]   |     ^^^^^^^^^^^^^^^^^^^
[INFO] [stderr]   |
[INFO] [stderr]   = note: `#[warn(unused_imports)]` on by default
[INFO] [stderr] 
[INFO] [stderr] warning: unused import: `Path`
[INFO] [stderr]  --> tests/walk.rs:6:17
[INFO] [stderr]   |
[INFO] [stderr] 6 | use std::path::{Path, PathBuf};
[INFO] [stderr]   |                 ^^^^
[INFO] [stderr] 
[INFO] [stderr] warning: `gitignored` (test "walk") generated 2 warnings
[INFO] [stderr]     Finished test [unoptimized + debuginfo] target(s) in 0.03s
[INFO] [stderr]      Running unittests (/opt/rustwide/target/debug/deps/gitignored-ae8dbf3ea7e5eddc)
[INFO] [stdout] 
[INFO] [stdout] running 1 test
[INFO] [stdout] test tests::multiple_lines ... ok
[INFO] [stdout] 
[INFO] [stdout] test result: ok. 1 passed; 0 failed; 0 ignored; 0 measured; 0 filtered out; finished in 0.17s
[INFO] [stdout] 
[INFO] [stderr]      Running tests/walk.rs (/opt/rustwide/target/debug/deps/walk-843ae1ed55b1b0c5)
[INFO] [stdout] 
[INFO] [stdout] running 1 test
[INFO] [stdout] test it_includes_unignored_paths ... ok
[INFO] [stdout] 
[INFO] [stdout] test result: ok. 1 passed; 0 failed; 0 ignored; 0 measured; 0 filtered out; finished in 0.28s
[INFO] [stdout] 
[INFO] [stderr]    Doc-tests gitignored
[INFO] [stdout] 
[INFO] [stdout] running 3 tests
[INFO] [stdout] test src/lib.rs - Gitignore<P>::new (line 130) ... FAILED
[INFO] [stdout] test src/lib.rs - Pattern::new (line 51) ... FAILED
[INFO] [stdout] test src/lib.rs - Gitignore<P>::ignores (line 219) ... FAILED
[INFO] [stdout] 
[INFO] [stdout] failures:
[INFO] [stdout] 
[INFO] [stdout] ---- src/lib.rs - Gitignore<P>::new (line 130) stdout ----
[INFO] [stdout] error[E0433]: failed to resolve: use of undeclared crate or module `env`
[INFO] [stdout]  --> src/lib.rs:131:11
[INFO] [stdout]   |
[INFO] [stdout] 3 | let cwd = env::current_dir().unwrap();
[INFO] [stdout]   |           ^^^ use of undeclared crate or module `env`
[INFO] [stdout] 
[INFO] [stdout] error[E0433]: failed to resolve: use of undeclared type `Gitignore`
[INFO] [stdout]  --> src/lib.rs:132:10
[INFO] [stdout]   |
[INFO] [stdout] 4 | let ig = Gitignore::new(cwd, true, true);
[INFO] [stdout]   |          ^^^^^^^^^ not found in this scope
[INFO] [stdout]   |
[INFO] [stdout] help: consider importing this struct
[INFO] [stdout]   |
[INFO] [stdout] 2 | use gitignored::Gitignore;
[INFO] [stdout]   |
[INFO] [stdout] 
[INFO] [stdout] error: aborting due to 2 previous errors
[INFO] [stdout] 
[INFO] [stdout] For more information about this error, try `rustc --explain E0433`.
[INFO] [stdout] Couldn't compile the test.
[INFO] [stdout] ---- src/lib.rs - Pattern::new (line 51) stdout ----
[INFO] [stdout] error[E0433]: failed to resolve: use of undeclared type `Pattern`
[INFO] [stdout]  --> src/lib.rs:52:11
[INFO] [stdout]   |
[INFO] [stdout] 3 | let ptn = Pattern::new("**/dist/*.js");
[INFO] [stdout]   |           ^^^^^^^ not found in this scope
[INFO] [stdout]   |
[INFO] [stdout] help: consider importing one of these items
[INFO] [stdout]   |
[INFO] [stdout] 2 | use core::str::pattern::Pattern;
[INFO] [stdout]   |
[INFO] [stdout] 2 | use gitignored::Pattern;
[INFO] [stdout]   |
[INFO] [stdout] 2 | use std::str::pattern::Pattern;
[INFO] [stdout]   |
[INFO] [stdout] 
[INFO] [stdout] error: aborting due to previous error
[INFO] [stdout] 
[INFO] [stdout] For more information about this error, try `rustc --explain E0433`.
[INFO] [stdout] Couldn't compile the test.
[INFO] [stdout] ---- src/lib.rs - Gitignore<P>::ignores (line 219) stdout ----
[INFO] [stdout] error[E0425]: cannot find value `ig` in this scope
[INFO] [stdout]  --> src/lib.rs:221:10
[INFO] [stdout]   |
[INFO] [stdout] 4 | assert!(!ig.ignores(&globs, ig.root.join("lib/include.js")));
[INFO] [stdout]   |          ^^ not found in this scope
[INFO] [stdout] 
[INFO] [stdout] error[E0425]: cannot find value `ig` in this scope
[INFO] [stdout]  --> src/lib.rs:221:29
[INFO] [stdout]   |
[INFO] [stdout] 4 | assert!(!ig.ignores(&globs, ig.root.join("lib/include.js")));
[INFO] [stdout]   |                             ^^ not found in this scope
[INFO] [stdout] 
[INFO] [stdout] error: aborting due to 2 previous errors
[INFO] [stdout] 
[INFO] [stdout] For more information about this error, try `rustc --explain E0425`.
[INFO] [stdout] Couldn't compile the test.
[INFO] [stdout] 
[INFO] [stdout] failures:
[INFO] [stdout]     src/lib.rs - Gitignore<P>::ignores (line 219)
[INFO] [stdout]     src/lib.rs - Gitignore<P>::new (line 130)
[INFO] [stdout]     src/lib.rs - Pattern::new (line 51)
[INFO] [stdout] 
[INFO] [stdout] test result: FAILED. 0 passed; 3 failed; 0 ignored; 0 measured; 0 filtered out; finished in 0.27s
[INFO] [stdout] 
[INFO] [stderr] error: test failed, to rerun pass '--doc'
[INFO] running `Command { std: "docker" "inspect" "2d16764dc4696835a727b2a657ca382b3d5754a398daec3e8abec646fb1f3fa4", kill_on_drop: false }`
[INFO] running `Command { std: "docker" "rm" "-f" "2d16764dc4696835a727b2a657ca382b3d5754a398daec3e8abec646fb1f3fa4", kill_on_drop: false }`
[INFO] [stdout] 2d16764dc4696835a727b2a657ca382b3d5754a398daec3e8abec646fb1f3fa4
