[INFO] fetching crate git-remote-s3 0.1.2...
[INFO] testing git-remote-s3-0.1.2 against 1.54.0 for beta-1.55-1
[INFO] extracting crate git-remote-s3 0.1.2 into /workspace/builds/worker-3/source
[INFO] validating manifest of crates.io crate git-remote-s3 0.1.2 on toolchain 1.54.0
[INFO] running `Command { std: "/workspace/cargo-home/bin/cargo" "+1.54.0" "metadata" "--manifest-path" "Cargo.toml" "--no-deps", kill_on_drop: false }`
[INFO] started tweaking crates.io crate git-remote-s3 0.1.2
[INFO] finished tweaking crates.io crate git-remote-s3 0.1.2
[INFO] tweaked toml for crates.io crate git-remote-s3 0.1.2 written to /workspace/builds/worker-3/source/Cargo.toml
[INFO] crate crates.io crate git-remote-s3 0.1.2 already has a lockfile, it will not be regenerated
[INFO] running `Command { std: "/workspace/cargo-home/bin/cargo" "+1.54.0" "fetch" "--manifest-path" "Cargo.toml", kill_on_drop: false }`
[INFO] [stderr]     Blocking waiting for file lock on package cache
[INFO] running `Command { std: "docker" "create" "-v" "/var/lib/crater-agent-workspace/builds/worker-3/target:/opt/rustwide/target:rw,Z" "-v" "/var/lib/crater-agent-workspace/builds/worker-3/source:/opt/rustwide/workdir:ro,Z" "-v" "/var/lib/crater-agent-workspace/cargo-home:/opt/rustwide/cargo-home:ro,Z" "-v" "/var/lib/crater-agent-workspace/rustup-home:/opt/rustwide/rustup-home:ro,Z" "-e" "SOURCE_DIR=/opt/rustwide/workdir" "-e" "CARGO_TARGET_DIR=/opt/rustwide/target" "-e" "CARGO_HOME=/opt/rustwide/cargo-home" "-e" "RUSTUP_HOME=/opt/rustwide/rustup-home" "-w" "/opt/rustwide/workdir" "-m" "1610612736" "--user" "0:0" "--network" "none" "ghcr.io/rust-lang/crates-build-env/linux@sha256:34b6a614d2c27851fe6cbf88fbd1137609cefab8b10d0615aaeb6fd47975d74e" "/opt/rustwide/cargo-home/bin/cargo" "+1.54.0" "metadata" "--no-deps" "--format-version=1", kill_on_drop: false }`
[INFO] [stdout] e2ab87ff878f7f6858caf3b27c4081072b7ded6f12fc539d3e2e724b9e9c366e
[INFO] [stderr] WARNING: Your kernel does not support swap limit capabilities or the cgroup is not mounted. Memory limited without swap.
[INFO] running `Command { std: "docker" "start" "-a" "e2ab87ff878f7f6858caf3b27c4081072b7ded6f12fc539d3e2e724b9e9c366e", kill_on_drop: false }`
[INFO] running `Command { std: "docker" "inspect" "e2ab87ff878f7f6858caf3b27c4081072b7ded6f12fc539d3e2e724b9e9c366e", kill_on_drop: false }`
[INFO] running `Command { std: "docker" "rm" "-f" "e2ab87ff878f7f6858caf3b27c4081072b7ded6f12fc539d3e2e724b9e9c366e", kill_on_drop: false }`
[INFO] [stdout] e2ab87ff878f7f6858caf3b27c4081072b7ded6f12fc539d3e2e724b9e9c366e
[INFO] running `Command { std: "docker" "create" "-v" "/var/lib/crater-agent-workspace/builds/worker-3/target:/opt/rustwide/target:rw,Z" "-v" "/var/lib/crater-agent-workspace/builds/worker-3/source:/opt/rustwide/workdir:ro,Z" "-v" "/var/lib/crater-agent-workspace/cargo-home:/opt/rustwide/cargo-home:ro,Z" "-v" "/var/lib/crater-agent-workspace/rustup-home:/opt/rustwide/rustup-home:ro,Z" "-e" "SOURCE_DIR=/opt/rustwide/workdir" "-e" "CARGO_TARGET_DIR=/opt/rustwide/target" "-e" "CARGO_INCREMENTAL=0" "-e" "RUST_BACKTRACE=full" "-e" "RUSTFLAGS=--cap-lints=warn" "-e" "CARGO_HOME=/opt/rustwide/cargo-home" "-e" "RUSTUP_HOME=/opt/rustwide/rustup-home" "-w" "/opt/rustwide/workdir" "-m" "1610612736" "--user" "0:0" "--network" "none" "ghcr.io/rust-lang/crates-build-env/linux@sha256:34b6a614d2c27851fe6cbf88fbd1137609cefab8b10d0615aaeb6fd47975d74e" "/opt/rustwide/cargo-home/bin/cargo" "+1.54.0" "build" "--frozen" "--message-format=json", kill_on_drop: false }`
[INFO] [stdout] 50a5ded79c418cf010b6df3a188830e79915747f743f5796e477fb1074a4dc78
[INFO] [stderr] WARNING: Your kernel does not support swap limit capabilities or the cgroup is not mounted. Memory limited without swap.
[INFO] running `Command { std: "docker" "start" "-a" "50a5ded79c418cf010b6df3a188830e79915747f743f5796e477fb1074a4dc78", kill_on_drop: false }`
[INFO] [stderr]    Compiling cc v1.0.47
[INFO] [stderr]    Compiling syn v1.0.11
[INFO] [stderr]    Compiling arc-swap v0.4.4
[INFO] [stderr]    Compiling dirs v1.0.5
[INFO] [stderr]    Compiling rusoto_core v0.42.0
[INFO] [stderr]    Compiling http v0.1.20
[INFO] [stderr]    Compiling block-buffer v0.7.3
[INFO] [stderr]    Compiling mio-uds v0.6.7
[INFO] [stderr]    Compiling tokio-codec v0.1.1
[INFO] [stderr]    Compiling tokio-threadpool v0.1.16
[INFO] [stderr]    Compiling tempfile v3.1.0
[INFO] [stderr]    Compiling sha2 v0.8.0
[INFO] [stderr]    Compiling tokio-udp v0.1.5
[INFO] [stderr]    Compiling tokio-uds v0.2.5
[INFO] [stderr]    Compiling signal-hook-registry v1.2.0
[INFO] [stderr]    Compiling signal-hook v0.1.12
[INFO] [stderr]    Compiling tokio-fs v0.1.6
[INFO] [stderr]    Compiling ring v0.16.9
[INFO] [stderr]    Compiling backtrace-sys v0.1.32
[INFO] [stderr]    Compiling tokio-signal v0.2.7
[INFO] [stderr]    Compiling tokio v0.1.22
[INFO] [stderr]    Compiling tokio-process v0.2.4
[INFO] [stderr]    Compiling backtrace v0.3.40
[INFO] [stderr]    Compiling http-body v0.1.0
[INFO] [stderr]    Compiling h2 v0.1.26
[INFO] [stderr]    Compiling error-chain v0.12.1
[INFO] [stderr]    Compiling webpki v0.21.0
[INFO] [stderr]    Compiling sct v0.6.0
[INFO] [stderr]    Compiling hyper v0.12.35
[INFO] [stderr]    Compiling ct-logs v0.6.0
[INFO] [stderr]    Compiling rustls v0.16.0
[INFO] [stderr]    Compiling webpki-roots v0.17.0
[INFO] [stderr]    Compiling serde_derive v1.0.103
[INFO] [stderr]    Compiling tokio-rustls v0.10.2
[INFO] [stderr]    Compiling hyper-rustls v0.17.1
[INFO] [stderr]    Compiling serde v1.0.103
[INFO] [stderr]    Compiling chrono v0.4.10
[INFO] [stderr]    Compiling serde_json v1.0.42
[INFO] [stderr]    Compiling rusoto_credential v0.42.0
[INFO] [stderr]    Compiling rusoto_signature v0.42.0
[INFO] [stderr]    Compiling rusoto_s3 v0.42.0
[INFO] [stderr]    Compiling git-remote-s3 v0.1.2 (/opt/rustwide/workdir)
[INFO] [stdout] warning: unreachable expression
[INFO] [stdout]   --> src/main.rs:63:17
[INFO] [stdout]    |
[INFO] [stdout] 62 |                 bail!("remote url does not appear to have a prefix. expected a url in the format s3://bucket/prefix");
[INFO] [stdout]    |                 ------------------------------------------------------------------------------------------------------ any code following this expression is unreachable
[INFO] [stdout] 63 |                 0
[INFO] [stdout]    |                 ^ unreachable expression
[INFO] [stdout]    |
[INFO] [stdout]    = note: `#[warn(unreachable_code)]` on by default
[INFO] [stdout] 
[INFO] [stdout] 
[INFO] [stdout] warning: field is never read: `git_dir`
[INFO] [stdout]   --> src/main.rs:31:5
[INFO] [stdout]    |
[INFO] [stdout] 31 |     git_dir: PathBuf,
[INFO] [stdout]    |     ^^^^^^^^^^^^^^^^
[INFO] [stdout]    |
[INFO] [stdout]    = note: `#[warn(dead_code)]` on by default
[INFO] [stdout] 
[INFO] [stdout] 
[INFO] [stdout] warning: field is never read: `remote_url`
[INFO] [stdout]   --> src/main.rs:33:5
[INFO] [stdout]    |
[INFO] [stdout] 33 |     remote_url: String,
[INFO] [stdout]    |     ^^^^^^^^^^^^^^^^^^
[INFO] [stdout] 
[INFO] [stdout] 
[INFO] [stdout] warning: 3 warnings emitted
[INFO] [stdout] 
[INFO] [stdout] 
[INFO] [stderr]     Finished dev [unoptimized + debuginfo] target(s) in 1m 09s
[INFO] running `Command { std: "docker" "inspect" "50a5ded79c418cf010b6df3a188830e79915747f743f5796e477fb1074a4dc78", kill_on_drop: false }`
[INFO] running `Command { std: "docker" "rm" "-f" "50a5ded79c418cf010b6df3a188830e79915747f743f5796e477fb1074a4dc78", kill_on_drop: false }`
[INFO] [stdout] 50a5ded79c418cf010b6df3a188830e79915747f743f5796e477fb1074a4dc78
[INFO] running `Command { std: "docker" "create" "-v" "/var/lib/crater-agent-workspace/builds/worker-3/target:/opt/rustwide/target:rw,Z" "-v" "/var/lib/crater-agent-workspace/builds/worker-3/source:/opt/rustwide/workdir:ro,Z" "-v" "/var/lib/crater-agent-workspace/cargo-home:/opt/rustwide/cargo-home:ro,Z" "-v" "/var/lib/crater-agent-workspace/rustup-home:/opt/rustwide/rustup-home:ro,Z" "-e" "SOURCE_DIR=/opt/rustwide/workdir" "-e" "CARGO_TARGET_DIR=/opt/rustwide/target" "-e" "CARGO_INCREMENTAL=0" "-e" "RUST_BACKTRACE=full" "-e" "RUSTFLAGS=--cap-lints=warn" "-e" "CARGO_HOME=/opt/rustwide/cargo-home" "-e" "RUSTUP_HOME=/opt/rustwide/rustup-home" "-w" "/opt/rustwide/workdir" "-m" "1610612736" "--user" "0:0" "--network" "none" "ghcr.io/rust-lang/crates-build-env/linux@sha256:34b6a614d2c27851fe6cbf88fbd1137609cefab8b10d0615aaeb6fd47975d74e" "/opt/rustwide/cargo-home/bin/cargo" "+1.54.0" "test" "--frozen" "--no-run" "--message-format=json", kill_on_drop: false }`
[INFO] [stderr] WARNING: Your kernel does not support swap limit capabilities or the cgroup is not mounted. Memory limited without swap.
[INFO] [stdout] 41d2b2b0545868fd6d17e00770e323205a3e95b02e3cc396171df5c9f70a9f1b
[INFO] running `Command { std: "docker" "start" "-a" "41d2b2b0545868fd6d17e00770e323205a3e95b02e3cc396171df5c9f70a9f1b", kill_on_drop: false }`
[INFO] [stderr]     Blocking waiting for file lock on package cache
[INFO] [stderr]    Compiling escargot v0.4.0
[INFO] [stderr]    Compiling predicates v1.0.2
[INFO] [stdout] warning: unreachable expression
[INFO] [stdout]   --> src/main.rs:63:17
[INFO] [stdout]    |
[INFO] [stdout] 62 |                 bail!("remote url does not appear to have a prefix. expected a url in the format s3://bucket/prefix");
[INFO] [stdout]    |                 ------------------------------------------------------------------------------------------------------ any code following this expression is unreachable
[INFO] [stdout] 63 |                 0
[INFO] [stdout]    |                 ^ unreachable expression
[INFO] [stdout]    |
[INFO] [stdout]    = note: `#[warn(unreachable_code)]` on by default
[INFO] [stdout] 
[INFO] [stdout] 
[INFO] [stdout] warning: field is never read: `git_dir`
[INFO] [stdout]   --> src/main.rs:31:5
[INFO] [stdout]    |
[INFO] [stdout] 31 |     git_dir: PathBuf,
[INFO] [stdout]    |     ^^^^^^^^^^^^^^^^
[INFO] [stdout]    |
[INFO] [stdout]    = note: `#[warn(dead_code)]` on by default
[INFO] [stdout] 
[INFO] [stdout] 
[INFO] [stdout] warning: field is never read: `remote_url`
[INFO] [stdout]   --> src/main.rs:33:5
[INFO] [stdout]    |
[INFO] [stdout] 33 |     remote_url: String,
[INFO] [stdout]    |     ^^^^^^^^^^^^^^^^^^
[INFO] [stdout] 
[INFO] [stdout] 
[INFO] [stdout] warning: 3 warnings emitted
[INFO] [stdout] 
[INFO] [stdout] 
[INFO] [stderr]    Compiling assert_cmd v0.11.1
[INFO] [stderr]    Compiling git-remote-s3 v0.1.2 (/opt/rustwide/workdir)
[INFO] [stdout] warning: unreachable expression
[INFO] [stdout]   --> src/main.rs:63:17
[INFO] [stdout]    |
[INFO] [stdout] 62 |                 bail!("remote url does not appear to have a prefix. expected a url in the format s3://bucket/prefix");
[INFO] [stdout]    |                 ------------------------------------------------------------------------------------------------------ any code following this expression is unreachable
[INFO] [stdout] 63 |                 0
[INFO] [stdout]    |                 ^ unreachable expression
[INFO] [stdout]    |
[INFO] [stdout]    = note: `#[warn(unreachable_code)]` on by default
[INFO] [stdout] 
[INFO] [stdout] 
[INFO] [stdout] warning: field is never read: `git_dir`
[INFO] [stdout]   --> src/main.rs:31:5
[INFO] [stdout]    |
[INFO] [stdout] 31 |     git_dir: PathBuf,
[INFO] [stdout]    |     ^^^^^^^^^^^^^^^^
[INFO] [stdout]    |
[INFO] [stdout]    = note: `#[warn(dead_code)]` on by default
[INFO] [stdout] 
[INFO] [stdout] 
[INFO] [stdout] warning: field is never read: `remote_url`
[INFO] [stdout]   --> src/main.rs:33:5
[INFO] [stdout]    |
[INFO] [stdout] 33 |     remote_url: String,
[INFO] [stdout]    |     ^^^^^^^^^^^^^^^^^^
[INFO] [stdout] 
[INFO] [stdout] 
[INFO] [stdout] warning: 3 warnings emitted
[INFO] [stdout] 
[INFO] [stdout] 
[INFO] [stderr]     Finished test [unoptimized + debuginfo] target(s) in 9.85s
[INFO] running `Command { std: "docker" "inspect" "41d2b2b0545868fd6d17e00770e323205a3e95b02e3cc396171df5c9f70a9f1b", kill_on_drop: false }`
[INFO] running `Command { std: "docker" "rm" "-f" "41d2b2b0545868fd6d17e00770e323205a3e95b02e3cc396171df5c9f70a9f1b", kill_on_drop: false }`
[INFO] [stdout] 41d2b2b0545868fd6d17e00770e323205a3e95b02e3cc396171df5c9f70a9f1b
[INFO] running `Command { std: "docker" "create" "-v" "/var/lib/crater-agent-workspace/builds/worker-3/target:/opt/rustwide/target:rw,Z" "-v" "/var/lib/crater-agent-workspace/builds/worker-3/source:/opt/rustwide/workdir:ro,Z" "-v" "/var/lib/crater-agent-workspace/cargo-home:/opt/rustwide/cargo-home:ro,Z" "-v" "/var/lib/crater-agent-workspace/rustup-home:/opt/rustwide/rustup-home:ro,Z" "-e" "SOURCE_DIR=/opt/rustwide/workdir" "-e" "CARGO_TARGET_DIR=/opt/rustwide/target" "-e" "CARGO_INCREMENTAL=0" "-e" "RUST_BACKTRACE=full" "-e" "RUSTFLAGS=--cap-lints=warn" "-e" "CARGO_HOME=/opt/rustwide/cargo-home" "-e" "RUSTUP_HOME=/opt/rustwide/rustup-home" "-w" "/opt/rustwide/workdir" "-m" "1610612736" "--user" "0:0" "--network" "none" "ghcr.io/rust-lang/crates-build-env/linux@sha256:34b6a614d2c27851fe6cbf88fbd1137609cefab8b10d0615aaeb6fd47975d74e" "/opt/rustwide/cargo-home/bin/cargo" "+1.54.0" "test" "--frozen", kill_on_drop: false }`
[INFO] [stdout] 9b4d69b218f16dd310431815354e4107e4f6cd29ac9b3f5f70585719771e0b37
[INFO] [stderr] WARNING: Your kernel does not support swap limit capabilities or the cgroup is not mounted. Memory limited without swap.
[INFO] running `Command { std: "docker" "start" "-a" "9b4d69b218f16dd310431815354e4107e4f6cd29ac9b3f5f70585719771e0b37", kill_on_drop: false }`
[INFO] [stderr] warning: unreachable expression
[INFO] [stderr]   --> src/main.rs:63:17
[INFO] [stderr]    |
[INFO] [stderr] 62 |                 bail!("remote url does not appear to have a prefix. expected a url in the format s3://bucket/prefix");
[INFO] [stderr]    |                 ------------------------------------------------------------------------------------------------------ any code following this expression is unreachable
[INFO] [stderr] 63 |                 0
[INFO] [stderr]    |                 ^ unreachable expression
[INFO] [stderr]    |
[INFO] [stderr]    = note: `#[warn(unreachable_code)]` on by default
[INFO] [stderr] 
[INFO] [stderr] warning: field is never read: `git_dir`
[INFO] [stderr]   --> src/main.rs:31:5
[INFO] [stderr]    |
[INFO] [stderr] 31 |     git_dir: PathBuf,
[INFO] [stderr]    |     ^^^^^^^^^^^^^^^^
[INFO] [stderr]    |
[INFO] [stderr]    = note: `#[warn(dead_code)]` on by default
[INFO] [stderr] 
[INFO] [stderr] warning: field is never read: `remote_url`
[INFO] [stderr]   --> src/main.rs:33:5
[INFO] [stderr]    |
[INFO] [stderr] 33 |     remote_url: String,
[INFO] [stderr]    |     ^^^^^^^^^^^^^^^^^^
[INFO] [stderr] 
[INFO] [stderr] warning: 3 warnings emitted
[INFO] [stderr] 
[INFO] [stderr] warning: unreachable expression
[INFO] [stderr]   --> src/main.rs:63:17
[INFO] [stderr]    |
[INFO] [stderr] 62 |                 bail!("remote url does not appear to have a prefix. expected a url in the format s3://bucket/prefix");
[INFO] [stderr]    |                 ------------------------------------------------------------------------------------------------------ any code following this expression is unreachable
[INFO] [stderr] 63 |                 0
[INFO] [stderr]    |                 ^ unreachable expression
[INFO] [stderr]    |
[INFO] [stderr]    = note: `#[warn(unreachable_code)]` on by default
[INFO] [stderr] 
[INFO] [stderr] warning: field is never read: `git_dir`
[INFO] [stderr]   --> src/main.rs:31:5
[INFO] [stderr]    |
[INFO] [stderr] 31 |     git_dir: PathBuf,
[INFO] [stderr]    |     ^^^^^^^^^^^^^^^^
[INFO] [stderr]    |
[INFO] [stderr]    = note: `#[warn(dead_code)]` on by default
[INFO] [stderr] 
[INFO] [stderr] warning: field is never read: `remote_url`
[INFO] [stderr]   --> src/main.rs:33:5
[INFO] [stderr]    |
[INFO] [stderr] 33 |     remote_url: String,
[INFO] [stderr]    |     ^^^^^^^^^^^^^^^^^^
[INFO] [stderr] 
[INFO] [stderr] warning: 3 warnings emitted
[INFO] [stderr] 
[INFO] [stderr]     Finished test [unoptimized + debuginfo] target(s) in 0.21s
[INFO] [stderr]      Running unittests (/opt/rustwide/target/debug/deps/git_remote_s3-163677c2fe463c25)
[INFO] [stderr]      Running tests/main_test.rs (/opt/rustwide/target/debug/deps/main_test-1a64ff0698f187e0)
[INFO] [stdout] 
[INFO] [stdout] running 0 tests
[INFO] [stdout] 
[INFO] [stdout] test result: ok. 0 passed; 0 failed; 0 ignored; 0 measured; 0 filtered out; finished in 0.00s
[INFO] [stdout] 
[INFO] [stdout] 
[INFO] [stdout] running 1 test
[INFO] [stdout] test integration ... FAILED
[INFO] [stdout] 
[INFO] [stdout] failures:
[INFO] [stdout] 
[INFO] [stdout] ---- integration stdout ----
[INFO] [stdout] Test dir: /tmp/git_s3_test8UtvLD
[INFO] [stdout] Err(HttpDispatch(HttpDispatchError { message: "error trying to connect: Cannot assign requested address (os error 99)" }))
[INFO] [stdout] thread 'integration' panicked at 'Couldn't create bucket: HttpDispatch(HttpDispatchError { message: "error trying to connect: Cannot assign requested address (os error 99)" })', tests/main_test.rs:85:10
[INFO] [stdout] stack backtrace:
[INFO] [stdout]    0:     0x55951ede5f90 - std::backtrace_rs::backtrace::libunwind::trace::h34055254b57d8e79
[INFO] [stdout]                                at /rustc/a178d0322ce20e33eac124758e837cbd80a6f633/library/std/src/../../backtrace/src/backtrace/libunwind.rs:90:5
[INFO] [stdout]    1:     0x55951ede5f90 - std::backtrace_rs::backtrace::trace_unsynchronized::h8f1e3fbd9afff6ec
[INFO] [stdout]                                at /rustc/a178d0322ce20e33eac124758e837cbd80a6f633/library/std/src/../../backtrace/src/backtrace/mod.rs:66:5
[INFO] [stdout]    2:     0x55951ede5f90 - std::sys_common::backtrace::_print_fmt::h3a99a796b770c360
[INFO] [stdout]                                at /rustc/a178d0322ce20e33eac124758e837cbd80a6f633/library/std/src/sys_common/backtrace.rs:67:5
[INFO] [stdout]    3:     0x55951ede5f90 - <std::sys_common::backtrace::_print::DisplayBacktrace as core::fmt::Display>::fmt::h32d1f94a80615d18
[INFO] [stdout]                                at /rustc/a178d0322ce20e33eac124758e837cbd80a6f633/library/std/src/sys_common/backtrace.rs:46:22
[INFO] [stdout]    4:     0x55951ee0a91c - core::fmt::write::h306731c068f7162c
[INFO] [stdout]                                at /rustc/a178d0322ce20e33eac124758e837cbd80a6f633/library/core/src/fmt/mod.rs:1110:17
[INFO] [stdout]    5:     0x55951eddf7b5 - std::io::Write::write_fmt::h87f19b0a2cd190bc
[INFO] [stdout]                                at /rustc/a178d0322ce20e33eac124758e837cbd80a6f633/library/std/src/io/mod.rs:1588:15
[INFO] [stdout]    6:     0x55951ede85db - std::sys_common::backtrace::_print::h5abaa2601a852287
[INFO] [stdout]                                at /rustc/a178d0322ce20e33eac124758e837cbd80a6f633/library/std/src/sys_common/backtrace.rs:49:5
[INFO] [stdout]    7:     0x55951ede85db - std::sys_common::backtrace::print::h8d81445442bb638f
[INFO] [stdout]                                at /rustc/a178d0322ce20e33eac124758e837cbd80a6f633/library/std/src/sys_common/backtrace.rs:36:9
[INFO] [stdout]    8:     0x55951ede85db - std::panicking::default_hook::{{closure}}::hcfe804496a9fa747
[INFO] [stdout]                                at /rustc/a178d0322ce20e33eac124758e837cbd80a6f633/library/std/src/panicking.rs:208:50
[INFO] [stdout]    9:     0x55951ede80ec - std::panicking::default_hook::hbea8e3ccf2ba8901
[INFO] [stdout]                                at /rustc/a178d0322ce20e33eac124758e837cbd80a6f633/library/std/src/panicking.rs:222:9
[INFO] [stdout]   10:     0x55951ede8ca4 - std::panicking::rust_panic_with_hook::h7ee9e1a2d0f8975a
[INFO] [stdout]                                at /rustc/a178d0322ce20e33eac124758e837cbd80a6f633/library/std/src/panicking.rs:622:17
[INFO] [stdout]   11:     0x55951ede8787 - std::panicking::begin_panic_handler::{{closure}}::h8ab3b4491718b2c7
[INFO] [stdout]                                at /rustc/a178d0322ce20e33eac124758e837cbd80a6f633/library/std/src/panicking.rs:519:13
[INFO] [stdout]   12:     0x55951ede648c - std::sys_common::backtrace::__rust_end_short_backtrace::hd489062ffa586a9f
[INFO] [stdout]                                at /rustc/a178d0322ce20e33eac124758e837cbd80a6f633/library/std/src/sys_common/backtrace.rs:141:18
[INFO] [stdout]   13:     0x55951ede86e9 - rust_begin_unwind
[INFO] [stdout]                                at /rustc/a178d0322ce20e33eac124758e837cbd80a6f633/library/std/src/panicking.rs:515:5
[INFO] [stdout]   14:     0x55951e801cb1 - core::panicking::panic_fmt::hca6330e3e14086b4
[INFO] [stdout]                                at /rustc/a178d0322ce20e33eac124758e837cbd80a6f633/library/core/src/panicking.rs:92:14
[INFO] [stdout]   15:     0x55951e801da3 - core::result::unwrap_failed::h6160d2b4bfbb0e87
[INFO] [stdout]                                at /rustc/a178d0322ce20e33eac124758e837cbd80a6f633/library/core/src/result.rs:1355:5
[INFO] [stdout]   16:     0x55951e80ca55 - core::result::Result<T,E>::expect::hbeef05b8802e668f
[INFO] [stdout]                                at /rustc/a178d0322ce20e33eac124758e837cbd80a6f633/library/core/src/result.rs:997:23
[INFO] [stdout]   17:     0x55951e822e0b - main_test::create_bucket::he2685fac3c013b39
[INFO] [stdout]                                at /opt/rustwide/workdir/tests/main_test.rs:82:18
[INFO] [stdout]   18:     0x55951e823c44 - main_test::integration::h2496ee91b181dbb3
[INFO] [stdout]                                at /opt/rustwide/workdir/tests/main_test.rs:140:5
[INFO] [stdout]   19:     0x55951e82355a - main_test::integration::{{closure}}::h6e45edfbfa040522
[INFO] [stdout]                                at /opt/rustwide/workdir/tests/main_test.rs:112:1
[INFO] [stdout]   20:     0x55951e81d9be - core::ops::function::FnOnce::call_once::h2d0cd305410114c8
[INFO] [stdout]                                at /rustc/a178d0322ce20e33eac124758e837cbd80a6f633/library/core/src/ops/function.rs:227:5
[INFO] [stdout]   21:     0x55951e84d443 - core::ops::function::FnOnce::call_once::h152e7e439ff59e19
[INFO] [stdout]                                at /rustc/a178d0322ce20e33eac124758e837cbd80a6f633/library/core/src/ops/function.rs:227:5
[INFO] [stdout]   22:     0x55951e84d443 - test::__rust_begin_short_backtrace::h0908f3b1fdbb72ab
[INFO] [stdout]                                at /rustc/a178d0322ce20e33eac124758e837cbd80a6f633/library/test/src/lib.rs:577:5
[INFO] [stdout]   23:     0x55951e84bf00 - <alloc::boxed::Box<F,A> as core::ops::function::FnOnce<Args>>::call_once::hf6d2a51e5587546c
[INFO] [stdout]                                at /rustc/a178d0322ce20e33eac124758e837cbd80a6f633/library/alloc/src/boxed.rs:1575:9
[INFO] [stdout]   24:     0x55951e84bf00 - <std::panic::AssertUnwindSafe<F> as core::ops::function::FnOnce<()>>::call_once::h8af660f3a89ef593
[INFO] [stdout]                                at /rustc/a178d0322ce20e33eac124758e837cbd80a6f633/library/std/src/panic.rs:347:9
[INFO] [stdout]   25:     0x55951e84bf00 - std::panicking::try::do_call::hd36aef60f84b6d36
[INFO] [stdout]                                at /rustc/a178d0322ce20e33eac124758e837cbd80a6f633/library/std/src/panicking.rs:401:40
[INFO] [stdout]   26:     0x55951e84bf00 - std::panicking::try::h9932b4480e69817c
[INFO] [stdout]                                at /rustc/a178d0322ce20e33eac124758e837cbd80a6f633/library/std/src/panicking.rs:365:19
[INFO] [stdout]   27:     0x55951e84bf00 - std::panic::catch_unwind::h6aa177099cfff5f8
[INFO] [stdout]                                at /rustc/a178d0322ce20e33eac124758e837cbd80a6f633/library/std/src/panic.rs:434:14
[INFO] [stdout]   28:     0x55951e84bf00 - test::run_test_in_process::h5884d6f2d99e20c3
[INFO] [stdout]                                at /rustc/a178d0322ce20e33eac124758e837cbd80a6f633/library/test/src/lib.rs:600:18
[INFO] [stdout]   29:     0x55951e84bf00 - test::run_test::run_test_inner::{{closure}}::h6fdc58c6d5f5b6e3
[INFO] [stdout]                                at /rustc/a178d0322ce20e33eac124758e837cbd80a6f633/library/test/src/lib.rs:492:39
[INFO] [stdout]   30:     0x55951e8255b2 - test::run_test::run_test_inner::{{closure}}::h408365d67a78ade8
[INFO] [stdout]                                at /rustc/a178d0322ce20e33eac124758e837cbd80a6f633/library/test/src/lib.rs:519:37
[INFO] [stdout]   31:     0x55951e8255b2 - std::sys_common::backtrace::__rust_begin_short_backtrace::hb560b77c4f701523
[INFO] [stdout]                                at /rustc/a178d0322ce20e33eac124758e837cbd80a6f633/library/std/src/sys_common/backtrace.rs:125:18
[INFO] [stdout]   32:     0x55951e829168 - std::thread::Builder::spawn_unchecked::{{closure}}::{{closure}}::hf2e7831dad93c597
[INFO] [stdout]                                at /rustc/a178d0322ce20e33eac124758e837cbd80a6f633/library/std/src/thread/mod.rs:481:17
[INFO] [stdout]   33:     0x55951e829168 - <std::panic::AssertUnwindSafe<F> as core::ops::function::FnOnce<()>>::call_once::hd2e08783d8be4d02
[INFO] [stdout]                                at /rustc/a178d0322ce20e33eac124758e837cbd80a6f633/library/std/src/panic.rs:347:9
[INFO] [stdout]   34:     0x55951e829168 - std::panicking::try::do_call::h062597b7acfd6b82
[INFO] [stdout]                                at /rustc/a178d0322ce20e33eac124758e837cbd80a6f633/library/std/src/panicking.rs:401:40
[INFO] [stdout]   35:     0x55951e829168 - std::panicking::try::h0d7b79db04c14552
[INFO] [stdout]                                at /rustc/a178d0322ce20e33eac124758e837cbd80a6f633/library/std/src/panicking.rs:365:19
[INFO] [stdout]   36:     0x55951e829168 - std::panic::catch_unwind::hb01a0b5e7c8cd43b
[INFO] [stdout]                                at /rustc/a178d0322ce20e33eac124758e837cbd80a6f633/library/std/src/panic.rs:434:14
[INFO] [stdout]   37:     0x55951e829168 - std::thread::Builder::spawn_unchecked::{{closure}}::h5bde48cc887e0d1e
[INFO] [stdout]                                at /rustc/a178d0322ce20e33eac124758e837cbd80a6f633/library/std/src/thread/mod.rs:480:30
[INFO] [stdout]   38:     0x55951e829168 - core::ops::function::FnOnce::call_once{{vtable.shim}}::h745ea30807a29e55
[INFO] [stdout]                                at /rustc/a178d0322ce20e33eac124758e837cbd80a6f633/library/core/src/ops/function.rs:227:5
[INFO] [stdout]   39:     0x55951edeee57 - <alloc::boxed::Box<F,A> as core::ops::function::FnOnce<Args>>::call_once::h7ece6cfefaff1005
[INFO] [stdout]                                at /rustc/a178d0322ce20e33eac124758e837cbd80a6f633/library/alloc/src/boxed.rs:1575:9
[INFO] [stdout]   40:     0x55951edeee57 - <alloc::boxed::Box<F,A> as core::ops::function::FnOnce<Args>>::call_once::hb8b48e55c21f193e
[INFO] [stdout]                                at /rustc/a178d0322ce20e33eac124758e837cbd80a6f633/library/alloc/src/boxed.rs:1575:9
[INFO] [stdout]   41:     0x55951edeee57 - std::sys::unix::thread::Thread::new::thread_start::h8c7c4450dba62914
[INFO] [stdout]                                at /rustc/a178d0322ce20e33eac124758e837cbd80a6f633/library/std/src/sys/unix/thread.rs:71:17
[INFO] [stdout]   42:     0x7fc254385609 - start_thread
[INFO] [stdout]   43:     0x7fc254157293 - clone
[INFO] [stdout]   44:                0x0 - <unknown>
[INFO] [stdout] 
[INFO] [stdout] 
[INFO] [stdout] failures:
[INFO] [stdout]     integration
[INFO] [stdout] 
[INFO] [stdout] test result: FAILED. 0 passed; 1 failed; 0 ignored; 0 measured; 0 filtered out; finished in 0.11s
[INFO] [stdout] 
[INFO] [stderr] error: test failed, to rerun pass '--test main_test'
[INFO] running `Command { std: "docker" "inspect" "9b4d69b218f16dd310431815354e4107e4f6cd29ac9b3f5f70585719771e0b37", kill_on_drop: false }`
[INFO] running `Command { std: "docker" "rm" "-f" "9b4d69b218f16dd310431815354e4107e4f6cd29ac9b3f5f70585719771e0b37", kill_on_drop: false }`
[INFO] [stdout] 9b4d69b218f16dd310431815354e4107e4f6cd29ac9b3f5f70585719771e0b37
