[INFO] fetching crate girt-config 1.0.0...
[INFO] testing girt-config-1.0.0 against 1.54.0 for beta-1.55-1
[INFO] extracting crate girt-config 1.0.0 into /workspace/builds/worker-4/source
[INFO] validating manifest of crates.io crate girt-config 1.0.0 on toolchain 1.54.0
[INFO] running `Command { std: "/workspace/cargo-home/bin/cargo" "+1.54.0" "metadata" "--manifest-path" "Cargo.toml" "--no-deps", kill_on_drop: false }`
[INFO] started tweaking crates.io crate girt-config 1.0.0
[INFO] finished tweaking crates.io crate girt-config 1.0.0
[INFO] tweaked toml for crates.io crate girt-config 1.0.0 written to /workspace/builds/worker-4/source/Cargo.toml
[INFO] running `Command { std: "/workspace/cargo-home/bin/cargo" "+1.54.0" "generate-lockfile" "--manifest-path" "Cargo.toml" "-Zno-index-update", kill_on_drop: false }`
[INFO] running `Command { std: "/workspace/cargo-home/bin/cargo" "+1.54.0" "fetch" "--manifest-path" "Cargo.toml", kill_on_drop: false }`
[INFO] running `Command { std: "docker" "create" "-v" "/var/lib/crater-agent-workspace/builds/worker-4/target:/opt/rustwide/target:rw,Z" "-v" "/var/lib/crater-agent-workspace/builds/worker-4/source:/opt/rustwide/workdir:ro,Z" "-v" "/var/lib/crater-agent-workspace/cargo-home:/opt/rustwide/cargo-home:ro,Z" "-v" "/var/lib/crater-agent-workspace/rustup-home:/opt/rustwide/rustup-home:ro,Z" "-e" "SOURCE_DIR=/opt/rustwide/workdir" "-e" "CARGO_TARGET_DIR=/opt/rustwide/target" "-e" "CARGO_HOME=/opt/rustwide/cargo-home" "-e" "RUSTUP_HOME=/opt/rustwide/rustup-home" "-w" "/opt/rustwide/workdir" "-m" "1610612736" "--user" "0:0" "--network" "none" "ghcr.io/rust-lang/crates-build-env/linux@sha256:34b6a614d2c27851fe6cbf88fbd1137609cefab8b10d0615aaeb6fd47975d74e" "/opt/rustwide/cargo-home/bin/cargo" "+1.54.0" "metadata" "--no-deps" "--format-version=1", kill_on_drop: false }`
[INFO] [stdout] 62eb253033877076473c425c742204ae2f6c3706f2c5a52f9286d6a280e4bead
[INFO] [stderr] WARNING: Your kernel does not support swap limit capabilities or the cgroup is not mounted. Memory limited without swap.
[INFO] running `Command { std: "docker" "start" "-a" "62eb253033877076473c425c742204ae2f6c3706f2c5a52f9286d6a280e4bead", kill_on_drop: false }`
[INFO] running `Command { std: "docker" "inspect" "62eb253033877076473c425c742204ae2f6c3706f2c5a52f9286d6a280e4bead", kill_on_drop: false }`
[INFO] running `Command { std: "docker" "rm" "-f" "62eb253033877076473c425c742204ae2f6c3706f2c5a52f9286d6a280e4bead", kill_on_drop: false }`
[INFO] [stdout] 62eb253033877076473c425c742204ae2f6c3706f2c5a52f9286d6a280e4bead
[INFO] running `Command { std: "docker" "create" "-v" "/var/lib/crater-agent-workspace/builds/worker-4/target:/opt/rustwide/target:rw,Z" "-v" "/var/lib/crater-agent-workspace/builds/worker-4/source:/opt/rustwide/workdir:ro,Z" "-v" "/var/lib/crater-agent-workspace/cargo-home:/opt/rustwide/cargo-home:ro,Z" "-v" "/var/lib/crater-agent-workspace/rustup-home:/opt/rustwide/rustup-home:ro,Z" "-e" "SOURCE_DIR=/opt/rustwide/workdir" "-e" "CARGO_TARGET_DIR=/opt/rustwide/target" "-e" "CARGO_INCREMENTAL=0" "-e" "RUST_BACKTRACE=full" "-e" "RUSTFLAGS=--cap-lints=warn" "-e" "CARGO_HOME=/opt/rustwide/cargo-home" "-e" "RUSTUP_HOME=/opt/rustwide/rustup-home" "-w" "/opt/rustwide/workdir" "-m" "1610612736" "--user" "0:0" "--network" "none" "ghcr.io/rust-lang/crates-build-env/linux@sha256:34b6a614d2c27851fe6cbf88fbd1137609cefab8b10d0615aaeb6fd47975d74e" "/opt/rustwide/cargo-home/bin/cargo" "+1.54.0" "build" "--frozen" "--message-format=json", kill_on_drop: false }`
[INFO] [stdout] 3512b1efa19069425c1bfecea6790aaafa5b63dfd080b55a96f4875dce8d49a4
[INFO] [stderr] WARNING: Your kernel does not support swap limit capabilities or the cgroup is not mounted. Memory limited without swap.
[INFO] running `Command { std: "docker" "start" "-a" "3512b1efa19069425c1bfecea6790aaafa5b63dfd080b55a96f4875dce8d49a4", kill_on_drop: false }`
[INFO] [stderr]    Compiling girt-config v1.0.0 (/opt/rustwide/workdir)
[INFO] [stdout] warning: unknown lint: `disjoint_capture_drop_reorder`
[INFO] [stdout]   --> src/lib.rs:17:2
[INFO] [stdout]    |
[INFO] [stdout] 17 |     disjoint_capture_drop_reorder,
[INFO] [stdout]    |     ^^^^^^^^^^^^^^^^^^^^^^^^^^^^^
[INFO] [stdout]    |
[INFO] [stdout] note: the lint level is defined here
[INFO] [stdout]   --> src/lib.rs:11:2
[INFO] [stdout]    |
[INFO] [stdout] 11 |     warnings
[INFO] [stdout]    |     ^^^^^^^^
[INFO] [stdout]    = note: `#[warn(unknown_lints)]` implied by `#[warn(warnings)]`
[INFO] [stdout] 
[INFO] [stdout] 
[INFO] [stdout] warning: 1 warning emitted
[INFO] [stdout] 
[INFO] [stdout] 
[INFO] [stderr]     Finished dev [unoptimized + debuginfo] target(s) in 2.09s
[INFO] running `Command { std: "docker" "inspect" "3512b1efa19069425c1bfecea6790aaafa5b63dfd080b55a96f4875dce8d49a4", kill_on_drop: false }`
[INFO] running `Command { std: "docker" "rm" "-f" "3512b1efa19069425c1bfecea6790aaafa5b63dfd080b55a96f4875dce8d49a4", kill_on_drop: false }`
[INFO] [stdout] 3512b1efa19069425c1bfecea6790aaafa5b63dfd080b55a96f4875dce8d49a4
[INFO] running `Command { std: "docker" "create" "-v" "/var/lib/crater-agent-workspace/builds/worker-4/target:/opt/rustwide/target:rw,Z" "-v" "/var/lib/crater-agent-workspace/builds/worker-4/source:/opt/rustwide/workdir:ro,Z" "-v" "/var/lib/crater-agent-workspace/cargo-home:/opt/rustwide/cargo-home:ro,Z" "-v" "/var/lib/crater-agent-workspace/rustup-home:/opt/rustwide/rustup-home:ro,Z" "-e" "SOURCE_DIR=/opt/rustwide/workdir" "-e" "CARGO_TARGET_DIR=/opt/rustwide/target" "-e" "CARGO_INCREMENTAL=0" "-e" "RUST_BACKTRACE=full" "-e" "RUSTFLAGS=--cap-lints=warn" "-e" "CARGO_HOME=/opt/rustwide/cargo-home" "-e" "RUSTUP_HOME=/opt/rustwide/rustup-home" "-w" "/opt/rustwide/workdir" "-m" "1610612736" "--user" "0:0" "--network" "none" "ghcr.io/rust-lang/crates-build-env/linux@sha256:34b6a614d2c27851fe6cbf88fbd1137609cefab8b10d0615aaeb6fd47975d74e" "/opt/rustwide/cargo-home/bin/cargo" "+1.54.0" "test" "--frozen" "--no-run" "--message-format=json", kill_on_drop: false }`
[INFO] [stderr] WARNING: Your kernel does not support swap limit capabilities or the cgroup is not mounted. Memory limited without swap.
[INFO] [stdout] 8f686b3d7de393689e9f891acf2b9ebdb329e7e0d3ff8a7ea5ccd9bf9e5b2402
[INFO] running `Command { std: "docker" "start" "-a" "8f686b3d7de393689e9f891acf2b9ebdb329e7e0d3ff8a7ea5ccd9bf9e5b2402", kill_on_drop: false }`
[INFO] [stderr]    Compiling serial_test_derive v0.5.1
[INFO] [stderr]    Compiling rstest v0.6.4
[INFO] [stderr]    Compiling concat-idents v1.1.3
[INFO] [stdout] warning: unknown lint: `disjoint_capture_drop_reorder`
[INFO] [stdout]   --> src/lib.rs:17:2
[INFO] [stdout]    |
[INFO] [stdout] 17 |     disjoint_capture_drop_reorder,
[INFO] [stdout]    |     ^^^^^^^^^^^^^^^^^^^^^^^^^^^^^
[INFO] [stdout]    |
[INFO] [stdout] note: the lint level is defined here
[INFO] [stdout]   --> src/lib.rs:11:2
[INFO] [stdout]    |
[INFO] [stdout] 11 |     warnings
[INFO] [stdout]    |     ^^^^^^^^
[INFO] [stdout]    = note: `#[warn(unknown_lints)]` implied by `#[warn(warnings)]`
[INFO] [stdout] 
[INFO] [stdout] 
[INFO] [stdout] warning: 1 warning emitted
[INFO] [stdout] 
[INFO] [stdout] 
[INFO] [stderr]    Compiling serial_test v0.5.1
[INFO] [stderr]    Compiling girt-config v1.0.0 (/opt/rustwide/workdir)
[INFO] [stdout] warning: unknown lint: `disjoint_capture_drop_reorder`
[INFO] [stdout]   --> src/lib.rs:17:2
[INFO] [stdout]    |
[INFO] [stdout] 17 |     disjoint_capture_drop_reorder,
[INFO] [stdout]    |     ^^^^^^^^^^^^^^^^^^^^^^^^^^^^^
[INFO] [stdout]    |
[INFO] [stdout] note: the lint level is defined here
[INFO] [stdout]   --> src/lib.rs:11:2
[INFO] [stdout]    |
[INFO] [stdout] 11 |     warnings
[INFO] [stdout]    |     ^^^^^^^^
[INFO] [stdout]    = note: `#[warn(unknown_lints)]` implied by `#[warn(warnings)]`
[INFO] [stdout] 
[INFO] [stdout] 
[INFO] [stdout] warning: 1 warning emitted
[INFO] [stdout] 
[INFO] [stdout] 
[INFO] [stderr]     Finished test [unoptimized + debuginfo] target(s) in 8.43s
[INFO] running `Command { std: "docker" "inspect" "8f686b3d7de393689e9f891acf2b9ebdb329e7e0d3ff8a7ea5ccd9bf9e5b2402", kill_on_drop: false }`
[INFO] running `Command { std: "docker" "rm" "-f" "8f686b3d7de393689e9f891acf2b9ebdb329e7e0d3ff8a7ea5ccd9bf9e5b2402", kill_on_drop: false }`
[INFO] [stdout] 8f686b3d7de393689e9f891acf2b9ebdb329e7e0d3ff8a7ea5ccd9bf9e5b2402
[INFO] running `Command { std: "docker" "create" "-v" "/var/lib/crater-agent-workspace/builds/worker-4/target:/opt/rustwide/target:rw,Z" "-v" "/var/lib/crater-agent-workspace/builds/worker-4/source:/opt/rustwide/workdir:ro,Z" "-v" "/var/lib/crater-agent-workspace/cargo-home:/opt/rustwide/cargo-home:ro,Z" "-v" "/var/lib/crater-agent-workspace/rustup-home:/opt/rustwide/rustup-home:ro,Z" "-e" "SOURCE_DIR=/opt/rustwide/workdir" "-e" "CARGO_TARGET_DIR=/opt/rustwide/target" "-e" "CARGO_INCREMENTAL=0" "-e" "RUST_BACKTRACE=full" "-e" "RUSTFLAGS=--cap-lints=warn" "-e" "CARGO_HOME=/opt/rustwide/cargo-home" "-e" "RUSTUP_HOME=/opt/rustwide/rustup-home" "-w" "/opt/rustwide/workdir" "-m" "1610612736" "--user" "0:0" "--network" "none" "ghcr.io/rust-lang/crates-build-env/linux@sha256:34b6a614d2c27851fe6cbf88fbd1137609cefab8b10d0615aaeb6fd47975d74e" "/opt/rustwide/cargo-home/bin/cargo" "+1.54.0" "test" "--frozen", kill_on_drop: false }`
[INFO] [stdout] 23396577efc9102060b28247a18356c478644dc974e7a93b0680969ff6c57d1a
[INFO] [stderr] WARNING: Your kernel does not support swap limit capabilities or the cgroup is not mounted. Memory limited without swap.
[INFO] running `Command { std: "docker" "start" "-a" "23396577efc9102060b28247a18356c478644dc974e7a93b0680969ff6c57d1a", kill_on_drop: false }`
[INFO] [stdout] 
[INFO] [stderr] warning: unknown lint: `disjoint_capture_drop_reorder`
[INFO] [stdout] running 243 tests
[INFO] [stderr]   --> src/lib.rs:17:2
[INFO] [stdout] test color::tests::color_try_from_invalid_rgb_non_number_blue_lower_limit ... ok
[INFO] [stderr]    |
[INFO] [stdout] test color::tests::color_try_from_invalid_rgb_non_number_green_upper_limit ... ok
[INFO] [stderr] 17 |     disjoint_capture_drop_reorder,
[INFO] [stdout] test color::tests::color_try_from_invalid_rgb_non_number_blue_upper_limit ... ok
[INFO] [stderr]    |     ^^^^^^^^^^^^^^^^^^^^^^^^^^^^^
[INFO] [stdout] test color::tests::color_try_from_invalid_rgb_non_number_green_lower_limit ... ok
[INFO] [stderr]    |
[INFO] [stdout] test color::tests::color_try_from_invalid_index_upper_limit ... ok
[INFO] [stderr] note: the lint level is defined here
[INFO] [stdout] test color::tests::color_try_from_invalid_str_single_value ... ok
[INFO] [stderr]   --> src/lib.rs:11:2
[INFO] [stdout] test color::tests::color_try_from_named_black ... ok
[INFO] [stderr]    |
[INFO] [stdout] test color::tests::color_try_from_invalid_index_lower_limit ... ok
[INFO] [stderr] 11 |     warnings
[INFO] [stdout] test color::tests::color_try_from_named_dark_magenta ... ok
[INFO] [stderr]    |     ^^^^^^^^
[INFO] [stdout] test color::tests::color_try_from_named_dark_green ... ok
[INFO] [stderr]    = note: `#[warn(unknown_lints)]` implied by `#[warn(warnings)]`
[INFO] [stdout] test color::tests::color_try_from_named_dark_yellow ... ok
[INFO] [stderr] 
[INFO] [stdout] test color::tests::color_try_from_named_green ... ok
[INFO] [stderr] warning: 1 warning emitted
[INFO] [stdout] test color::tests::color_try_from_named_light_black ... ok
[INFO] [stderr] 
[INFO] [stdout] test color::tests::color_try_from_named_light_blue ... ok
[INFO] [stderr] warning: unknown lint: `disjoint_capture_drop_reorder`
[INFO] [stdout] test color::tests::color_try_from_named_light_cyan ... ok
[INFO] [stderr]   --> src/lib.rs:17:2
[INFO] [stdout] test color::tests::color_try_from_named_light_green ... ok
[INFO] [stderr]    |
[INFO] [stdout] test color::tests::color_try_from_named_light_red ... ok
[INFO] [stderr] 17 |     disjoint_capture_drop_reorder,
[INFO] [stdout] test color::tests::color_try_from_named_light_magenta ... ok
[INFO] [stderr]    |     ^^^^^^^^^^^^^^^^^^^^^^^^^^^^^
[INFO] [stdout] test color::tests::color_try_from_named_light_yellow ... ok
[INFO] [stderr]    |
[INFO] [stdout] test color::tests::color_try_from_named_magenta ... ok
[INFO] [stderr] note: the lint level is defined here
[INFO] [stdout] test color::tests::color_try_from_named_red ... ok
[INFO] [stderr]   --> src/lib.rs:11:2
[INFO] [stdout] test color::tests::color_try_from_named_white ... ok
[INFO] [stderr]    |
[INFO] [stdout] test color::tests::color_try_from_named_yellow ... ok
[INFO] [stderr] 11 |     warnings
[INFO] [stdout] test color::tests::color_try_from_rgb ... ok
[INFO] [stderr]    |     ^^^^^^^^
[INFO] [stdout] test color::tests::color_try_from_named_dark_black ... ok
[INFO] [stderr]    = note: `#[warn(unknown_lints)]` implied by `#[warn(warnings)]`
[INFO] [stdout] test color::tests::color_try_from_named_blue ... ok
[INFO] [stderr] 
[INFO] [stdout] test color::tests::color_try_from_named_dark_blue ... ok
[INFO] [stderr] warning: 1 warning emitted
[INFO] [stdout] test color::tests::color_try_from_invalid_str_multiple_value ... ok
[INFO] [stderr] 
[INFO] [stdout] test color::tests::color_try_from_named_cyan ... ok
[INFO] [stderr]     Finished test [unoptimized + debuginfo] target(s) in 0.06s
[INFO] [stdout] test color::tests::color_try_from_index_255 ... ok
[INFO] [stderr]      Running unittests (/opt/rustwide/target/debug/deps/config-fc68aae17133b023)
[INFO] [stdout] test color::tests::color_try_from_named_dark_red ... ok
[INFO] [stdout] test color::tests::color_try_from_invalid_non_number_red ... ok
[INFO] [stdout] test color::tests::color_try_from_index_0 ... ok
[INFO] [stdout] test color::tests::color_try_from_invalid_rgb_non_number_green ... ok
[INFO] [stdout] test color::tests::color_try_from_named_dark_cyan ... ok
[INFO] [stdout] test tests::config_auto_select_next_default ... ok
[INFO] [stdout] test tests::config_diff_ignore_whitespace_change ... ok
[INFO] [stdout] test tests::config_diff_ignore_whitespace_mixed_case ... ok
[INFO] [stdout] test tests::config_diff_ignore_whitespace_invalid ... ok
[INFO] [stdout] test tests::config_diff_ignore_whitespace_default ... ok
[INFO] [stdout] test tests::config_diff_ignore_whitespace_off ... ok
[INFO] [stdout] test tests::config_diff_ignore_whitespace_all ... ok
[INFO] [stdout] test tests::config_diff_show_whitespace_both ... ok
[INFO] [stdout] test color::tests::color_try_from_invalid_rgb_non_number_blue ... ok
[INFO] [stdout] test tests::config_diff_show_whitespace_false ... ok
[INFO] [stdout] test tests::config_diff_ignore_whitespace_true ... ok
[INFO] [stdout] test color::tests::color_try_from_invalid_rgb_non_number_red_upper_limit ... ok
[INFO] [stdout] test tests::config_diff_ignore_whitespace_none ... ok
[INFO] [stdout] test tests::config_diff_show_whitespace_default ... ok
[INFO] [stdout] test tests::config_auto_select_next_false ... ok
[INFO] [stdout] test tests::config_diff_show_whitespace_invalid ... ok
[INFO] [stdout] test tests::config_diff_show_whitespace_mixed_case ... ok
[INFO] [stdout] test color::tests::color_try_from_invalid_rgb_non_number_red_lower_limit ... ok
[INFO] [stdout] test tests::config_diff_show_whitespace_leading ... ok
[INFO] [stdout] test tests::config_diff_show_whitespace_on ... ok
[INFO] [stdout] test tests::config_diff_show_whitespace_trailing ... ok
[INFO] [stdout] test tests::config_diff_ignore_whitespace_on ... ok
[INFO] [stdout] test tests::config_diff_show_whitespace_off ... ok
[INFO] [stdout] test tests::config_diff_show_whitespace_true ... ok
[INFO] [stdout] test tests::config_auto_select_next_invalid ... ok
[INFO] [stdout] test tests::config_diff_ignore_whitespace_false ... ok
[INFO] [stdout] test tests::config_diff_show_whitespace_none ... ok
[INFO] [stdout] test tests::config_auto_select_next_true ... ok
[INFO] [stdout] test tests::config_diff_space_symbol ... ok
[INFO] [stdout] test tests::config_diff_tab_width_invalid_range ... ok
[INFO] [stdout] test tests::config_git_comment_char ... ok
[INFO] [stdout] test tests::config_diff_tab_width_invalid ... ok
[INFO] [stdout] test tests::config_git_comment_char_auto ... ok
[INFO] [stdout] test tests::config_diff_tab_symbol_invalid_utf8 ... ok
[INFO] [stdout] test tests::config_diff_tab_width_default ... ok
[INFO] [stdout] test tests::config_diff_tab_width ... ok
[INFO] [stdout] test tests::config_git_comment_char_default ... ok
[INFO] [stdout] test tests::config_diff_space_symbol_default ... ok
[INFO] [stdout] test tests::config_git_diff_context ... ok
[INFO] [stdout] test tests::config_diff_space_symbol_invalid_utf8 ... ok
[INFO] [stdout] test tests::config_diff_tab_symbol ... ok
[INFO] [stdout] test tests::config_git_comment_char_invalid ... ok
[INFO] [stdout] test tests::config_diff_tab_symbol_default ... ok
[INFO] [stdout] test tests::config_git_editor_default_editor_env ... ok
[INFO] [stdout] test tests::config_key_bindings::case_01_backspace ... ok
[INFO] [stdout] test tests::config_git_editor ... ok
[INFO] [stdout] test tests::config_key_bindings::case_02_backtab ... ok
[INFO] [stdout] test tests::config_git_editor_default_no_env ... ok
[INFO] [stdout] test tests::config_git_editor_default_visual_env ... ok
[INFO] [stdout] test tests::config_key_bindings::case_05_end ... ok
[INFO] [stdout] test tests::config_key_bindings::case_03_delete ... ok
[INFO] [stdout] test tests::config_git_diff_renames_false ... ok
[INFO] [stdout] test tests::config_key_bindings::case_04_down ... ok
[INFO] [stdout] test tests::config_git_diff_renames_mixed_case ... ok
[INFO] [stdout] test tests::config_git_diff_renames_true ... ok
[INFO] [stdout] test tests::config_git_editor_invalid ... ok
[INFO] [stdout] test tests::config_git_diff_renames_invalid ... ok
[INFO] [stdout] test tests::config_key_bindings::case_06_home ... ok
[INFO] [stdout] test tests::config_git_diff_renames_default ... ok
[INFO] [stdout] test tests::config_key_bindings::case_09_pagedown ... ok
[INFO] [stdout] test tests::config_git_diff_context_default ... ok
[INFO] [stdout] test tests::config_git_diff_renames_copies ... ok
[INFO] [stdout] test tests::config_key_bindings::case_10_pageup ... ok
[INFO] [stdout] test tests::config_key_bindings::case_11_right ... ok
[INFO] [stdout] test tests::config_git_diff_context_invalid ... ok
[INFO] [stdout] test tests::config_key_bindings::case_07_insert ... ok
[INFO] [stdout] test tests::config_git_diff_context_invalid_range ... ok
[INFO] [stdout] test tests::config_key_bindings::case_15_f255 ... ok
[INFO] [stdout] test tests::config_key_bindings::case_14_f1 ... ok
[INFO] [stdout] test tests::config_key_bindings::case_08_left ... ok
[INFO] [stdout] test tests::config_key_bindings::case_21_modifier_special ... ok
[INFO] [stdout] test tests::config_key_bindings::case_12_tab ... ok
[INFO] [stdout] test tests::config_key_bindings_abort ... ok
[INFO] [stdout] test tests::config_key_bindings::case_22_modifier_function ... ok
[INFO] [stdout] test tests::config_key_bindings::case_13_up ... ok
[INFO] [stdout] test tests::config_key_bindings_abort_default ... ok
[INFO] [stdout] test tests::config_key_bindings_action_break_default ... ok
[INFO] [stdout] test tests::config_key_bindings_action_break ... ok
[INFO] [stdout] test tests::config_key_bindings::case_16_modifier_character_lowercase ... ok
[INFO] [stdout] test tests::config_key_bindings_action_drop ... ok
[INFO] [stdout] test tests::config_key_bindings_action_edit_default ... ok
[INFO] [stdout] test tests::config_key_bindings::case_28_modifier_only_control ... ok
[INFO] [stdout] test tests::config_key_bindings_action_drop_default ... ok
[INFO] [stdout] test tests::config_key_bindings::case_25_modifier_only_shift ... ok
[INFO] [stdout] test tests::config_key_bindings_action_edit ... ok
[INFO] [stdout] test tests::config_key_bindings::case_19_modifier_character_special ... ok
[INFO] [stdout] test tests::config_key_bindings::case_20_modifier_character ... ok
[INFO] [stdout] test tests::config_key_bindings::case_18_modifier_character_number ... ok
[INFO] [stdout] test tests::config_key_bindings::case_26_modifier_only_control ... ok
[INFO] [stdout] test tests::config_key_bindings_confirm_no ... ok
[INFO] [stdout] test tests::config_key_bindings::case_24_modifier_control_alt_shift_out_of_order_2 ... ok
[INFO] [stdout] test tests::config_key_bindings::case_27_modifier_only_control ... ok
[INFO] [stdout] test tests::config_key_bindings_action_fixup ... ok
[INFO] [stdout] test tests::config_key_bindings_action_reword ... ok
[INFO] [stdout] test tests::config_key_bindings_action_squash_default ... ok
[INFO] [stdout] test tests::config_key_bindings_action_pick ... ok
[INFO] [stdout] test tests::config_key_bindings_confirm_no_default ... ok
[INFO] [stdout] test tests::config_key_bindings_confirm_edit ... ok
[INFO] [stdout] test tests::config_key_bindings_confirm_yes_default ... ok
[INFO] [stdout] test tests::config_key_bindings_confirm_yes ... ok
[INFO] [stdout] test tests::config_key_bindings_edit_default ... ok
[INFO] [stdout] test tests::config_key_bindings_action_pick_default ... ok
[INFO] [stdout] test tests::config_key_bindings_action_reword_default ... ok
[INFO] [stdout] test tests::config_key_bindings_action_squash ... ok
[INFO] [stdout] test tests::config_key_bindings::case_17_modifier_character_uppercase ... ok
[INFO] [stdout] test tests::config_key_bindings_force_rebase_default ... ok
[INFO] [stdout] test tests::config_key_bindings_force_abort_default ... ok
[INFO] [stdout] test tests::config_key_bindings_force_rebase ... ok
[INFO] [stdout] test tests::config_key_bindings_help ... ok
[INFO] [stdout] test tests::config_key_bindings_help_default ... ok
[INFO] [stdout] test tests::config_key_bindings_invalid ... ok
[INFO] [stdout] test tests::config_key_bindings_insert_line ... ok
[INFO] [stdout] test tests::config_key_bindings_insert_line_default ... ok
[INFO] [stdout] test tests::config_key_bindings_key_multiple_characters ... ok
[INFO] [stdout] test tests::config_git_diff_renames_copy ... ok
[INFO] [stdout] test tests::config_key_bindings::case_23_modifier_control_alt_shift_out_of_order_1 ... ok
[INFO] [stdout] test tests::config_key_bindings_action_fixup_default ... ok
[INFO] [stdout] test tests::config_key_bindings_move_down ... ok
[INFO] [stdout] test tests::config_key_bindings_move_left ... ok
[INFO] [stdout] test tests::config_key_bindings_move_right ... ok
[INFO] [stdout] test tests::config_key_bindings_move_selection_down_default ... ok
[INFO] [stdout] test tests::config_key_bindings_move_right_default ... ok
[INFO] [stdout] test tests::config_key_bindings_move_left_default ... ok
[INFO] [stdout] test tests::config_key_bindings_key_invalid_function_index ... ok
[INFO] [stdout] test tests::config_key_bindings_move_home_default ... ok
[INFO] [stdout] test tests::config_key_bindings_move_down_default ... ok
[INFO] [stdout] test tests::config_key_bindings_force_abort ... ok
[INFO] [stdout] test tests::config_key_bindings_move_selection_up_default ... ok
[INFO] [stdout] test tests::config_key_bindings_move_step_up_default ... ok
[INFO] [stdout] test tests::config_key_bindings_move_step_up ... ok
[INFO] [stdout] test tests::config_key_bindings_move_selection_up ... ok
[INFO] [stdout] test tests::config_key_bindings_open_in_external_editor ... ok
[INFO] [stdout] test tests::config_key_bindings_move_step_down_default ... ok
[INFO] [stdout] test tests::config_key_bindings_open_in_external_editor_default ... ok
[INFO] [stdout] test tests::config_key_bindings_rebase ... ok
[INFO] [stdout] test tests::config_key_bindings_move_up_default ... ok
[INFO] [stdout] test tests::config_key_bindings_move_end ... ok
[INFO] [stdout] test tests::config_key_bindings_key_invalid ... ok
[INFO] [stdout] test tests::config_key_bindings_multiple_invalid ... ok
[INFO] [stdout] test tests::config_key_bindings_move_end_default ... ok
[INFO] [stdout] test tests::config_key_bindings_move_home ... ok
[INFO] [stdout] test tests::config_key_bindings_move_step_down ... ok
[INFO] [stdout] test tests::config_key_bindings_move_up ... ok
[INFO] [stdout] test tests::config_key_bindings_show_commit ... ok
[INFO] [stdout] test tests::config_key_bindings_show_commit_default ... ok
[INFO] [stdout] test tests::config_key_bindings_move_selection_down ... ok
[INFO] [stdout] test tests::config_key_bindings_rebase_default ... ok
[INFO] [stdout] test tests::config_key_bindings_redo_default ... ok
[INFO] [stdout] test tests::config_key_bindings_remove_line_default ... ok
[INFO] [stdout] test tests::config_key_bindings_toggle_visual_mode_default ... ok
[INFO] [stdout] test tests::config_theme_color_action_break ... ok
[INFO] [stdout] test tests::config_key_bindings_show_diff ... ok
[INFO] [stdout] test tests::config_theme_character_vertical_spacing_default ... ok
[INFO] [stdout] test tests::config_theme_character_vertical_spacing ... ok
[INFO] [stdout] test tests::config_key_bindings_undo_default ... ok
[INFO] [stdout] test tests::config_key_bindings_undo ... ok
[INFO] [stdout] test tests::config_key_bindings_show_diff_default ... ok
[INFO] [stdout] test tests::config_key_bindings_redo ... ok
[INFO] [stdout] test tests::config_key_bindings_toggle_visual_mode ... ok
[INFO] [stdout] test tests::config_theme_color_action_drop ... ok
[INFO] [stdout] test tests::config_theme_color_action_label ... ok
[INFO] [stdout] test tests::config_theme_color_action_break_default ... ok
[INFO] [stdout] test tests::config_theme_color_action_merge_default ... ok
[INFO] [stdout] test tests::config_key_bindings_remove_line ... ok
[INFO] [stdout] test tests::config_theme_color_action_edit ... ok
[INFO] [stdout] test tests::config_theme_color_action_fixup_default ... ok
[INFO] [stdout] test tests::config_theme_color_action_pick ... ok
[INFO] [stdout] test tests::config_theme_color_action_pick_default ... ok
[INFO] [stdout] test tests::config_theme_color_action_drop_default ... ok
[INFO] [stdout] test tests::config_theme_color_action_exec_default ... ok
[INFO] [stdout] test tests::config_theme_color_action_fixup ... ok
[INFO] [stdout] test tests::config_theme_color_action_exec ... ok
[INFO] [stdout] test tests::config_theme_color_action_reword ... ok
[INFO] [stdout] test tests::config_theme_color_action_edit_default ... ok
[INFO] [stdout] test tests::config_theme_color_action_reword_default ... ok
[INFO] [stdout] test tests::config_theme_color_action_label_default ... ok
[INFO] [stdout] test tests::config_theme_color_action_reset_default ... ok
[INFO] [stdout] test tests::config_theme_color_action_squash_default ... ok
[INFO] [stdout] test tests::config_theme_color_action_squash ... ok
[INFO] [stdout] test tests::config_theme_color_action_merge ... ok
[INFO] [stdout] test tests::config_theme_color_diff_change_default ... ok
[INFO] [stdout] test tests::config_theme_color_action_reset ... ok
[INFO] [stdout] test tests::config_theme_color_diff_whitespace_default ... ok
[INFO] [stdout] test tests::config_theme_color_diff_whitespace ... ok
[INFO] [stdout] test tests::config_theme_color_diff_context ... ok
[INFO] [stdout] test tests::config_theme_color_diff_add_default ... ok
[INFO] [stdout] test tests::config_theme_color_diff_change ... ok
[INFO] [stdout] test tests::config_theme_color_foreground ... ok
[INFO] [stdout] test tests::config_theme_color_diff_remove ... ok
[INFO] [stdout] test tests::config_theme_color_diff_context_default ... ok
[INFO] [stdout] test tests::config_undo_limit ... ok
[INFO] [stdout] test tests::config_theme_color_selected ... ok
[INFO] [stdout] test tests::config_undo_limit_default ... ok
[INFO] [stdout] test tests::config_theme_color_invalid_range_above ... ok
[INFO] [stdout] test tests::config_theme_color_invalid ... ok
[INFO] [stdout] test tests::config_undo_limit_invalid ... ok
[INFO] [stdout] test tests::config_undo_limit_invalid_range ... ok
[INFO] [stdout] test tests::config_theme_color_selected_background_default ... ok
[INFO] [stdout] test tests::config_theme_color_invalid_range_under ... ok
[INFO] [stdout] test tests::config_theme_color_background_default ... ok
[INFO] [stdout] test tests::config_theme_color_diff_add ... ok
[INFO] [stdout] test tests::config_theme_color_background ... ok
[INFO] [stdout] test tests::config_theme_color_diff_remove_default ... ok
[INFO] [stdout] test tests::config_theme_color_foreground_default ... ok
[INFO] [stdout] test tests::config_theme_color_indicator ... ok
[INFO] [stdout] test tests::config_theme_color_indicator_default ... ok
[INFO] [stdout] test tests::config_new_invalid_repo ... ok
[INFO] [stdout] test tests::config_new ... FAILED
[INFO] [stdout] 
[INFO] [stdout] failures:
[INFO] [stdout] 
[INFO] [stdout] ---- tests::config_new stdout ----
[INFO] [stdout] thread 'tests::config_new' panicked at 'called `Result::unwrap()` on an `Err` value: Error loading git config
[INFO] [stdout] 
[INFO] [stdout] Caused by:
[INFO] [stdout]     failed to resolve path '/opt/rustwide/workdir/../../test/fixtures/simple': No such file or directory', src/tests.rs:43:33
[INFO] [stdout] stack backtrace:
[INFO] [stdout]    0:     0x5605516e6b90 - std::backtrace_rs::backtrace::libunwind::trace::h34055254b57d8e79
[INFO] [stdout]                                at /rustc/a178d0322ce20e33eac124758e837cbd80a6f633/library/std/src/../../backtrace/src/backtrace/libunwind.rs:90:5
[INFO] [stdout]    1:     0x5605516e6b90 - std::backtrace_rs::backtrace::trace_unsynchronized::h8f1e3fbd9afff6ec
[INFO] [stdout]                                at /rustc/a178d0322ce20e33eac124758e837cbd80a6f633/library/std/src/../../backtrace/src/backtrace/mod.rs:66:5
[INFO] [stdout]    2:     0x5605516e6b90 - std::sys_common::backtrace::_print_fmt::h3a99a796b770c360
[INFO] [stdout]                                at /rustc/a178d0322ce20e33eac124758e837cbd80a6f633/library/std/src/sys_common/backtrace.rs:67:5
[INFO] [stdout]    3:     0x5605516e6b90 - <std::sys_common::backtrace::_print::DisplayBacktrace as core::fmt::Display>::fmt::h32d1f94a80615d18
[INFO] [stdout]                                at /rustc/a178d0322ce20e33eac124758e837cbd80a6f633/library/std/src/sys_common/backtrace.rs:46:22
[INFO] [stdout]    4:     0x560551709eec - core::fmt::write::h306731c068f7162c
[INFO] [stdout]                                at /rustc/a178d0322ce20e33eac124758e837cbd80a6f633/library/core/src/fmt/mod.rs:1110:17
[INFO] [stdout]    5:     0x5605516e38c5 - std::io::Write::write_fmt::h87f19b0a2cd190bc
[INFO] [stdout]                                at /rustc/a178d0322ce20e33eac124758e837cbd80a6f633/library/std/src/io/mod.rs:1588:15
[INFO] [stdout]    6:     0x5605516e8ecb - std::sys_common::backtrace::_print::h5abaa2601a852287
[INFO] [stdout]                                at /rustc/a178d0322ce20e33eac124758e837cbd80a6f633/library/std/src/sys_common/backtrace.rs:49:5
[INFO] [stdout]    7:     0x5605516e8ecb - std::sys_common::backtrace::print::h8d81445442bb638f
[INFO] [stdout]                                at /rustc/a178d0322ce20e33eac124758e837cbd80a6f633/library/std/src/sys_common/backtrace.rs:36:9
[INFO] [stdout]    8:     0x5605516e8ecb - std::panicking::default_hook::{{closure}}::hcfe804496a9fa747
[INFO] [stdout]                                at /rustc/a178d0322ce20e33eac124758e837cbd80a6f633/library/std/src/panicking.rs:208:50
[INFO] [stdout]    9:     0x5605516e89dc - std::panicking::default_hook::hbea8e3ccf2ba8901
[INFO] [stdout]                                at /rustc/a178d0322ce20e33eac124758e837cbd80a6f633/library/std/src/panicking.rs:222:9
[INFO] [stdout]   10:     0x5605516e9594 - std::panicking::rust_panic_with_hook::h7ee9e1a2d0f8975a
[INFO] [stdout]                                at /rustc/a178d0322ce20e33eac124758e837cbd80a6f633/library/std/src/panicking.rs:622:17
[INFO] [stdout]   11:     0x5605516e9077 - std::panicking::begin_panic_handler::{{closure}}::h8ab3b4491718b2c7
[INFO] [stdout]                                at /rustc/a178d0322ce20e33eac124758e837cbd80a6f633/library/std/src/panicking.rs:519:13
[INFO] [stdout]   12:     0x5605516e708c - std::sys_common::backtrace::__rust_end_short_backtrace::hd489062ffa586a9f
[INFO] [stdout]                                at /rustc/a178d0322ce20e33eac124758e837cbd80a6f633/library/std/src/sys_common/backtrace.rs:141:18
[INFO] [stdout]   13:     0x5605516e8fd9 - rust_begin_unwind
[INFO] [stdout]                                at /rustc/a178d0322ce20e33eac124758e837cbd80a6f633/library/std/src/panicking.rs:515:5
[INFO] [stdout]   14:     0x560551550e91 - core::panicking::panic_fmt::hca6330e3e14086b4
[INFO] [stdout]                                at /rustc/a178d0322ce20e33eac124758e837cbd80a6f633/library/core/src/panicking.rs:92:14
[INFO] [stdout]   15:     0x560551550f83 - core::result::unwrap_failed::h6160d2b4bfbb0e87
[INFO] [stdout]                                at /rustc/a178d0322ce20e33eac124758e837cbd80a6f633/library/core/src/result.rs:1355:5
[INFO] [stdout]   16:     0x5605515ad03b - core::result::Result<T,E>::unwrap::h4cdd3ab886546fcb
[INFO] [stdout]                                at /rustc/a178d0322ce20e33eac124758e837cbd80a6f633/library/core/src/result.rs:1037:23
[INFO] [stdout]   17:     0x56055156ded6 - config::tests::config_new::{{closure}}::h46f7594657e8b596
[INFO] [stdout]                                at /opt/rustwide/workdir/src/tests.rs:43:16
[INFO] [stdout]   18:     0x56055158320e - core::ops::function::FnOnce::call_once::hb0ce0d55fd8aee7e
[INFO] [stdout]                                at /rustc/a178d0322ce20e33eac124758e837cbd80a6f633/library/core/src/ops/function.rs:227:5
[INFO] [stdout]   19:     0x56055162cd56 - serial_test::serial_core::h20ade639433ea105
[INFO] [stdout]                                at /opt/rustwide/cargo-home/registry/src/github.com-1ecc6299db9ec823/serial_test-0.5.1/src/lib.rs:64:5
[INFO] [stdout]   20:     0x56055156dc19 - config::tests::config_new::hac7b56d43104fe46
[INFO] [stdout]                                at /opt/rustwide/workdir/src/tests.rs:31:1
[INFO] [stdout]   21:     0x56055156dbea - config::tests::config_new::{{closure}}::h6ec52b3c23369bd9
[INFO] [stdout]                                at /opt/rustwide/workdir/src/tests.rs:32:1
[INFO] [stdout]   22:     0x5605515841ce - core::ops::function::FnOnce::call_once::hf9efd397735184d0
[INFO] [stdout]                                at /rustc/a178d0322ce20e33eac124758e837cbd80a6f633/library/core/src/ops/function.rs:227:5
[INFO] [stdout]   23:     0x5605515d6453 - core::ops::function::FnOnce::call_once::h152e7e439ff59e19
[INFO] [stdout]                                at /rustc/a178d0322ce20e33eac124758e837cbd80a6f633/library/core/src/ops/function.rs:227:5
[INFO] [stdout]   24:     0x5605515d6453 - test::__rust_begin_short_backtrace::h0908f3b1fdbb72ab
[INFO] [stdout]                                at /rustc/a178d0322ce20e33eac124758e837cbd80a6f633/library/test/src/lib.rs:577:5
[INFO] [stdout]   25:     0x5605515d4f10 - <alloc::boxed::Box<F,A> as core::ops::function::FnOnce<Args>>::call_once::hf6d2a51e5587546c
[INFO] [stdout]                                at /rustc/a178d0322ce20e33eac124758e837cbd80a6f633/library/alloc/src/boxed.rs:1575:9
[INFO] [stdout]   26:     0x5605515d4f10 - <std::panic::AssertUnwindSafe<F> as core::ops::function::FnOnce<()>>::call_once::h8af660f3a89ef593
[INFO] [stdout]                                at /rustc/a178d0322ce20e33eac124758e837cbd80a6f633/library/std/src/panic.rs:347:9
[INFO] [stdout]   27:     0x5605515d4f10 - std::panicking::try::do_call::hd36aef60f84b6d36
[INFO] [stdout]                                at /rustc/a178d0322ce20e33eac124758e837cbd80a6f633/library/std/src/panicking.rs:401:40
[INFO] [stdout]   28:     0x5605515d4f10 - std::panicking::try::h9932b4480e69817c
[INFO] [stdout]                                at /rustc/a178d0322ce20e33eac124758e837cbd80a6f633/library/std/src/panicking.rs:365:19
[INFO] [stdout]   29:     0x5605515d4f10 - std::panic::catch_unwind::h6aa177099cfff5f8
[INFO] [stdout]                                at /rustc/a178d0322ce20e33eac124758e837cbd80a6f633/library/std/src/panic.rs:434:14
[INFO] [stdout]   30:     0x5605515d4f10 - test::run_test_in_process::h5884d6f2d99e20c3
[INFO] [stdout]                                at /rustc/a178d0322ce20e33eac124758e837cbd80a6f633/library/test/src/lib.rs:600:18
[INFO] [stdout]   31:     0x5605515d4f10 - test::run_test::run_test_inner::{{closure}}::h6fdc58c6d5f5b6e3
[INFO] [stdout]                                at /rustc/a178d0322ce20e33eac124758e837cbd80a6f633/library/test/src/lib.rs:492:39
[INFO] [stdout]   32:     0x5605515ae5c2 - test::run_test::run_test_inner::{{closure}}::h408365d67a78ade8
[INFO] [stdout]                                at /rustc/a178d0322ce20e33eac124758e837cbd80a6f633/library/test/src/lib.rs:519:37
[INFO] [stdout]   33:     0x5605515ae5c2 - std::sys_common::backtrace::__rust_begin_short_backtrace::hb560b77c4f701523
[INFO] [stdout]                                at /rustc/a178d0322ce20e33eac124758e837cbd80a6f633/library/std/src/sys_common/backtrace.rs:125:18
[INFO] [stdout]   34:     0x5605515b2178 - std::thread::Builder::spawn_unchecked::{{closure}}::{{closure}}::hf2e7831dad93c597
[INFO] [stdout]                                at /rustc/a178d0322ce20e33eac124758e837cbd80a6f633/library/std/src/thread/mod.rs:481:17
[INFO] [stdout]   35:     0x5605515b2178 - <std::panic::AssertUnwindSafe<F> as core::ops::function::FnOnce<()>>::call_once::hd2e08783d8be4d02
[INFO] [stdout]                                at /rustc/a178d0322ce20e33eac124758e837cbd80a6f633/library/std/src/panic.rs:347:9
[INFO] [stdout]   36:     0x5605515b2178 - std::panicking::try::do_call::h062597b7acfd6b82
[INFO] [stdout]                                at /rustc/a178d0322ce20e33eac124758e837cbd80a6f633/library/std/src/panicking.rs:401:40
[INFO] [stdout]   37:     0x5605515b2178 - std::panicking::try::h0d7b79db04c14552
[INFO] [stdout]                                at /rustc/a178d0322ce20e33eac124758e837cbd80a6f633/library/std/src/panicking.rs:365:19
[INFO] [stdout]   38:     0x5605515b2178 - std::panic::catch_unwind::hb01a0b5e7c8cd43b
[INFO] [stdout]                                at /rustc/a178d0322ce20e33eac124758e837cbd80a6f633/library/std/src/panic.rs:434:14
[INFO] [stdout]   39:     0x5605515b2178 - std::thread::Builder::spawn_unchecked::{{closure}}::h5bde48cc887e0d1e
[INFO] [stdout]                                at /rustc/a178d0322ce20e33eac124758e837cbd80a6f633/library/std/src/thread/mod.rs:480:30
[INFO] [stdout]   40:     0x5605515b2178 - core::ops::function::FnOnce::call_once{{vtable.shim}}::h745ea30807a29e55
[INFO] [stdout]                                at /rustc/a178d0322ce20e33eac124758e837cbd80a6f633/library/core/src/ops/function.rs:227:5
[INFO] [stdout]   41:     0x5605516ee307 - <alloc::boxed::Box<F,A> as core::ops::function::FnOnce<Args>>::call_once::h7ece6cfefaff1005
[INFO] [stdout]                                at /rustc/a178d0322ce20e33eac124758e837cbd80a6f633/library/alloc/src/boxed.rs:1575:9
[INFO] [stdout]   42:     0x5605516ee307 - <alloc::boxed::Box<F,A> as core::ops::function::FnOnce<Args>>::call_once::hb8b48e55c21f193e
[INFO] [stdout]                                at /rustc/a178d0322ce20e33eac124758e837cbd80a6f633/library/alloc/src/boxed.rs:1575:9
[INFO] [stdout]   43:     0x5605516ee307 - std::sys::unix::thread::Thread::new::thread_start::h8c7c4450dba62914
[INFO] [stdout]                                at /rustc/a178d0322ce20e33eac124758e837cbd80a6f633/library/std/src/sys/unix/thread.rs:71:17
[INFO] [stdout]   44:     0x7faaef886609 - start_thread
[INFO] [stdout]   45:     0x7faaef656293 - clone
[INFO] [stdout]   46:                0x0 - <unknown>
[INFO] [stdout] 
[INFO] [stdout] 
[INFO] [stdout] failures:
[INFO] [stdout]     tests::config_new
[INFO] [stdout] 
[INFO] [stdout] test result: FAILED. 242 passed; 1 failed; 0 ignored; 0 measured; 0 filtered out; finished in 0.12s
[INFO] [stdout] 
[INFO] [stderr] error: test failed, to rerun pass '--lib'
[INFO] running `Command { std: "docker" "inspect" "23396577efc9102060b28247a18356c478644dc974e7a93b0680969ff6c57d1a", kill_on_drop: false }`
[INFO] running `Command { std: "docker" "rm" "-f" "23396577efc9102060b28247a18356c478644dc974e7a93b0680969ff6c57d1a", kill_on_drop: false }`
[INFO] [stdout] 23396577efc9102060b28247a18356c478644dc974e7a93b0680969ff6c57d1a
