[INFO] fetching crate gfx_smaa 0.2.1...
[INFO] testing gfx_smaa-0.2.1 against 1.54.0 for beta-1.55-1
[INFO] extracting crate gfx_smaa 0.2.1 into /workspace/builds/worker-78/source
[INFO] validating manifest of crates.io crate gfx_smaa 0.2.1 on toolchain 1.54.0
[INFO] running `Command { std: "/workspace/cargo-home/bin/cargo" "+1.54.0" "metadata" "--manifest-path" "Cargo.toml" "--no-deps", kill_on_drop: false }`
[INFO] started tweaking crates.io crate gfx_smaa 0.2.1
[INFO] finished tweaking crates.io crate gfx_smaa 0.2.1
[INFO] tweaked toml for crates.io crate gfx_smaa 0.2.1 written to /workspace/builds/worker-78/source/Cargo.toml
[INFO] running `Command { std: "/workspace/cargo-home/bin/cargo" "+1.54.0" "generate-lockfile" "--manifest-path" "Cargo.toml" "-Zno-index-update", kill_on_drop: false }`
[INFO] [stderr]     Blocking waiting for file lock on package cache
[INFO] running `Command { std: "/workspace/cargo-home/bin/cargo" "+1.54.0" "fetch" "--manifest-path" "Cargo.toml", kill_on_drop: false }`
[INFO] [stderr]     Blocking waiting for file lock on package cache
[INFO] [stderr]     Blocking waiting for file lock on package cache
[INFO] running `Command { std: "docker" "create" "-v" "/var/lib/crater-agent-workspace/builds/worker-78/target:/opt/rustwide/target:rw,Z" "-v" "/var/lib/crater-agent-workspace/builds/worker-78/source:/opt/rustwide/workdir:ro,Z" "-v" "/var/lib/crater-agent-workspace/cargo-home:/opt/rustwide/cargo-home:ro,Z" "-v" "/var/lib/crater-agent-workspace/rustup-home:/opt/rustwide/rustup-home:ro,Z" "-e" "SOURCE_DIR=/opt/rustwide/workdir" "-e" "CARGO_TARGET_DIR=/opt/rustwide/target" "-e" "CARGO_HOME=/opt/rustwide/cargo-home" "-e" "RUSTUP_HOME=/opt/rustwide/rustup-home" "-w" "/opt/rustwide/workdir" "-m" "1610612736" "--user" "0:0" "--network" "none" "ghcr.io/rust-lang/crates-build-env/linux@sha256:34b6a614d2c27851fe6cbf88fbd1137609cefab8b10d0615aaeb6fd47975d74e" "/opt/rustwide/cargo-home/bin/cargo" "+1.54.0" "metadata" "--no-deps" "--format-version=1", kill_on_drop: false }`
[INFO] [stdout] 9b2af9d76323fafe6fd7f474300c85dbbc3e1bacb8b42382fd831047d5970d4b
[INFO] running `Command { std: "docker" "start" "-a" "9b2af9d76323fafe6fd7f474300c85dbbc3e1bacb8b42382fd831047d5970d4b", kill_on_drop: false }`
[INFO] running `Command { std: "docker" "inspect" "9b2af9d76323fafe6fd7f474300c85dbbc3e1bacb8b42382fd831047d5970d4b", kill_on_drop: false }`
[INFO] running `Command { std: "docker" "rm" "-f" "9b2af9d76323fafe6fd7f474300c85dbbc3e1bacb8b42382fd831047d5970d4b", kill_on_drop: false }`
[INFO] [stdout] 9b2af9d76323fafe6fd7f474300c85dbbc3e1bacb8b42382fd831047d5970d4b
[INFO] running `Command { std: "docker" "create" "-v" "/var/lib/crater-agent-workspace/builds/worker-78/target:/opt/rustwide/target:rw,Z" "-v" "/var/lib/crater-agent-workspace/builds/worker-78/source:/opt/rustwide/workdir:ro,Z" "-v" "/var/lib/crater-agent-workspace/cargo-home:/opt/rustwide/cargo-home:ro,Z" "-v" "/var/lib/crater-agent-workspace/rustup-home:/opt/rustwide/rustup-home:ro,Z" "-e" "SOURCE_DIR=/opt/rustwide/workdir" "-e" "CARGO_TARGET_DIR=/opt/rustwide/target" "-e" "CARGO_INCREMENTAL=0" "-e" "RUST_BACKTRACE=full" "-e" "RUSTFLAGS=--cap-lints=warn" "-e" "CARGO_HOME=/opt/rustwide/cargo-home" "-e" "RUSTUP_HOME=/opt/rustwide/rustup-home" "-w" "/opt/rustwide/workdir" "-m" "1610612736" "--user" "0:0" "--network" "none" "ghcr.io/rust-lang/crates-build-env/linux@sha256:34b6a614d2c27851fe6cbf88fbd1137609cefab8b10d0615aaeb6fd47975d74e" "/opt/rustwide/cargo-home/bin/cargo" "+1.54.0" "build" "--frozen" "--message-format=json", kill_on_drop: false }`
[INFO] [stdout] 68ea3dc8d50d9b1ab0a84a1859c902ddfda8d1dc7a7e2f86db8040b555c4bbad
[INFO] running `Command { std: "docker" "start" "-a" "68ea3dc8d50d9b1ab0a84a1859c902ddfda8d1dc7a7e2f86db8040b555c4bbad", kill_on_drop: false }`
[INFO] [stderr]    Compiling proc-macro2 v0.4.30
[INFO] [stderr]    Compiling proc-macro2 v1.0.28
[INFO] [stderr]    Compiling unicode-xid v0.1.0
[INFO] [stderr]    Compiling unicode-xid v0.2.2
[INFO] [stderr]    Compiling bitflags v1.2.1
[INFO] [stderr]    Compiling autocfg v1.0.1
[INFO] [stderr]    Compiling syn v1.0.74
[INFO] [stderr]    Compiling memchr v2.4.0
[INFO] [stderr]    Compiling cfg-if v1.0.0
[INFO] [stderr]    Compiling syn v0.15.44
[INFO] [stderr]    Compiling log v0.4.14
[INFO] [stderr]    Compiling cc v1.0.69
[INFO] [stderr]    Compiling gimli v0.25.0
[INFO] [stderr]    Compiling adler v1.0.2
[INFO] [stderr]    Compiling failure_derive v0.1.8
[INFO] [stderr]    Compiling rustc-demangle v0.1.20
[INFO] [stderr]    Compiling miniz_oxide v0.4.4
[INFO] [stderr]    Compiling draw_state v0.8.0
[INFO] [stderr]    Compiling object v0.26.0
[INFO] [stderr]    Compiling backtrace v0.3.61
[INFO] [stderr]    Compiling addr2line v0.16.0
[INFO] [stderr]    Compiling quote v0.6.13
[INFO] [stderr]    Compiling quote v1.0.9
[INFO] [stderr]    Compiling synstructure v0.12.5
[INFO] [stderr]    Compiling derivative v1.0.4
[INFO] [stderr]    Compiling failure v0.1.8
[INFO] [stderr]    Compiling gfx_core v0.8.3
[INFO] [stderr]    Compiling gfx v0.17.1
[INFO] [stderr]    Compiling gfx_smaa v0.2.1 (/opt/rustwide/workdir)
[INFO] [stdout] warning: unnecessary parentheses around assigned value
[INFO] [stdout]   --> src/../third_party/smaa/Textures/AreaTex.rs:34:33
[INFO] [stdout]    |
[INFO] [stdout] 34 | pub const AREATEX_SIZE: usize = (AREATEX_HEIGHT as usize * AREATEX_PITCH);
[INFO] [stdout]    |                                 ^^^^^^^^^^^^^^^^^^^^^^^^^^^^^^^^^^^^^^^^^ help: remove these parentheses
[INFO] [stdout]    |
[INFO] [stdout]    = note: `#[warn(unused_parens)]` on by default
[INFO] [stdout] 
[INFO] [stdout] 
[INFO] [stdout] warning: unnecessary parentheses around assigned value
[INFO] [stdout]   --> src/../third_party/smaa/Textures/SearchTex.rs:34:35
[INFO] [stdout]    |
[INFO] [stdout] 34 | pub const SEARCHTEX_SIZE: usize = (SEARCHTEX_HEIGHT as usize * SEARCHTEX_PITCH);
[INFO] [stdout]    |                                   ^^^^^^^^^^^^^^^^^^^^^^^^^^^^^^^^^^^^^^^^^^^^^ help: remove these parentheses
[INFO] [stdout] 
[INFO] [stdout] 
[INFO] [stdout] warning: 2 warnings emitted
[INFO] [stdout] 
[INFO] [stdout] 
[INFO] [stderr]     Finished dev [unoptimized + debuginfo] target(s) in 34.17s
[INFO] running `Command { std: "docker" "inspect" "68ea3dc8d50d9b1ab0a84a1859c902ddfda8d1dc7a7e2f86db8040b555c4bbad", kill_on_drop: false }`
[INFO] running `Command { std: "docker" "rm" "-f" "68ea3dc8d50d9b1ab0a84a1859c902ddfda8d1dc7a7e2f86db8040b555c4bbad", kill_on_drop: false }`
[INFO] [stdout] 68ea3dc8d50d9b1ab0a84a1859c902ddfda8d1dc7a7e2f86db8040b555c4bbad
[INFO] running `Command { std: "docker" "create" "-v" "/var/lib/crater-agent-workspace/builds/worker-78/target:/opt/rustwide/target:rw,Z" "-v" "/var/lib/crater-agent-workspace/builds/worker-78/source:/opt/rustwide/workdir:ro,Z" "-v" "/var/lib/crater-agent-workspace/cargo-home:/opt/rustwide/cargo-home:ro,Z" "-v" "/var/lib/crater-agent-workspace/rustup-home:/opt/rustwide/rustup-home:ro,Z" "-e" "SOURCE_DIR=/opt/rustwide/workdir" "-e" "CARGO_TARGET_DIR=/opt/rustwide/target" "-e" "CARGO_INCREMENTAL=0" "-e" "RUST_BACKTRACE=full" "-e" "RUSTFLAGS=--cap-lints=warn" "-e" "CARGO_HOME=/opt/rustwide/cargo-home" "-e" "RUSTUP_HOME=/opt/rustwide/rustup-home" "-w" "/opt/rustwide/workdir" "-m" "1610612736" "--user" "0:0" "--network" "none" "ghcr.io/rust-lang/crates-build-env/linux@sha256:34b6a614d2c27851fe6cbf88fbd1137609cefab8b10d0615aaeb6fd47975d74e" "/opt/rustwide/cargo-home/bin/cargo" "+1.54.0" "test" "--frozen" "--no-run" "--message-format=json", kill_on_drop: false }`
[INFO] [stdout] 0454137862aa5c29bcbcc74014938b43413f6d5042c413976c41ee9899e2bd26
[INFO] running `Command { std: "docker" "start" "-a" "0454137862aa5c29bcbcc74014938b43413f6d5042c413976c41ee9899e2bd26", kill_on_drop: false }`
[INFO] [stderr]     Blocking waiting for file lock on package cache
[INFO] [stderr]    Compiling lazy_static v1.4.0
[INFO] [stderr]    Compiling khronos_api v2.2.0
[INFO] [stderr]    Compiling crossbeam-utils v0.8.5
[INFO] [stderr]    Compiling piston-float v0.3.0
[INFO] [stderr]    Compiling crossbeam-epoch v0.9.5
[INFO] [stderr]    Compiling byteorder v1.4.3
[INFO] [stderr]    Compiling rayon-core v1.9.1
[INFO] [stderr]    Compiling scopeguard v1.1.0
[INFO] [stderr]    Compiling serde_derive v1.0.127
[INFO] [stderr]    Compiling serde v1.0.127
[INFO] [stderr]    Compiling ppv-lite86 v0.2.10
[INFO] [stderr]    Compiling token_store v0.1.2
[INFO] [stderr]    Compiling adler32 v1.2.0
[INFO] [stderr]    Compiling maybe-uninit v2.0.0
[INFO] [stderr]    Compiling pkg-config v0.3.19
[INFO] [stderr]    Compiling remove_dir_all v0.5.3
[INFO] [stderr]    Compiling shader_version v0.3.0
[INFO] [stderr]    Compiling void v1.0.2
[INFO] [stderr]    Compiling either v1.6.1
[INFO] [stderr]    Compiling arrayvec v0.4.12
[INFO] [stderr]    Compiling nodrop v0.1.14
[INFO] [stderr]    Compiling lzw v0.10.0
[INFO] [stderr]    Compiling color_quant v1.1.0
[INFO] [stderr]    Compiling piston-texture v0.6.0
[INFO] [stderr]    Compiling scoped_threadpool v0.1.9
[INFO] [stderr]    Compiling percent-encoding v1.0.1
[INFO] [stderr]    Compiling fnv v1.0.7
[INFO] [stderr]    Compiling read_color v1.0.0
[INFO] [stderr]    Compiling interpolation v0.1.0
[INFO] [stderr]    Compiling piston-shaders_graphics2d v0.3.1
[INFO] [stderr]    Compiling libloading v0.6.7
[INFO] [stderr]    Compiling num-traits v0.2.14
[INFO] [stderr]    Compiling memoffset v0.6.4
[INFO] [stderr]    Compiling num-integer v0.1.44
[INFO] [stderr]    Compiling num-iter v0.1.42
[INFO] [stderr]    Compiling rayon v1.5.1
[INFO] [stderr]    Compiling xml-rs v0.7.0
[INFO] [stderr]    Compiling getrandom v0.2.3
[INFO] [stderr]    Compiling num_cpus v1.13.0
[INFO] [stderr]    Compiling memmap v0.6.2
[INFO] [stderr]    Compiling log v0.3.9
[INFO] [stdout] warning: unnecessary parentheses around assigned value
[INFO] [stdout]   --> src/../third_party/smaa/Textures/AreaTex.rs:34:33
[INFO] [stdout]    |
[INFO] [stdout] 34 | pub const AREATEX_SIZE: usize = (AREATEX_HEIGHT as usize * AREATEX_PITCH);
[INFO] [stdout]    |                                 ^^^^^^^^^^^^^^^^^^^^^^^^^^^^^^^^^^^^^^^^^ help: remove these parentheses
[INFO] [stdout]    |
[INFO] [stdout]    = note: `#[warn(unused_parens)]` on by default
[INFO] [stdout] 
[INFO] [stdout] 
[INFO] [stdout] warning: unnecessary parentheses around assigned value
[INFO] [stdout]   --> src/../third_party/smaa/Textures/SearchTex.rs:34:35
[INFO] [stdout]    |
[INFO] [stdout] 34 | pub const SEARCHTEX_SIZE: usize = (SEARCHTEX_HEIGHT as usize * SEARCHTEX_PITCH);
[INFO] [stdout]    |                                   ^^^^^^^^^^^^^^^^^^^^^^^^^^^^^^^^^^^^^^^^^^^^^ help: remove these parentheses
[INFO] [stdout] 
[INFO] [stdout] 
[INFO] [stdout] warning: 2 warnings emitted
[INFO] [stdout] 
[INFO] [stdout] 
[INFO] [stderr]    Compiling shared_library v0.1.9
[INFO] [stderr]    Compiling unreachable v1.0.0
[INFO] [stderr]    Compiling stb_truetype v0.3.1
[INFO] [stderr]    Compiling deflate v0.7.20
[INFO] [stderr]    Compiling inflate v0.3.4
[INFO] [stderr]    Compiling piston-viewport v0.3.0
[INFO] [stderr]    Compiling vecmath v0.3.1
[INFO] [stderr]    Compiling gif v0.9.2
[INFO] [stderr]    Compiling dlib v0.4.2
[INFO] [stderr]    Compiling osmesa-sys v0.1.2
[INFO] [stderr]    Compiling rand_core v0.6.3
[INFO] [stderr]    Compiling wayland-scanner v0.12.5
[INFO] [stderr]    Compiling stb_truetype v0.2.8
[INFO] [stderr]    Compiling crossbeam-channel v0.5.1
[INFO] [stderr]    Compiling wayland-sys v0.12.5
[INFO] [stderr]    Compiling gl_generator v0.9.0
[INFO] [stderr]    Compiling gl_generator v0.8.0
[INFO] [stderr]    Compiling rand_chacha v0.3.1
[INFO] [stderr]    Compiling x11-dl v2.18.5
[INFO] [stderr]    Compiling rand v0.8.4
[INFO] [stderr]    Compiling crossbeam-deque v0.8.1
[INFO] [stderr]    Compiling wayland-client v0.12.5
[INFO] [stderr]    Compiling wayland-protocols v0.12.5
[INFO] [stderr]    Compiling gfx_gl v0.5.0
[INFO] [stderr]    Compiling gl v0.10.0
[INFO] [stderr]    Compiling num-traits v0.1.43
[INFO] [stderr]    Compiling enum_primitive v0.1.1
[INFO] [stderr]    Compiling ordered-float v0.5.2
[INFO] [stderr]    Compiling tempfile v3.2.0
[INFO] [stderr]    Compiling glutin v0.12.2
[INFO] [stderr]    Compiling num-rational v0.1.42
[INFO] [stderr]    Compiling rusttype v0.4.3
[INFO] [stderr]    Compiling png v0.11.0
[INFO] [stderr]    Compiling piston2d-graphics v0.26.0
[INFO] [stderr]    Compiling wayland-kbd v0.13.1
[INFO] [stderr]    Compiling wayland-window v0.13.3
[INFO] [stderr]    Compiling jpeg-decoder v0.1.22
[INFO] [stderr]    Compiling winit v0.10.0
[INFO] [stderr]    Compiling image v0.18.0
[INFO] [stderr]    Compiling gfx_device_gl v0.15.5
[INFO] [stderr]    Compiling piston-gfx_texture v0.31.0
[INFO] [stderr]    Compiling pistoncore-input v0.20.0
[INFO] [stderr]    Compiling piston2d-gfx_graphics v0.50.0
[INFO] [stderr]    Compiling pistoncore-window v0.31.0
[INFO] [stderr]    Compiling pistoncore-event_loop v0.36.0
[INFO] [stderr]    Compiling pistoncore-glutin_window v0.45.3
[INFO] [stderr]    Compiling piston v0.36.0
[INFO] [stderr]    Compiling piston_window v0.77.0
[INFO] [stderr]    Compiling gfx_smaa v0.2.1 (/opt/rustwide/workdir)
[INFO] [stdout] warning: unnecessary parentheses around assigned value
[INFO] [stdout]   --> src/../third_party/smaa/Textures/AreaTex.rs:34:33
[INFO] [stdout]    |
[INFO] [stdout] 34 | pub const AREATEX_SIZE: usize = (AREATEX_HEIGHT as usize * AREATEX_PITCH);
[INFO] [stdout]    |                                 ^^^^^^^^^^^^^^^^^^^^^^^^^^^^^^^^^^^^^^^^^ help: remove these parentheses
[INFO] [stdout]    |
[INFO] [stdout]    = note: `#[warn(unused_parens)]` on by default
[INFO] [stdout] 
[INFO] [stdout] 
[INFO] [stdout] warning: unnecessary parentheses around assigned value
[INFO] [stdout]   --> src/../third_party/smaa/Textures/SearchTex.rs:34:35
[INFO] [stdout]    |
[INFO] [stdout] 34 | pub const SEARCHTEX_SIZE: usize = (SEARCHTEX_HEIGHT as usize * SEARCHTEX_PITCH);
[INFO] [stdout]    |                                   ^^^^^^^^^^^^^^^^^^^^^^^^^^^^^^^^^^^^^^^^^^^^^ help: remove these parentheses
[INFO] [stdout] 
[INFO] [stdout] 
[INFO] [stdout] warning: 2 warnings emitted
[INFO] [stdout] 
[INFO] [stdout] 
[INFO] [stderr]     Finished test [unoptimized + debuginfo] target(s) in 29.10s
[INFO] running `Command { std: "docker" "inspect" "0454137862aa5c29bcbcc74014938b43413f6d5042c413976c41ee9899e2bd26", kill_on_drop: false }`
[INFO] running `Command { std: "docker" "rm" "-f" "0454137862aa5c29bcbcc74014938b43413f6d5042c413976c41ee9899e2bd26", kill_on_drop: false }`
[INFO] [stdout] 0454137862aa5c29bcbcc74014938b43413f6d5042c413976c41ee9899e2bd26
[INFO] running `Command { std: "docker" "create" "-v" "/var/lib/crater-agent-workspace/builds/worker-78/target:/opt/rustwide/target:rw,Z" "-v" "/var/lib/crater-agent-workspace/builds/worker-78/source:/opt/rustwide/workdir:ro,Z" "-v" "/var/lib/crater-agent-workspace/cargo-home:/opt/rustwide/cargo-home:ro,Z" "-v" "/var/lib/crater-agent-workspace/rustup-home:/opt/rustwide/rustup-home:ro,Z" "-e" "SOURCE_DIR=/opt/rustwide/workdir" "-e" "CARGO_TARGET_DIR=/opt/rustwide/target" "-e" "CARGO_INCREMENTAL=0" "-e" "RUST_BACKTRACE=full" "-e" "RUSTFLAGS=--cap-lints=warn" "-e" "CARGO_HOME=/opt/rustwide/cargo-home" "-e" "RUSTUP_HOME=/opt/rustwide/rustup-home" "-w" "/opt/rustwide/workdir" "-m" "1610612736" "--user" "0:0" "--network" "none" "ghcr.io/rust-lang/crates-build-env/linux@sha256:34b6a614d2c27851fe6cbf88fbd1137609cefab8b10d0615aaeb6fd47975d74e" "/opt/rustwide/cargo-home/bin/cargo" "+1.54.0" "test" "--frozen", kill_on_drop: false }`
[INFO] [stdout] 6a6407cbe4dd7ab076ec4793196e27d01243a35674ba0c5f9227d651ace6ec68
[INFO] running `Command { std: "docker" "start" "-a" "6a6407cbe4dd7ab076ec4793196e27d01243a35674ba0c5f9227d651ace6ec68", kill_on_drop: false }`
[INFO] [stderr] warning: unnecessary parentheses around assigned value
[INFO] [stderr]   --> src/../third_party/smaa/Textures/AreaTex.rs:34:33
[INFO] [stderr]    |
[INFO] [stderr] 34 | pub const AREATEX_SIZE: usize = (AREATEX_HEIGHT as usize * AREATEX_PITCH);
[INFO] [stderr]    |                                 ^^^^^^^^^^^^^^^^^^^^^^^^^^^^^^^^^^^^^^^^^ help: remove these parentheses
[INFO] [stderr]    |
[INFO] [stderr]    = note: `#[warn(unused_parens)]` on by default
[INFO] [stderr] 
[INFO] [stderr] warning: unnecessary parentheses around assigned value
[INFO] [stderr]   --> src/../third_party/smaa/Textures/SearchTex.rs:34:35
[INFO] [stderr]    |
[INFO] [stderr] 34 | pub const SEARCHTEX_SIZE: usize = (SEARCHTEX_HEIGHT as usize * SEARCHTEX_PITCH);
[INFO] [stderr]    |                                   ^^^^^^^^^^^^^^^^^^^^^^^^^^^^^^^^^^^^^^^^^^^^^ help: remove these parentheses
[INFO] [stderr] 
[INFO] [stderr] warning: 2 warnings emitted
[INFO] [stderr] 
[INFO] [stderr] warning: unnecessary parentheses around assigned value
[INFO] [stderr]   --> src/../third_party/smaa/Textures/AreaTex.rs:34:33
[INFO] [stderr]    |
[INFO] [stderr] 34 | pub const AREATEX_SIZE: usize = (AREATEX_HEIGHT as usize * AREATEX_PITCH);
[INFO] [stderr]    |                                 ^^^^^^^^^^^^^^^^^^^^^^^^^^^^^^^^^^^^^^^^^ help: remove these parentheses
[INFO] [stderr]    |
[INFO] [stderr]    = note: `#[warn(unused_parens)]` on by default
[INFO] [stderr] 
[INFO] [stderr] warning: unnecessary parentheses around assigned value
[INFO] [stderr]   --> src/../third_party/smaa/Textures/SearchTex.rs:34:35
[INFO] [stderr]    |
[INFO] [stderr] 34 | pub const SEARCHTEX_SIZE: usize = (SEARCHTEX_HEIGHT as usize * SEARCHTEX_PITCH);
[INFO] [stderr]    |                                   ^^^^^^^^^^^^^^^^^^^^^^^^^^^^^^^^^^^^^^^^^^^^^ help: remove these parentheses
[INFO] [stderr] 
[INFO] [stderr] warning: 2 warnings emitted
[INFO] [stderr] 
[INFO] [stderr]     Finished test [unoptimized + debuginfo] target(s) in 0.30s
[INFO] [stderr]      Running unittests (/opt/rustwide/target/debug/deps/gfx_smaa-efedc698b8bbf7dd)
[INFO] [stdout] 
[INFO] [stdout] running 0 tests
[INFO] [stdout] 
[INFO] [stdout] test result: ok. 0 passed; 0 failed; 0 ignored; 0 measured; 0 filtered out; finished in 0.00s
[INFO] [stdout] 
[INFO] [stderr]    Doc-tests gfx_smaa
[INFO] [stderr] warning: unnecessary parentheses around assigned value
[INFO] [stderr]   --> /opt/rustwide/workdir/src/../third_party/smaa/Textures/AreaTex.rs:34:33
[INFO] [stderr]    |
[INFO] [stderr] 34 | pub const AREATEX_SIZE: usize = (AREATEX_HEIGHT as usize * AREATEX_PITCH);
[INFO] [stderr]    |                                 ^^^^^^^^^^^^^^^^^^^^^^^^^^^^^^^^^^^^^^^^^ help: remove these parentheses
[INFO] [stderr]    |
[INFO] [stderr]    = note: `#[warn(unused_parens)]` on by default
[INFO] [stderr] 
[INFO] [stderr] warning: unnecessary parentheses around assigned value
[INFO] [stderr]   --> /opt/rustwide/workdir/src/../third_party/smaa/Textures/SearchTex.rs:34:35
[INFO] [stderr]    |
[INFO] [stderr] 34 | pub const SEARCHTEX_SIZE: usize = (SEARCHTEX_HEIGHT as usize * SEARCHTEX_PITCH);
[INFO] [stderr]    |                                   ^^^^^^^^^^^^^^^^^^^^^^^^^^^^^^^^^^^^^^^^^^^^^ help: remove these parentheses
[INFO] [stderr] 
[INFO] [stderr] warning: 2 warnings emitted
[INFO] [stderr] 
[INFO] [stdout] 
[INFO] [stdout] running 1 test
[INFO] [stdout] test src/lib.rs - (line 6) ... FAILED
[INFO] [stdout] 
[INFO] [stdout] failures:
[INFO] [stdout] 
[INFO] [stdout] ---- src/lib.rs - (line 6) stdout ----
[INFO] [stdout] Test executable failed (exit code 101).
[INFO] [stdout] 
[INFO] [stdout] stderr:
[INFO] [stdout] error: XDG_RUNTIME_DIR not set in the environment.
[INFO] [stdout] thread 'main' panicked at 'No backend is available', /opt/rustwide/cargo-home/registry/src/github.com-1ecc6299db9ec823/winit-0.10.0/src/platform/linux/mod.rs:346:9
[INFO] [stdout] stack backtrace:
[INFO] [stdout]    0:     0x5622e133f6b0 - std::backtrace_rs::backtrace::libunwind::trace::h34055254b57d8e79
[INFO] [stdout]                                at /rustc/a178d0322ce20e33eac124758e837cbd80a6f633/library/std/src/../../backtrace/src/backtrace/libunwind.rs:90:5
[INFO] [stdout]    1:     0x5622e133f6b0 - std::backtrace_rs::backtrace::trace_unsynchronized::h8f1e3fbd9afff6ec
[INFO] [stdout]                                at /rustc/a178d0322ce20e33eac124758e837cbd80a6f633/library/std/src/../../backtrace/src/backtrace/mod.rs:66:5
[INFO] [stdout]    2:     0x5622e133f6b0 - std::sys_common::backtrace::_print_fmt::h3a99a796b770c360
[INFO] [stdout]                                at /rustc/a178d0322ce20e33eac124758e837cbd80a6f633/library/std/src/sys_common/backtrace.rs:67:5
[INFO] [stdout]    3:     0x5622e133f6b0 - <std::sys_common::backtrace::_print::DisplayBacktrace as core::fmt::Display>::fmt::h32d1f94a80615d18
[INFO] [stdout]                                at /rustc/a178d0322ce20e33eac124758e837cbd80a6f633/library/std/src/sys_common/backtrace.rs:46:22
[INFO] [stdout]    4:     0x5622e135eecc - core::fmt::write::h306731c068f7162c
[INFO] [stdout]                                at /rustc/a178d0322ce20e33eac124758e837cbd80a6f633/library/core/src/fmt/mod.rs:1110:17
[INFO] [stdout]    5:     0x5622e133d3b5 - std::io::Write::write_fmt::hd2fa90334eee2a21
[INFO] [stdout]                                at /rustc/a178d0322ce20e33eac124758e837cbd80a6f633/library/std/src/io/mod.rs:1588:15
[INFO] [stdout]    6:     0x5622e134174b - std::sys_common::backtrace::_print::h5abaa2601a852287
[INFO] [stdout]                                at /rustc/a178d0322ce20e33eac124758e837cbd80a6f633/library/std/src/sys_common/backtrace.rs:49:5
[INFO] [stdout]    7:     0x5622e134174b - std::sys_common::backtrace::print::h8d81445442bb638f
[INFO] [stdout]                                at /rustc/a178d0322ce20e33eac124758e837cbd80a6f633/library/std/src/sys_common/backtrace.rs:36:9
[INFO] [stdout]    8:     0x5622e134174b - std::panicking::default_hook::{{closure}}::hcfe804496a9fa747
[INFO] [stdout]                                at /rustc/a178d0322ce20e33eac124758e837cbd80a6f633/library/std/src/panicking.rs:208:50
[INFO] [stdout]    9:     0x5622e1341221 - std::panicking::default_hook::hbea8e3ccf2ba8901
[INFO] [stdout]                                at /rustc/a178d0322ce20e33eac124758e837cbd80a6f633/library/std/src/panicking.rs:225:9
[INFO] [stdout]   10:     0x5622e1341e14 - std::panicking::rust_panic_with_hook::h7ee9e1a2d0f8975a
[INFO] [stdout]                                at /rustc/a178d0322ce20e33eac124758e837cbd80a6f633/library/std/src/panicking.rs:622:17
[INFO] [stdout]   11:     0x5622e1120ed3 - std::panicking::begin_panic::{{closure}}::hed51f7f04674c724
[INFO] [stdout]                                at /rustc/a178d0322ce20e33eac124758e837cbd80a6f633/library/std/src/panicking.rs:542:9
[INFO] [stdout]   12:     0x5622e11273f9 - std::sys_common::backtrace::__rust_end_short_backtrace::hf231fc4da5f4b509
[INFO] [stdout]                                at /rustc/a178d0322ce20e33eac124758e837cbd80a6f633/library/std/src/sys_common/backtrace.rs:141:18
[INFO] [stdout]   13:     0x5622e1120e09 - std::panicking::begin_panic::h7afe44bc6156dc78
[INFO] [stdout]                                at /rustc/a178d0322ce20e33eac124758e837cbd80a6f633/library/std/src/panicking.rs:541:12
[INFO] [stdout]   14:     0x5622e1082909 - winit::platform::platform::EventsLoop::new::ha608cd1501e640f5
[INFO] [stdout]                                at /opt/rustwide/cargo-home/registry/src/github.com-1ecc6299db9ec823/winit-0.10.0/src/platform/linux/mod.rs:346:9
[INFO] [stdout]   15:     0x5622e108d09b - winit::EventsLoop::new::h6097dc68e8ae46c8
[INFO] [stdout]                                at /opt/rustwide/cargo-home/registry/src/github.com-1ecc6299db9ec823/winit-0.10.0/src/lib.rs:195:26
[INFO] [stdout]   16:     0x5622e0fd4e40 - glutin_window::GlutinWindow::new::h9c70e7d86b0620ab
[INFO] [stdout]                                at /opt/rustwide/cargo-home/registry/src/github.com-1ecc6299db9ec823/pistoncore-glutin_window-0.45.3/src/lib.rs:102:27
[INFO] [stdout]   17:     0x5622e0fd7a87 - <glutin_window::GlutinWindow as window::BuildFromWindowSettings>::build_from_window_settings::h0d8e89ad716bc7b2
[INFO] [stdout]                                at /opt/rustwide/cargo-home/registry/src/github.com-1ecc6299db9ec823/pistoncore-glutin_window-0.45.3/src/lib.rs:449:9
[INFO] [stdout]   18:     0x5622e0fbb9de - window::WindowSettings::build::h50c150773cf343ff
[INFO] [stdout]   19:     0x5622e0fbf00f - <piston_window::PistonWindow<W> as window::BuildFromWindowSettings>::build_from_window_settings::h5e33dffc4fc00425
[INFO] [stdout]   20:     0x5622e0fbb9fd - window::WindowSettings::build::h819f3d96b6d46ae0
[INFO] [stdout]   21:     0x5622e0fc9968 - rust_out::main::h2a38bb51b9580a7d
[INFO] [stdout]   22:     0x5622e0f82433 - core::ops::function::FnOnce::call_once::hb73b95e6982fd3f0
[INFO] [stdout]   23:     0x5622e0f81099 - std::sys_common::backtrace::__rust_begin_short_backtrace::h8371d112165838d3
[INFO] [stdout]   24:     0x5622e0f811b9 - std::rt::lang_start::{{closure}}::h783adf50233ec5ec
[INFO] [stdout]   25:     0x5622e1342319 - core::ops::function::impls::<impl core::ops::function::FnOnce<A> for &F>::call_once::h2aabc384aab89b7b
[INFO] [stdout]                                at /rustc/a178d0322ce20e33eac124758e837cbd80a6f633/library/core/src/ops/function.rs:259:13
[INFO] [stdout]   26:     0x5622e1342319 - std::panicking::try::do_call::hc5fcacb7a85fc7b1
[INFO] [stdout]                                at /rustc/a178d0322ce20e33eac124758e837cbd80a6f633/library/std/src/panicking.rs:401:40
[INFO] [stdout]   27:     0x5622e1342319 - std::panicking::try::hb5d9603af3abbe3a
[INFO] [stdout]                                at /rustc/a178d0322ce20e33eac124758e837cbd80a6f633/library/std/src/panicking.rs:365:19
[INFO] [stdout]   28:     0x5622e1342319 - std::panic::catch_unwind::h98fe6ac3925e64b4
[INFO] [stdout]                                at /rustc/a178d0322ce20e33eac124758e837cbd80a6f633/library/std/src/panic.rs:434:14
[INFO] [stdout]   29:     0x5622e1342319 - std::rt::lang_start_internal::h22ac7383c516f93e
[INFO] [stdout]                                at /rustc/a178d0322ce20e33eac124758e837cbd80a6f633/library/std/src/rt.rs:34:21
[INFO] [stdout]   30:     0x5622e0f811a1 - std::rt::lang_start::h11b9716471e37ff8
[INFO] [stdout]   31:     0x5622e0fc9ce3 - main
[INFO] [stdout]   32:     0x7fa84b95e0b3 - __libc_start_main
[INFO] [stdout]   33:     0x5622e0f73c8e - _start
[INFO] [stdout]   34:                0x0 - <unknown>
[INFO] [stdout] 
[INFO] [stdout] 
[INFO] [stdout] 
[INFO] [stdout] failures:
[INFO] [stdout]     src/lib.rs - (line 6)
[INFO] [stdout] 
[INFO] [stdout] test result: FAILED. 0 passed; 1 failed; 0 ignored; 0 measured; 0 filtered out; finished in 4.56s
[INFO] [stdout] 
[INFO] [stderr] error: test failed, to rerun pass '--doc'
[INFO] running `Command { std: "docker" "inspect" "6a6407cbe4dd7ab076ec4793196e27d01243a35674ba0c5f9227d651ace6ec68", kill_on_drop: false }`
[INFO] running `Command { std: "docker" "rm" "-f" "6a6407cbe4dd7ab076ec4793196e27d01243a35674ba0c5f9227d651ace6ec68", kill_on_drop: false }`
[INFO] [stdout] 6a6407cbe4dd7ab076ec4793196e27d01243a35674ba0c5f9227d651ace6ec68
