[INFO] fetching crate gfx-hal 0.9.0...
[INFO] testing gfx-hal-0.9.0 against beta-2021-08-01 for beta-1.55-1
[INFO] extracting crate gfx-hal 0.9.0 into /workspace/builds/worker-115/source
[INFO] validating manifest of crates.io crate gfx-hal 0.9.0 on toolchain beta-2021-08-01
[INFO] running `Command { std: "/workspace/cargo-home/bin/cargo" "+beta-2021-08-01" "metadata" "--manifest-path" "Cargo.toml" "--no-deps", kill_on_drop: false }`
[INFO] started tweaking crates.io crate gfx-hal 0.9.0
[INFO] finished tweaking crates.io crate gfx-hal 0.9.0
[INFO] tweaked toml for crates.io crate gfx-hal 0.9.0 written to /workspace/builds/worker-115/source/Cargo.toml
[INFO] running `Command { std: "/workspace/cargo-home/bin/cargo" "+beta-2021-08-01" "generate-lockfile" "--manifest-path" "Cargo.toml" "-Zno-index-update", kill_on_drop: false }`
[INFO] [stderr]     Blocking waiting for file lock on package cache
[INFO] running `Command { std: "/workspace/cargo-home/bin/cargo" "+beta-2021-08-01" "fetch" "--manifest-path" "Cargo.toml", kill_on_drop: false }`
[INFO] [stderr]     Blocking waiting for file lock on package cache
[INFO] [stderr]     Blocking waiting for file lock on package cache
[INFO] running `Command { std: "docker" "create" "-v" "/var/lib/crater-agent-workspace/builds/worker-115/target:/opt/rustwide/target:rw,Z" "-v" "/var/lib/crater-agent-workspace/builds/worker-115/source:/opt/rustwide/workdir:ro,Z" "-v" "/var/lib/crater-agent-workspace/cargo-home:/opt/rustwide/cargo-home:ro,Z" "-v" "/var/lib/crater-agent-workspace/rustup-home:/opt/rustwide/rustup-home:ro,Z" "-e" "SOURCE_DIR=/opt/rustwide/workdir" "-e" "CARGO_TARGET_DIR=/opt/rustwide/target" "-e" "CARGO_HOME=/opt/rustwide/cargo-home" "-e" "RUSTUP_HOME=/opt/rustwide/rustup-home" "-w" "/opt/rustwide/workdir" "-m" "1610612736" "--user" "0:0" "--network" "none" "ghcr.io/rust-lang/crates-build-env/linux@sha256:34b6a614d2c27851fe6cbf88fbd1137609cefab8b10d0615aaeb6fd47975d74e" "/opt/rustwide/cargo-home/bin/cargo" "+beta-2021-08-01" "metadata" "--no-deps" "--format-version=1", kill_on_drop: false }`
[INFO] [stdout] 6b71999a840d0a22882749258713dc315641dc501c394d45d2d6eb450cc4f720
[INFO] running `Command { std: "docker" "start" "-a" "6b71999a840d0a22882749258713dc315641dc501c394d45d2d6eb450cc4f720", kill_on_drop: false }`
[INFO] running `Command { std: "docker" "inspect" "6b71999a840d0a22882749258713dc315641dc501c394d45d2d6eb450cc4f720", kill_on_drop: false }`
[INFO] running `Command { std: "docker" "rm" "-f" "6b71999a840d0a22882749258713dc315641dc501c394d45d2d6eb450cc4f720", kill_on_drop: false }`
[INFO] [stdout] 6b71999a840d0a22882749258713dc315641dc501c394d45d2d6eb450cc4f720
[INFO] running `Command { std: "docker" "create" "-v" "/var/lib/crater-agent-workspace/builds/worker-115/target:/opt/rustwide/target:rw,Z" "-v" "/var/lib/crater-agent-workspace/builds/worker-115/source:/opt/rustwide/workdir:ro,Z" "-v" "/var/lib/crater-agent-workspace/cargo-home:/opt/rustwide/cargo-home:ro,Z" "-v" "/var/lib/crater-agent-workspace/rustup-home:/opt/rustwide/rustup-home:ro,Z" "-e" "SOURCE_DIR=/opt/rustwide/workdir" "-e" "CARGO_TARGET_DIR=/opt/rustwide/target" "-e" "CARGO_INCREMENTAL=0" "-e" "RUST_BACKTRACE=full" "-e" "RUSTFLAGS=--cap-lints=warn" "-e" "CARGO_HOME=/opt/rustwide/cargo-home" "-e" "RUSTUP_HOME=/opt/rustwide/rustup-home" "-w" "/opt/rustwide/workdir" "-m" "1610612736" "--user" "0:0" "--network" "none" "ghcr.io/rust-lang/crates-build-env/linux@sha256:34b6a614d2c27851fe6cbf88fbd1137609cefab8b10d0615aaeb6fd47975d74e" "/opt/rustwide/cargo-home/bin/cargo" "+beta-2021-08-01" "build" "--frozen" "--message-format=json", kill_on_drop: false }`
[INFO] [stdout] dfe7069684e2b70fb41d9c558864da54da2a0a754a7ee9f9d249b32300a84196
[INFO] running `Command { std: "docker" "start" "-a" "dfe7069684e2b70fb41d9c558864da54da2a0a754a7ee9f9d249b32300a84196", kill_on_drop: false }`
[INFO] [stderr]    Compiling proc-macro2 v1.0.28
[INFO] [stderr]    Compiling syn v1.0.74
[INFO] [stderr]    Compiling serde_derive v1.0.127
[INFO] [stderr]    Compiling serde v1.0.127
[INFO] [stderr]    Compiling bitflags v1.2.1
[INFO] [stderr]    Compiling log v0.4.14
[INFO] [stderr]    Compiling drm-fourcc v2.1.1
[INFO] [stderr]    Compiling bit-vec v0.6.3
[INFO] [stderr]    Compiling num-traits v0.2.14
[INFO] [stderr]    Compiling fxhash v0.2.1
[INFO] [stderr]    Compiling raw-window-handle v0.3.3
[INFO] [stderr]    Compiling bit-set v0.5.2
[INFO] [stderr]    Compiling quote v1.0.9
[INFO] [stderr]    Compiling thiserror-impl v1.0.26
[INFO] [stderr]    Compiling thiserror v1.0.26
[INFO] [stderr]    Compiling naga v0.5.0
[INFO] [stderr]    Compiling external-memory v0.0.1
[INFO] [stderr]    Compiling gfx-hal v0.9.0 (/opt/rustwide/workdir)
[INFO] [stderr]     Finished dev [unoptimized + debuginfo] target(s) in 37.51s
[INFO] running `Command { std: "docker" "inspect" "dfe7069684e2b70fb41d9c558864da54da2a0a754a7ee9f9d249b32300a84196", kill_on_drop: false }`
[INFO] running `Command { std: "docker" "rm" "-f" "dfe7069684e2b70fb41d9c558864da54da2a0a754a7ee9f9d249b32300a84196", kill_on_drop: false }`
[INFO] [stdout] dfe7069684e2b70fb41d9c558864da54da2a0a754a7ee9f9d249b32300a84196
[INFO] running `Command { std: "docker" "create" "-v" "/var/lib/crater-agent-workspace/builds/worker-115/target:/opt/rustwide/target:rw,Z" "-v" "/var/lib/crater-agent-workspace/builds/worker-115/source:/opt/rustwide/workdir:ro,Z" "-v" "/var/lib/crater-agent-workspace/cargo-home:/opt/rustwide/cargo-home:ro,Z" "-v" "/var/lib/crater-agent-workspace/rustup-home:/opt/rustwide/rustup-home:ro,Z" "-e" "SOURCE_DIR=/opt/rustwide/workdir" "-e" "CARGO_TARGET_DIR=/opt/rustwide/target" "-e" "CARGO_INCREMENTAL=0" "-e" "RUST_BACKTRACE=full" "-e" "RUSTFLAGS=--cap-lints=warn" "-e" "CARGO_HOME=/opt/rustwide/cargo-home" "-e" "RUSTUP_HOME=/opt/rustwide/rustup-home" "-w" "/opt/rustwide/workdir" "-m" "1610612736" "--user" "0:0" "--network" "none" "ghcr.io/rust-lang/crates-build-env/linux@sha256:34b6a614d2c27851fe6cbf88fbd1137609cefab8b10d0615aaeb6fd47975d74e" "/opt/rustwide/cargo-home/bin/cargo" "+beta-2021-08-01" "test" "--frozen" "--no-run" "--message-format=json", kill_on_drop: false }`
[INFO] [stdout] b3e398597df65a257eef5daf33a32842dee40565f0d6ce3dcd788f82430a38f4
[INFO] running `Command { std: "docker" "start" "-a" "b3e398597df65a257eef5daf33a32842dee40565f0d6ce3dcd788f82430a38f4", kill_on_drop: false }`
[INFO] [stderr]     Blocking waiting for file lock on package cache
[INFO] [stderr]    Compiling gfx-hal v0.9.0
[INFO] [stderr]    Compiling gfx-backend-empty v0.9.0
[INFO] [stderr]    Compiling gfx-hal v0.9.0 (/opt/rustwide/workdir)
[INFO] [stderr]     Finished test [unoptimized + debuginfo] target(s) in 12.61s
[INFO] running `Command { std: "docker" "inspect" "b3e398597df65a257eef5daf33a32842dee40565f0d6ce3dcd788f82430a38f4", kill_on_drop: false }`
[INFO] running `Command { std: "docker" "rm" "-f" "b3e398597df65a257eef5daf33a32842dee40565f0d6ce3dcd788f82430a38f4", kill_on_drop: false }`
[INFO] [stdout] b3e398597df65a257eef5daf33a32842dee40565f0d6ce3dcd788f82430a38f4
[INFO] running `Command { std: "docker" "create" "-v" "/var/lib/crater-agent-workspace/builds/worker-115/target:/opt/rustwide/target:rw,Z" "-v" "/var/lib/crater-agent-workspace/builds/worker-115/source:/opt/rustwide/workdir:ro,Z" "-v" "/var/lib/crater-agent-workspace/cargo-home:/opt/rustwide/cargo-home:ro,Z" "-v" "/var/lib/crater-agent-workspace/rustup-home:/opt/rustwide/rustup-home:ro,Z" "-e" "SOURCE_DIR=/opt/rustwide/workdir" "-e" "CARGO_TARGET_DIR=/opt/rustwide/target" "-e" "CARGO_INCREMENTAL=0" "-e" "RUST_BACKTRACE=full" "-e" "RUSTFLAGS=--cap-lints=warn" "-e" "CARGO_HOME=/opt/rustwide/cargo-home" "-e" "RUSTUP_HOME=/opt/rustwide/rustup-home" "-w" "/opt/rustwide/workdir" "-m" "1610612736" "--user" "0:0" "--network" "none" "ghcr.io/rust-lang/crates-build-env/linux@sha256:34b6a614d2c27851fe6cbf88fbd1137609cefab8b10d0615aaeb6fd47975d74e" "/opt/rustwide/cargo-home/bin/cargo" "+beta-2021-08-01" "test" "--frozen", kill_on_drop: false }`
[INFO] [stdout] 2d18a5b7f5a54637d66938ca5169bef7891d9812ecd61197215098844ba7cc26
[INFO] running `Command { std: "docker" "start" "-a" "2d18a5b7f5a54637d66938ca5169bef7891d9812ecd61197215098844ba7cc26", kill_on_drop: false }`
[INFO] [stderr]     Finished test [unoptimized + debuginfo] target(s) in 0.11s
[INFO] [stderr]      Running unittests (/opt/rustwide/target/debug/deps/gfx_hal-711ef2a8e8dd1437)
[INFO] [stdout] 
[INFO] [stderr]    Doc-tests gfx_hal
[INFO] [stdout] running 0 tests
[INFO] [stdout] 
[INFO] [stdout] test result: ok. 0 passed; 0 failed; 0 ignored; 0 measured; 0 filtered out; finished in 0.00s
[INFO] [stdout] 
[INFO] [stderr] warning: lint `broken_intra_doc_links` has been renamed to `rustdoc::broken_intra_doc_links`
[INFO] [stderr]  --> /opt/rustwide/workdir/src/lib.rs:9:5
[INFO] [stderr]   |
[INFO] [stderr] 9 |     broken_intra_doc_links,
[INFO] [stderr]   |     ^^^^^^^^^^^^^^^^^^^^^^ help: use the new name: `rustdoc::broken_intra_doc_links`
[INFO] [stderr]   |
[INFO] [stderr]   = note: `#[warn(renamed_and_removed_lints)]` on by default
[INFO] [stderr] 
[INFO] [stderr] warning: 1 warning emitted
[INFO] [stderr] 
[INFO] [stdout] 
[INFO] [stdout] running 4 tests
[INFO] [stdout] test src/window.rs - window::SwapchainConfig (line 338) - compile ... ok
[INFO] [stdout] test src/lib.rs - Instance (line 682) ... FAILED
[INFO] [stdout] test src/adapter.rs - adapter::PhysicalDevice::open (line 84) - compile ... FAILED
[INFO] [stdout] test src/window.rs - window (line 30) - compile ... FAILED
[INFO] [stdout] 
[INFO] [stdout] failures:
[INFO] [stdout] 
[INFO] [stdout] ---- src/lib.rs - Instance (line 682) stdout ----
[INFO] [stdout] error[E0599]: no function or associated item named `create` found for struct `gfx_backend_empty::Instance` in the current scope
[INFO] [stdout]   --> src/lib.rs:690:35
[INFO] [stdout]    |
[INFO] [stdout] 10 | let instance = backend::Instance::create("My App", 1).unwrap();
[INFO] [stdout]    |                                   ^^^^^^ function or associated item not found in `gfx_backend_empty::Instance`
[INFO] [stdout]    |
[INFO] [stdout]    = help: items from traits can only be used if the trait is in scope
[INFO] [stdout] help: the following trait is implemented but not in scope; perhaps add a `use` for it:
[INFO] [stdout]    |
[INFO] [stdout] 4  | use gfx_hal::Instance;
[INFO] [stdout]    |
[INFO] [stdout] 
[INFO] [stdout] error: aborting due to previous error
[INFO] [stdout] 
[INFO] [stdout] For more information about this error, try `rustc --explain E0599`.
[INFO] [stdout] Couldn't compile the test.
[INFO] [stdout] ---- src/adapter.rs - adapter::PhysicalDevice::open (line 84) stdout ----
[INFO] [stdout] error[E0599]: no method named `open` found for struct `empty::PhysicalDevice` in the current scope
[INFO] [stdout]   --> src/adapter.rs:93:27
[INFO] [stdout]    |
[INFO] [stdout] 10 | let gpu = physical_device.open(&[(&family, &[1.0; 1])], Features::empty());
[INFO] [stdout]    |                           ^^^^ method not found in `empty::PhysicalDevice`
[INFO] [stdout]    | 
[INFO] [stdout]   ::: /opt/rustwide/cargo-home/registry/src/github.com-1ecc6299db9ec823/gfx-hal-0.9.0/src/adapter.rs:96:15
[INFO] [stdout]    |
[INFO] [stdout] 96 |     unsafe fn open(
[INFO] [stdout]    |               ---- the method is available for `empty::PhysicalDevice` here
[INFO] [stdout]    |
[INFO] [stdout]    = help: items from traits can only be used if the trait is in scope
[INFO] [stdout] help: the following trait is implemented but not in scope; perhaps add a `use` for it:
[INFO] [stdout]    |
[INFO] [stdout] 4  | use gfx_hal::adapter::PhysicalDevice;
[INFO] [stdout]    |
[INFO] [stdout] 
[INFO] [stdout] error: aborting due to previous error
[INFO] [stdout] 
[INFO] [stdout] For more information about this error, try `rustc --explain E0599`.
[INFO] [stdout] Couldn't compile the test.
[INFO] [stdout] ---- src/window.rs - window (line 30) stdout ----
[INFO] [stdout] error[E0599]: no method named `create_semaphore` found for struct `empty::Device` in the current scope
[INFO] [stdout]    --> src/window.rs:40:35
[INFO] [stdout]     |
[INFO] [stdout] 11  | let mut render_semaphore = device.create_semaphore().unwrap();
[INFO] [stdout]     |                                   ^^^^^^^^^^^^^^^^ method not found in `empty::Device`
[INFO] [stdout]     | 
[INFO] [stdout]    ::: /opt/rustwide/cargo-home/registry/src/github.com-1ecc6299db9ec823/gfx-hal-0.9.0/src/device.rs:543:8
[INFO] [stdout]     |
[INFO] [stdout] 543 |     fn create_semaphore(&self) -> Result<B::Semaphore, OutOfMemory>;
[INFO] [stdout]     |        ---------------- the method is available for `empty::Device` here
[INFO] [stdout]     |
[INFO] [stdout]     = help: items from traits can only be used if the trait is in scope
[INFO] [stdout] help: the following trait is implemented but not in scope; perhaps add a `use` for it:
[INFO] [stdout]     |
[INFO] [stdout] 4   | use gfx_hal::device::Device;
[INFO] [stdout]     |
[INFO] [stdout] 
[INFO] [stdout] error[E0599]: no method named `acquire_image` found for struct `empty::Surface` in the current scope
[INFO] [stdout]    --> src/window.rs:42:35
[INFO] [stdout]     |
[INFO] [stdout] 13  | let (frame, suboptimal) = surface.acquire_image(!0).unwrap();
[INFO] [stdout]     |                                   ^^^^^^^^^^^^^ method not found in `empty::Surface`
[INFO] [stdout]     | 
[INFO] [stdout]    ::: /opt/rustwide/cargo-home/registry/src/github.com-1ecc6299db9ec823/gfx-hal-0.9.0/src/window.rs:271:15
[INFO] [stdout]     |
[INFO] [stdout] 271 |     unsafe fn acquire_image(
[INFO] [stdout]     |               ------------- the method is available for `empty::Surface` here
[INFO] [stdout]     |
[INFO] [stdout]     = help: items from traits can only be used if the trait is in scope
[INFO] [stdout] help: the following trait is implemented but not in scope; perhaps add a `use` for it:
[INFO] [stdout]     |
[INFO] [stdout] 4   | use gfx_hal::window::PresentationSurface;
[INFO] [stdout]     |
[INFO] [stdout] 
[INFO] [stdout] error[E0599]: no method named `present` found for struct `empty::Queue` in the current scope
[INFO] [stdout]    --> src/window.rs:45:15
[INFO] [stdout]     |
[INFO] [stdout] 16  | present_queue.present(&mut surface, frame, Some(&mut render_semaphore));
[INFO] [stdout]     |               ^^^^^^^ method not found in `empty::Queue`
[INFO] [stdout]     | 
[INFO] [stdout]    ::: /opt/rustwide/cargo-home/registry/src/github.com-1ecc6299db9ec823/gfx-hal-0.9.0/src/queue/mod.rs:138:15
[INFO] [stdout]     |
[INFO] [stdout] 138 |     unsafe fn present(
[INFO] [stdout]     |               ------- the method is available for `empty::Queue` here
[INFO] [stdout]     |
[INFO] [stdout]     = help: items from traits can only be used if the trait is in scope
[INFO] [stdout] help: the following trait is implemented but not in scope; perhaps add a `use` for it:
[INFO] [stdout]     |
[INFO] [stdout] 4   | use gfx_hal::queue::Queue;
[INFO] [stdout]     |
[INFO] [stdout] 
[INFO] [stdout] error: aborting due to 3 previous errors
[INFO] [stdout] 
[INFO] [stdout] For more information about this error, try `rustc --explain E0599`.
[INFO] [stdout] Couldn't compile the test.
[INFO] [stdout] 
[INFO] [stdout] failures:
[INFO] [stdout]     src/adapter.rs - adapter::PhysicalDevice::open (line 84)
[INFO] [stdout]     src/lib.rs - Instance (line 682)
[INFO] [stdout]     src/window.rs - window (line 30)
[INFO] [stdout] 
[INFO] [stdout] test result: FAILED. 1 passed; 3 failed; 0 ignored; 0 measured; 0 filtered out; finished in 0.27s
[INFO] [stdout] 
[INFO] [stderr] error: test failed, to rerun pass '--doc'
[INFO] running `Command { std: "docker" "inspect" "2d18a5b7f5a54637d66938ca5169bef7891d9812ecd61197215098844ba7cc26", kill_on_drop: false }`
[INFO] running `Command { std: "docker" "rm" "-f" "2d18a5b7f5a54637d66938ca5169bef7891d9812ecd61197215098844ba7cc26", kill_on_drop: false }`
[INFO] [stdout] 2d18a5b7f5a54637d66938ca5169bef7891d9812ecd61197215098844ba7cc26
