[INFO] fetching crate getters-by-type 0.2.6...
[INFO] testing getters-by-type-0.2.6 against 1.54.0 for beta-1.55-1
[INFO] extracting crate getters-by-type 0.2.6 into /workspace/builds/worker-25/source
[INFO] validating manifest of crates.io crate getters-by-type 0.2.6 on toolchain 1.54.0
[INFO] running `Command { std: "/workspace/cargo-home/bin/cargo" "+1.54.0" "metadata" "--manifest-path" "Cargo.toml" "--no-deps", kill_on_drop: false }`
[INFO] started tweaking crates.io crate getters-by-type 0.2.6
[INFO] finished tweaking crates.io crate getters-by-type 0.2.6
[INFO] tweaked toml for crates.io crate getters-by-type 0.2.6 written to /workspace/builds/worker-25/source/Cargo.toml
[INFO] running `Command { std: "/workspace/cargo-home/bin/cargo" "+1.54.0" "generate-lockfile" "--manifest-path" "Cargo.toml" "-Zno-index-update", kill_on_drop: false }`
[INFO] running `Command { std: "/workspace/cargo-home/bin/cargo" "+1.54.0" "fetch" "--manifest-path" "Cargo.toml", kill_on_drop: false }`
[INFO] [stderr]     Blocking waiting for file lock on package cache
[INFO] running `Command { std: "docker" "create" "-v" "/var/lib/crater-agent-workspace/builds/worker-25/target:/opt/rustwide/target:rw,Z" "-v" "/var/lib/crater-agent-workspace/builds/worker-25/source:/opt/rustwide/workdir:ro,Z" "-v" "/var/lib/crater-agent-workspace/cargo-home:/opt/rustwide/cargo-home:ro,Z" "-v" "/var/lib/crater-agent-workspace/rustup-home:/opt/rustwide/rustup-home:ro,Z" "-e" "SOURCE_DIR=/opt/rustwide/workdir" "-e" "CARGO_TARGET_DIR=/opt/rustwide/target" "-e" "CARGO_HOME=/opt/rustwide/cargo-home" "-e" "RUSTUP_HOME=/opt/rustwide/rustup-home" "-w" "/opt/rustwide/workdir" "-m" "1610612736" "--user" "0:0" "--network" "none" "ghcr.io/rust-lang/crates-build-env/linux@sha256:34b6a614d2c27851fe6cbf88fbd1137609cefab8b10d0615aaeb6fd47975d74e" "/opt/rustwide/cargo-home/bin/cargo" "+1.54.0" "metadata" "--no-deps" "--format-version=1", kill_on_drop: false }`
[INFO] [stdout] 6b214321fe9c3d74b0ac0dd729e925b99f8552936d5f53f0c49a26876661c442
[INFO] running `Command { std: "docker" "start" "-a" "6b214321fe9c3d74b0ac0dd729e925b99f8552936d5f53f0c49a26876661c442", kill_on_drop: false }`
[INFO] running `Command { std: "docker" "inspect" "6b214321fe9c3d74b0ac0dd729e925b99f8552936d5f53f0c49a26876661c442", kill_on_drop: false }`
[INFO] running `Command { std: "docker" "rm" "-f" "6b214321fe9c3d74b0ac0dd729e925b99f8552936d5f53f0c49a26876661c442", kill_on_drop: false }`
[INFO] [stdout] 6b214321fe9c3d74b0ac0dd729e925b99f8552936d5f53f0c49a26876661c442
[INFO] running `Command { std: "docker" "create" "-v" "/var/lib/crater-agent-workspace/builds/worker-25/target:/opt/rustwide/target:rw,Z" "-v" "/var/lib/crater-agent-workspace/builds/worker-25/source:/opt/rustwide/workdir:ro,Z" "-v" "/var/lib/crater-agent-workspace/cargo-home:/opt/rustwide/cargo-home:ro,Z" "-v" "/var/lib/crater-agent-workspace/rustup-home:/opt/rustwide/rustup-home:ro,Z" "-e" "SOURCE_DIR=/opt/rustwide/workdir" "-e" "CARGO_TARGET_DIR=/opt/rustwide/target" "-e" "CARGO_INCREMENTAL=0" "-e" "RUST_BACKTRACE=full" "-e" "RUSTFLAGS=--cap-lints=warn" "-e" "CARGO_HOME=/opt/rustwide/cargo-home" "-e" "RUSTUP_HOME=/opt/rustwide/rustup-home" "-w" "/opt/rustwide/workdir" "-m" "1610612736" "--user" "0:0" "--network" "none" "ghcr.io/rust-lang/crates-build-env/linux@sha256:34b6a614d2c27851fe6cbf88fbd1137609cefab8b10d0615aaeb6fd47975d74e" "/opt/rustwide/cargo-home/bin/cargo" "+1.54.0" "build" "--frozen" "--message-format=json", kill_on_drop: false }`
[INFO] [stdout] d9f2670c75e3a48c9c660a4c332141187c6cf9620c839fa4ad97e61e6b462a1c
[INFO] running `Command { std: "docker" "start" "-a" "d9f2670c75e3a48c9c660a4c332141187c6cf9620c839fa4ad97e61e6b462a1c", kill_on_drop: false }`
[INFO] [stderr]    Compiling proc-macro2 v0.4.30
[INFO] [stderr]    Compiling unicode-xid v0.1.0
[INFO] [stderr]    Compiling syn v0.15.44
[INFO] [stderr]    Compiling quote v0.6.13
[INFO] [stderr]    Compiling getters-by-type v0.2.6 (/opt/rustwide/workdir)
[INFO] [stderr]     Finished dev [unoptimized + debuginfo] target(s) in 7.18s
[INFO] running `Command { std: "docker" "inspect" "d9f2670c75e3a48c9c660a4c332141187c6cf9620c839fa4ad97e61e6b462a1c", kill_on_drop: false }`
[INFO] running `Command { std: "docker" "rm" "-f" "d9f2670c75e3a48c9c660a4c332141187c6cf9620c839fa4ad97e61e6b462a1c", kill_on_drop: false }`
[INFO] [stdout] d9f2670c75e3a48c9c660a4c332141187c6cf9620c839fa4ad97e61e6b462a1c
[INFO] running `Command { std: "docker" "create" "-v" "/var/lib/crater-agent-workspace/builds/worker-25/target:/opt/rustwide/target:rw,Z" "-v" "/var/lib/crater-agent-workspace/builds/worker-25/source:/opt/rustwide/workdir:ro,Z" "-v" "/var/lib/crater-agent-workspace/cargo-home:/opt/rustwide/cargo-home:ro,Z" "-v" "/var/lib/crater-agent-workspace/rustup-home:/opt/rustwide/rustup-home:ro,Z" "-e" "SOURCE_DIR=/opt/rustwide/workdir" "-e" "CARGO_TARGET_DIR=/opt/rustwide/target" "-e" "CARGO_INCREMENTAL=0" "-e" "RUST_BACKTRACE=full" "-e" "RUSTFLAGS=--cap-lints=warn" "-e" "CARGO_HOME=/opt/rustwide/cargo-home" "-e" "RUSTUP_HOME=/opt/rustwide/rustup-home" "-w" "/opt/rustwide/workdir" "-m" "1610612736" "--user" "0:0" "--network" "none" "ghcr.io/rust-lang/crates-build-env/linux@sha256:34b6a614d2c27851fe6cbf88fbd1137609cefab8b10d0615aaeb6fd47975d74e" "/opt/rustwide/cargo-home/bin/cargo" "+1.54.0" "test" "--frozen" "--no-run" "--message-format=json", kill_on_drop: false }`
[INFO] [stdout] 983782c10cb885dbfc347859a36f4d6291b0b2c634ba9bad0c22657f9515eec7
[INFO] running `Command { std: "docker" "start" "-a" "983782c10cb885dbfc347859a36f4d6291b0b2c634ba9bad0c22657f9515eec7", kill_on_drop: false }`
[INFO] [stderr]     Blocking waiting for file lock on package cache
[INFO] [stderr]    Compiling getters-by-type v0.2.6 (/opt/rustwide/workdir)
[INFO] [stdout] warning: trait objects without an explicit `dyn` are deprecated
[INFO] [stdout]    --> tests/getters_by_type.rs:125:25
[INFO] [stdout]     |
[INFO] [stdout] 125 |             action: Box<Fn(i32) -> f32>,
[INFO] [stdout]     |                         ^^^^^^^^^^^^^^ help: use `dyn`: `dyn Fn(i32) -> f32`
[INFO] [stdout]     |
[INFO] [stdout]     = note: `#[warn(bare_trait_objects)]` on by default
[INFO] [stdout]     = warning: this was previously accepted by the compiler but is being phased out; it will become a hard error in the 2021 edition!
[INFO] [stdout]     = note: for more information, see issue #80165 <https://github.com/rust-lang/rust/issues/80165>
[INFO] [stdout] 
[INFO] [stdout] 
[INFO] [stdout] warning: trait objects without an explicit `dyn` are deprecated
[INFO] [stdout]    --> tests/getters_by_type.rs:125:25
[INFO] [stdout]     |
[INFO] [stdout] 125 |             action: Box<Fn(i32) -> f32>,
[INFO] [stdout]     |                         ^^^^^^^^^^^^^^ help: use `dyn`: `dyn Fn(i32) -> f32`
[INFO] [stdout]     |
[INFO] [stdout]     = warning: this was previously accepted by the compiler but is being phased out; it will become a hard error in the 2021 edition!
[INFO] [stdout]     = note: for more information, see issue #80165 <https://github.com/rust-lang/rust/issues/80165>
[INFO] [stdout] 
[INFO] [stdout] 
[INFO] [stdout] warning: 2 warnings emitted
[INFO] [stdout] 
[INFO] [stdout] 
[INFO] [stderr]     Finished test [unoptimized + debuginfo] target(s) in 1.62s
[INFO] running `Command { std: "docker" "inspect" "983782c10cb885dbfc347859a36f4d6291b0b2c634ba9bad0c22657f9515eec7", kill_on_drop: false }`
[INFO] running `Command { std: "docker" "rm" "-f" "983782c10cb885dbfc347859a36f4d6291b0b2c634ba9bad0c22657f9515eec7", kill_on_drop: false }`
[INFO] [stdout] 983782c10cb885dbfc347859a36f4d6291b0b2c634ba9bad0c22657f9515eec7
[INFO] running `Command { std: "docker" "create" "-v" "/var/lib/crater-agent-workspace/builds/worker-25/target:/opt/rustwide/target:rw,Z" "-v" "/var/lib/crater-agent-workspace/builds/worker-25/source:/opt/rustwide/workdir:ro,Z" "-v" "/var/lib/crater-agent-workspace/cargo-home:/opt/rustwide/cargo-home:ro,Z" "-v" "/var/lib/crater-agent-workspace/rustup-home:/opt/rustwide/rustup-home:ro,Z" "-e" "SOURCE_DIR=/opt/rustwide/workdir" "-e" "CARGO_TARGET_DIR=/opt/rustwide/target" "-e" "CARGO_INCREMENTAL=0" "-e" "RUST_BACKTRACE=full" "-e" "RUSTFLAGS=--cap-lints=warn" "-e" "CARGO_HOME=/opt/rustwide/cargo-home" "-e" "RUSTUP_HOME=/opt/rustwide/rustup-home" "-w" "/opt/rustwide/workdir" "-m" "1610612736" "--user" "0:0" "--network" "none" "ghcr.io/rust-lang/crates-build-env/linux@sha256:34b6a614d2c27851fe6cbf88fbd1137609cefab8b10d0615aaeb6fd47975d74e" "/opt/rustwide/cargo-home/bin/cargo" "+1.54.0" "test" "--frozen", kill_on_drop: false }`
[INFO] [stdout] 1d9c79fd37780fcc7f5e0b258b200f31fa2f98c99a07e61b294f04c5d10e1462
[INFO] running `Command { std: "docker" "start" "-a" "1d9c79fd37780fcc7f5e0b258b200f31fa2f98c99a07e61b294f04c5d10e1462", kill_on_drop: false }`
[INFO] [stderr] warning: trait objects without an explicit `dyn` are deprecated
[INFO] [stderr]    --> tests/getters_by_type.rs:125:25
[INFO] [stderr]     |
[INFO] [stderr] 125 |             action: Box<Fn(i32) -> f32>,
[INFO] [stderr]     |                         ^^^^^^^^^^^^^^ help: use `dyn`: `dyn Fn(i32) -> f32`
[INFO] [stderr]     |
[INFO] [stderr]     = note: `#[warn(bare_trait_objects)]` on by default
[INFO] [stderr]     = warning: this was previously accepted by the compiler but is being phased out; it will become a hard error in the 2021 edition!
[INFO] [stderr]     = note: for more information, see issue #80165 <https://github.com/rust-lang/rust/issues/80165>
[INFO] [stderr] 
[INFO] [stderr] warning: trait objects without an explicit `dyn` are deprecated
[INFO] [stderr]    --> tests/getters_by_type.rs:125:25
[INFO] [stderr]     |
[INFO] [stderr] 125 |             action: Box<Fn(i32) -> f32>,
[INFO] [stderr]     |                         ^^^^^^^^^^^^^^ help: use `dyn`: `dyn Fn(i32) -> f32`
[INFO] [stderr]     |
[INFO] [stderr]     = warning: this was previously accepted by the compiler but is being phased out; it will become a hard error in the 2021 edition!
[INFO] [stderr]     = note: for more information, see issue #80165 <https://github.com/rust-lang/rust/issues/80165>
[INFO] [stderr] 
[INFO] [stderr] warning: 2 warnings emitted
[INFO] [stderr] 
[INFO] [stderr]     Finished test [unoptimized + debuginfo] target(s) in 0.10s
[INFO] [stderr]      Running unittests (/opt/rustwide/target/debug/deps/getters_by_type-a7c6e7cfa2ff33cf)
[INFO] [stdout] 
[INFO] [stdout] running 0 tests
[INFO] [stdout] 
[INFO] [stdout] test result: ok. 0 passed; 0 failed; 0 ignored; 0 measured; 0 filtered out; finished in 0.00s
[INFO] [stdout] 
[INFO] [stderr]      Running tests/getters_by_type.rs (/opt/rustwide/target/debug/deps/getters_by_type-b3ef9013a9b17e76)
[INFO] [stdout] 
[INFO] [stdout] running 16 tests
[INFO] [stdout] test tests::test_getters_by_type___always___have_correct_length ... ok
[INFO] [stdout] test tests::test_getters_by_type___when_called___contain_proper_value ... ok
[INFO] [stdout] test tests::test_getters_by_type___with_array_types_with_int_length___compiles_fine ... ok
[INFO] [stdout] test tests::test_getters_by_type___with_box_fn_types___compiles_fine ... ok
[INFO] [stdout] test tests::test_getters_by_type___with_boxed_dyn_trait_traits___compiles_fine ... ok
[INFO] [stdout] test tests::test_getters_by_type___with_const_pointers___compiles_fine ... ok
[INFO] [stdout] test tests::test_getters_by_type___with_mut_pointers___compiles_fine ... ok
[INFO] [stdout] test tests::test_getters_by_type___with_slices___compiles_fine ... ok
[INFO] [stdout] test tests::test_getters_by_type___with_tuple_types___compiles_fine ... ok
[INFO] [stdout] test tests::test_getters_mut_by_type___on_nested_structs___have_correct_length ... ok
[INFO] [stdout] test tests::test_getters_mut_by_type___always___have_correct_length ... ok
[INFO] [stdout] test tests::test_getters_by_type___with_fn_types___compiles_fine ... ok
[INFO] [stdout] test tests::test_getters_mut_by_type___when_changed___update_fields ... ok
[INFO] [stdout] test tests::test_getters_mut_by_type___with_const_pointers___compiles_fine ... ok
[INFO] [stdout] test tests::test_getters_mut_by_type___with_ref_non_mut___have_correct_length ... ok
[INFO] [stdout] test tests::test_getters_mut_by_type___with_mut_pointers___compiles_fine ... ok
[INFO] [stdout] 
[INFO] [stdout] test result: ok. 16 passed; 0 failed; 0 ignored; 0 measured; 0 filtered out; finished in 0.03s
[INFO] [stdout] 
[INFO] [stderr]    Doc-tests getters-by-type
[INFO] [stdout] 
[INFO] [stdout] running 7 tests
[INFO] [stdout] test src/lib.rs - getters_mut_by_type (line 224) ... FAILED
[INFO] [stdout] test src/lib.rs - getters_by_type (line 77) ... FAILED
[INFO] [stdout] test src/lib.rs - getters_by_type (line 107) ... FAILED
[INFO] [stdout] test src/lib.rs - (line 33) ... ok
[INFO] [stdout] test src/lib.rs - (line 8) ... ok
[INFO] [stdout] test src/lib.rs - getters_mut_by_type (line 250) ... ok
[INFO] [stdout] test src/lib.rs - getters_by_type (line 138) ... ok
[INFO] [stdout] 
[INFO] [stdout] failures:
[INFO] [stdout] 
[INFO] [stdout] ---- src/lib.rs - getters_mut_by_type (line 224) stdout ----
[INFO] [stdout] error[E0592]: duplicate definitions with name `get_mut_fields_string`
[INFO] [stdout]   --> src/lib.rs:235:5
[INFO] [stdout]    |
[INFO] [stdout] 5  | #[derive(GettersMutByType)]
[INFO] [stdout]    |          ---------------- other definition for `get_mut_fields_string`
[INFO] [stdout] ...
[INFO] [stdout] 14 |     fn get_mut_fields_string(&mut self) -> [&mut String; 2] {
[INFO] [stdout]    |     ^^^^^^^^^^^^^^^^^^^^^^^^^^^^^^^^^^^^^^^^^^^^^^^^^^^^^^^ duplicate definitions for `get_mut_fields_string`
[INFO] [stdout] 
[INFO] [stdout] error: aborting due to previous error
[INFO] [stdout] 
[INFO] [stdout] For more information about this error, try `rustc --explain E0592`.
[INFO] [stdout] Couldn't compile the test.
[INFO] [stdout] ---- src/lib.rs - getters_by_type (line 77) stdout ----
[INFO] [stdout] error[E0592]: duplicate definitions with name `get_fields_string`
[INFO] [stdout]   --> src/lib.rs:88:5
[INFO] [stdout]    |
[INFO] [stdout] 5  | #[derive(GettersByType)]
[INFO] [stdout]    |          ------------- other definition for `get_fields_string`
[INFO] [stdout] ...
[INFO] [stdout] 14 |     fn get_fields_string(&self) -> [&String; 2] {
[INFO] [stdout]    |     ^^^^^^^^^^^^^^^^^^^^^^^^^^^^^^^^^^^^^^^^^^^ duplicate definitions for `get_fields_string`
[INFO] [stdout] 
[INFO] [stdout] error: aborting due to previous error
[INFO] [stdout] 
[INFO] [stdout] For more information about this error, try `rustc --explain E0592`.
[INFO] [stdout] Couldn't compile the test.
[INFO] [stdout] ---- src/lib.rs - getters_by_type (line 107) stdout ----
[INFO] [stdout] error[E0592]: duplicate definitions with name `get_fields_result_i32_i32_`
[INFO] [stdout]   --> src/lib.rs:121:5
[INFO] [stdout]    |
[INFO] [stdout] 5  | #[derive(GettersByType)]
[INFO] [stdout]    |          ------------- other definition for `get_fields_result_i32_i32_`
[INFO] [stdout] ...
[INFO] [stdout] 17 |     fn get_fields_result_i32_i32_(&self) -> [&Result<i32, i32>; 1] {
[INFO] [stdout]    |     ^^^^^^^^^^^^^^^^^^^^^^^^^^^^^^^^^^^^^^^^^^^^^^^^^^^^^^^^^^^^^^ duplicate definitions for `get_fields_result_i32_i32_`
[INFO] [stdout] 
[INFO] [stdout] error[E0592]: duplicate definitions with name `get_fields_result_i32_result_i32_i32__`
[INFO] [stdout]   --> src/lib.rs:124:5
[INFO] [stdout]    |
[INFO] [stdout] 5  | #[derive(GettersByType)]
[INFO] [stdout]    |          ------------- other definition for `get_fields_result_i32_result_i32_i32__`
[INFO] [stdout] ...
[INFO] [stdout] 20 |     fn get_fields_result_i32_result_i32_i32__(&self) -> [&Result<i32, Result<i32, i32>>; 1] {
[INFO] [stdout]    |     ^^^^^^^^^^^^^^^^^^^^^^^^^^^^^^^^^^^^^^^^^^^^^^^^^^^^^^^^^^^^^^^^^^^^^^^^^^^^^^^^^^^^^^^ duplicate definitions for `get_fields_result_i32_result_i32_i32__`
[INFO] [stdout] 
[INFO] [stdout] error[E0592]: duplicate definitions with name `get_fields_bool`
[INFO] [stdout]   --> src/lib.rs:130:5
[INFO] [stdout]    |
[INFO] [stdout] 5  | #[derive(GettersByType)]
[INFO] [stdout]    |          ------------- other definition for `get_fields_bool`
[INFO] [stdout] ...
[INFO] [stdout] 26 |     fn get_fields_bool(&self) -> [&bool; 2] {
[INFO] [stdout]    |     ^^^^^^^^^^^^^^^^^^^^^^^^^^^^^^^^^^^^^^^ duplicate definitions for `get_fields_bool`
[INFO] [stdout] 
[INFO] [stdout] error: aborting due to 3 previous errors
[INFO] [stdout] 
[INFO] [stdout] For more information about this error, try `rustc --explain E0592`.
[INFO] [stdout] Couldn't compile the test.
[INFO] [stdout] 
[INFO] [stdout] failures:
[INFO] [stdout]     src/lib.rs - getters_by_type (line 107)
[INFO] [stdout]     src/lib.rs - getters_by_type (line 77)
[INFO] [stdout]     src/lib.rs - getters_mut_by_type (line 224)
[INFO] [stdout] 
[INFO] [stdout] test result: FAILED. 4 passed; 3 failed; 0 ignored; 0 measured; 0 filtered out; finished in 0.51s
[INFO] [stdout] 
[INFO] [stderr] error: test failed, to rerun pass '--doc'
[INFO] running `Command { std: "docker" "inspect" "1d9c79fd37780fcc7f5e0b258b200f31fa2f98c99a07e61b294f04c5d10e1462", kill_on_drop: false }`
[INFO] running `Command { std: "docker" "rm" "-f" "1d9c79fd37780fcc7f5e0b258b200f31fa2f98c99a07e61b294f04c5d10e1462", kill_on_drop: false }`
[INFO] [stdout] 1d9c79fd37780fcc7f5e0b258b200f31fa2f98c99a07e61b294f04c5d10e1462
