[INFO] fetching crate geo-types 0.7.2...
[INFO] testing geo-types-0.7.2 against 1.54.0 for beta-1.55-1
[INFO] extracting crate geo-types 0.7.2 into /workspace/builds/worker-18/source
[INFO] validating manifest of crates.io crate geo-types 0.7.2 on toolchain 1.54.0
[INFO] running `Command { std: "/workspace/cargo-home/bin/cargo" "+1.54.0" "metadata" "--manifest-path" "Cargo.toml" "--no-deps", kill_on_drop: false }`
[INFO] started tweaking crates.io crate geo-types 0.7.2
[INFO] finished tweaking crates.io crate geo-types 0.7.2
[INFO] tweaked toml for crates.io crate geo-types 0.7.2 written to /workspace/builds/worker-18/source/Cargo.toml
[INFO] running `Command { std: "/workspace/cargo-home/bin/cargo" "+1.54.0" "generate-lockfile" "--manifest-path" "Cargo.toml" "-Zno-index-update", kill_on_drop: false }`
[INFO] [stderr]     Blocking waiting for file lock on package cache
[INFO] running `Command { std: "/workspace/cargo-home/bin/cargo" "+1.54.0" "fetch" "--manifest-path" "Cargo.toml", kill_on_drop: false }`
[INFO] [stderr]     Blocking waiting for file lock on package cache
[INFO] [stderr]     Blocking waiting for file lock on package cache
[INFO] running `Command { std: "docker" "create" "-v" "/var/lib/crater-agent-workspace/builds/worker-18/target:/opt/rustwide/target:rw,Z" "-v" "/var/lib/crater-agent-workspace/builds/worker-18/source:/opt/rustwide/workdir:ro,Z" "-v" "/var/lib/crater-agent-workspace/cargo-home:/opt/rustwide/cargo-home:ro,Z" "-v" "/var/lib/crater-agent-workspace/rustup-home:/opt/rustwide/rustup-home:ro,Z" "-e" "SOURCE_DIR=/opt/rustwide/workdir" "-e" "CARGO_TARGET_DIR=/opt/rustwide/target" "-e" "CARGO_HOME=/opt/rustwide/cargo-home" "-e" "RUSTUP_HOME=/opt/rustwide/rustup-home" "-w" "/opt/rustwide/workdir" "-m" "1610612736" "--user" "0:0" "--network" "none" "ghcr.io/rust-lang/crates-build-env/linux@sha256:34b6a614d2c27851fe6cbf88fbd1137609cefab8b10d0615aaeb6fd47975d74e" "/opt/rustwide/cargo-home/bin/cargo" "+1.54.0" "metadata" "--no-deps" "--format-version=1", kill_on_drop: false }`
[INFO] [stdout] 9d4d73046c959aadf40f9facc2050c249dd6f3bac4cbc96f2a44b203040228c2
[INFO] running `Command { std: "docker" "start" "-a" "9d4d73046c959aadf40f9facc2050c249dd6f3bac4cbc96f2a44b203040228c2", kill_on_drop: false }`
[INFO] running `Command { std: "docker" "inspect" "9d4d73046c959aadf40f9facc2050c249dd6f3bac4cbc96f2a44b203040228c2", kill_on_drop: false }`
[INFO] running `Command { std: "docker" "rm" "-f" "9d4d73046c959aadf40f9facc2050c249dd6f3bac4cbc96f2a44b203040228c2", kill_on_drop: false }`
[INFO] [stdout] 9d4d73046c959aadf40f9facc2050c249dd6f3bac4cbc96f2a44b203040228c2
[INFO] running `Command { std: "docker" "create" "-v" "/var/lib/crater-agent-workspace/builds/worker-18/target:/opt/rustwide/target:rw,Z" "-v" "/var/lib/crater-agent-workspace/builds/worker-18/source:/opt/rustwide/workdir:ro,Z" "-v" "/var/lib/crater-agent-workspace/cargo-home:/opt/rustwide/cargo-home:ro,Z" "-v" "/var/lib/crater-agent-workspace/rustup-home:/opt/rustwide/rustup-home:ro,Z" "-e" "SOURCE_DIR=/opt/rustwide/workdir" "-e" "CARGO_TARGET_DIR=/opt/rustwide/target" "-e" "CARGO_INCREMENTAL=0" "-e" "RUST_BACKTRACE=full" "-e" "RUSTFLAGS=--cap-lints=warn" "-e" "CARGO_HOME=/opt/rustwide/cargo-home" "-e" "RUSTUP_HOME=/opt/rustwide/rustup-home" "-w" "/opt/rustwide/workdir" "-m" "1610612736" "--user" "0:0" "--network" "none" "ghcr.io/rust-lang/crates-build-env/linux@sha256:34b6a614d2c27851fe6cbf88fbd1137609cefab8b10d0615aaeb6fd47975d74e" "/opt/rustwide/cargo-home/bin/cargo" "+1.54.0" "build" "--frozen" "--message-format=json", kill_on_drop: false }`
[INFO] [stdout] c16f2a453a82778b6928ba7f135ef2cc9ecce1df7e64358264f890d57a6c117c
[INFO] running `Command { std: "docker" "start" "-a" "c16f2a453a82778b6928ba7f135ef2cc9ecce1df7e64358264f890d57a6c117c", kill_on_drop: false }`
[INFO] [stderr]    Compiling num-traits v0.2.14
[INFO] [stderr]    Compiling geo-types v0.7.2 (/opt/rustwide/workdir)
[INFO] [stdout] warning: unused attribute
[INFO] [stdout]    --> src/geometry.rs:187:1
[INFO] [stdout]     |
[INFO] [stdout] 187 | #[macro_use]
[INFO] [stdout]     | ^^^^^^^^^^^^
[INFO] [stdout]     |
[INFO] [stdout]     = note: `#[warn(unused_attributes)]` on by default
[INFO] [stdout] 
[INFO] [stdout] 
[INFO] [stdout] warning: 1 warning emitted
[INFO] [stdout] 
[INFO] [stdout] 
[INFO] [stderr]     Finished dev [unoptimized + debuginfo] target(s) in 3.80s
[INFO] running `Command { std: "docker" "inspect" "c16f2a453a82778b6928ba7f135ef2cc9ecce1df7e64358264f890d57a6c117c", kill_on_drop: false }`
[INFO] running `Command { std: "docker" "rm" "-f" "c16f2a453a82778b6928ba7f135ef2cc9ecce1df7e64358264f890d57a6c117c", kill_on_drop: false }`
[INFO] [stdout] c16f2a453a82778b6928ba7f135ef2cc9ecce1df7e64358264f890d57a6c117c
[INFO] running `Command { std: "docker" "create" "-v" "/var/lib/crater-agent-workspace/builds/worker-18/target:/opt/rustwide/target:rw,Z" "-v" "/var/lib/crater-agent-workspace/builds/worker-18/source:/opt/rustwide/workdir:ro,Z" "-v" "/var/lib/crater-agent-workspace/cargo-home:/opt/rustwide/cargo-home:ro,Z" "-v" "/var/lib/crater-agent-workspace/rustup-home:/opt/rustwide/rustup-home:ro,Z" "-e" "SOURCE_DIR=/opt/rustwide/workdir" "-e" "CARGO_TARGET_DIR=/opt/rustwide/target" "-e" "CARGO_INCREMENTAL=0" "-e" "RUST_BACKTRACE=full" "-e" "RUSTFLAGS=--cap-lints=warn" "-e" "CARGO_HOME=/opt/rustwide/cargo-home" "-e" "RUSTUP_HOME=/opt/rustwide/rustup-home" "-w" "/opt/rustwide/workdir" "-m" "1610612736" "--user" "0:0" "--network" "none" "ghcr.io/rust-lang/crates-build-env/linux@sha256:34b6a614d2c27851fe6cbf88fbd1137609cefab8b10d0615aaeb6fd47975d74e" "/opt/rustwide/cargo-home/bin/cargo" "+1.54.0" "test" "--frozen" "--no-run" "--message-format=json", kill_on_drop: false }`
[INFO] [stdout] 89cd87e448eb66ff9166bee0a3da9e62b0e440310eafef8a0413298fb4cc1418
[INFO] running `Command { std: "docker" "start" "-a" "89cd87e448eb66ff9166bee0a3da9e62b0e440310eafef8a0413298fb4cc1418", kill_on_drop: false }`
[INFO] [stderr]     Blocking waiting for file lock on package cache
[INFO] [stderr]    Compiling approx v0.4.0
[INFO] [stdout] warning: unused attribute
[INFO] [stdout]    --> src/geometry.rs:187:1
[INFO] [stdout]     |
[INFO] [stdout] 187 | #[macro_use]
[INFO] [stdout]     | ^^^^^^^^^^^^
[INFO] [stdout]     |
[INFO] [stdout]     = note: `#[warn(unused_attributes)]` on by default
[INFO] [stdout] 
[INFO] [stdout] 
[INFO] [stdout] warning: 1 warning emitted
[INFO] [stdout] 
[INFO] [stdout] 
[INFO] [stderr]    Compiling geo-types v0.7.2 (/opt/rustwide/workdir)
[INFO] [stdout] warning: unused attribute
[INFO] [stdout]    --> src/geometry.rs:187:1
[INFO] [stdout]     |
[INFO] [stdout] 187 | #[macro_use]
[INFO] [stdout]     | ^^^^^^^^^^^^
[INFO] [stdout]     |
[INFO] [stdout]     = note: `#[warn(unused_attributes)]` on by default
[INFO] [stdout] 
[INFO] [stdout] 
[INFO] [stdout] warning: 1 warning emitted
[INFO] [stdout] 
[INFO] [stdout] 
[INFO] [stderr]     Finished test [unoptimized + debuginfo] target(s) in 4.16s
[INFO] running `Command { std: "docker" "inspect" "89cd87e448eb66ff9166bee0a3da9e62b0e440310eafef8a0413298fb4cc1418", kill_on_drop: false }`
[INFO] running `Command { std: "docker" "rm" "-f" "89cd87e448eb66ff9166bee0a3da9e62b0e440310eafef8a0413298fb4cc1418", kill_on_drop: false }`
[INFO] [stdout] 89cd87e448eb66ff9166bee0a3da9e62b0e440310eafef8a0413298fb4cc1418
[INFO] running `Command { std: "docker" "create" "-v" "/var/lib/crater-agent-workspace/builds/worker-18/target:/opt/rustwide/target:rw,Z" "-v" "/var/lib/crater-agent-workspace/builds/worker-18/source:/opt/rustwide/workdir:ro,Z" "-v" "/var/lib/crater-agent-workspace/cargo-home:/opt/rustwide/cargo-home:ro,Z" "-v" "/var/lib/crater-agent-workspace/rustup-home:/opt/rustwide/rustup-home:ro,Z" "-e" "SOURCE_DIR=/opt/rustwide/workdir" "-e" "CARGO_TARGET_DIR=/opt/rustwide/target" "-e" "CARGO_INCREMENTAL=0" "-e" "RUST_BACKTRACE=full" "-e" "RUSTFLAGS=--cap-lints=warn" "-e" "CARGO_HOME=/opt/rustwide/cargo-home" "-e" "RUSTUP_HOME=/opt/rustwide/rustup-home" "-w" "/opt/rustwide/workdir" "-m" "1610612736" "--user" "0:0" "--network" "none" "ghcr.io/rust-lang/crates-build-env/linux@sha256:34b6a614d2c27851fe6cbf88fbd1137609cefab8b10d0615aaeb6fd47975d74e" "/opt/rustwide/cargo-home/bin/cargo" "+1.54.0" "test" "--frozen", kill_on_drop: false }`
[INFO] [stdout] 5c882d5fb36ec783e2d2c608e0749efdba83a56014edbdafedf4f34ec84d6c2a
[INFO] running `Command { std: "docker" "start" "-a" "5c882d5fb36ec783e2d2c608e0749efdba83a56014edbdafedf4f34ec84d6c2a", kill_on_drop: false }`
[INFO] [stderr]     Blocking waiting for file lock on package cache
[INFO] [stderr] warning: unused attribute
[INFO] [stderr]    --> src/geometry.rs:187:1
[INFO] [stderr]     |
[INFO] [stderr] 187 | #[macro_use]
[INFO] [stderr]     | ^^^^^^^^^^^^
[INFO] [stderr]     |
[INFO] [stderr]     = note: `#[warn(unused_attributes)]` on by default
[INFO] [stderr] 
[INFO] [stderr] warning: 1 warning emitted
[INFO] [stderr] 
[INFO] [stderr] warning: unused attribute
[INFO] [stderr]    --> src/geometry.rs:187:1
[INFO] [stderr]     |
[INFO] [stderr] 187 | #[macro_use]
[INFO] [stderr]     | ^^^^^^^^^^^^
[INFO] [stderr]     |
[INFO] [stderr]     = note: `#[warn(unused_attributes)]` on by default
[INFO] [stderr] 
[INFO] [stderr] warning: 1 warning emitted
[INFO] [stderr] 
[INFO] [stderr]     Finished test [unoptimized + debuginfo] target(s) in 1.08s
[INFO] [stderr]      Running unittests (/opt/rustwide/target/debug/deps/geo_types-f539233acaaec96c)
[INFO] [stdout] 
[INFO] [stdout] running 26 tests
[INFO] [stdout] test error::test::error_output ... ok
[INFO] [stdout] test line::test::test_abs_diff_eq ... ok
[INFO] [stdout] test line::test::test_relative_eq ... ok
[INFO] [stdout] test line_string::test::should_be_built_from_line ... ok
[INFO] [stdout] test line_string::test::test_abs_diff_eq ... ok
[INFO] [stdout] test line_string::test::test_relative_eq ... ok
[INFO] [stdout] test multi_line_string::test::test_iter ... ok
[INFO] [stdout] test multi_line_string::test::test_iter_mut ... ok
[INFO] [stdout] test multi_point::test::test_abs_diff_eq ... ok
[INFO] [stdout] test multi_point::test::test_iter ... ok
[INFO] [stdout] test multi_point::test::test_iter_mut ... ok
[INFO] [stdout] test multi_point::test::test_relative_eq ... ok
[INFO] [stdout] test multi_polygon::test::test_iter ... ok
[INFO] [stdout] test multi_polygon::test::test_iter_mut ... ok
[INFO] [stdout] test point::test::test_abs_diff_eq ... ok
[INFO] [stdout] test point::test::test_relative_eq ... ok
[INFO] [stdout] test rect::test::rect ... ok
[INFO] [stdout] test rect::test::rect_center ... ok
[INFO] [stdout] test rect::test::rect_height ... ok
[INFO] [stdout] test tests::convert_types ... ok
[INFO] [stdout] test rect::test::rect_width ... ok
[INFO] [stdout] test tests::iters ... ok
[INFO] [stdout] test tests::polygon_new_test ... ok
[INFO] [stdout] test tests::test_coordinate_types ... ok
[INFO] [stdout] test tests::test_rects ... ok
[INFO] [stdout] test tests::type_test ... ok
[INFO] [stdout] 
[INFO] [stdout] test result: ok. 26 passed; 0 failed; 0 ignored; 0 measured; 0 filtered out; finished in 0.00s
[INFO] [stdout] 
[INFO] [stderr]    Doc-tests geo-types
[INFO] [stdout] 
[INFO] [stdout] running 77 tests
[INFO] [stdout] test src/polygon.rs - polygon::Polygon<T>::interiors_push (line 363) ... FAILED
[INFO] [stdout] test src/macros.rs - polygon (line 138) ... FAILED
[INFO] [stdout] test src/polygon.rs - polygon::Polygon<T>::exterior_mut (line 226) ... FAILED
[INFO] [stdout] test src/polygon.rs - polygon::Polygon<T>::new (line 121) ... FAILED
[INFO] [stdout] test src/line.rs - line::Line<T>::new (line 30) ... FAILED
[INFO] [stdout] test src/polygon.rs - polygon::Polygon<T>::exterior_mut (line 205) ... FAILED
[INFO] [stdout] test src/polygon.rs - polygon::Polygon<T>::interiors (line 257) ... FAILED
[INFO] [stderr] error: test failed, to rerun pass '--doc'
[INFO] [stderr] 
[INFO] [stderr] Caused by:
[INFO] [stderr]   process didn't exit successfully: `rustdoc --edition=2018 --crate-type lib --crate-name geo_types --test /opt/rustwide/workdir/src/lib.rs -L dependency=/opt/rustwide/target/debug/deps -L dependency=/opt/rustwide/target/debug/deps --extern approx=/opt/rustwide/target/debug/deps/libapprox-c89ab225f943106d.rlib --extern geo_types=/opt/rustwide/target/debug/deps/libgeo_types-eed10038358db707.rlib --extern num_traits=/opt/rustwide/target/debug/deps/libnum_traits-d2f26dc32356e531.rlib -C embed-bitcode=no --error-format human` (signal: 9, SIGKILL: kill)
[INFO] running `Command { std: "docker" "inspect" "5c882d5fb36ec783e2d2c608e0749efdba83a56014edbdafedf4f34ec84d6c2a", kill_on_drop: false }`
[INFO] running `Command { std: "docker" "rm" "-f" "5c882d5fb36ec783e2d2c608e0749efdba83a56014edbdafedf4f34ec84d6c2a", kill_on_drop: false }`
[INFO] [stdout] 5c882d5fb36ec783e2d2c608e0749efdba83a56014edbdafedf4f34ec84d6c2a
