[INFO] fetching crate genevo 0.5.0...
[INFO] testing genevo-0.5.0 against 1.54.0 for beta-1.55-1
[INFO] extracting crate genevo 0.5.0 into /workspace/builds/worker-47/source
[INFO] validating manifest of crates.io crate genevo 0.5.0 on toolchain 1.54.0
[INFO] running `Command { std: "/workspace/cargo-home/bin/cargo" "+1.54.0" "metadata" "--manifest-path" "Cargo.toml" "--no-deps", kill_on_drop: false }`
[INFO] started tweaking crates.io crate genevo 0.5.0
[INFO] removed 0 missing examples
[INFO] finished tweaking crates.io crate genevo 0.5.0
[INFO] tweaked toml for crates.io crate genevo 0.5.0 written to /workspace/builds/worker-47/source/Cargo.toml
[INFO] crate crates.io crate genevo 0.5.0 already has a lockfile, it will not be regenerated
[INFO] running `Command { std: "/workspace/cargo-home/bin/cargo" "+1.54.0" "fetch" "--manifest-path" "Cargo.toml", kill_on_drop: false }`
[INFO] [stderr]     Blocking waiting for file lock on package cache
[INFO] running `Command { std: "docker" "create" "-v" "/var/lib/crater-agent-workspace/builds/worker-47/target:/opt/rustwide/target:rw,Z" "-v" "/var/lib/crater-agent-workspace/builds/worker-47/source:/opt/rustwide/workdir:ro,Z" "-v" "/var/lib/crater-agent-workspace/cargo-home:/opt/rustwide/cargo-home:ro,Z" "-v" "/var/lib/crater-agent-workspace/rustup-home:/opt/rustwide/rustup-home:ro,Z" "-e" "SOURCE_DIR=/opt/rustwide/workdir" "-e" "CARGO_TARGET_DIR=/opt/rustwide/target" "-e" "CARGO_HOME=/opt/rustwide/cargo-home" "-e" "RUSTUP_HOME=/opt/rustwide/rustup-home" "-w" "/opt/rustwide/workdir" "-m" "1610612736" "--user" "0:0" "--network" "none" "ghcr.io/rust-lang/crates-build-env/linux@sha256:34b6a614d2c27851fe6cbf88fbd1137609cefab8b10d0615aaeb6fd47975d74e" "/opt/rustwide/cargo-home/bin/cargo" "+1.54.0" "metadata" "--no-deps" "--format-version=1", kill_on_drop: false }`
[INFO] [stdout] af0d954d04d6aeb7a8080430b42bfdd09cd9b1232b3f418fd40bb1f4531280bd
[INFO] running `Command { std: "docker" "start" "-a" "af0d954d04d6aeb7a8080430b42bfdd09cd9b1232b3f418fd40bb1f4531280bd", kill_on_drop: false }`
[INFO] running `Command { std: "docker" "inspect" "af0d954d04d6aeb7a8080430b42bfdd09cd9b1232b3f418fd40bb1f4531280bd", kill_on_drop: false }`
[INFO] running `Command { std: "docker" "rm" "-f" "af0d954d04d6aeb7a8080430b42bfdd09cd9b1232b3f418fd40bb1f4531280bd", kill_on_drop: false }`
[INFO] [stdout] af0d954d04d6aeb7a8080430b42bfdd09cd9b1232b3f418fd40bb1f4531280bd
[INFO] running `Command { std: "docker" "create" "-v" "/var/lib/crater-agent-workspace/builds/worker-47/target:/opt/rustwide/target:rw,Z" "-v" "/var/lib/crater-agent-workspace/builds/worker-47/source:/opt/rustwide/workdir:ro,Z" "-v" "/var/lib/crater-agent-workspace/cargo-home:/opt/rustwide/cargo-home:ro,Z" "-v" "/var/lib/crater-agent-workspace/rustup-home:/opt/rustwide/rustup-home:ro,Z" "-e" "SOURCE_DIR=/opt/rustwide/workdir" "-e" "CARGO_TARGET_DIR=/opt/rustwide/target" "-e" "CARGO_INCREMENTAL=0" "-e" "RUST_BACKTRACE=full" "-e" "RUSTFLAGS=--cap-lints=warn" "-e" "CARGO_HOME=/opt/rustwide/cargo-home" "-e" "RUSTUP_HOME=/opt/rustwide/rustup-home" "-w" "/opt/rustwide/workdir" "-m" "1610612736" "--user" "0:0" "--network" "none" "ghcr.io/rust-lang/crates-build-env/linux@sha256:34b6a614d2c27851fe6cbf88fbd1137609cefab8b10d0615aaeb6fd47975d74e" "/opt/rustwide/cargo-home/bin/cargo" "+1.54.0" "build" "--frozen" "--message-format=json", kill_on_drop: false }`
[INFO] [stdout] e4404bc5d547b989ca5dd265b4dd91c145e54cbea9c0a57699b78b46c718116e
[INFO] running `Command { std: "docker" "start" "-a" "e4404bc5d547b989ca5dd265b4dd91c145e54cbea9c0a57699b78b46c718116e", kill_on_drop: false }`
[INFO] [stderr]    Compiling autocfg v0.1.7
[INFO] [stderr]    Compiling libc v0.2.65
[INFO] [stderr]    Compiling getrandom v0.1.13
[INFO] [stderr]    Compiling scopeguard v1.0.0
[INFO] [stderr]    Compiling rayon-core v1.6.0
[INFO] [stderr]    Compiling ppv-lite86 v0.2.6
[INFO] [stderr]    Compiling either v1.5.3
[INFO] [stderr]    Compiling crossbeam-utils v0.6.6
[INFO] [stderr]    Compiling memoffset v0.5.3
[INFO] [stderr]    Compiling crossbeam-queue v0.1.2
[INFO] [stderr]    Compiling crossbeam-utils v0.7.0
[INFO] [stderr]    Compiling crossbeam-epoch v0.8.0
[INFO] [stderr]    Compiling num-traits v0.2.8
[INFO] [stderr]    Compiling num-integer v0.1.41
[INFO] [stderr]    Compiling c2-chacha v0.2.3
[INFO] [stderr]    Compiling num_cpus v1.11.0
[INFO] [stderr]    Compiling time v0.1.42
[INFO] [stderr]    Compiling rand_core v0.5.1
[INFO] [stderr]    Compiling rand_chacha v0.2.1
[INFO] [stderr]    Compiling rand_xoshiro v0.4.0
[INFO] [stderr]    Compiling crossbeam-deque v0.7.2
[INFO] [stderr]    Compiling rand v0.7.2
[INFO] [stderr]    Compiling chrono v0.4.9
[INFO] [stderr]    Compiling rayon v1.2.0
[INFO] [stderr]    Compiling genevo v0.5.0 (/opt/rustwide/workdir)
[INFO] [stdout] warning: unused return value of `std::mem::replace` that must be used
[INFO] [stdout]    --> src/ga/mod.rs:219:9
[INFO] [stdout]     |
[INFO] [stdout] 219 |         mem::replace(&mut self.population, Rc::new(next_generation));
[INFO] [stdout]     |         ^^^^^^^^^^^^^^^^^^^^^^^^^^^^^^^^^^^^^^^^^^^^^^^^^^^^^^^^^^^^^
[INFO] [stdout]     |
[INFO] [stdout]     = note: `#[warn(unused_must_use)]` on by default
[INFO] [stdout]     = note: if you don't need the old value, you can just assign the new value directly
[INFO] [stdout] 
[INFO] [stdout] 
[INFO] [stdout] warning: 1 warning emitted
[INFO] [stdout] 
[INFO] [stdout] 
[INFO] [stderr]     Finished dev [unoptimized + debuginfo] target(s) in 7.42s
[INFO] running `Command { std: "docker" "inspect" "e4404bc5d547b989ca5dd265b4dd91c145e54cbea9c0a57699b78b46c718116e", kill_on_drop: false }`
[INFO] running `Command { std: "docker" "rm" "-f" "e4404bc5d547b989ca5dd265b4dd91c145e54cbea9c0a57699b78b46c718116e", kill_on_drop: false }`
[INFO] [stdout] e4404bc5d547b989ca5dd265b4dd91c145e54cbea9c0a57699b78b46c718116e
[INFO] running `Command { std: "docker" "create" "-v" "/var/lib/crater-agent-workspace/builds/worker-47/target:/opt/rustwide/target:rw,Z" "-v" "/var/lib/crater-agent-workspace/builds/worker-47/source:/opt/rustwide/workdir:ro,Z" "-v" "/var/lib/crater-agent-workspace/cargo-home:/opt/rustwide/cargo-home:ro,Z" "-v" "/var/lib/crater-agent-workspace/rustup-home:/opt/rustwide/rustup-home:ro,Z" "-e" "SOURCE_DIR=/opt/rustwide/workdir" "-e" "CARGO_TARGET_DIR=/opt/rustwide/target" "-e" "CARGO_INCREMENTAL=0" "-e" "RUST_BACKTRACE=full" "-e" "RUSTFLAGS=--cap-lints=warn" "-e" "CARGO_HOME=/opt/rustwide/cargo-home" "-e" "RUSTUP_HOME=/opt/rustwide/rustup-home" "-w" "/opt/rustwide/workdir" "-m" "1610612736" "--user" "0:0" "--network" "none" "ghcr.io/rust-lang/crates-build-env/linux@sha256:34b6a614d2c27851fe6cbf88fbd1137609cefab8b10d0615aaeb6fd47975d74e" "/opt/rustwide/cargo-home/bin/cargo" "+1.54.0" "test" "--frozen" "--no-run" "--message-format=json", kill_on_drop: false }`
[INFO] [stdout] a7b0ff9609deb00449ecaeac8af78e359a0f64457be5ce66dcbfb2212aadee4b
[INFO] running `Command { std: "docker" "start" "-a" "a7b0ff9609deb00449ecaeac8af78e359a0f64457be5ce66dcbfb2212aadee4b", kill_on_drop: false }`
[INFO] [stderr]    Compiling rand_core v0.4.2
[INFO] [stderr]    Compiling memchr v2.2.1
[INFO] [stderr]    Compiling serde v1.0.102
[INFO] [stderr]    Compiling byteorder v1.3.2
[INFO] [stderr]    Compiling proc-macro2 v1.0.6
[INFO] [stderr]    Compiling ryu v1.0.2
[INFO] [stderr]    Compiling version_check v0.1.5
[INFO] [stderr]    Compiling proc-macro2 v0.4.30
[INFO] [stderr]    Compiling unicode-xid v0.2.0
[INFO] [stderr]    Compiling syn v1.0.8
[INFO] [stderr]    Compiling matches v0.1.8
[INFO] [stderr]    Compiling itoa v0.4.4
[INFO] [stderr]    Compiling pulldown-cmark v0.4.1
[INFO] [stderr]    Compiling syn v0.15.44
[INFO] [stderr]    Compiling unicode-width v0.1.6
[INFO] [stderr]    Compiling regex-syntax v0.6.12
[INFO] [stderr]    Compiling remove_dir_all v0.5.2
[INFO] [stderr]    Compiling same-file v1.0.5
[INFO] [stderr]    Compiling cast v0.2.2
[INFO] [stderr]    Compiling percent-encoding v1.0.1
[INFO] [stderr]    Compiling quick-error v1.2.2
[INFO] [stderr]    Compiling fnv v1.0.6
[INFO] [stderr]    Compiling bit-vec v0.5.1
[INFO] [stderr]    Compiling semver-parser v0.9.0
[INFO] [stderr]    Compiling galvanic-assert v0.8.7
[INFO] [stderr]    Compiling rand_pcg v0.1.2
[INFO] [stderr]    Compiling rand_chacha v0.1.1
[INFO] [stderr]    Compiling itertools v0.8.1
[INFO] [stderr]    Compiling rand v0.6.5
[INFO] [stderr]    Compiling thread_local v0.3.6
[INFO] [stderr]    Compiling wait-timeout v0.2.0
[INFO] [stderr]    Compiling atty v0.2.13
[INFO] [stderr]    Compiling smallvec v0.6.13
[INFO] [stderr]    Compiling rand_xoshiro v0.3.1
[INFO] [stderr]    Compiling rand_os v0.2.2
[INFO] [stdout] warning: unused return value of `std::mem::replace` that must be used
[INFO] [stdout]    --> src/ga/mod.rs:219:9
[INFO] [stdout]     |
[INFO] [stdout] 219 |         mem::replace(&mut self.population, Rc::new(next_generation));
[INFO] [stdout]     |         ^^^^^^^^^^^^^^^^^^^^^^^^^^^^^^^^^^^^^^^^^^^^^^^^^^^^^^^^^^^^^
[INFO] [stdout]     |
[INFO] [stdout]     = note: `#[warn(unused_must_use)]` on by default
[INFO] [stdout]     = note: if you don't need the old value, you can just assign the new value directly
[INFO] [stdout] 
[INFO] [stdout] 
[INFO] [stdout] warning: 1 warning emitted
[INFO] [stdout] 
[INFO] [stdout] 
[INFO] [stderr]    Compiling unicode-bidi v0.3.4
[INFO] [stderr]    Compiling tempfile v3.1.0
[INFO] [stderr]    Compiling textwrap v0.11.0
[INFO] [stderr]    Compiling walkdir v2.2.9
[INFO] [stderr]    Compiling rand_core v0.3.1
[INFO] [stderr]    Compiling rand_os v0.1.3
[INFO] [stderr]    Compiling rand_jitter v0.1.4
[INFO] [stderr]    Compiling bit-set v0.5.1
[INFO] [stderr]    Compiling rand_hc v0.1.0
[INFO] [stderr]    Compiling rand_xorshift v0.1.1
[INFO] [stderr]    Compiling rand_isaac v0.1.1
[INFO] [stderr]    Compiling clap v2.33.0
[INFO] [stderr]    Compiling unicode-normalization v0.1.9
[INFO] [stderr]    Compiling rusty-fork v0.2.2
[INFO] [stderr]    Compiling unicase v2.5.1
[INFO] [stderr]    Compiling regex-automata v0.1.8
[INFO] [stderr]    Compiling csv-core v0.1.6
[INFO] [stderr]    Compiling aho-corasick v0.7.6
[INFO] [stderr]    Compiling criterion-plot v0.4.0
[INFO] [stderr]    Compiling quote v0.6.13
[INFO] [stderr]    Compiling quote v1.0.2
[INFO] [stderr]    Compiling idna v0.1.5
[INFO] [stderr]    Compiling url v1.7.2
[INFO] [stderr]    Compiling regex v1.3.1
[INFO] [stderr]    Compiling proptest v0.9.4
[INFO] [stderr]    Compiling serde_json v1.0.41
[INFO] [stderr]    Compiling bstr v0.2.8
[INFO] [stderr]    Compiling toml v0.5.5
[INFO] [stderr]    Compiling serde_derive v1.0.102
[INFO] [stderr]    Compiling csv v1.1.1
[INFO] [stderr]    Compiling tinytemplate v1.0.2
[INFO] [stderr]    Compiling version-sync v0.8.1
[INFO] [stderr]    Compiling criterion v0.3.0
[INFO] [stderr]    Compiling genevo v0.5.0 (/opt/rustwide/workdir)
[INFO] [stdout] warning: panic message is not a string literal
[INFO] [stdout]  --> tests/version_numbers.rs:6:5
[INFO] [stdout]   |
[INFO] [stdout] 6 |     assert_markdown_deps_updated!("README.md");
[INFO] [stdout]   |     ^^^^^^^^^^^^^^^^^^^^^^^^^^^^^^^^^^^^^^^^^^^
[INFO] [stdout]   |
[INFO] [stdout]   = note: `#[warn(non_fmt_panic)]` on by default
[INFO] [stdout]   = note: this is no longer accepted in Rust 2021
[INFO] [stdout]   = note: this warning originates in the macro `assert_markdown_deps_updated` (in Nightly builds, run with -Z macro-backtrace for more info)
[INFO] [stdout] 
[INFO] [stdout] 
[INFO] [stdout] warning: panic message is not a string literal
[INFO] [stdout]   --> tests/version_numbers.rs:11:5
[INFO] [stdout]    |
[INFO] [stdout] 11 |     assert_html_root_url_updated!("src/lib.rs");
[INFO] [stdout]    |     ^^^^^^^^^^^^^^^^^^^^^^^^^^^^^^^^^^^^^^^^^^^^
[INFO] [stdout]    |
[INFO] [stdout]    = note: this is no longer accepted in Rust 2021
[INFO] [stdout]    = note: this warning originates in the macro `assert_html_root_url_updated` (in Nightly builds, run with -Z macro-backtrace for more info)
[INFO] [stdout] 
[INFO] [stdout] 
[INFO] [stdout] warning: unused return value of `std::mem::replace` that must be used
[INFO] [stdout]    --> src/ga/mod.rs:219:9
[INFO] [stdout]     |
[INFO] [stdout] 219 |         mem::replace(&mut self.population, Rc::new(next_generation));
[INFO] [stdout]     |         ^^^^^^^^^^^^^^^^^^^^^^^^^^^^^^^^^^^^^^^^^^^^^^^^^^^^^^^^^^^^^
[INFO] [stdout]     |
[INFO] [stdout]     = note: `#[warn(unused_must_use)]` on by default
[INFO] [stdout]     = note: if you don't need the old value, you can just assign the new value directly
[INFO] [stdout] 
[INFO] [stdout] 
[INFO] [stdout] warning: 2 warnings emitted
[INFO] [stdout] 
[INFO] [stdout] 
[INFO] [stdout] warning: 1 warning emitted
[INFO] [stdout] 
[INFO] [stdout] 
[INFO] [stderr]     Finished test [unoptimized + debuginfo] target(s) in 21.37s
[INFO] running `Command { std: "docker" "inspect" "a7b0ff9609deb00449ecaeac8af78e359a0f64457be5ce66dcbfb2212aadee4b", kill_on_drop: false }`
[INFO] running `Command { std: "docker" "rm" "-f" "a7b0ff9609deb00449ecaeac8af78e359a0f64457be5ce66dcbfb2212aadee4b", kill_on_drop: false }`
[INFO] [stdout] a7b0ff9609deb00449ecaeac8af78e359a0f64457be5ce66dcbfb2212aadee4b
[INFO] running `Command { std: "docker" "create" "-v" "/var/lib/crater-agent-workspace/builds/worker-47/target:/opt/rustwide/target:rw,Z" "-v" "/var/lib/crater-agent-workspace/builds/worker-47/source:/opt/rustwide/workdir:ro,Z" "-v" "/var/lib/crater-agent-workspace/cargo-home:/opt/rustwide/cargo-home:ro,Z" "-v" "/var/lib/crater-agent-workspace/rustup-home:/opt/rustwide/rustup-home:ro,Z" "-e" "SOURCE_DIR=/opt/rustwide/workdir" "-e" "CARGO_TARGET_DIR=/opt/rustwide/target" "-e" "CARGO_INCREMENTAL=0" "-e" "RUST_BACKTRACE=full" "-e" "RUSTFLAGS=--cap-lints=warn" "-e" "CARGO_HOME=/opt/rustwide/cargo-home" "-e" "RUSTUP_HOME=/opt/rustwide/rustup-home" "-w" "/opt/rustwide/workdir" "-m" "1610612736" "--user" "0:0" "--network" "none" "ghcr.io/rust-lang/crates-build-env/linux@sha256:34b6a614d2c27851fe6cbf88fbd1137609cefab8b10d0615aaeb6fd47975d74e" "/opt/rustwide/cargo-home/bin/cargo" "+1.54.0" "test" "--frozen", kill_on_drop: false }`
[INFO] [stdout] 8eba15532d55951ed4f89551c78e81403157948453c795cc74cf8159a15a142c
[INFO] running `Command { std: "docker" "start" "-a" "8eba15532d55951ed4f89551c78e81403157948453c795cc74cf8159a15a142c", kill_on_drop: false }`
[INFO] [stderr] warning: unused return value of `std::mem::replace` that must be used
[INFO] [stderr]    --> src/ga/mod.rs:219:9
[INFO] [stderr]     |
[INFO] [stderr] 219 |         mem::replace(&mut self.population, Rc::new(next_generation));
[INFO] [stderr]     |         ^^^^^^^^^^^^^^^^^^^^^^^^^^^^^^^^^^^^^^^^^^^^^^^^^^^^^^^^^^^^^
[INFO] [stderr]     |
[INFO] [stderr]     = note: `#[warn(unused_must_use)]` on by default
[INFO] [stderr]     = note: if you don't need the old value, you can just assign the new value directly
[INFO] [stderr] 
[INFO] [stderr] warning: 1 warning emitted
[INFO] [stderr] 
[INFO] [stderr] warning: panic message is not a string literal
[INFO] [stderr]  --> tests/version_numbers.rs:6:5
[INFO] [stderr]   |
[INFO] [stderr] 6 |     assert_markdown_deps_updated!("README.md");
[INFO] [stderr]   |     ^^^^^^^^^^^^^^^^^^^^^^^^^^^^^^^^^^^^^^^^^^^
[INFO] [stderr]   |
[INFO] [stderr]   = note: `#[warn(non_fmt_panic)]` on by default
[INFO] [stderr]   = note: this is no longer accepted in Rust 2021
[INFO] [stderr]   = note: this warning originates in the macro `assert_markdown_deps_updated` (in Nightly builds, run with -Z macro-backtrace for more info)
[INFO] [stderr] 
[INFO] [stderr] warning: panic message is not a string literal
[INFO] [stderr]   --> tests/version_numbers.rs:11:5
[INFO] [stderr]    |
[INFO] [stderr] 11 |     assert_html_root_url_updated!("src/lib.rs");
[INFO] [stderr]    |     ^^^^^^^^^^^^^^^^^^^^^^^^^^^^^^^^^^^^^^^^^^^^
[INFO] [stderr]    |
[INFO] [stderr]    = note: this is no longer accepted in Rust 2021
[INFO] [stderr]    = note: this warning originates in the macro `assert_html_root_url_updated` (in Nightly builds, run with -Z macro-backtrace for more info)
[INFO] [stderr] 
[INFO] [stderr] warning: 2 warnings emitted
[INFO] [stderr] 
[INFO] [stderr] warning: unused return value of `std::mem::replace` that must be used
[INFO] [stderr]    --> src/ga/mod.rs:219:9
[INFO] [stderr]     |
[INFO] [stderr] 219 |         mem::replace(&mut self.population, Rc::new(next_generation));
[INFO] [stderr]     |         ^^^^^^^^^^^^^^^^^^^^^^^^^^^^^^^^^^^^^^^^^^^^^^^^^^^^^^^^^^^^^
[INFO] [stderr]     |
[INFO] [stderr]     = note: `#[warn(unused_must_use)]` on by default
[INFO] [stderr]     = note: if you don't need the old value, you can just assign the new value directly
[INFO] [stderr] 
[INFO] [stderr] warning: 1 warning emitted
[INFO] [stderr] 
[INFO] [stderr]     Finished test [unoptimized + debuginfo] target(s) in 0.20s
[INFO] [stderr]      Running unittests (/opt/rustwide/target/debug/deps/genevo-b9318dff14fdcfc9)
[INFO] [stdout] 
[INFO] [stdout] running 85 tests
[INFO] [stdout] test recombination::order::tests::order_one_crossover_cutpoints_3_6 ... ok
[INFO] [stdout] test recombination::order::tests::order_one_crossover_cutpoints_0_7 ... ok
[INFO] [stdout] test recombination::order::tests::partial_mapped_crossover_cutpoints_1_8 ... ok
[INFO] [stdout] test types::fmt::tests::duration_fmt_1d_1h_1m ... ok
[INFO] [stdout] test recombination::order::tests::order_one_crossover_cutpoints_0_8 ... ok
[INFO] [stdout] test types::fmt::tests::duration_fmt_1000w_6d_23h_59m_59s_999ms_999999ns ... ok
[INFO] [stdout] test recombination::order::tests::order_one_crossover_cutpoints_1_8 ... ok
[INFO] [stdout] test recombination::order::tests::order_one_crossover_cutpoints_1_7 ... ok
[INFO] [stdout] test random::tests::weighted_distribution::weighted_distribution_select ... ok
[INFO] [stdout] test recombination::order::tests::order_one_crossover_cutpoints_0_0 ... ok
[INFO] [stdout] test types::fmt::tests::duration_fmt_1d_1h_1s ... ok
[INFO] [stdout] test statistic::tests::timed_fn::timed_function_calls_measure_time_in_nanoseconds ... ok
[INFO] [stdout] test recombination::order::tests::partial_mapped_crossover_cutpoints_0_8 ... ok
[INFO] [stdout] test recombination::order::tests::partial_mapped_crossover_cutpoints_3_6 ... ok
[INFO] [stdout] test types::fmt::tests::duration_fmt_1d ... ok
[INFO] [stdout] test types::fmt::tests::duration_fmt_1d_1h ... ok
[INFO] [stdout] test recombination::order::tests::partial_mapped_crossover_cutpoints_0_0 ... ok
[INFO] [stdout] test recombination::order::tests::partial_mapped_crossover_cutpoints_1_7 ... ok
[INFO] [stdout] test types::fmt::tests::duration_fmt_1000ns ... ok
[INFO] [stdout] test types::fmt::tests::duration_fmt_1d_1m_1s ... ok
[INFO] [stdout] test types::fmt::tests::duration_fmt_1d_1s ... ok
[INFO] [stdout] test types::fmt::tests::duration_fmt_1h_0m_1s ... ok
[INFO] [stdout] test types::fmt::tests::duration_fmt_1h_1s ... ok
[INFO] [stdout] test types::fmt::tests::duration_fmt_1m_1000ns ... ok
[INFO] [stdout] test types::fmt::tests::duration_fmt_1m_1s ... ok
[INFO] [stdout] test types::fmt::tests::duration_fmt_1h_1m_1s ... ok
[INFO] [stdout] test types::fmt::tests::duration_fmt_1ns ... ok
[INFO] [stdout] test types::fmt::tests::duration_fmt_1m ... ok
[INFO] [stdout] test types::fmt::tests::duration_fmt_1m_1ms ... ok
[INFO] [stdout] test types::fmt::tests::duration_fmt_1s_1ms_1ns ... ok
[INFO] [stdout] test types::fmt::tests::duration_fmt_1s_1ms_1000ns ... ok
[INFO] [stdout] test types::fmt::tests::duration_fmt_1w_6d ... ok
[INFO] [stdout] test types::fmt::tests::duration_fmt_2w ... ok
[INFO] [stdout] test types::fmt::tests::duration_fmt_2w_1d ... ok
[INFO] [stdout] test types::fmt::tests::duration_fmt_1w_999ms ... ok
[INFO] [stdout] test types::fmt::tests::duration_fmt_1w ... ok
[INFO] [stdout] test types::fmt::tests::duration_fmt_1s ... ok
[INFO] [stdout] test types::fmt::tests::duration_fmt_1s_1ms ... ok
[INFO] [stdout] test types::fmt::tests::duration_fmt_6d ... ok
[INFO] [stdout] test types::fmt::tests::duration_fmt_1ms ... ok
[INFO] [stdout] test types::fmt::tests::duration_fmt_1h ... ok
[INFO] [stdout] test recombination::order::tests::partial_mapped_crossover_cutpoints_0_7 ... ok
[INFO] [stdout] test types::fmt::tests::duration_fmt_max ... ok
[INFO] [stdout] test types::fmt::tests::duration_fmt_min ... ok
[INFO] [stdout] test types::fmt::tests::duration_fmt_999ms_999999ns ... ok
[INFO] [stdout] test types::fmt::tests::duration_fmt_zero ... ok
[INFO] [stdout] test random::tests::random_cut_points_from_range::in_random_cut_points_from_range_cutpoint1_is_smaller_than_cutpoint2 ... ok
[INFO] [stdout] test types::tests::abs_diff_of_signed_19_and_neg23 ... ok
[INFO] [stdout] test types::tests::abs_diff_of_signed_0_and_neg1 ... ok
[INFO] [stdout] test types::tests::abs_diff_of_signed_max_and_1 ... ok
[INFO] [stdout] test random::tests::random_cut_points_from_range::in_random_cut_points_from_range_cutpoint2_is_not_greater_than_max_of_range ... ok
[INFO] [stdout] test types::tests::abs_diff_of_signed_0_and_0 ... ok
[INFO] [stdout] test random::tests::random_cut_points_from_range::in_random_cut_points_from_range_cutpoint1_is_not_smaller_than_min_of_range ... ok
[INFO] [stdout] test types::tests::abs_diff_of_signed_1_and_neg1 ... ok
[INFO] [stdout] test types::tests::abs_diff_of_signed_19_and_61 ... ok
[INFO] [stdout] test types::tests::abs_diff_of_signed_1_and_0 ... ok
[INFO] [stdout] test types::tests::abs_diff_of_signed_1_and_max ... ok
[INFO] [stdout] test random::tests::random_cut_points_from_range::in_random_cut_points_from_range_delta_between_cutpoints_is_smaller_than_range_minus_2 ... ok
[INFO] [stdout] test types::tests::abs_diff_of_signed_neg19_and_23 ... ok
[INFO] [stdout] test types::tests::abs_diff_of_signed_neg1_and_0 ... ok
[INFO] [stdout] test types::tests::abs_diff_of_signed_61_and_19 ... ok
[INFO] [stdout] test types::tests::abs_diff_of_signed_0_and_1 ... ok
[INFO] [stdout] test types::tests::abs_diff_of_signed_neg1_and_1 ... ok
[INFO] [stdout] test types::tests::abs_diff_of_unsigned_0_and_0 ... ok
[INFO] [stdout] test types::tests::abs_diff_of_unsigned_1_and_0 ... ok
[INFO] [stdout] test types::tests::abs_diff_of_unsigned_19_and_61 ... ok
[INFO] [stdout] test types::tests::abs_diff_of_unsigned_1_and_max ... ok
[INFO] [stdout] test types::tests::abs_diff_of_unsigned_max_and_1 ... ok
[INFO] [stdout] test types::tests::abs_diff_of_unsigned_61_and_19 ... ok
[INFO] [stdout] test types::tests::abs_diff_of_unsigned_0_and_1 ... ok
[INFO] [stdout] test statistic::tests::timed_fn::timed_function_calls_return_a_time_greater_0 ... ok
[INFO] [stdout] test random::tests::random_n_cut_points::random_n_cut_points_0_4 - should panic ... ok
[INFO] [stdout] test random::tests::random_cut_points_from_range::random_cut_points_from_range_0_to_3 - should panic ... ok
[INFO] [stdout] test random::tests::random_cut_points_from_range::random_cut_points_from_range_4_to_4 - should panic ... ok
[INFO] [stdout] test random::tests::random_n_cut_points::random_n_cut_points_3_4 - should panic ... ok
[INFO] [stdout] test types::tests::abs_diff_of_signed_max_and_neg1i8 - should panic ... ok
[INFO] [stdout] test types::tests::abs_diff_of_signed_max_and_neg1i32 - should panic ... ok
[INFO] [stdout] test types::tests::abs_diff_of_signed_max_and_neg1i16 - should panic ... ok
[INFO] [stdout] test types::tests::abs_diff_of_signed_max_and_neg1i64 - should panic ... ok
[INFO] [stdout] test types::tests::abs_diff_of_signed_neg1i16_and_max - should panic ... FAILED
[INFO] [stdout] test types::tests::abs_diff_of_signed_neg1i32_and_max - should panic ... FAILED
[INFO] [stdout] test types::tests::abs_diff_of_signed_neg1i64_and_max - should panic ... FAILED
[INFO] [stdout] test types::tests::abs_diff_of_signed_neg1i8_and_max - should panic ... FAILED
[INFO] [stdout] test random::tests::random_n_cut_points::in_random_n_cut_points_cutpoints_are_ordered_ascending ... ok
[INFO] [stdout] test population::tests::population_builder::builds_a_population_of_any_number_of_vec_of_bool_genomes ... ok
[INFO] [stdout] 
[INFO] [stdout] failures:
[INFO] [stdout] 
[INFO] [stdout] ---- types::tests::abs_diff_of_signed_neg1i16_and_max stdout ----
[INFO] [stdout] thread 'types::tests::abs_diff_of_signed_neg1i16_and_max' panicked at 'attempt to negate with overflow', /rustc/a178d0322ce20e33eac124758e837cbd80a6f633/library/core/src/num/mod.rs:98:5
[INFO] [stdout] stack backtrace:
[INFO] [stdout]    0:     0x55cbf1e951d0 - std::backtrace_rs::backtrace::libunwind::trace::h34055254b57d8e79
[INFO] [stdout]                                at /rustc/a178d0322ce20e33eac124758e837cbd80a6f633/library/std/src/../../backtrace/src/backtrace/libunwind.rs:90:5
[INFO] [stdout]    1:     0x55cbf1e951d0 - std::backtrace_rs::backtrace::trace_unsynchronized::h8f1e3fbd9afff6ec
[INFO] [stdout]                                at /rustc/a178d0322ce20e33eac124758e837cbd80a6f633/library/std/src/../../backtrace/src/backtrace/mod.rs:66:5
[INFO] [stdout]    2:     0x55cbf1e951d0 - std::sys_common::backtrace::_print_fmt::h3a99a796b770c360
[INFO] [stdout]                                at /rustc/a178d0322ce20e33eac124758e837cbd80a6f633/library/std/src/sys_common/backtrace.rs:67:5
[INFO] [stdout]    3:     0x55cbf1e951d0 - <std::sys_common::backtrace::_print::DisplayBacktrace as core::fmt::Display>::fmt::h32d1f94a80615d18
[INFO] [stdout]                                at /rustc/a178d0322ce20e33eac124758e837cbd80a6f633/library/std/src/sys_common/backtrace.rs:46:22
[INFO] [stdout]    4:     0x55cbf1eb889c - core::fmt::write::h306731c068f7162c
[INFO] [stdout]                                at /rustc/a178d0322ce20e33eac124758e837cbd80a6f633/library/core/src/fmt/mod.rs:1110:17
[INFO] [stdout]    5:     0x55cbf1e914d5 - std::io::Write::write_fmt::h87f19b0a2cd190bc
[INFO] [stdout]                                at /rustc/a178d0322ce20e33eac124758e837cbd80a6f633/library/std/src/io/mod.rs:1588:15
[INFO] [stdout]    6:     0x55cbf1e9755b - std::sys_common::backtrace::_print::h5abaa2601a852287
[INFO] [stdout]                                at /rustc/a178d0322ce20e33eac124758e837cbd80a6f633/library/std/src/sys_common/backtrace.rs:49:5
[INFO] [stdout]    7:     0x55cbf1e9755b - std::sys_common::backtrace::print::h8d81445442bb638f
[INFO] [stdout]                                at /rustc/a178d0322ce20e33eac124758e837cbd80a6f633/library/std/src/sys_common/backtrace.rs:36:9
[INFO] [stdout]    8:     0x55cbf1e9755b - std::panicking::default_hook::{{closure}}::hcfe804496a9fa747
[INFO] [stdout]                                at /rustc/a178d0322ce20e33eac124758e837cbd80a6f633/library/std/src/panicking.rs:208:50
[INFO] [stdout]    9:     0x55cbf1e9706c - std::panicking::default_hook::hbea8e3ccf2ba8901
[INFO] [stdout]                                at /rustc/a178d0322ce20e33eac124758e837cbd80a6f633/library/std/src/panicking.rs:222:9
[INFO] [stdout]   10:     0x55cbf1e97c24 - std::panicking::rust_panic_with_hook::h7ee9e1a2d0f8975a
[INFO] [stdout]                                at /rustc/a178d0322ce20e33eac124758e837cbd80a6f633/library/std/src/panicking.rs:622:17
[INFO] [stdout]   11:     0x55cbf1e976d7 - std::panicking::begin_panic_handler::{{closure}}::h8ab3b4491718b2c7
[INFO] [stdout]                                at /rustc/a178d0322ce20e33eac124758e837cbd80a6f633/library/std/src/panicking.rs:517:13
[INFO] [stdout]   12:     0x55cbf1e956cc - std::sys_common::backtrace::__rust_end_short_backtrace::hd489062ffa586a9f
[INFO] [stdout]                                at /rustc/a178d0322ce20e33eac124758e837cbd80a6f633/library/std/src/sys_common/backtrace.rs:141:18
[INFO] [stdout]   13:     0x55cbf1e97669 - rust_begin_unwind
[INFO] [stdout]                                at /rustc/a178d0322ce20e33eac124758e837cbd80a6f633/library/std/src/panicking.rs:515:5
[INFO] [stdout]   14:     0x55cbf1c82ac1 - core::panicking::panic_fmt::hca6330e3e14086b4
[INFO] [stdout]                                at /rustc/a178d0322ce20e33eac124758e837cbd80a6f633/library/core/src/panicking.rs:92:14
[INFO] [stdout]   15:     0x55cbf1c82a0d - core::panicking::panic::h1a48d878ff3dcd40
[INFO] [stdout]                                at /rustc/a178d0322ce20e33eac124758e837cbd80a6f633/library/core/src/panicking.rs:50:5
[INFO] [stdout]   16:     0x55cbf1cf5374 - core::num::<impl i16>::abs::h703d471d1dee63ab
[INFO] [stdout]                                at /rustc/a178d0322ce20e33eac124758e837cbd80a6f633/library/core/src/num/int_macros.rs:1779:17
[INFO] [stdout]   17:     0x55cbf1cfa1da - genevo::types::<impl genevo::genetic::Fitness for i16>::abs_diff::h39748b429068d5ab
[INFO] [stdout]                                at /opt/rustwide/workdir/src/types/mod.rs:34:21
[INFO] [stdout]   18:     0x55cbf1ccd01a - genevo::types::tests::abs_diff_of_signed_neg1i16_and_max::he52a60126273afaf
[INFO] [stdout]                                at /opt/rustwide/workdir/src/types/tests.rs:153:19
[INFO] [stdout]   19:     0x55cbf1cccfda - genevo::types::tests::abs_diff_of_signed_neg1i16_and_max::{{closure}}::hbc1a8582c1c520d3
[INFO] [stdout]                                at /opt/rustwide/workdir/src/types/tests.rs:152:1
[INFO] [stdout]   20:     0x55cbf1cf69de - core::ops::function::FnOnce::call_once::h8ebed4ea1ff947c7
[INFO] [stdout]                                at /rustc/a178d0322ce20e33eac124758e837cbd80a6f633/library/core/src/ops/function.rs:227:5
[INFO] [stdout]   21:     0x55cbf1d65523 - core::ops::function::FnOnce::call_once::h152e7e439ff59e19
[INFO] [stdout]                                at /rustc/a178d0322ce20e33eac124758e837cbd80a6f633/library/core/src/ops/function.rs:227:5
[INFO] [stdout]   22:     0x55cbf1d65523 - test::__rust_begin_short_backtrace::h0908f3b1fdbb72ab
[INFO] [stdout]                                at /rustc/a178d0322ce20e33eac124758e837cbd80a6f633/library/test/src/lib.rs:577:5
[INFO] [stdout]   23:     0x55cbf1d63fe0 - <alloc::boxed::Box<F,A> as core::ops::function::FnOnce<Args>>::call_once::hf6d2a51e5587546c
[INFO] [stdout]                                at /rustc/a178d0322ce20e33eac124758e837cbd80a6f633/library/alloc/src/boxed.rs:1575:9
[INFO] [stdout]   24:     0x55cbf1d63fe0 - <std::panic::AssertUnwindSafe<F> as core::ops::function::FnOnce<()>>::call_once::h8af660f3a89ef593
[INFO] [stdout]                                at /rustc/a178d0322ce20e33eac124758e837cbd80a6f633/library/std/src/panic.rs:347:9
[INFO] [stdout]   25:     0x55cbf1d63fe0 - std::panicking::try::do_call::hd36aef60f84b6d36
[INFO] [stdout]                                at /rustc/a178d0322ce20e33eac124758e837cbd80a6f633/library/std/src/panicking.rs:401:40
[INFO] [stdout]   26:     0x55cbf1d63fe0 - std::panicking::try::h9932b4480e69817c
[INFO] [stdout]                                at /rustc/a178d0322ce20e33eac124758e837cbd80a6f633/library/std/src/panicking.rs:365:19
[INFO] [stdout]   27:     0x55cbf1d63fe0 - std::panic::catch_unwind::h6aa177099cfff5f8
[INFO] [stdout]                                at /rustc/a178d0322ce20e33eac124758e837cbd80a6f633/library/std/src/panic.rs:434:14
[INFO] [stdout]   28:     0x55cbf1d63fe0 - test::run_test_in_process::h5884d6f2d99e20c3
[INFO] [stdout]                                at /rustc/a178d0322ce20e33eac124758e837cbd80a6f633/library/test/src/lib.rs:600:18
[INFO] [stdout]   29:     0x55cbf1d63fe0 - test::run_test::run_test_inner::{{closure}}::h6fdc58c6d5f5b6e3
[INFO] [stdout]                                at /rustc/a178d0322ce20e33eac124758e837cbd80a6f633/library/test/src/lib.rs:492:39
[INFO] [stdout]   30:     0x55cbf1d3d692 - test::run_test::run_test_inner::{{closure}}::h408365d67a78ade8
[INFO] [stdout]                                at /rustc/a178d0322ce20e33eac124758e837cbd80a6f633/library/test/src/lib.rs:519:37
[INFO] [stdout]   31:     0x55cbf1d3d692 - std::sys_common::backtrace::__rust_begin_short_backtrace::hb560b77c4f701523
[INFO] [stdout]                                at /rustc/a178d0322ce20e33eac124758e837cbd80a6f633/library/std/src/sys_common/backtrace.rs:125:18
[INFO] [stdout]   32:     0x55cbf1d41248 - std::thread::Builder::spawn_unchecked::{{closure}}::{{closure}}::hf2e7831dad93c597
[INFO] [stdout]                                at /rustc/a178d0322ce20e33eac124758e837cbd80a6f633/library/std/src/thread/mod.rs:481:17
[INFO] [stdout]   33:     0x55cbf1d41248 - <std::panic::AssertUnwindSafe<F> as core::ops::function::FnOnce<()>>::call_once::hd2e08783d8be4d02
[INFO] [stdout]                                at /rustc/a178d0322ce20e33eac124758e837cbd80a6f633/library/std/src/panic.rs:347:9
[INFO] [stdout]   34:     0x55cbf1d41248 - std::panicking::try::do_call::h062597b7acfd6b82
[INFO] [stdout]                                at /rustc/a178d0322ce20e33eac124758e837cbd80a6f633/library/std/src/panicking.rs:401:40
[INFO] [stdout]   35:     0x55cbf1d41248 - std::panicking::try::h0d7b79db04c14552
[INFO] [stdout]                                at /rustc/a178d0322ce20e33eac124758e837cbd80a6f633/library/std/src/panicking.rs:365:19
[INFO] [stdout]   36:     0x55cbf1d41248 - std::panic::catch_unwind::hb01a0b5e7c8cd43b
[INFO] [stdout]                                at /rustc/a178d0322ce20e33eac124758e837cbd80a6f633/library/std/src/panic.rs:434:14
[INFO] [stdout]   37:     0x55cbf1d41248 - std::thread::Builder::spawn_unchecked::{{closure}}::h5bde48cc887e0d1e
[INFO] [stdout]                                at /rustc/a178d0322ce20e33eac124758e837cbd80a6f633/library/std/src/thread/mod.rs:480:30
[INFO] [stdout]   38:     0x55cbf1d41248 - core::ops::function::FnOnce::call_once{{vtable.shim}}::h745ea30807a29e55
[INFO] [stdout]                                at /rustc/a178d0322ce20e33eac124758e837cbd80a6f633/library/core/src/ops/function.rs:227:5
[INFO] [stdout]   39:     0x55cbf1e9ce67 - <alloc::boxed::Box<F,A> as core::ops::function::FnOnce<Args>>::call_once::h7ece6cfefaff1005
[INFO] [stdout]                                at /rustc/a178d0322ce20e33eac124758e837cbd80a6f633/library/alloc/src/boxed.rs:1575:9
[INFO] [stdout]   40:     0x55cbf1e9ce67 - <alloc::boxed::Box<F,A> as core::ops::function::FnOnce<Args>>::call_once::hb8b48e55c21f193e
[INFO] [stdout]                                at /rustc/a178d0322ce20e33eac124758e837cbd80a6f633/library/alloc/src/boxed.rs:1575:9
[INFO] [stdout]   41:     0x55cbf1e9ce67 - std::sys::unix::thread::Thread::new::thread_start::h8c7c4450dba62914
[INFO] [stdout]                                at /rustc/a178d0322ce20e33eac124758e837cbd80a6f633/library/std/src/sys/unix/thread.rs:71:17
[INFO] [stdout]   42:     0x7f25ea705609 - start_thread
[INFO] [stdout]   43:     0x7f25ea4d7293 - clone
[INFO] [stdout]   44:                0x0 - <unknown>
[INFO] [stdout] note: panic did not contain expected string
[INFO] [stdout]       panic message: `"attempt to negate with overflow"`,
[INFO] [stdout]  expected substring: `"attempt to subtract with overflow"`
[INFO] [stdout] ---- types::tests::abs_diff_of_signed_neg1i32_and_max stdout ----
[INFO] [stdout] thread 'types::tests::abs_diff_of_signed_neg1i32_and_max' panicked at 'attempt to negate with overflow', /rustc/a178d0322ce20e33eac124758e837cbd80a6f633/library/core/src/num/mod.rs:104:5
[INFO] [stdout] stack backtrace:
[INFO] [stdout]    0:     0x55cbf1e951d0 - std::backtrace_rs::backtrace::libunwind::trace::h34055254b57d8e79
[INFO] [stdout]                                at /rustc/a178d0322ce20e33eac124758e837cbd80a6f633/library/std/src/../../backtrace/src/backtrace/libunwind.rs:90:5
[INFO] [stdout]    1:     0x55cbf1e951d0 - std::backtrace_rs::backtrace::trace_unsynchronized::h8f1e3fbd9afff6ec
[INFO] [stdout]                                at /rustc/a178d0322ce20e33eac124758e837cbd80a6f633/library/std/src/../../backtrace/src/backtrace/mod.rs:66:5
[INFO] [stdout]    2:     0x55cbf1e951d0 - std::sys_common::backtrace::_print_fmt::h3a99a796b770c360
[INFO] [stdout]                                at /rustc/a178d0322ce20e33eac124758e837cbd80a6f633/library/std/src/sys_common/backtrace.rs:67:5
[INFO] [stdout]    3:     0x55cbf1e951d0 - <std::sys_common::backtrace::_print::DisplayBacktrace as core::fmt::Display>::fmt::h32d1f94a80615d18
[INFO] [stdout]                                at /rustc/a178d0322ce20e33eac124758e837cbd80a6f633/library/std/src/sys_common/backtrace.rs:46:22
[INFO] [stdout]    4:     0x55cbf1eb889c - core::fmt::write::h306731c068f7162c
[INFO] [stdout]                                at /rustc/a178d0322ce20e33eac124758e837cbd80a6f633/library/core/src/fmt/mod.rs:1110:17
[INFO] [stdout]    5:     0x55cbf1e914d5 - std::io::Write::write_fmt::h87f19b0a2cd190bc
[INFO] [stdout]                                at /rustc/a178d0322ce20e33eac124758e837cbd80a6f633/library/std/src/io/mod.rs:1588:15
[INFO] [stdout]    6:     0x55cbf1e9755b - std::sys_common::backtrace::_print::h5abaa2601a852287
[INFO] [stdout]                                at /rustc/a178d0322ce20e33eac124758e837cbd80a6f633/library/std/src/sys_common/backtrace.rs:49:5
[INFO] [stdout]    7:     0x55cbf1e9755b - std::sys_common::backtrace::print::h8d81445442bb638f
[INFO] [stdout]                                at /rustc/a178d0322ce20e33eac124758e837cbd80a6f633/library/std/src/sys_common/backtrace.rs:36:9
[INFO] [stdout]    8:     0x55cbf1e9755b - std::panicking::default_hook::{{closure}}::hcfe804496a9fa747
[INFO] [stdout]                                at /rustc/a178d0322ce20e33eac124758e837cbd80a6f633/library/std/src/panicking.rs:208:50
[INFO] [stdout]    9:     0x55cbf1e9706c - std::panicking::default_hook::hbea8e3ccf2ba8901
[INFO] [stdout]                                at /rustc/a178d0322ce20e33eac124758e837cbd80a6f633/library/std/src/panicking.rs:222:9
[INFO] [stdout]   10:     0x55cbf1e97c24 - std::panicking::rust_panic_with_hook::h7ee9e1a2d0f8975a
[INFO] [stdout]                                at /rustc/a178d0322ce20e33eac124758e837cbd80a6f633/library/std/src/panicking.rs:622:17
[INFO] [stdout]   11:     0x55cbf1e976d7 - std::panicking::begin_panic_handler::{{closure}}::h8ab3b4491718b2c7
[INFO] [stdout]                                at /rustc/a178d0322ce20e33eac124758e837cbd80a6f633/library/std/src/panicking.rs:517:13
[INFO] [stdout]   12:     0x55cbf1e956cc - std::sys_common::backtrace::__rust_end_short_backtrace::hd489062ffa586a9f
[INFO] [stdout]                                at /rustc/a178d0322ce20e33eac124758e837cbd80a6f633/library/std/src/sys_common/backtrace.rs:141:18
[INFO] [stdout]   13:     0x55cbf1e97669 - rust_begin_unwind
[INFO] [stdout]                                at /rustc/a178d0322ce20e33eac124758e837cbd80a6f633/library/std/src/panicking.rs:515:5
[INFO] [stdout]   14:     0x55cbf1c82ac1 - core::panicking::panic_fmt::hca6330e3e14086b4
[INFO] [stdout]                                at /rustc/a178d0322ce20e33eac124758e837cbd80a6f633/library/core/src/panicking.rs:92:14
[INFO] [stdout]   15:     0x55cbf1c82a0d - core::panicking::panic::h1a48d878ff3dcd40
[INFO] [stdout]                                at /rustc/a178d0322ce20e33eac124758e837cbd80a6f633/library/core/src/panicking.rs:50:5
[INFO] [stdout]   16:     0x55cbf1cf53e8 - core::num::<impl i32>::abs::h9031b157d7630043
[INFO] [stdout]                                at /rustc/a178d0322ce20e33eac124758e837cbd80a6f633/library/core/src/num/int_macros.rs:1779:17
[INFO] [stdout]   17:     0x55cbf1cfa214 - genevo::types::<impl genevo::genetic::Fitness for i32>::abs_diff::hfc4effd94fb48227
[INFO] [stdout]                                at /opt/rustwide/workdir/src/types/mod.rs:34:21
[INFO] [stdout]   18:     0x55cbf1ccd63a - genevo::types::tests::abs_diff_of_signed_neg1i32_and_max::h4a1ac7e5f21c6662
[INFO] [stdout]                                at /opt/rustwide/workdir/src/types/tests.rs:159:19
[INFO] [stdout]   19:     0x55cbf1ccd5fa - genevo::types::tests::abs_diff_of_signed_neg1i32_and_max::{{closure}}::h251ff7e6bbc66ec6
[INFO] [stdout]                                at /opt/rustwide/workdir/src/types/tests.rs:158:1
[INFO] [stdout]   20:     0x55cbf1cf68de - core::ops::function::FnOnce::call_once::h8307d47697b635e4
[INFO] [stdout]                                at /rustc/a178d0322ce20e33eac124758e837cbd80a6f633/library/core/src/ops/function.rs:227:5
[INFO] [stdout]   21:     0x55cbf1d65523 - core::ops::function::FnOnce::call_once::h152e7e439ff59e19
[INFO] [stdout]                                at /rustc/a178d0322ce20e33eac124758e837cbd80a6f633/library/core/src/ops/function.rs:227:5
[INFO] [stdout]   22:     0x55cbf1d65523 - test::__rust_begin_short_backtrace::h0908f3b1fdbb72ab
[INFO] [stdout]                                at /rustc/a178d0322ce20e33eac124758e837cbd80a6f633/library/test/src/lib.rs:577:5
[INFO] [stdout]   23:     0x55cbf1d63fe0 - <alloc::boxed::Box<F,A> as core::ops::function::FnOnce<Args>>::call_once::hf6d2a51e5587546c
[INFO] [stdout]                                at /rustc/a178d0322ce20e33eac124758e837cbd80a6f633/library/alloc/src/boxed.rs:1575:9
[INFO] [stdout]   24:     0x55cbf1d63fe0 - <std::panic::AssertUnwindSafe<F> as core::ops::function::FnOnce<()>>::call_once::h8af660f3a89ef593
[INFO] [stdout]                                at /rustc/a178d0322ce20e33eac124758e837cbd80a6f633/library/std/src/panic.rs:347:9
[INFO] [stdout]   25:     0x55cbf1d63fe0 - std::panicking::try::do_call::hd36aef60f84b6d36
[INFO] [stdout]                                at /rustc/a178d0322ce20e33eac124758e837cbd80a6f633/library/std/src/panicking.rs:401:40
[INFO] [stdout]   26:     0x55cbf1d63fe0 - std::panicking::try::h9932b4480e69817c
[INFO] [stdout]                                at /rustc/a178d0322ce20e33eac124758e837cbd80a6f633/library/std/src/panicking.rs:365:19
[INFO] [stdout]   27:     0x55cbf1d63fe0 - std::panic::catch_unwind::h6aa177099cfff5f8
[INFO] [stdout]                                at /rustc/a178d0322ce20e33eac124758e837cbd80a6f633/library/std/src/panic.rs:434:14
[INFO] [stdout]   28:     0x55cbf1d63fe0 - test::run_test_in_process::h5884d6f2d99e20c3
[INFO] [stdout]                                at /rustc/a178d0322ce20e33eac124758e837cbd80a6f633/library/test/src/lib.rs:600:18
[INFO] [stdout]   29:     0x55cbf1d63fe0 - test::run_test::run_test_inner::{{closure}}::h6fdc58c6d5f5b6e3
[INFO] [stdout]                                at /rustc/a178d0322ce20e33eac124758e837cbd80a6f633/library/test/src/lib.rs:492:39
[INFO] [stdout]   30:     0x55cbf1d3d692 - test::run_test::run_test_inner::{{closure}}::h408365d67a78ade8
[INFO] [stdout]                                at /rustc/a178d0322ce20e33eac124758e837cbd80a6f633/library/test/src/lib.rs:519:37
[INFO] [stdout]   31:     0x55cbf1d3d692 - std::sys_common::backtrace::__rust_begin_short_backtrace::hb560b77c4f701523
[INFO] [stdout]                                at /rustc/a178d0322ce20e33eac124758e837cbd80a6f633/library/std/src/sys_common/backtrace.rs:125:18
[INFO] [stdout]   32:     0x55cbf1d41248 - std::thread::Builder::spawn_unchecked::{{closure}}::{{closure}}::hf2e7831dad93c597
[INFO] [stdout]                                at /rustc/a178d0322ce20e33eac124758e837cbd80a6f633/library/std/src/thread/mod.rs:481:17
[INFO] [stdout]   33:     0x55cbf1d41248 - <std::panic::AssertUnwindSafe<F> as core::ops::function::FnOnce<()>>::call_once::hd2e08783d8be4d02
[INFO] [stdout]                                at /rustc/a178d0322ce20e33eac124758e837cbd80a6f633/library/std/src/panic.rs:347:9
[INFO] [stdout]   34:     0x55cbf1d41248 - std::panicking::try::do_call::h062597b7acfd6b82
[INFO] [stdout]                                at /rustc/a178d0322ce20e33eac124758e837cbd80a6f633/library/std/src/panicking.rs:401:40
[INFO] [stdout]   35:     0x55cbf1d41248 - std::panicking::try::h0d7b79db04c14552
[INFO] [stdout]                                at /rustc/a178d0322ce20e33eac124758e837cbd80a6f633/library/std/src/panicking.rs:365:19
[INFO] [stdout]   36:     0x55cbf1d41248 - std::panic::catch_unwind::hb01a0b5e7c8cd43b
[INFO] [stdout]                                at /rustc/a178d0322ce20e33eac124758e837cbd80a6f633/library/std/src/panic.rs:434:14
[INFO] [stdout]   37:     0x55cbf1d41248 - std::thread::Builder::spawn_unchecked::{{closure}}::h5bde48cc887e0d1e
[INFO] [stdout]                                at /rustc/a178d0322ce20e33eac124758e837cbd80a6f633/library/std/src/thread/mod.rs:480:30
[INFO] [stdout]   38:     0x55cbf1d41248 - core::ops::function::FnOnce::call_once{{vtable.shim}}::h745ea30807a29e55
[INFO] [stdout]                                at /rustc/a178d0322ce20e33eac124758e837cbd80a6f633/library/core/src/ops/function.rs:227:5
[INFO] [stdout]   39:     0x55cbf1e9ce67 - <alloc::boxed::Box<F,A> as core::ops::function::FnOnce<Args>>::call_once::h7ece6cfefaff1005
[INFO] [stdout]                                at /rustc/a178d0322ce20e33eac124758e837cbd80a6f633/library/alloc/src/boxed.rs:1575:9
[INFO] [stdout]   40:     0x55cbf1e9ce67 - <alloc::boxed::Box<F,A> as core::ops::function::FnOnce<Args>>::call_once::hb8b48e55c21f193e
[INFO] [stdout]                                at /rustc/a178d0322ce20e33eac124758e837cbd80a6f633/library/alloc/src/boxed.rs:1575:9
[INFO] [stdout]   41:     0x55cbf1e9ce67 - std::sys::unix::thread::Thread::new::thread_start::h8c7c4450dba62914
[INFO] [stdout]                                at /rustc/a178d0322ce20e33eac124758e837cbd80a6f633/library/std/src/sys/unix/thread.rs:71:17
[INFO] [stdout]   42:     0x7f25ea705609 - start_thread
[INFO] [stdout]   43:     0x7f25ea4d7293 - clone
[INFO] [stdout]   44:                0x0 - <unknown>
[INFO] [stdout] note: panic did not contain expected string
[INFO] [stdout]       panic message: `"attempt to negate with overflow"`,
[INFO] [stdout]  expected substring: `"attempt to subtract with overflow"`
[INFO] [stdout] ---- types::tests::abs_diff_of_signed_neg1i64_and_max stdout ----
[INFO] [stdout] thread 'types::tests::abs_diff_of_signed_neg1i64_and_max' panicked at 'attempt to negate with overflow', /rustc/a178d0322ce20e33eac124758e837cbd80a6f633/library/core/src/num/mod.rs:111:5
[INFO] [stdout] stack backtrace:
[INFO] [stdout]    0:     0x55cbf1e951d0 - std::backtrace_rs::backtrace::libunwind::trace::h34055254b57d8e79
[INFO] [stdout]                                at /rustc/a178d0322ce20e33eac124758e837cbd80a6f633/library/std/src/../../backtrace/src/backtrace/libunwind.rs:90:5
[INFO] [stdout]    1:     0x55cbf1e951d0 - std::backtrace_rs::backtrace::trace_unsynchronized::h8f1e3fbd9afff6ec
[INFO] [stdout]                                at /rustc/a178d0322ce20e33eac124758e837cbd80a6f633/library/std/src/../../backtrace/src/backtrace/mod.rs:66:5
[INFO] [stdout]    2:     0x55cbf1e951d0 - std::sys_common::backtrace::_print_fmt::h3a99a796b770c360
[INFO] [stdout]                                at /rustc/a178d0322ce20e33eac124758e837cbd80a6f633/library/std/src/sys_common/backtrace.rs:67:5
[INFO] [stdout]    3:     0x55cbf1e951d0 - <std::sys_common::backtrace::_print::DisplayBacktrace as core::fmt::Display>::fmt::h32d1f94a80615d18
[INFO] [stdout]                                at /rustc/a178d0322ce20e33eac124758e837cbd80a6f633/library/std/src/sys_common/backtrace.rs:46:22
[INFO] [stdout]    4:     0x55cbf1eb889c - core::fmt::write::h306731c068f7162c
[INFO] [stdout]                                at /rustc/a178d0322ce20e33eac124758e837cbd80a6f633/library/core/src/fmt/mod.rs:1110:17
[INFO] [stdout]    5:     0x55cbf1e914d5 - std::io::Write::write_fmt::h87f19b0a2cd190bc
[INFO] [stdout]                                at /rustc/a178d0322ce20e33eac124758e837cbd80a6f633/library/std/src/io/mod.rs:1588:15
[INFO] [stdout]    6:     0x55cbf1e9755b - std::sys_common::backtrace::_print::h5abaa2601a852287
[INFO] [stdout]                                at /rustc/a178d0322ce20e33eac124758e837cbd80a6f633/library/std/src/sys_common/backtrace.rs:49:5
[INFO] [stdout]    7:     0x55cbf1e9755b - std::sys_common::backtrace::print::h8d81445442bb638f
[INFO] [stdout]                                at /rustc/a178d0322ce20e33eac124758e837cbd80a6f633/library/std/src/sys_common/backtrace.rs:36:9
[INFO] [stdout]    8:     0x55cbf1e9755b - std::panicking::default_hook::{{closure}}::hcfe804496a9fa747
[INFO] [stdout]                                at /rustc/a178d0322ce20e33eac124758e837cbd80a6f633/library/std/src/panicking.rs:208:50
[INFO] [stdout]    9:     0x55cbf1e9706c - std::panicking::default_hook::hbea8e3ccf2ba8901
[INFO] [stdout]                                at /rustc/a178d0322ce20e33eac124758e837cbd80a6f633/library/std/src/panicking.rs:222:9
[INFO] [stdout]   10:     0x55cbf1e97c24 - std::panicking::rust_panic_with_hook::h7ee9e1a2d0f8975a
[INFO] [stdout]                                at /rustc/a178d0322ce20e33eac124758e837cbd80a6f633/library/std/src/panicking.rs:622:17
[INFO] [stdout]   11:     0x55cbf1e976d7 - std::panicking::begin_panic_handler::{{closure}}::h8ab3b4491718b2c7
[INFO] [stdout]                                at /rustc/a178d0322ce20e33eac124758e837cbd80a6f633/library/std/src/panicking.rs:517:13
[INFO] [stdout]   12:     0x55cbf1e956cc - std::sys_common::backtrace::__rust_end_short_backtrace::hd489062ffa586a9f
[INFO] [stdout]                                at /rustc/a178d0322ce20e33eac124758e837cbd80a6f633/library/std/src/sys_common/backtrace.rs:141:18
[INFO] [stdout]   13:     0x55cbf1e97669 - rust_begin_unwind
[INFO] [stdout]                                at /rustc/a178d0322ce20e33eac124758e837cbd80a6f633/library/std/src/panicking.rs:515:5
[INFO] [stdout]   14:     0x55cbf1c82ac1 - core::panicking::panic_fmt::hca6330e3e14086b4
[INFO] [stdout]                                at /rustc/a178d0322ce20e33eac124758e837cbd80a6f633/library/core/src/panicking.rs:92:14
[INFO] [stdout]   15:     0x55cbf1c82a0d - core::panicking::panic::h1a48d878ff3dcd40
[INFO] [stdout]                                at /rustc/a178d0322ce20e33eac124758e837cbd80a6f633/library/core/src/panicking.rs:50:5
[INFO] [stdout]   16:     0x55cbf1cf5536 - core::num::<impl i64>::abs::h7b5930e16e07301b
[INFO] [stdout]                                at /rustc/a178d0322ce20e33eac124758e837cbd80a6f633/library/core/src/num/int_macros.rs:1779:17
[INFO] [stdout]   17:     0x55cbf1cfa267 - genevo::types::<impl genevo::genetic::Fitness for i64>::abs_diff::h50c452f5916be94c
[INFO] [stdout]                                at /opt/rustwide/workdir/src/types/mod.rs:34:21
[INFO] [stdout]   18:     0x55cbf1ccdc5a - genevo::types::tests::abs_diff_of_signed_neg1i64_and_max::h9346f5b7b7889116
[INFO] [stdout]                                at /opt/rustwide/workdir/src/types/tests.rs:165:19
[INFO] [stdout]   19:     0x55cbf1ccdc1a - genevo::types::tests::abs_diff_of_signed_neg1i64_and_max::{{closure}}::h3f9c1e67b15082bf
[INFO] [stdout]                                at /opt/rustwide/workdir/src/types/tests.rs:164:1
[INFO] [stdout]   20:     0x55cbf1cf5dae - core::ops::function::FnOnce::call_once::h0d172ca8bf5b0897
[INFO] [stdout]                                at /rustc/a178d0322ce20e33eac124758e837cbd80a6f633/library/core/src/ops/function.rs:227:5
[INFO] [stdout]   21:     0x55cbf1d65523 - core::ops::function::FnOnce::call_once::h152e7e439ff59e19
[INFO] [stdout]                                at /rustc/a178d0322ce20e33eac124758e837cbd80a6f633/library/core/src/ops/function.rs:227:5
[INFO] [stdout]   22:     0x55cbf1d65523 - test::__rust_begin_short_backtrace::h0908f3b1fdbb72ab
[INFO] [stdout]                                at /rustc/a178d0322ce20e33eac124758e837cbd80a6f633/library/test/src/lib.rs:577:5
[INFO] [stdout]   23:     0x55cbf1d63fe0 - <alloc::boxed::Box<F,A> as core::ops::function::FnOnce<Args>>::call_once::hf6d2a51e5587546c
[INFO] [stdout]                                at /rustc/a178d0322ce20e33eac124758e837cbd80a6f633/library/alloc/src/boxed.rs:1575:9
[INFO] [stdout]   24:     0x55cbf1d63fe0 - <std::panic::AssertUnwindSafe<F> as core::ops::function::FnOnce<()>>::call_once::h8af660f3a89ef593
[INFO] [stdout]                                at /rustc/a178d0322ce20e33eac124758e837cbd80a6f633/library/std/src/panic.rs:347:9
[INFO] [stdout]   25:     0x55cbf1d63fe0 - std::panicking::try::do_call::hd36aef60f84b6d36
[INFO] [stdout]                                at /rustc/a178d0322ce20e33eac124758e837cbd80a6f633/library/std/src/panicking.rs:401:40
[INFO] [stdout]   26:     0x55cbf1d63fe0 - std::panicking::try::h9932b4480e69817c
[INFO] [stdout]                                at /rustc/a178d0322ce20e33eac124758e837cbd80a6f633/library/std/src/panicking.rs:365:19
[INFO] [stdout]   27:     0x55cbf1d63fe0 - std::panic::catch_unwind::h6aa177099cfff5f8
[INFO] [stdout]                                at /rustc/a178d0322ce20e33eac124758e837cbd80a6f633/library/std/src/panic.rs:434:14
[INFO] [stdout]   28:     0x55cbf1d63fe0 - test::run_test_in_process::h5884d6f2d99e20c3
[INFO] [stdout]                                at /rustc/a178d0322ce20e33eac124758e837cbd80a6f633/library/test/src/lib.rs:600:18
[INFO] [stdout]   29:     0x55cbf1d63fe0 - test::run_test::run_test_inner::{{closure}}::h6fdc58c6d5f5b6e3
[INFO] [stdout]                                at /rustc/a178d0322ce20e33eac124758e837cbd80a6f633/library/test/src/lib.rs:492:39
[INFO] [stdout]   30:     0x55cbf1d3d692 - test::run_test::run_test_inner::{{closure}}::h408365d67a78ade8
[INFO] [stdout]                                at /rustc/a178d0322ce20e33eac124758e837cbd80a6f633/library/test/src/lib.rs:519:37
[INFO] [stdout]   31:     0x55cbf1d3d692 - std::sys_common::backtrace::__rust_begin_short_backtrace::hb560b77c4f701523
[INFO] [stdout]                                at /rustc/a178d0322ce20e33eac124758e837cbd80a6f633/library/std/src/sys_common/backtrace.rs:125:18
[INFO] [stdout]   32:     0x55cbf1d41248 - std::thread::Builder::spawn_unchecked::{{closure}}::{{closure}}::hf2e7831dad93c597
[INFO] [stdout]                                at /rustc/a178d0322ce20e33eac124758e837cbd80a6f633/library/std/src/thread/mod.rs:481:17
[INFO] [stdout]   33:     0x55cbf1d41248 - <std::panic::AssertUnwindSafe<F> as core::ops::function::FnOnce<()>>::call_once::hd2e08783d8be4d02
[INFO] [stdout]                                at /rustc/a178d0322ce20e33eac124758e837cbd80a6f633/library/std/src/panic.rs:347:9
[INFO] [stdout]   34:     0x55cbf1d41248 - std::panicking::try::do_call::h062597b7acfd6b82
[INFO] [stdout]                                at /rustc/a178d0322ce20e33eac124758e837cbd80a6f633/library/std/src/panicking.rs:401:40
[INFO] [stdout]   35:     0x55cbf1d41248 - std::panicking::try::h0d7b79db04c14552
[INFO] [stdout]                                at /rustc/a178d0322ce20e33eac124758e837cbd80a6f633/library/std/src/panicking.rs:365:19
[INFO] [stdout]   36:     0x55cbf1d41248 - std::panic::catch_unwind::hb01a0b5e7c8cd43b
[INFO] [stdout]                                at /rustc/a178d0322ce20e33eac124758e837cbd80a6f633/library/std/src/panic.rs:434:14
[INFO] [stdout]   37:     0x55cbf1d41248 - std::thread::Builder::spawn_unchecked::{{closure}}::h5bde48cc887e0d1e
[INFO] [stdout]                                at /rustc/a178d0322ce20e33eac124758e837cbd80a6f633/library/std/src/thread/mod.rs:480:30
[INFO] [stdout]   38:     0x55cbf1d41248 - core::ops::function::FnOnce::call_once{{vtable.shim}}::h745ea30807a29e55
[INFO] [stdout]                                at /rustc/a178d0322ce20e33eac124758e837cbd80a6f633/library/core/src/ops/function.rs:227:5
[INFO] [stdout]   39:     0x55cbf1e9ce67 - <alloc::boxed::Box<F,A> as core::ops::function::FnOnce<Args>>::call_once::h7ece6cfefaff1005
[INFO] [stdout]                                at /rustc/a178d0322ce20e33eac124758e837cbd80a6f633/library/alloc/src/boxed.rs:1575:9
[INFO] [stdout]   40:     0x55cbf1e9ce67 - <alloc::boxed::Box<F,A> as core::ops::function::FnOnce<Args>>::call_once::hb8b48e55c21f193e
[INFO] [stdout]                                at /rustc/a178d0322ce20e33eac124758e837cbd80a6f633/library/alloc/src/boxed.rs:1575:9
[INFO] [stdout]   41:     0x55cbf1e9ce67 - std::sys::unix::thread::Thread::new::thread_start::h8c7c4450dba62914
[INFO] [stdout]                                at /rustc/a178d0322ce20e33eac124758e837cbd80a6f633/library/std/src/sys/unix/thread.rs:71:17
[INFO] [stdout]   42:     0x7f25ea705609 - start_thread
[INFO] [stdout]   43:     0x7f25ea4d7293 - clone
[INFO] [stdout]   44:                0x0 - <unknown>
[INFO] [stdout] note: panic did not contain expected string
[INFO] [stdout]       panic message: `"attempt to negate with overflow"`,
[INFO] [stdout]  expected substring: `"attempt to subtract with overflow"`
[INFO] [stdout] ---- types::tests::abs_diff_of_signed_neg1i8_and_max stdout ----
[INFO] [stdout] thread 'types::tests::abs_diff_of_signed_neg1i8_and_max' panicked at 'attempt to negate with overflow', /rustc/a178d0322ce20e33eac124758e837cbd80a6f633/library/core/src/num/mod.rs:92:5
[INFO] [stdout] stack backtrace:
[INFO] [stdout]    0:     0x55cbf1e951d0 - std::backtrace_rs::backtrace::libunwind::trace::h34055254b57d8e79
[INFO] [stdout]                                at /rustc/a178d0322ce20e33eac124758e837cbd80a6f633/library/std/src/../../backtrace/src/backtrace/libunwind.rs:90:5
[INFO] [stdout]    1:     0x55cbf1e951d0 - std::backtrace_rs::backtrace::trace_unsynchronized::h8f1e3fbd9afff6ec
[INFO] [stdout]                                at /rustc/a178d0322ce20e33eac124758e837cbd80a6f633/library/std/src/../../backtrace/src/backtrace/mod.rs:66:5
[INFO] [stdout]    2:     0x55cbf1e951d0 - std::sys_common::backtrace::_print_fmt::h3a99a796b770c360
[INFO] [stdout]                                at /rustc/a178d0322ce20e33eac124758e837cbd80a6f633/library/std/src/sys_common/backtrace.rs:67:5
[INFO] [stdout]    3:     0x55cbf1e951d0 - <std::sys_common::backtrace::_print::DisplayBacktrace as core::fmt::Display>::fmt::h32d1f94a80615d18
[INFO] [stdout]                                at /rustc/a178d0322ce20e33eac124758e837cbd80a6f633/library/std/src/sys_common/backtrace.rs:46:22
[INFO] [stdout]    4:     0x55cbf1eb889c - core::fmt::write::h306731c068f7162c
[INFO] [stdout]                                at /rustc/a178d0322ce20e33eac124758e837cbd80a6f633/library/core/src/fmt/mod.rs:1110:17
[INFO] [stdout]    5:     0x55cbf1e914d5 - std::io::Write::write_fmt::h87f19b0a2cd190bc
[INFO] [stdout]                                at /rustc/a178d0322ce20e33eac124758e837cbd80a6f633/library/std/src/io/mod.rs:1588:15
[INFO] [stdout]    6:     0x55cbf1e9755b - std::sys_common::backtrace::_print::h5abaa2601a852287
[INFO] [stdout]                                at /rustc/a178d0322ce20e33eac124758e837cbd80a6f633/library/std/src/sys_common/backtrace.rs:49:5
[INFO] [stdout]    7:     0x55cbf1e9755b - std::sys_common::backtrace::print::h8d81445442bb638f
[INFO] [stdout]                                at /rustc/a178d0322ce20e33eac124758e837cbd80a6f633/library/std/src/sys_common/backtrace.rs:36:9
[INFO] [stdout]    8:     0x55cbf1e9755b - std::panicking::default_hook::{{closure}}::hcfe804496a9fa747
[INFO] [stdout]                                at /rustc/a178d0322ce20e33eac124758e837cbd80a6f633/library/std/src/panicking.rs:208:50
[INFO] [stdout]    9:     0x55cbf1e9706c - std::panicking::default_hook::hbea8e3ccf2ba8901
[INFO] [stdout]                                at /rustc/a178d0322ce20e33eac124758e837cbd80a6f633/library/std/src/panicking.rs:222:9
[INFO] [stdout]   10:     0x55cbf1e97c24 - std::panicking::rust_panic_with_hook::h7ee9e1a2d0f8975a
[INFO] [stdout]                                at /rustc/a178d0322ce20e33eac124758e837cbd80a6f633/library/std/src/panicking.rs:622:17
[INFO] [stdout]   11:     0x55cbf1e976d7 - std::panicking::begin_panic_handler::{{closure}}::h8ab3b4491718b2c7
[INFO] [stdout]                                at /rustc/a178d0322ce20e33eac124758e837cbd80a6f633/library/std/src/panicking.rs:517:13
[INFO] [stdout]   12:     0x55cbf1e956cc - std::sys_common::backtrace::__rust_end_short_backtrace::hd489062ffa586a9f
[INFO] [stdout]                                at /rustc/a178d0322ce20e33eac124758e837cbd80a6f633/library/std/src/sys_common/backtrace.rs:141:18
[INFO] [stdout]   13:     0x55cbf1e97669 - rust_begin_unwind
[INFO] [stdout]                                at /rustc/a178d0322ce20e33eac124758e837cbd80a6f633/library/std/src/panicking.rs:515:5
[INFO] [stdout]   14:     0x55cbf1c82ac1 - core::panicking::panic_fmt::hca6330e3e14086b4
[INFO] [stdout]                                at /rustc/a178d0322ce20e33eac124758e837cbd80a6f633/library/core/src/panicking.rs:92:14
[INFO] [stdout]   15:     0x55cbf1c82a0d - core::panicking::panic::h1a48d878ff3dcd40
[INFO] [stdout]                                at /rustc/a178d0322ce20e33eac124758e837cbd80a6f633/library/core/src/panicking.rs:50:5
[INFO] [stdout]   16:     0x55cbf1cf52f4 - core::num::<impl i8>::abs::h80dcc2a3a9163218
[INFO] [stdout]                                at /rustc/a178d0322ce20e33eac124758e837cbd80a6f633/library/core/src/num/int_macros.rs:1779:17
[INFO] [stdout]   17:     0x55cbf1cfa197 - genevo::types::<impl genevo::genetic::Fitness for i8>::abs_diff::h083bb175881508a0
[INFO] [stdout]                                at /opt/rustwide/workdir/src/types/mod.rs:34:21
[INFO] [stdout]   18:     0x55cbf1ccc9fa - genevo::types::tests::abs_diff_of_signed_neg1i8_and_max::hf7c723a8f807af6a
[INFO] [stdout]                                at /opt/rustwide/workdir/src/types/tests.rs:147:19
[INFO] [stdout]   19:     0x55cbf1ccc9ba - genevo::types::tests::abs_diff_of_signed_neg1i8_and_max::{{closure}}::hf72ed18699d82ba4
[INFO] [stdout]                                at /opt/rustwide/workdir/src/types/tests.rs:146:1
[INFO] [stdout]   20:     0x55cbf1cf6c1e - core::ops::function::FnOnce::call_once::ha2d91c6e492ad6a8
[INFO] [stdout]                                at /rustc/a178d0322ce20e33eac124758e837cbd80a6f633/library/core/src/ops/function.rs:227:5
[INFO] [stdout]   21:     0x55cbf1d65523 - core::ops::function::FnOnce::call_once::h152e7e439ff59e19
[INFO] [stdout]                                at /rustc/a178d0322ce20e33eac124758e837cbd80a6f633/library/core/src/ops/function.rs:227:5
[INFO] [stdout]   22:     0x55cbf1d65523 - test::__rust_begin_short_backtrace::h0908f3b1fdbb72ab
[INFO] [stdout]                                at /rustc/a178d0322ce20e33eac124758e837cbd80a6f633/library/test/src/lib.rs:577:5
[INFO] [stdout]   23:     0x55cbf1d63fe0 - <alloc::boxed::Box<F,A> as core::ops::function::FnOnce<Args>>::call_once::hf6d2a51e5587546c
[INFO] [stdout]                                at /rustc/a178d0322ce20e33eac124758e837cbd80a6f633/library/alloc/src/boxed.rs:1575:9
[INFO] [stdout]   24:     0x55cbf1d63fe0 - <std::panic::AssertUnwindSafe<F> as core::ops::function::FnOnce<()>>::call_once::h8af660f3a89ef593
[INFO] [stdout]                                at /rustc/a178d0322ce20e33eac124758e837cbd80a6f633/library/std/src/panic.rs:347:9
[INFO] [stdout]   25:     0x55cbf1d63fe0 - std::panicking::try::do_call::hd36aef60f84b6d36
[INFO] [stdout]                                at /rustc/a178d0322ce20e33eac124758e837cbd80a6f633/library/std/src/panicking.rs:401:40
[INFO] [stdout]   26:     0x55cbf1d63fe0 - std::panicking::try::h9932b4480e69817c
[INFO] [stdout]                                at /rustc/a178d0322ce20e33eac124758e837cbd80a6f633/library/std/src/panicking.rs:365:19
[INFO] [stdout]   27:     0x55cbf1d63fe0 - std::panic::catch_unwind::h6aa177099cfff5f8
[INFO] [stdout]                                at /rustc/a178d0322ce20e33eac124758e837cbd80a6f633/library/std/src/panic.rs:434:14
[INFO] [stdout]   28:     0x55cbf1d63fe0 - test::run_test_in_process::h5884d6f2d99e20c3
[INFO] [stdout]                                at /rustc/a178d0322ce20e33eac124758e837cbd80a6f633/library/test/src/lib.rs:600:18
[INFO] [stdout]   29:     0x55cbf1d63fe0 - test::run_test::run_test_inner::{{closure}}::h6fdc58c6d5f5b6e3
[INFO] [stdout]                                at /rustc/a178d0322ce20e33eac124758e837cbd80a6f633/library/test/src/lib.rs:492:39
[INFO] [stdout]   30:     0x55cbf1d3d692 - test::run_test::run_test_inner::{{closure}}::h408365d67a78ade8
[INFO] [stdout]                                at /rustc/a178d0322ce20e33eac124758e837cbd80a6f633/library/test/src/lib.rs:519:37
[INFO] [stdout]   31:     0x55cbf1d3d692 - std::sys_common::backtrace::__rust_begin_short_backtrace::hb560b77c4f701523
[INFO] [stdout]                                at /rustc/a178d0322ce20e33eac124758e837cbd80a6f633/library/std/src/sys_common/backtrace.rs:125:18
[INFO] [stdout]   32:     0x55cbf1d41248 - std::thread::Builder::spawn_unchecked::{{closure}}::{{closure}}::hf2e7831dad93c597
[INFO] [stdout]                                at /rustc/a178d0322ce20e33eac124758e837cbd80a6f633/library/std/src/thread/mod.rs:481:17
[INFO] [stdout]   33:     0x55cbf1d41248 - <std::panic::AssertUnwindSafe<F> as core::ops::function::FnOnce<()>>::call_once::hd2e08783d8be4d02
[INFO] [stdout]                                at /rustc/a178d0322ce20e33eac124758e837cbd80a6f633/library/std/src/panic.rs:347:9
[INFO] [stdout]   34:     0x55cbf1d41248 - std::panicking::try::do_call::h062597b7acfd6b82
[INFO] [stdout]                                at /rustc/a178d0322ce20e33eac124758e837cbd80a6f633/library/std/src/panicking.rs:401:40
[INFO] [stdout]   35:     0x55cbf1d41248 - std::panicking::try::h0d7b79db04c14552
[INFO] [stdout]                                at /rustc/a178d0322ce20e33eac124758e837cbd80a6f633/library/std/src/panicking.rs:365:19
[INFO] [stdout]   36:     0x55cbf1d41248 - std::panic::catch_unwind::hb01a0b5e7c8cd43b
[INFO] [stdout]                                at /rustc/a178d0322ce20e33eac124758e837cbd80a6f633/library/std/src/panic.rs:434:14
[INFO] [stdout]   37:     0x55cbf1d41248 - std::thread::Builder::spawn_unchecked::{{closure}}::h5bde48cc887e0d1e
[INFO] [stdout]                                at /rustc/a178d0322ce20e33eac124758e837cbd80a6f633/library/std/src/thread/mod.rs:480:30
[INFO] [stdout]   38:     0x55cbf1d41248 - core::ops::function::FnOnce::call_once{{vtable.shim}}::h745ea30807a29e55
[INFO] [stdout]                                at /rustc/a178d0322ce20e33eac124758e837cbd80a6f633/library/core/src/ops/function.rs:227:5
[INFO] [stdout]   39:     0x55cbf1e9ce67 - <alloc::boxed::Box<F,A> as core::ops::function::FnOnce<Args>>::call_once::h7ece6cfefaff1005
[INFO] [stdout]                                at /rustc/a178d0322ce20e33eac124758e837cbd80a6f633/library/alloc/src/boxed.rs:1575:9
[INFO] [stdout]   40:     0x55cbf1e9ce67 - <alloc::boxed::Box<F,A> as core::ops::function::FnOnce<Args>>::call_once::hb8b48e55c21f193e
[INFO] [stdout]                                at /rustc/a178d0322ce20e33eac124758e837cbd80a6f633/library/alloc/src/boxed.rs:1575:9
[INFO] [stdout]   41:     0x55cbf1e9ce67 - std::sys::unix::thread::Thread::new::thread_start::h8c7c4450dba62914
[INFO] [stdout]                                at /rustc/a178d0322ce20e33eac124758e837cbd80a6f633/library/std/src/sys/unix/thread.rs:71:17
[INFO] [stdout]   42:     0x7f25ea705609 - start_thread
[INFO] [stdout]   43:     0x7f25ea4d7293 - clone
[INFO] [stdout]   44:                0x0 - <unknown>
[INFO] [stdout] note: panic did not contain expected string
[INFO] [stdout]       panic message: `"attempt to negate with overflow"`,
[INFO] [stdout]  expected substring: `"attempt to subtract with overflow"`
[INFO] [stdout] 
[INFO] [stdout] failures:
[INFO] [stdout]     types::tests::abs_diff_of_signed_neg1i16_and_max
[INFO] [stdout]     types::tests::abs_diff_of_signed_neg1i32_and_max
[INFO] [stdout]     types::tests::abs_diff_of_signed_neg1i64_and_max
[INFO] [stdout]     types::tests::abs_diff_of_signed_neg1i8_and_max
[INFO] [stdout] 
[INFO] [stdout] test result: FAILED. 81 passed; 4 failed; 0 ignored; 0 measured; 0 filtered out; finished in 5.12s
[INFO] [stdout] 
[INFO] [stderr] error: test failed, to rerun pass '--lib'
[INFO] running `Command { std: "docker" "inspect" "8eba15532d55951ed4f89551c78e81403157948453c795cc74cf8159a15a142c", kill_on_drop: false }`
[INFO] running `Command { std: "docker" "rm" "-f" "8eba15532d55951ed4f89551c78e81403157948453c795cc74cf8159a15a142c", kill_on_drop: false }`
[INFO] [stdout] 8eba15532d55951ed4f89551c78e81403157948453c795cc74cf8159a15a142c
