[INFO] fetching crate genawaiter 0.99.1...
[INFO] testing genawaiter-0.99.1 against 1.54.0 for beta-1.55-1
[INFO] extracting crate genawaiter 0.99.1 into /workspace/builds/worker-1/source
[INFO] validating manifest of crates.io crate genawaiter 0.99.1 on toolchain 1.54.0
[INFO] running `Command { std: "/workspace/cargo-home/bin/cargo" "+1.54.0" "metadata" "--manifest-path" "Cargo.toml" "--no-deps", kill_on_drop: false }`
[INFO] started tweaking crates.io crate genawaiter 0.99.1
[INFO] finished tweaking crates.io crate genawaiter 0.99.1
[INFO] tweaked toml for crates.io crate genawaiter 0.99.1 written to /workspace/builds/worker-1/source/Cargo.toml
[INFO] running `Command { std: "/workspace/cargo-home/bin/cargo" "+1.54.0" "generate-lockfile" "--manifest-path" "Cargo.toml" "-Zno-index-update", kill_on_drop: false }`
[INFO] [stderr]     Blocking waiting for file lock on package cache
[INFO] running `Command { std: "/workspace/cargo-home/bin/cargo" "+1.54.0" "fetch" "--manifest-path" "Cargo.toml", kill_on_drop: false }`
[INFO] [stderr]     Blocking waiting for file lock on package cache
[INFO] [stderr]     Blocking waiting for file lock on package cache
[INFO] running `Command { std: "docker" "create" "-v" "/var/lib/crater-agent-workspace/builds/worker-1/target:/opt/rustwide/target:rw,Z" "-v" "/var/lib/crater-agent-workspace/builds/worker-1/source:/opt/rustwide/workdir:ro,Z" "-v" "/var/lib/crater-agent-workspace/cargo-home:/opt/rustwide/cargo-home:ro,Z" "-v" "/var/lib/crater-agent-workspace/rustup-home:/opt/rustwide/rustup-home:ro,Z" "-e" "SOURCE_DIR=/opt/rustwide/workdir" "-e" "CARGO_TARGET_DIR=/opt/rustwide/target" "-e" "CARGO_HOME=/opt/rustwide/cargo-home" "-e" "RUSTUP_HOME=/opt/rustwide/rustup-home" "-w" "/opt/rustwide/workdir" "-m" "1610612736" "--user" "0:0" "--network" "none" "ghcr.io/rust-lang/crates-build-env/linux@sha256:34b6a614d2c27851fe6cbf88fbd1137609cefab8b10d0615aaeb6fd47975d74e" "/opt/rustwide/cargo-home/bin/cargo" "+1.54.0" "metadata" "--no-deps" "--format-version=1", kill_on_drop: false }`
[INFO] [stdout] d552732298bdd2a2848c55a85474835deedf60abb8805dda619ffb2969100fbf
[INFO] running `Command { std: "docker" "start" "-a" "d552732298bdd2a2848c55a85474835deedf60abb8805dda619ffb2969100fbf", kill_on_drop: false }`
[INFO] running `Command { std: "docker" "inspect" "d552732298bdd2a2848c55a85474835deedf60abb8805dda619ffb2969100fbf", kill_on_drop: false }`
[INFO] running `Command { std: "docker" "rm" "-f" "d552732298bdd2a2848c55a85474835deedf60abb8805dda619ffb2969100fbf", kill_on_drop: false }`
[INFO] [stdout] d552732298bdd2a2848c55a85474835deedf60abb8805dda619ffb2969100fbf
[INFO] running `Command { std: "docker" "create" "-v" "/var/lib/crater-agent-workspace/builds/worker-1/target:/opt/rustwide/target:rw,Z" "-v" "/var/lib/crater-agent-workspace/builds/worker-1/source:/opt/rustwide/workdir:ro,Z" "-v" "/var/lib/crater-agent-workspace/cargo-home:/opt/rustwide/cargo-home:ro,Z" "-v" "/var/lib/crater-agent-workspace/rustup-home:/opt/rustwide/rustup-home:ro,Z" "-e" "SOURCE_DIR=/opt/rustwide/workdir" "-e" "CARGO_TARGET_DIR=/opt/rustwide/target" "-e" "CARGO_INCREMENTAL=0" "-e" "RUST_BACKTRACE=full" "-e" "RUSTFLAGS=--cap-lints=warn" "-e" "CARGO_HOME=/opt/rustwide/cargo-home" "-e" "RUSTUP_HOME=/opt/rustwide/rustup-home" "-w" "/opt/rustwide/workdir" "-m" "1610612736" "--user" "0:0" "--network" "none" "ghcr.io/rust-lang/crates-build-env/linux@sha256:34b6a614d2c27851fe6cbf88fbd1137609cefab8b10d0615aaeb6fd47975d74e" "/opt/rustwide/cargo-home/bin/cargo" "+1.54.0" "build" "--frozen" "--message-format=json", kill_on_drop: false }`
[INFO] [stdout] a8473ecd4bd2b7886a9495b5d8d2a3a7843dd869c9d48d9e77907f1f524a18a5
[INFO] running `Command { std: "docker" "start" "-a" "a8473ecd4bd2b7886a9495b5d8d2a3a7843dd869c9d48d9e77907f1f524a18a5", kill_on_drop: false }`
[INFO] [stderr]     Blocking waiting for file lock on package cache
[INFO] [stderr]    Compiling proc-macro2 v1.0.28
[INFO] [stderr]    Compiling syn v1.0.74
[INFO] [stderr]    Compiling genawaiter-macro v0.99.1
[INFO] [stderr]    Compiling proc-macro-error-attr v0.4.12
[INFO] [stderr]    Compiling proc-macro-error v0.4.12
[INFO] [stderr]    Compiling quote v1.0.9
[INFO] [stderr]    Compiling syn-mid v0.5.3
[INFO] [stderr]    Compiling genawaiter-proc-macro v0.99.1
[INFO] [stderr]    Compiling genawaiter v0.99.1 (/opt/rustwide/workdir)
[INFO] [stderr]     Finished dev [unoptimized + debuginfo] target(s) in 15.42s
[INFO] running `Command { std: "docker" "inspect" "a8473ecd4bd2b7886a9495b5d8d2a3a7843dd869c9d48d9e77907f1f524a18a5", kill_on_drop: false }`
[INFO] running `Command { std: "docker" "rm" "-f" "a8473ecd4bd2b7886a9495b5d8d2a3a7843dd869c9d48d9e77907f1f524a18a5", kill_on_drop: false }`
[INFO] [stdout] a8473ecd4bd2b7886a9495b5d8d2a3a7843dd869c9d48d9e77907f1f524a18a5
[INFO] running `Command { std: "docker" "create" "-v" "/var/lib/crater-agent-workspace/builds/worker-1/target:/opt/rustwide/target:rw,Z" "-v" "/var/lib/crater-agent-workspace/builds/worker-1/source:/opt/rustwide/workdir:ro,Z" "-v" "/var/lib/crater-agent-workspace/cargo-home:/opt/rustwide/cargo-home:ro,Z" "-v" "/var/lib/crater-agent-workspace/rustup-home:/opt/rustwide/rustup-home:ro,Z" "-e" "SOURCE_DIR=/opt/rustwide/workdir" "-e" "CARGO_TARGET_DIR=/opt/rustwide/target" "-e" "CARGO_INCREMENTAL=0" "-e" "RUST_BACKTRACE=full" "-e" "RUSTFLAGS=--cap-lints=warn" "-e" "CARGO_HOME=/opt/rustwide/cargo-home" "-e" "RUSTUP_HOME=/opt/rustwide/rustup-home" "-w" "/opt/rustwide/workdir" "-m" "1610612736" "--user" "0:0" "--network" "none" "ghcr.io/rust-lang/crates-build-env/linux@sha256:34b6a614d2c27851fe6cbf88fbd1137609cefab8b10d0615aaeb6fd47975d74e" "/opt/rustwide/cargo-home/bin/cargo" "+1.54.0" "test" "--frozen" "--no-run" "--message-format=json", kill_on_drop: false }`
[INFO] [stdout] c6992978cd5793eca17c88ced4d28b4f23558114f01d041ae53179902ca475bb
[INFO] running `Command { std: "docker" "start" "-a" "c6992978cd5793eca17c88ced4d28b4f23558114f01d041ae53179902ca475bb", kill_on_drop: false }`
[INFO] [stderr]    Compiling futures-core v0.3.16
[INFO] [stderr]    Compiling proc-macro-nested v0.1.7
[INFO] [stderr]    Compiling futures-channel v0.3.16
[INFO] [stderr]    Compiling futures-task v0.3.16
[INFO] [stderr]    Compiling futures-sink v0.3.16
[INFO] [stderr]    Compiling pin-project-lite v0.2.7
[INFO] [stderr]    Compiling slab v0.4.4
[INFO] [stderr]    Compiling pin-utils v0.1.0
[INFO] [stderr]    Compiling futures-io v0.3.16
[INFO] [stderr]    Compiling once_cell v1.8.0
[INFO] [stderr]    Compiling futures-macro v0.3.16
[INFO] [stderr]    Compiling futures-util v0.3.16
[INFO] [stderr]    Compiling futures-executor v0.3.16
[INFO] [stderr]    Compiling futures v0.3.16
[INFO] [stderr]    Compiling genawaiter v0.99.1 (/opt/rustwide/workdir)
[INFO] [stderr]     Finished test [unoptimized + debuginfo] target(s) in 12.52s
[INFO] running `Command { std: "docker" "inspect" "c6992978cd5793eca17c88ced4d28b4f23558114f01d041ae53179902ca475bb", kill_on_drop: false }`
[INFO] running `Command { std: "docker" "rm" "-f" "c6992978cd5793eca17c88ced4d28b4f23558114f01d041ae53179902ca475bb", kill_on_drop: false }`
[INFO] [stdout] c6992978cd5793eca17c88ced4d28b4f23558114f01d041ae53179902ca475bb
[INFO] running `Command { std: "docker" "create" "-v" "/var/lib/crater-agent-workspace/builds/worker-1/target:/opt/rustwide/target:rw,Z" "-v" "/var/lib/crater-agent-workspace/builds/worker-1/source:/opt/rustwide/workdir:ro,Z" "-v" "/var/lib/crater-agent-workspace/cargo-home:/opt/rustwide/cargo-home:ro,Z" "-v" "/var/lib/crater-agent-workspace/rustup-home:/opt/rustwide/rustup-home:ro,Z" "-e" "SOURCE_DIR=/opt/rustwide/workdir" "-e" "CARGO_TARGET_DIR=/opt/rustwide/target" "-e" "CARGO_INCREMENTAL=0" "-e" "RUST_BACKTRACE=full" "-e" "RUSTFLAGS=--cap-lints=warn" "-e" "CARGO_HOME=/opt/rustwide/cargo-home" "-e" "RUSTUP_HOME=/opt/rustwide/rustup-home" "-w" "/opt/rustwide/workdir" "-m" "1610612736" "--user" "0:0" "--network" "none" "ghcr.io/rust-lang/crates-build-env/linux@sha256:34b6a614d2c27851fe6cbf88fbd1137609cefab8b10d0615aaeb6fd47975d74e" "/opt/rustwide/cargo-home/bin/cargo" "+1.54.0" "test" "--frozen", kill_on_drop: false }`
[INFO] [stdout] 602c64bd1726c38a281afc149919a9aaa412f319f422d0b170d5a66f1cc766cc
[INFO] running `Command { std: "docker" "start" "-a" "602c64bd1726c38a281afc149919a9aaa412f319f422d0b170d5a66f1cc766cc", kill_on_drop: false }`
[INFO] [stderr]     Finished test [unoptimized + debuginfo] target(s) in 0.11s
[INFO] [stderr]      Running unittests (/opt/rustwide/target/debug/deps/genawaiter-1dd2aa4117f32b26)
[INFO] [stdout] 
[INFO] [stdout] running 32 tests
[INFO] [stdout] test rc::iterator::tests::for_loop ... ok
[INFO] [stdout] test rc::iterator::tests::into_iter ... ok
[INFO] [stdout] test rc::tests::function ... ok
[INFO] [stdout] test rc::tests::gen_is_movable ... ok
[INFO] [stdout] test rc::tests::resume_args ... ok
[INFO] [stdout] test rc::tests::simple_closure ... ok
[INFO] [stdout] test stack::iterator::tests::let_gen_using_for_loop ... ok
[INFO] [stdout] test stack::iterator::tests::let_gen_using_into_iter ... ok
[INFO] [stdout] test stack::iterator::tests::shelf_generator_for_loop ... ok
[INFO] [stdout] test stack::macros::tests::unsafety ... ignored
[INFO] [stdout] test stack::iterator::tests::shelf_generator_into_iter ... ok
[INFO] [stdout] test stack::tests::function ... ok
[INFO] [stdout] test stack::tests::resume_args ... ok
[INFO] [stdout] test stack::tests::simple_closure ... ok
[INFO] [stdout] test stack::tests::test_gen_drop ... ok
[INFO] [stdout] test sync::boxed::tests::can_be_stored_in_static ... ok
[INFO] [stdout] test sync::iterator::tests::for_loop ... ok
[INFO] [stdout] test sync::iterator::tests::into_iter ... ok
[INFO] [stdout] test sync::tests::async_resume ... ok
[INFO] [stdout] test sync::tests::function ... ok
[INFO] [stdout] test sync::tests::gen_is_movable ... ok
[INFO] [stdout] test sync::tests::resume_args ... ok
[INFO] [stdout] test sync::tests::simple_closure ... ok
[INFO] [stdout] test rc::tests::escaped_co_helpful_message - should panic ... ok
[INFO] [stdout] test rc::tests::forbidden_await_helpful_message - should panic ... ok
[INFO] [stdout] test rc::tests::multiple_yield_helpful_message - should panic ... ok
[INFO] [stdout] test stack::tests::escaped_co_helpful_message - should panic ... ok
[INFO] [stdout] test stack::tests::forbidden_await_helpful_message - should panic ... ok
[INFO] [stdout] test stack::tests::multiple_yield_helpful_message - should panic ... ok
[INFO] [stdout] test sync::tests::escaped_co_helpful_message - should panic ... ok
[INFO] [stdout] test sync::tests::forbidden_await_helpful_message - should panic ... ok
[INFO] [stdout] test sync::tests::multiple_yield_helpful_message - should panic ... ok
[INFO] [stdout] 
[INFO] [stdout] test result: ok. 31 passed; 0 failed; 1 ignored; 0 measured; 0 filtered out; finished in 0.03s
[INFO] [stdout] 
[INFO] [stderr]    Doc-tests genawaiter
[INFO] [stdout] 
[INFO] [stdout] running 66 tests
[INFO] [stdout] test src/rc/mod.rs - rc (line 234) ... ignored
[INFO] [stdout] test src/stack/mod.rs - stack (line 203) ... ignored
[INFO] [stdout] test src/stack/mod.rs - stack::let_gen (line 261) ... ignored
[INFO] [stdout] test src/stack/mod.rs - stack::let_gen_using (line 286) ... ignored
[INFO] [stdout] test src/stack/mod.rs - stack::let_gen_using (line 302) ... ignored
[INFO] [stdout] test src/sync/mod.rs - sync (line 266) ... ignored
[INFO] [stdout] test src/stack/mod.rs - stack::doc_compile_fail::with_args_compile_fail (line 512) - compile fail ... ok
[INFO] [stdout] test src/stack/mod.rs - stack::doctests::co_is_not_static (line 482) - compile fail ... ok
[INFO] [stdout] test src/sync/boxed.rs - sync::boxed::GenBoxed<Y, R, C>::new_boxed (line 21) - compile fail ... ok
[INFO] [stdout] test src/stack/mod.rs - stack (line 185) ... FAILED
[INFO] [stdout] test src/stack/macros.rs - stack::macros::doctests::generator_cannot_escape (line 69) - compile fail ... ok
[INFO] [stdout] test src/sync/mod.rs - sync (line 248) ... FAILED
[INFO] [stdout] test src/sync/mod.rs - sync (line 296) ... FAILED
[INFO] [stdout] test src/sync/mod.rs - sync (line 280) ... FAILED
[INFO] [stdout] test src/sync/mod.rs - sync (line 85) ... FAILED
[INFO] [stdout] test src/sync/mod.rs - sync (line 37) ... FAILED
[INFO] [stdout] test src/sync/mod.rs - sync (line 142) ... FAILED
[INFO] [stdout] test src/sync/mod.rs - sync (line 228) ... FAILED
[INFO] [stdout] test src/sync/mod.rs - sync (line 168) ... FAILED
[INFO] [stdout] test src/sync/mod.rs - sync (line 192) ... FAILED
[INFO] [stdout] test src/sync/mod.rs - sync (line 61) ... FAILED
[INFO] [stderr] error: test failed, to rerun pass '--doc'
[INFO] [stderr] 
[INFO] [stderr] Caused by:
[INFO] [stderr]   process didn't exit successfully: `rustdoc --edition=2018 --crate-type lib --crate-name genawaiter --test /opt/rustwide/workdir/src/lib.rs -L dependency=/opt/rustwide/target/debug/deps -L dependency=/opt/rustwide/target/debug/deps --extern futures=/opt/rustwide/target/debug/deps/libfutures-758dbcf95599c92b.rlib --extern genawaiter=/opt/rustwide/target/debug/deps/libgenawaiter-3c7e5170e51ce617.rlib --extern genawaiter_macro=/opt/rustwide/target/debug/deps/libgenawaiter_macro-c8221e56ab38cafa.rlib --extern genawaiter_proc_macro=/opt/rustwide/target/debug/deps/libgenawaiter_proc_macro-1c2ae43952edf656.so --extern once_cell=/opt/rustwide/target/debug/deps/libonce_cell-a76c90beb999d50a.rlib --extern proc_macro_hack=/opt/rustwide/target/debug/deps/libproc_macro_hack-3db5b274372faa08.so -C embed-bitcode=no --cfg 'feature="default"' --cfg 'feature="genawaiter-proc-macro"' --cfg 'feature="proc-macro-hack"' --cfg 'feature="proc_macro"' --error-format human` (signal: 9, SIGKILL: kill)
[INFO] running `Command { std: "docker" "inspect" "602c64bd1726c38a281afc149919a9aaa412f319f422d0b170d5a66f1cc766cc", kill_on_drop: false }`
[INFO] running `Command { std: "docker" "rm" "-f" "602c64bd1726c38a281afc149919a9aaa412f319f422d0b170d5a66f1cc766cc", kill_on_drop: false }`
[INFO] [stdout] 602c64bd1726c38a281afc149919a9aaa412f319f422d0b170d5a66f1cc766cc
