[INFO] fetching crate gelf_logger 0.1.4...
[INFO] testing gelf_logger-0.1.4 against 1.54.0 for beta-1.55-1
[INFO] extracting crate gelf_logger 0.1.4 into /workspace/builds/worker-46/source
[INFO] validating manifest of crates.io crate gelf_logger 0.1.4 on toolchain 1.54.0
[INFO] running `Command { std: "/workspace/cargo-home/bin/cargo" "+1.54.0" "metadata" "--manifest-path" "Cargo.toml" "--no-deps", kill_on_drop: false }`
[INFO] started tweaking crates.io crate gelf_logger 0.1.4
[INFO] finished tweaking crates.io crate gelf_logger 0.1.4
[INFO] tweaked toml for crates.io crate gelf_logger 0.1.4 written to /workspace/builds/worker-46/source/Cargo.toml
[INFO] running `Command { std: "/workspace/cargo-home/bin/cargo" "+1.54.0" "generate-lockfile" "--manifest-path" "Cargo.toml" "-Zno-index-update", kill_on_drop: false }`
[INFO] [stderr]     Blocking waiting for file lock on package cache
[INFO] running `Command { std: "/workspace/cargo-home/bin/cargo" "+1.54.0" "fetch" "--manifest-path" "Cargo.toml", kill_on_drop: false }`
[INFO] [stderr] warning: only one of `license` or `license-file` is necessary
[INFO] [stderr]     Blocking waiting for file lock on package cache
[INFO] [stderr]     Blocking waiting for file lock on package cache
[INFO] running `Command { std: "docker" "create" "-v" "/var/lib/crater-agent-workspace/builds/worker-46/target:/opt/rustwide/target:rw,Z" "-v" "/var/lib/crater-agent-workspace/builds/worker-46/source:/opt/rustwide/workdir:ro,Z" "-v" "/var/lib/crater-agent-workspace/cargo-home:/opt/rustwide/cargo-home:ro,Z" "-v" "/var/lib/crater-agent-workspace/rustup-home:/opt/rustwide/rustup-home:ro,Z" "-e" "SOURCE_DIR=/opt/rustwide/workdir" "-e" "CARGO_TARGET_DIR=/opt/rustwide/target" "-e" "CARGO_HOME=/opt/rustwide/cargo-home" "-e" "RUSTUP_HOME=/opt/rustwide/rustup-home" "-w" "/opt/rustwide/workdir" "-m" "1610612736" "--user" "0:0" "--network" "none" "ghcr.io/rust-lang/crates-build-env/linux@sha256:34b6a614d2c27851fe6cbf88fbd1137609cefab8b10d0615aaeb6fd47975d74e" "/opt/rustwide/cargo-home/bin/cargo" "+1.54.0" "metadata" "--no-deps" "--format-version=1", kill_on_drop: false }`
[INFO] [stdout] 78ec4d17f0d66f8367db9a901390e8ab266bc7013fea025e279694399e8f1d8c
[INFO] running `Command { std: "docker" "start" "-a" "78ec4d17f0d66f8367db9a901390e8ab266bc7013fea025e279694399e8f1d8c", kill_on_drop: false }`
[INFO] running `Command { std: "docker" "inspect" "78ec4d17f0d66f8367db9a901390e8ab266bc7013fea025e279694399e8f1d8c", kill_on_drop: false }`
[INFO] running `Command { std: "docker" "rm" "-f" "78ec4d17f0d66f8367db9a901390e8ab266bc7013fea025e279694399e8f1d8c", kill_on_drop: false }`
[INFO] [stdout] 78ec4d17f0d66f8367db9a901390e8ab266bc7013fea025e279694399e8f1d8c
[INFO] running `Command { std: "docker" "create" "-v" "/var/lib/crater-agent-workspace/builds/worker-46/target:/opt/rustwide/target:rw,Z" "-v" "/var/lib/crater-agent-workspace/builds/worker-46/source:/opt/rustwide/workdir:ro,Z" "-v" "/var/lib/crater-agent-workspace/cargo-home:/opt/rustwide/cargo-home:ro,Z" "-v" "/var/lib/crater-agent-workspace/rustup-home:/opt/rustwide/rustup-home:ro,Z" "-e" "SOURCE_DIR=/opt/rustwide/workdir" "-e" "CARGO_TARGET_DIR=/opt/rustwide/target" "-e" "CARGO_INCREMENTAL=0" "-e" "RUST_BACKTRACE=full" "-e" "RUSTFLAGS=--cap-lints=warn" "-e" "CARGO_HOME=/opt/rustwide/cargo-home" "-e" "RUSTUP_HOME=/opt/rustwide/rustup-home" "-w" "/opt/rustwide/workdir" "-m" "1610612736" "--user" "0:0" "--network" "none" "ghcr.io/rust-lang/crates-build-env/linux@sha256:34b6a614d2c27851fe6cbf88fbd1137609cefab8b10d0615aaeb6fd47975d74e" "/opt/rustwide/cargo-home/bin/cargo" "+1.54.0" "build" "--frozen" "--message-format=json", kill_on_drop: false }`
[INFO] [stdout] d32825facddb80c62155dcba0e10febdeda74033963925f2526634004dbadce8
[INFO] running `Command { std: "docker" "start" "-a" "d32825facddb80c62155dcba0e10febdeda74033963925f2526634004dbadce8", kill_on_drop: false }`
[INFO] [stderr] warning: only one of `license` or `license-file` is necessary
[INFO] [stderr]    Compiling serde v1.0.127
[INFO] [stderr]    Compiling pkg-config v0.3.19
[INFO] [stderr]    Compiling syn v1.0.74
[INFO] [stderr]    Compiling openssl v0.10.35
[INFO] [stderr]    Compiling serde_derive v1.0.127
[INFO] [stderr]    Compiling serde_json v1.0.66
[INFO] [stderr]    Compiling foreign-types-shared v0.1.1
[INFO] [stderr]    Compiling once_cell v1.8.0
[INFO] [stderr]    Compiling native-tls v0.2.7
[INFO] [stderr]    Compiling linked-hash-map v0.5.4
[INFO] [stderr]    Compiling openssl-probe v0.1.4
[INFO] [stderr]    Compiling dtoa v0.4.8
[INFO] [stderr]    Compiling num-traits v0.2.14
[INFO] [stderr]    Compiling hostname v0.1.5
[INFO] [stderr]    Compiling foreign-types v0.3.2
[INFO] [stderr]    Compiling yaml-rust v0.4.5
[INFO] [stderr]    Compiling openssl-sys v0.9.65
[INFO] [stderr]    Compiling ordered-float v1.1.1
[INFO] [stderr]    Compiling serde-value v0.6.0
[INFO] [stderr]    Compiling serde_yaml v0.8.17
[INFO] [stderr]    Compiling serde-value-utils v0.1.0
[INFO] [stderr]    Compiling serde_gelf v0.1.6
[INFO] [stderr]    Compiling gelf_logger v0.1.4 (/opt/rustwide/workdir)
[INFO] [stderr]     Finished dev [unoptimized + debuginfo] target(s) in 16.08s
[INFO] running `Command { std: "docker" "inspect" "d32825facddb80c62155dcba0e10febdeda74033963925f2526634004dbadce8", kill_on_drop: false }`
[INFO] running `Command { std: "docker" "rm" "-f" "d32825facddb80c62155dcba0e10febdeda74033963925f2526634004dbadce8", kill_on_drop: false }`
[INFO] [stdout] d32825facddb80c62155dcba0e10febdeda74033963925f2526634004dbadce8
[INFO] running `Command { std: "docker" "create" "-v" "/var/lib/crater-agent-workspace/builds/worker-46/target:/opt/rustwide/target:rw,Z" "-v" "/var/lib/crater-agent-workspace/builds/worker-46/source:/opt/rustwide/workdir:ro,Z" "-v" "/var/lib/crater-agent-workspace/cargo-home:/opt/rustwide/cargo-home:ro,Z" "-v" "/var/lib/crater-agent-workspace/rustup-home:/opt/rustwide/rustup-home:ro,Z" "-e" "SOURCE_DIR=/opt/rustwide/workdir" "-e" "CARGO_TARGET_DIR=/opt/rustwide/target" "-e" "CARGO_INCREMENTAL=0" "-e" "RUST_BACKTRACE=full" "-e" "RUSTFLAGS=--cap-lints=warn" "-e" "CARGO_HOME=/opt/rustwide/cargo-home" "-e" "RUSTUP_HOME=/opt/rustwide/rustup-home" "-w" "/opt/rustwide/workdir" "-m" "1610612736" "--user" "0:0" "--network" "none" "ghcr.io/rust-lang/crates-build-env/linux@sha256:34b6a614d2c27851fe6cbf88fbd1137609cefab8b10d0615aaeb6fd47975d74e" "/opt/rustwide/cargo-home/bin/cargo" "+1.54.0" "test" "--frozen" "--no-run" "--message-format=json", kill_on_drop: false }`
[INFO] [stdout] 79ceab992b2780bb56356dcedbd21be7ae73b438e1424d498bcf96d2a8622c90
[INFO] running `Command { std: "docker" "start" "-a" "79ceab992b2780bb56356dcedbd21be7ae73b438e1424d498bcf96d2a8622c90", kill_on_drop: false }`
[INFO] [stderr] warning: only one of `license` or `license-file` is necessary
[INFO] [stderr]    Compiling gelf_logger v0.1.4 (/opt/rustwide/workdir)
[INFO] [stderr]     Finished test [unoptimized + debuginfo] target(s) in 1.10s
[INFO] running `Command { std: "docker" "inspect" "79ceab992b2780bb56356dcedbd21be7ae73b438e1424d498bcf96d2a8622c90", kill_on_drop: false }`
[INFO] running `Command { std: "docker" "rm" "-f" "79ceab992b2780bb56356dcedbd21be7ae73b438e1424d498bcf96d2a8622c90", kill_on_drop: false }`
[INFO] [stdout] 79ceab992b2780bb56356dcedbd21be7ae73b438e1424d498bcf96d2a8622c90
[INFO] running `Command { std: "docker" "create" "-v" "/var/lib/crater-agent-workspace/builds/worker-46/target:/opt/rustwide/target:rw,Z" "-v" "/var/lib/crater-agent-workspace/builds/worker-46/source:/opt/rustwide/workdir:ro,Z" "-v" "/var/lib/crater-agent-workspace/cargo-home:/opt/rustwide/cargo-home:ro,Z" "-v" "/var/lib/crater-agent-workspace/rustup-home:/opt/rustwide/rustup-home:ro,Z" "-e" "SOURCE_DIR=/opt/rustwide/workdir" "-e" "CARGO_TARGET_DIR=/opt/rustwide/target" "-e" "CARGO_INCREMENTAL=0" "-e" "RUST_BACKTRACE=full" "-e" "RUSTFLAGS=--cap-lints=warn" "-e" "CARGO_HOME=/opt/rustwide/cargo-home" "-e" "RUSTUP_HOME=/opt/rustwide/rustup-home" "-w" "/opt/rustwide/workdir" "-m" "1610612736" "--user" "0:0" "--network" "none" "ghcr.io/rust-lang/crates-build-env/linux@sha256:34b6a614d2c27851fe6cbf88fbd1137609cefab8b10d0615aaeb6fd47975d74e" "/opt/rustwide/cargo-home/bin/cargo" "+1.54.0" "test" "--frozen", kill_on_drop: false }`
[INFO] [stdout] 10018f0173ae897a7a5e3513779a10261d38d14b213fbdf8349648a12d6e674b
[INFO] running `Command { std: "docker" "start" "-a" "10018f0173ae897a7a5e3513779a10261d38d14b213fbdf8349648a12d6e674b", kill_on_drop: false }`
[INFO] [stderr] warning: only one of `license` or `license-file` is necessary
[INFO] [stderr]     Finished test [unoptimized + debuginfo] target(s) in 0.04s
[INFO] [stderr]      Running unittests (/opt/rustwide/target/debug/deps/gelf_logger-48353fb966c445fd)
[INFO] [stdout] 
[INFO] [stdout] running 0 tests
[INFO] [stdout] 
[INFO] [stdout] test result: ok. 0 passed; 0 failed; 0 ignored; 0 measured; 0 filtered out; finished in 0.00s
[INFO] [stdout] 
[INFO] [stderr]    Doc-tests gelf_logger
[INFO] [stdout] 
[INFO] [stdout] running 16 tests
[INFO] [stdout] test src/macros.rs - gelf_critical (line 107) ... FAILED
[INFO] [stdout] test src/macros.rs - gelf_error (line 126) ... FAILED
[INFO] [stdout] test src/batch.rs - batch::flush (line 134) ... FAILED
[INFO] [stdout] test src/batch.rs - batch::init_from_file (line 43) ... FAILED
[INFO] [stdout] test src/macros.rs - gelf_debug (line 205) ... FAILED
[INFO] [stdout] test src/macros.rs - gelf_alert (line 87) ... FAILED
[INFO] [stdout] test src/macros.rs - gelf_notice (line 166) ... FAILED
[INFO] [stdout] test src/macros.rs - gelf_warn (line 146) ... FAILED
[INFO] [stdout] test src/macros.rs - gelf_emergency (line 68) ... FAILED
[INFO] [stdout] test src/batch.rs - batch::init (line 68) ... FAILED
[INFO] [stdout] test src/macros.rs - gelf_info (line 186) ... FAILED
[INFO] [stdout] test src/lib.rs - (line 19) ... FAILED
[INFO] [stdout] test src/macros.rs - gelf_log (line 12) ... FAILED
[INFO] [stdout] test src/config.rs - config::ConfigBuilder (line 20) ... ok
[INFO] [stdout] test src/config.rs - config::ConfigBuilder::try_from_yaml (line 47) ... FAILED
[INFO] [stdout] test src/config.rs - config::Config::try_from_yaml (line 232) ... FAILED
[INFO] [stdout] 
[INFO] [stdout] failures:
[INFO] [stdout] 
[INFO] [stdout] ---- src/macros.rs - gelf_critical (line 107) stdout ----
[INFO] [stdout] error: cannot find macro `gelf_critical` in this scope
[INFO] [stdout]  --> src/macros.rs:108:1
[INFO] [stdout]   |
[INFO] [stdout] 3 | gelf_critical!("No space left on device");
[INFO] [stdout]   | ^^^^^^^^^^^^^
[INFO] [stdout] 
[INFO] [stdout] error: aborting due to previous error
[INFO] [stdout] 
[INFO] [stdout] Couldn't compile the test.
[INFO] [stdout] ---- src/macros.rs - gelf_error (line 126) stdout ----
[INFO] [stdout] error: cannot find macro `gelf_error` in this scope
[INFO] [stdout]  --> src/macros.rs:127:1
[INFO] [stdout]   |
[INFO] [stdout] 3 | gelf_error!("Login failed!");
[INFO] [stdout]   | ^^^^^^^^^^
[INFO] [stdout] 
[INFO] [stdout] error: aborting due to previous error
[INFO] [stdout] 
[INFO] [stdout] Couldn't compile the test.
[INFO] [stdout] ---- src/batch.rs - batch::flush (line 134) stdout ----
[INFO] [stdout] error: cannot find macro `info` in this scope
[INFO] [stdout]   --> src/batch.rs:145:5
[INFO] [stdout]    |
[INFO] [stdout] 13 |     info!("hello");
[INFO] [stdout]    |     ^^^^
[INFO] [stdout] 
[INFO] [stdout] error: aborting due to previous error
[INFO] [stdout] 
[INFO] [stdout] Couldn't compile the test.
[INFO] [stdout] ---- src/batch.rs - batch::init_from_file (line 43) stdout ----
[INFO] [stdout] error: cannot find macro `info` in this scope
[INFO] [stdout]  --> src/batch.rs:50:5
[INFO] [stdout]   |
[INFO] [stdout] 9 |     info!("hello");
[INFO] [stdout]   |     ^^^^
[INFO] [stdout] 
[INFO] [stdout] error: aborting due to previous error
[INFO] [stdout] 
[INFO] [stdout] Couldn't compile the test.
[INFO] [stdout] ---- src/macros.rs - gelf_debug (line 205) stdout ----
[INFO] [stdout] error: cannot find macro `gelf_debug` in this scope
[INFO] [stdout]  --> src/macros.rs:206:1
[INFO] [stdout]   |
[INFO] [stdout] 3 | gelf_debug!("myvalue = '5'");
[INFO] [stdout]   | ^^^^^^^^^^
[INFO] [stdout] 
[INFO] [stdout] error: aborting due to previous error
[INFO] [stdout] 
[INFO] [stdout] Couldn't compile the test.
[INFO] [stdout] ---- src/macros.rs - gelf_alert (line 87) stdout ----
[INFO] [stdout] error: cannot find macro `gelf_alert` in this scope
[INFO] [stdout]  --> src/macros.rs:88:1
[INFO] [stdout]   |
[INFO] [stdout] 3 | gelf_alert!("Action must be taken immediately.");
[INFO] [stdout]   | ^^^^^^^^^^
[INFO] [stdout] 
[INFO] [stdout] error: aborting due to previous error
[INFO] [stdout] 
[INFO] [stdout] Couldn't compile the test.
[INFO] [stdout] ---- src/macros.rs - gelf_notice (line 166) stdout ----
[INFO] [stdout] error: cannot find macro `gelf_notice` in this scope
[INFO] [stdout]  --> src/macros.rs:167:1
[INFO] [stdout]   |
[INFO] [stdout] 3 | gelf_notice!("User reached 90% of his quota");
[INFO] [stdout]   | ^^^^^^^^^^^
[INFO] [stdout] 
[INFO] [stdout] error: aborting due to previous error
[INFO] [stdout] 
[INFO] [stdout] Couldn't compile the test.
[INFO] [stdout] ---- src/macros.rs - gelf_warn (line 146) stdout ----
[INFO] [stdout] error: cannot find macro `gelf_warn` in this scope
[INFO] [stdout]  --> src/macros.rs:147:1
[INFO] [stdout]   |
[INFO] [stdout] 3 | gelf_warn!("Error while fetching metadata with correlation");
[INFO] [stdout]   | ^^^^^^^^^
[INFO] [stdout] 
[INFO] [stdout] error: aborting due to previous error
[INFO] [stdout] 
[INFO] [stdout] Couldn't compile the test.
[INFO] [stdout] ---- src/macros.rs - gelf_emergency (line 68) stdout ----
[INFO] [stdout] error: cannot find macro `gelf_emergency` in this scope
[INFO] [stdout]  --> src/macros.rs:69:1
[INFO] [stdout]   |
[INFO] [stdout] 3 | gelf_emergency!("System is unusable !!");
[INFO] [stdout]   | ^^^^^^^^^^^^^^
[INFO] [stdout] 
[INFO] [stdout] error: aborting due to previous error
[INFO] [stdout] 
[INFO] [stdout] Couldn't compile the test.
[INFO] [stdout] ---- src/batch.rs - batch::init (line 68) stdout ----
[INFO] [stdout] error: cannot find macro `info` in this scope
[INFO] [stdout]   --> src/batch.rs:79:5
[INFO] [stdout]    |
[INFO] [stdout] 13 |     info!("hello");
[INFO] [stdout]    |     ^^^^
[INFO] [stdout] 
[INFO] [stdout] error: aborting due to previous error
[INFO] [stdout] 
[INFO] [stdout] Couldn't compile the test.
[INFO] [stdout] ---- src/macros.rs - gelf_info (line 186) stdout ----
[INFO] [stdout] error: cannot find macro `gelf_info` in this scope
[INFO] [stdout]  --> src/macros.rs:187:1
[INFO] [stdout]   |
[INFO] [stdout] 3 | gelf_info!("Downloading file...");
[INFO] [stdout]   | ^^^^^^^^^
[INFO] [stdout] 
[INFO] [stdout] error: aborting due to previous error
[INFO] [stdout] 
[INFO] [stdout] Couldn't compile the test.
[INFO] [stdout] ---- src/lib.rs - (line 19) stdout ----
[INFO] [stdout] error[E0432]: unresolved import `serde_gelf`
[INFO] [stdout]   --> src/lib.rs:28:5
[INFO] [stdout]    |
[INFO] [stdout] 10 | use serde_gelf::GelfLevel;
[INFO] [stdout]    |     ^^^^^^^^^^ maybe a missing crate `serde_gelf`?
[INFO] [stdout] 
[INFO] [stdout] error[E0432]: unresolved import `serde_gelf`
[INFO] [stdout]   --> src/lib.rs:65:5
[INFO] [stdout]    |
[INFO] [stdout] 47 |     gelf_warn!(extra: &Myapp::default(), "My app info");
[INFO] [stdout]    |     ^^^^^^^^^^^^^^^^^^^^^^^^^^^^^^^^^^^^^^^^^^^^^^^^^^^^ maybe a missing crate `serde_gelf`?
[INFO] [stdout]    |
[INFO] [stdout]    = note: this error originates in the macro `gelf_log` (in Nightly builds, run with -Z macro-backtrace for more info)
[INFO] [stdout] 
[INFO] [stdout] error[E0599]: no function or associated item named `new` found for struct `GelfRecord` in the current scope
[INFO] [stdout]   --> src/lib.rs:65:5
[INFO] [stdout]    |
[INFO] [stdout] 47 |     gelf_warn!(extra: &Myapp::default(), "My app info");
[INFO] [stdout]    |     ^^^^^^^^^^^^^^^^^^^^^^^^^^^^^^^^^^^^^^^^^^^^^^^^^^^^ function or associated item not found in `GelfRecord`
[INFO] [stdout]    |
[INFO] [stdout]    = help: items from traits can only be used if the trait is in scope
[INFO] [stdout]    = note: this error originates in the macro `gelf_log` (in Nightly builds, run with -Z macro-backtrace for more info)
[INFO] [stdout] help: the following trait is implemented but not in scope; perhaps add a `use` for it:
[INFO] [stdout]    |
[INFO] [stdout] 10 | use serde_gelf::GelfRecordBuilder;
[INFO] [stdout]    |
[INFO] [stdout] 
[INFO] [stdout] error: aborting due to 3 previous errors
[INFO] [stdout] 
[INFO] [stdout] Some errors have detailed explanations: E0432, E0599.
[INFO] [stdout] For more information about an error, try `rustc --explain E0432`.
[INFO] [stdout] Couldn't compile the test.
[INFO] [stdout] ---- src/macros.rs - gelf_log (line 12) stdout ----
[INFO] [stdout] error: format argument must be a string literal
[INFO] [stdout]   --> src/macros.rs:30:40
[INFO] [stdout]    |
[INFO] [stdout] 19 |     gelf_log!(level: GelfLevel::Debug, extra: &myapp);
[INFO] [stdout]    |                                        ^^^^^^^^^^^^^
[INFO] [stdout]    |
[INFO] [stdout] help: you might be missing a string literal to format with
[INFO] [stdout]    |
[INFO] [stdout] 19 |     gelf_log!(level: GelfLevel::Debug, "{}", extra: &myapp);
[INFO] [stdout]    |                                        ^^^^^
[INFO] [stdout] 
[INFO] [stdout] error[E0252]: the name `BTreeMap` is defined multiple times
[INFO] [stdout]   --> src/macros.rs:27:5
[INFO] [stdout]    |
[INFO] [stdout] 16 |     gelf_log!(level: GelfLevel::Error, "Hello!");
[INFO] [stdout]    |     ^^^^^^^^^^^^^^^^^^^^^^^^^^^^^^^^^^^^^^^^^^^^^ `BTreeMap` reimported here
[INFO] [stdout] ...
[INFO] [stdout] 19 |     gelf_log!(level: GelfLevel::Debug, extra: &myapp);
[INFO] [stdout]    |     -------------------------------------------------- previous import of the type `BTreeMap` here
[INFO] [stdout]    |
[INFO] [stdout]    = note: `BTreeMap` must be defined only once in the type namespace of this block
[INFO] [stdout]    = note: this error originates in the macro `gelf_log` (in Nightly builds, run with -Z macro-backtrace for more info)
[INFO] [stdout] 
[INFO] [stdout] error[E0432]: unresolved import `serde_gelf`
[INFO] [stdout]  --> src/macros.rs:18:5
[INFO] [stdout]   |
[INFO] [stdout] 7 | use serde_gelf::GelfLevel;
[INFO] [stdout]   |     ^^^^^^^^^^ maybe a missing crate `serde_gelf`?
[INFO] [stdout] 
[INFO] [stdout] error[E0432]: unresolved import `serde_gelf`
[INFO] [stdout]   --> src/macros.rs:27:5
[INFO] [stdout]    |
[INFO] [stdout] 16 |     gelf_log!(level: GelfLevel::Error, "Hello!");
[INFO] [stdout]    |     ^^^^^^^^^^^^^^^^^^^^^^^^^^^^^^^^^^^^^^^^^^^^^ maybe a missing crate `serde_gelf`?
[INFO] [stdout]    |
[INFO] [stdout]    = note: this error originates in the macro `gelf_log` (in Nightly builds, run with -Z macro-backtrace for more info)
[INFO] [stdout] 
[INFO] [stdout] error[E0432]: unresolved import `serde_gelf`
[INFO] [stdout]   --> src/macros.rs:30:5
[INFO] [stdout]    |
[INFO] [stdout] 19 |     gelf_log!(level: GelfLevel::Debug, extra: &myapp);
[INFO] [stdout]    |     ^^^^^^^^^^^^^^^^^^^^^^^^^^^^^^^^^^^^^^^^^^^^^^^^^^ maybe a missing crate `serde_gelf`?
[INFO] [stdout]    |
[INFO] [stdout]    = note: this error originates in the macro `gelf_log` (in Nightly builds, run with -Z macro-backtrace for more info)
[INFO] [stdout] 
[INFO] [stdout] error[E0599]: no function or associated item named `new` found for struct `GelfRecord` in the current scope
[INFO] [stdout]   --> src/macros.rs:27:5
[INFO] [stdout]    |
[INFO] [stdout] 16 |     gelf_log!(level: GelfLevel::Error, "Hello!");
[INFO] [stdout]    |     ^^^^^^^^^^^^^^^^^^^^^^^^^^^^^^^^^^^^^^^^^^^^^ function or associated item not found in `GelfRecord`
[INFO] [stdout]    |
[INFO] [stdout]    = help: items from traits can only be used if the trait is in scope
[INFO] [stdout]    = note: this error originates in the macro `gelf_log` (in Nightly builds, run with -Z macro-backtrace for more info)
[INFO] [stdout] help: the following trait is implemented but not in scope; perhaps add a `use` for it:
[INFO] [stdout]    |
[INFO] [stdout] 7  | use serde_gelf::GelfRecordBuilder;
[INFO] [stdout]    |
[INFO] [stdout] 
[INFO] [stdout] error[E0308]: mismatched types
[INFO] [stdout]   --> src/macros.rs:27:5
[INFO] [stdout]    |
[INFO] [stdout] 16 |     gelf_log!(level: GelfLevel::Error, "Hello!");
[INFO] [stdout]    |     ^^^^^^^^^^^^^^^^^^^^^^^^^^^^^^^^^^^^^^^^^^^^^ expected reference, found struct `BTreeMap`
[INFO] [stdout]    |
[INFO] [stdout]    = note: expected reference `&_`
[INFO] [stdout]                  found struct `BTreeMap<_, _>`
[INFO] [stdout]    = note: this error originates in the macro `gelf_log` (in Nightly builds, run with -Z macro-backtrace for more info)
[INFO] [stdout] 
[INFO] [stdout] error[E0599]: no function or associated item named `new` found for struct `GelfRecord` in the current scope
[INFO] [stdout]   --> src/macros.rs:30:5
[INFO] [stdout]    |
[INFO] [stdout] 19 |     gelf_log!(level: GelfLevel::Debug, extra: &myapp);
[INFO] [stdout]    |     ^^^^^^^^^^^^^^^^^^^^^^^^^^^^^^^^^^^^^^^^^^^^^^^^^^ function or associated item not found in `GelfRecord`
[INFO] [stdout]    |
[INFO] [stdout]    = help: items from traits can only be used if the trait is in scope
[INFO] [stdout]    = note: this error originates in the macro `gelf_log` (in Nightly builds, run with -Z macro-backtrace for more info)
[INFO] [stdout] help: the following trait is implemented but not in scope; perhaps add a `use` for it:
[INFO] [stdout]    |
[INFO] [stdout] 7  | use serde_gelf::GelfRecordBuilder;
[INFO] [stdout]    |
[INFO] [stdout] 
[INFO] [stdout] error[E0308]: mismatched types
[INFO] [stdout]   --> src/macros.rs:30:5
[INFO] [stdout]    |
[INFO] [stdout] 19 |     gelf_log!(level: GelfLevel::Debug, extra: &myapp);
[INFO] [stdout]    |     ^^^^^^^^^^^^^^^^^^^^^^^^^^^^^^^^^^^^^^^^^^^^^^^^^^ expected reference, found struct `BTreeMap`
[INFO] [stdout]    |
[INFO] [stdout]    = note: expected reference `&_`
[INFO] [stdout]                  found struct `BTreeMap<_, _>`
[INFO] [stdout]    = note: this error originates in the macro `gelf_log` (in Nightly builds, run with -Z macro-backtrace for more info)
[INFO] [stdout] 
[INFO] [stdout] error: aborting due to 9 previous errors
[INFO] [stdout] 
[INFO] [stdout] Some errors have detailed explanations: E0252, E0308, E0432, E0599.
[INFO] [stdout] For more information about an error, try `rustc --explain E0252`.
[INFO] [stdout] Couldn't compile the test.
[INFO] [stdout] ---- src/config.rs - config::ConfigBuilder::try_from_yaml (line 47) stdout ----
[INFO] [stdout] Test executable failed (exit code 101).
[INFO] [stdout] 
[INFO] [stdout] stderr:
[INFO] [stdout] thread 'main' panicked at 'Invalid config file!: IOError(Os { code: 2, kind: NotFound, message: "No such file or directory" })', src/config.rs:7:6
[INFO] [stdout] stack backtrace:
[INFO] [stdout]    0:     0x55c36a0ba620 - std::backtrace_rs::backtrace::libunwind::trace::h34055254b57d8e79
[INFO] [stdout]                                at /rustc/a178d0322ce20e33eac124758e837cbd80a6f633/library/std/src/../../backtrace/src/backtrace/libunwind.rs:90:5
[INFO] [stdout]    1:     0x55c36a0ba620 - std::backtrace_rs::backtrace::trace_unsynchronized::h8f1e3fbd9afff6ec
[INFO] [stdout]                                at /rustc/a178d0322ce20e33eac124758e837cbd80a6f633/library/std/src/../../backtrace/src/backtrace/mod.rs:66:5
[INFO] [stdout]    2:     0x55c36a0ba620 - std::sys_common::backtrace::_print_fmt::h3a99a796b770c360
[INFO] [stdout]                                at /rustc/a178d0322ce20e33eac124758e837cbd80a6f633/library/std/src/sys_common/backtrace.rs:67:5
[INFO] [stdout]    3:     0x55c36a0ba620 - <std::sys_common::backtrace::_print::DisplayBacktrace as core::fmt::Display>::fmt::h32d1f94a80615d18
[INFO] [stdout]                                at /rustc/a178d0322ce20e33eac124758e837cbd80a6f633/library/std/src/sys_common/backtrace.rs:46:22
[INFO] [stdout]    4:     0x55c36a0dafdc - core::fmt::write::h306731c068f7162c
[INFO] [stdout]                                at /rustc/a178d0322ce20e33eac124758e837cbd80a6f633/library/core/src/fmt/mod.rs:1110:17
[INFO] [stdout]    5:     0x55c36a0b7725 - std::io::Write::write_fmt::hd2fa90334eee2a21
[INFO] [stdout]                                at /rustc/a178d0322ce20e33eac124758e837cbd80a6f633/library/std/src/io/mod.rs:1588:15
[INFO] [stdout]    6:     0x55c36a0bc24b - std::sys_common::backtrace::_print::h5abaa2601a852287
[INFO] [stdout]                                at /rustc/a178d0322ce20e33eac124758e837cbd80a6f633/library/std/src/sys_common/backtrace.rs:49:5
[INFO] [stdout]    7:     0x55c36a0bc24b - std::sys_common::backtrace::print::h8d81445442bb638f
[INFO] [stdout]                                at /rustc/a178d0322ce20e33eac124758e837cbd80a6f633/library/std/src/sys_common/backtrace.rs:36:9
[INFO] [stdout]    8:     0x55c36a0bc24b - std::panicking::default_hook::{{closure}}::hcfe804496a9fa747
[INFO] [stdout]                                at /rustc/a178d0322ce20e33eac124758e837cbd80a6f633/library/std/src/panicking.rs:208:50
[INFO] [stdout]    9:     0x55c36a0bbd21 - std::panicking::default_hook::hbea8e3ccf2ba8901
[INFO] [stdout]                                at /rustc/a178d0322ce20e33eac124758e837cbd80a6f633/library/std/src/panicking.rs:225:9
[INFO] [stdout]   10:     0x55c36a0bc914 - std::panicking::rust_panic_with_hook::h7ee9e1a2d0f8975a
[INFO] [stdout]                                at /rustc/a178d0322ce20e33eac124758e837cbd80a6f633/library/std/src/panicking.rs:622:17
[INFO] [stdout]   11:     0x55c36a0bc3f7 - std::panicking::begin_panic_handler::{{closure}}::h8ab3b4491718b2c7
[INFO] [stdout]                                at /rustc/a178d0322ce20e33eac124758e837cbd80a6f633/library/std/src/panicking.rs:519:13
[INFO] [stdout]   12:     0x55c36a0bab1c - std::sys_common::backtrace::__rust_end_short_backtrace::hd489062ffa586a9f
[INFO] [stdout]                                at /rustc/a178d0322ce20e33eac124758e837cbd80a6f633/library/std/src/sys_common/backtrace.rs:141:18
[INFO] [stdout]   13:     0x55c36a0bc359 - rust_begin_unwind
[INFO] [stdout]                                at /rustc/a178d0322ce20e33eac124758e837cbd80a6f633/library/std/src/panicking.rs:515:5
[INFO] [stdout]   14:     0x55c36a007061 - core::panicking::panic_fmt::hca6330e3e14086b4
[INFO] [stdout]                                at /rustc/a178d0322ce20e33eac124758e837cbd80a6f633/library/core/src/panicking.rs:92:14
[INFO] [stdout]   15:     0x55c36a007153 - core::result::unwrap_failed::h6160d2b4bfbb0e87
[INFO] [stdout]                                at /rustc/a178d0322ce20e33eac124758e837cbd80a6f633/library/core/src/result.rs:1355:5
[INFO] [stdout]   16:     0x55c36a007aae - core::result::Result<T,E>::expect::ha2bf1b9944e4b354
[INFO] [stdout]   17:     0x55c36a007b89 - rust_out::main::_doctest_main_src_config_rs_47_0::hbbb36aa8147cb2a4
[INFO] [stdout]   18:     0x55c36a007b36 - rust_out::main::h2a38bb51b9580a7d
[INFO] [stdout]   19:     0x55c36a0079f3 - core::ops::function::FnOnce::call_once::hb73b95e6982fd3f0
[INFO] [stdout]   20:     0x55c36a0078e9 - std::sys_common::backtrace::__rust_begin_short_backtrace::h8371d112165838d3
[INFO] [stdout]   21:     0x55c36a007959 - std::rt::lang_start::{{closure}}::h783adf50233ec5ec
[INFO] [stdout]   22:     0x55c36a0bce19 - core::ops::function::impls::<impl core::ops::function::FnOnce<A> for &F>::call_once::h2aabc384aab89b7b
[INFO] [stdout]                                at /rustc/a178d0322ce20e33eac124758e837cbd80a6f633/library/core/src/ops/function.rs:259:13
[INFO] [stdout]   23:     0x55c36a0bce19 - std::panicking::try::do_call::hc5fcacb7a85fc7b1
[INFO] [stdout]                                at /rustc/a178d0322ce20e33eac124758e837cbd80a6f633/library/std/src/panicking.rs:401:40
[INFO] [stdout]   24:     0x55c36a0bce19 - std::panicking::try::hb5d9603af3abbe3a
[INFO] [stdout]                                at /rustc/a178d0322ce20e33eac124758e837cbd80a6f633/library/std/src/panicking.rs:365:19
[INFO] [stdout]   25:     0x55c36a0bce19 - std::panic::catch_unwind::h98fe6ac3925e64b4
[INFO] [stdout]                                at /rustc/a178d0322ce20e33eac124758e837cbd80a6f633/library/std/src/panic.rs:434:14
[INFO] [stdout]   26:     0x55c36a0bce19 - std::rt::lang_start_internal::h22ac7383c516f93e
[INFO] [stdout]                                at /rustc/a178d0322ce20e33eac124758e837cbd80a6f633/library/std/src/rt.rs:34:21
[INFO] [stdout]   27:     0x55c36a007941 - std::rt::lang_start::h11b9716471e37ff8
[INFO] [stdout]   28:     0x55c36a007bc3 - main
[INFO] [stdout]   29:     0x7ff9001de0b3 - __libc_start_main
[INFO] [stdout]   30:     0x55c36a00781e - _start
[INFO] [stdout]   31:                0x0 - <unknown>
[INFO] [stdout] 
[INFO] [stdout] 
[INFO] [stdout] ---- src/config.rs - config::Config::try_from_yaml (line 232) stdout ----
[INFO] [stdout] Test executable failed (exit code 101).
[INFO] [stdout] 
[INFO] [stdout] stderr:
[INFO] [stdout] thread 'main' panicked at 'called `Result::unwrap()` on an `Err` value: IOError(Os { code: 2, kind: NotFound, message: "No such file or directory" })', src/config.rs:6:55
[INFO] [stdout] stack backtrace:
[INFO] [stdout]    0:     0x564c96f06450 - std::backtrace_rs::backtrace::libunwind::trace::h34055254b57d8e79
[INFO] [stdout]                                at /rustc/a178d0322ce20e33eac124758e837cbd80a6f633/library/std/src/../../backtrace/src/backtrace/libunwind.rs:90:5
[INFO] [stdout]    1:     0x564c96f06450 - std::backtrace_rs::backtrace::trace_unsynchronized::h8f1e3fbd9afff6ec
[INFO] [stdout]                                at /rustc/a178d0322ce20e33eac124758e837cbd80a6f633/library/std/src/../../backtrace/src/backtrace/mod.rs:66:5
[INFO] [stdout]    2:     0x564c96f06450 - std::sys_common::backtrace::_print_fmt::h3a99a796b770c360
[INFO] [stdout]                                at /rustc/a178d0322ce20e33eac124758e837cbd80a6f633/library/std/src/sys_common/backtrace.rs:67:5
[INFO] [stdout]    3:     0x564c96f06450 - <std::sys_common::backtrace::_print::DisplayBacktrace as core::fmt::Display>::fmt::h32d1f94a80615d18
[INFO] [stdout]                                at /rustc/a178d0322ce20e33eac124758e837cbd80a6f633/library/std/src/sys_common/backtrace.rs:46:22
[INFO] [stdout]    4:     0x564c96f26e0c - core::fmt::write::h306731c068f7162c
[INFO] [stdout]                                at /rustc/a178d0322ce20e33eac124758e837cbd80a6f633/library/core/src/fmt/mod.rs:1110:17
[INFO] [stdout]    5:     0x564c96f03555 - std::io::Write::write_fmt::hd2fa90334eee2a21
[INFO] [stdout]                                at /rustc/a178d0322ce20e33eac124758e837cbd80a6f633/library/std/src/io/mod.rs:1588:15
[INFO] [stdout]    6:     0x564c96f0807b - std::sys_common::backtrace::_print::h5abaa2601a852287
[INFO] [stdout]                                at /rustc/a178d0322ce20e33eac124758e837cbd80a6f633/library/std/src/sys_common/backtrace.rs:49:5
[INFO] [stdout]    7:     0x564c96f0807b - std::sys_common::backtrace::print::h8d81445442bb638f
[INFO] [stdout]                                at /rustc/a178d0322ce20e33eac124758e837cbd80a6f633/library/std/src/sys_common/backtrace.rs:36:9
[INFO] [stdout]    8:     0x564c96f0807b - std::panicking::default_hook::{{closure}}::hcfe804496a9fa747
[INFO] [stdout]                                at /rustc/a178d0322ce20e33eac124758e837cbd80a6f633/library/std/src/panicking.rs:208:50
[INFO] [stdout]    9:     0x564c96f07b51 - std::panicking::default_hook::hbea8e3ccf2ba8901
[INFO] [stdout]                                at /rustc/a178d0322ce20e33eac124758e837cbd80a6f633/library/std/src/panicking.rs:225:9
[INFO] [stdout]   10:     0x564c96f08744 - std::panicking::rust_panic_with_hook::h7ee9e1a2d0f8975a
[INFO] [stdout]                                at /rustc/a178d0322ce20e33eac124758e837cbd80a6f633/library/std/src/panicking.rs:622:17
[INFO] [stdout]   11:     0x564c96f08227 - std::panicking::begin_panic_handler::{{closure}}::h8ab3b4491718b2c7
[INFO] [stdout]                                at /rustc/a178d0322ce20e33eac124758e837cbd80a6f633/library/std/src/panicking.rs:519:13
[INFO] [stdout]   12:     0x564c96f0694c - std::sys_common::backtrace::__rust_end_short_backtrace::hd489062ffa586a9f
[INFO] [stdout]                                at /rustc/a178d0322ce20e33eac124758e837cbd80a6f633/library/std/src/sys_common/backtrace.rs:141:18
[INFO] [stdout]   13:     0x564c96f08189 - rust_begin_unwind
[INFO] [stdout]                                at /rustc/a178d0322ce20e33eac124758e837cbd80a6f633/library/std/src/panicking.rs:515:5
[INFO] [stdout]   14:     0x564c96e53061 - core::panicking::panic_fmt::hca6330e3e14086b4
[INFO] [stdout]                                at /rustc/a178d0322ce20e33eac124758e837cbd80a6f633/library/core/src/panicking.rs:92:14
[INFO] [stdout]   15:     0x564c96e53153 - core::result::unwrap_failed::h6160d2b4bfbb0e87
[INFO] [stdout]                                at /rustc/a178d0322ce20e33eac124758e837cbd80a6f633/library/core/src/result.rs:1355:5
[INFO] [stdout]   16:     0x564c96e53aa6 - core::result::Result<T,E>::unwrap::h44cee461a159e207
[INFO] [stdout]   17:     0x564c96e53b6a - rust_out::main::_doctest_main_src_config_rs_232_0::h609c7409edaca7c9
[INFO] [stdout]   18:     0x564c96e53b26 - rust_out::main::h2a38bb51b9580a7d
[INFO] [stdout]   19:     0x564c96e539f3 - core::ops::function::FnOnce::call_once::hb73b95e6982fd3f0
[INFO] [stdout]   20:     0x564c96e538e9 - std::sys_common::backtrace::__rust_begin_short_backtrace::h8371d112165838d3
[INFO] [stdout]   21:     0x564c96e53959 - std::rt::lang_start::{{closure}}::h783adf50233ec5ec
[INFO] [stdout]   22:     0x564c96f08c49 - core::ops::function::impls::<impl core::ops::function::FnOnce<A> for &F>::call_once::h2aabc384aab89b7b
[INFO] [stdout]                                at /rustc/a178d0322ce20e33eac124758e837cbd80a6f633/library/core/src/ops/function.rs:259:13
[INFO] [stdout]   23:     0x564c96f08c49 - std::panicking::try::do_call::hc5fcacb7a85fc7b1
[INFO] [stdout]                                at /rustc/a178d0322ce20e33eac124758e837cbd80a6f633/library/std/src/panicking.rs:401:40
[INFO] [stdout]   24:     0x564c96f08c49 - std::panicking::try::hb5d9603af3abbe3a
[INFO] [stdout]                                at /rustc/a178d0322ce20e33eac124758e837cbd80a6f633/library/std/src/panicking.rs:365:19
[INFO] [stdout]   25:     0x564c96f08c49 - std::panic::catch_unwind::h98fe6ac3925e64b4
[INFO] [stdout]                                at /rustc/a178d0322ce20e33eac124758e837cbd80a6f633/library/std/src/panic.rs:434:14
[INFO] [stdout]   26:     0x564c96f08c49 - std::rt::lang_start_internal::h22ac7383c516f93e
[INFO] [stdout]                                at /rustc/a178d0322ce20e33eac124758e837cbd80a6f633/library/std/src/rt.rs:34:21
[INFO] [stdout]   27:     0x564c96e53941 - std::rt::lang_start::h11b9716471e37ff8
[INFO] [stdout]   28:     0x564c96e53b93 - main
[INFO] [stdout]   29:     0x7ff72c3530b3 - __libc_start_main
[INFO] [stdout]   30:     0x564c96e5381e - _start
[INFO] [stdout]   31:                0x0 - <unknown>
[INFO] [stdout] 
[INFO] [stdout] 
[INFO] [stdout] 
[INFO] [stdout] failures:
[INFO] [stdout]     src/batch.rs - batch::flush (line 134)
[INFO] [stdout]     src/batch.rs - batch::init (line 68)
[INFO] [stdout]     src/batch.rs - batch::init_from_file (line 43)
[INFO] [stdout]     src/config.rs - config::Config::try_from_yaml (line 232)
[INFO] [stdout]     src/config.rs - config::ConfigBuilder::try_from_yaml (line 47)
[INFO] [stdout]     src/lib.rs - (line 19)
[INFO] [stdout]     src/macros.rs - gelf_alert (line 87)
[INFO] [stdout]     src/macros.rs - gelf_critical (line 107)
[INFO] [stdout]     src/macros.rs - gelf_debug (line 205)
[INFO] [stdout]     src/macros.rs - gelf_emergency (line 68)
[INFO] [stdout]     src/macros.rs - gelf_error (line 126)
[INFO] [stdout]     src/macros.rs - gelf_info (line 186)
[INFO] [stdout]     src/macros.rs - gelf_log (line 12)
[INFO] [stdout]     src/macros.rs - gelf_notice (line 166)
[INFO] [stdout]     src/macros.rs - gelf_warn (line 146)
[INFO] [stdout] 
[INFO] [stdout] test result: FAILED. 1 passed; 15 failed; 0 ignored; 0 measured; 0 filtered out; finished in 1.21s
[INFO] [stdout] 
[INFO] [stderr] error: test failed, to rerun pass '--doc'
[INFO] running `Command { std: "docker" "inspect" "10018f0173ae897a7a5e3513779a10261d38d14b213fbdf8349648a12d6e674b", kill_on_drop: false }`
[INFO] running `Command { std: "docker" "rm" "-f" "10018f0173ae897a7a5e3513779a10261d38d14b213fbdf8349648a12d6e674b", kill_on_drop: false }`
[INFO] [stdout] 10018f0173ae897a7a5e3513779a10261d38d14b213fbdf8349648a12d6e674b
