[INFO] fetching crate gcp-sa 0.1.2...
[INFO] testing gcp-sa-0.1.2 against 1.54.0 for beta-1.55-1
[INFO] extracting crate gcp-sa 0.1.2 into /workspace/builds/worker-101/source
[INFO] validating manifest of crates.io crate gcp-sa 0.1.2 on toolchain 1.54.0
[INFO] running `Command { std: "/workspace/cargo-home/bin/cargo" "+1.54.0" "metadata" "--manifest-path" "Cargo.toml" "--no-deps", kill_on_drop: false }`
[INFO] started tweaking crates.io crate gcp-sa 0.1.2
[INFO] finished tweaking crates.io crate gcp-sa 0.1.2
[INFO] tweaked toml for crates.io crate gcp-sa 0.1.2 written to /workspace/builds/worker-101/source/Cargo.toml
[INFO] running `Command { std: "/workspace/cargo-home/bin/cargo" "+1.54.0" "generate-lockfile" "--manifest-path" "Cargo.toml" "-Zno-index-update", kill_on_drop: false }`
[INFO] [stderr]     Blocking waiting for file lock on package cache
[INFO] running `Command { std: "/workspace/cargo-home/bin/cargo" "+1.54.0" "fetch" "--manifest-path" "Cargo.toml", kill_on_drop: false }`
[INFO] [stderr]     Blocking waiting for file lock on package cache
[INFO] [stderr]     Blocking waiting for file lock on package cache
[INFO] [stderr]  Downloading crates ...
[INFO] [stderr]   Downloaded frank_jwt v3.1.2
[INFO] running `Command { std: "docker" "create" "-v" "/var/lib/crater-agent-workspace/builds/worker-101/target:/opt/rustwide/target:rw,Z" "-v" "/var/lib/crater-agent-workspace/builds/worker-101/source:/opt/rustwide/workdir:ro,Z" "-v" "/var/lib/crater-agent-workspace/cargo-home:/opt/rustwide/cargo-home:ro,Z" "-v" "/var/lib/crater-agent-workspace/rustup-home:/opt/rustwide/rustup-home:ro,Z" "-e" "SOURCE_DIR=/opt/rustwide/workdir" "-e" "CARGO_TARGET_DIR=/opt/rustwide/target" "-e" "CARGO_HOME=/opt/rustwide/cargo-home" "-e" "RUSTUP_HOME=/opt/rustwide/rustup-home" "-w" "/opt/rustwide/workdir" "-m" "1610612736" "--user" "0:0" "--network" "none" "ghcr.io/rust-lang/crates-build-env/linux@sha256:34b6a614d2c27851fe6cbf88fbd1137609cefab8b10d0615aaeb6fd47975d74e" "/opt/rustwide/cargo-home/bin/cargo" "+1.54.0" "metadata" "--no-deps" "--format-version=1", kill_on_drop: false }`
[INFO] [stdout] 0c48be62016478f159452d9853fb343a3ad9ed71a5a33d0866efd2c9bc342617
[INFO] running `Command { std: "docker" "start" "-a" "0c48be62016478f159452d9853fb343a3ad9ed71a5a33d0866efd2c9bc342617", kill_on_drop: false }`
[INFO] running `Command { std: "docker" "inspect" "0c48be62016478f159452d9853fb343a3ad9ed71a5a33d0866efd2c9bc342617", kill_on_drop: false }`
[INFO] running `Command { std: "docker" "rm" "-f" "0c48be62016478f159452d9853fb343a3ad9ed71a5a33d0866efd2c9bc342617", kill_on_drop: false }`
[INFO] [stdout] 0c48be62016478f159452d9853fb343a3ad9ed71a5a33d0866efd2c9bc342617
[INFO] running `Command { std: "docker" "create" "-v" "/var/lib/crater-agent-workspace/builds/worker-101/target:/opt/rustwide/target:rw,Z" "-v" "/var/lib/crater-agent-workspace/builds/worker-101/source:/opt/rustwide/workdir:ro,Z" "-v" "/var/lib/crater-agent-workspace/cargo-home:/opt/rustwide/cargo-home:ro,Z" "-v" "/var/lib/crater-agent-workspace/rustup-home:/opt/rustwide/rustup-home:ro,Z" "-e" "SOURCE_DIR=/opt/rustwide/workdir" "-e" "CARGO_TARGET_DIR=/opt/rustwide/target" "-e" "CARGO_INCREMENTAL=0" "-e" "RUST_BACKTRACE=full" "-e" "RUSTFLAGS=--cap-lints=warn" "-e" "CARGO_HOME=/opt/rustwide/cargo-home" "-e" "RUSTUP_HOME=/opt/rustwide/rustup-home" "-w" "/opt/rustwide/workdir" "-m" "1610612736" "--user" "0:0" "--network" "none" "ghcr.io/rust-lang/crates-build-env/linux@sha256:34b6a614d2c27851fe6cbf88fbd1137609cefab8b10d0615aaeb6fd47975d74e" "/opt/rustwide/cargo-home/bin/cargo" "+1.54.0" "build" "--frozen" "--message-format=json", kill_on_drop: false }`
[INFO] [stdout] c16d9ca1451fa586cabc3cadb92e857c6de20d05b398da5c05f45bf46cf91593
[INFO] running `Command { std: "docker" "start" "-a" "c16d9ca1451fa586cabc3cadb92e857c6de20d05b398da5c05f45bf46cf91593", kill_on_drop: false }`
[INFO] [stderr]    Compiling autocfg v1.0.1
[INFO] [stderr]    Compiling libc v0.2.98
[INFO] [stderr]    Compiling cc v1.0.69
[INFO] [stderr]    Compiling pkg-config v0.3.19
[INFO] [stderr]    Compiling pin-project-lite v0.2.7
[INFO] [stderr]    Compiling itoa v0.4.7
[INFO] [stderr]    Compiling memchr v2.4.0
[INFO] [stderr]    Compiling futures-core v0.3.16
[INFO] [stderr]    Compiling syn v1.0.74
[INFO] [stderr]    Compiling bytes v1.0.1
[INFO] [stderr]    Compiling serde_derive v1.0.127
[INFO] [stderr]    Compiling futures-task v0.3.16
[INFO] [stderr]    Compiling serde v1.0.127
[INFO] [stderr]    Compiling foreign-types-shared v0.1.1
[INFO] [stderr]    Compiling once_cell v1.8.0
[INFO] [stderr]    Compiling openssl v0.10.35
[INFO] [stderr]    Compiling lazy_static v1.4.0
[INFO] [stderr]    Compiling matches v0.1.8
[INFO] [stderr]    Compiling fnv v1.0.7
[INFO] [stderr]    Compiling ryu v1.0.5
[INFO] [stderr]    Compiling native-tls v0.2.7
[INFO] [stderr]    Compiling tinyvec_macros v0.1.0
[INFO] [stderr]    Compiling httparse v1.4.1
[INFO] [stderr]    Compiling pin-utils v0.1.0
[INFO] [stderr]    Compiling hashbrown v0.11.2
[INFO] [stderr]    Compiling futures-channel v0.3.16
[INFO] [stderr]    Compiling futures-sink v0.3.16
[INFO] [stderr]    Compiling try-lock v0.2.3
[INFO] [stderr]    Compiling slab v0.4.4
[INFO] [stderr]    Compiling percent-encoding v2.1.0
[INFO] [stderr]    Compiling openssl-probe v0.1.4
[INFO] [stderr]    Compiling tower-service v0.3.1
[INFO] [stderr]    Compiling httpdate v1.0.1
[INFO] [stderr]    Compiling encoding_rs v0.8.28
[INFO] [stderr]    Compiling serde_json v1.0.66
[INFO] [stderr]    Compiling ppv-lite86 v0.2.10
[INFO] [stderr]    Compiling eyre v0.6.5
[INFO] [stderr]    Compiling byteorder v1.4.3
[INFO] [stderr]    Compiling remove_dir_all v0.5.3
[INFO] [stderr]    Compiling base64 v0.13.0
[INFO] [stderr]    Compiling ipnet v2.3.1
[INFO] [stderr]    Compiling mime v0.3.16
[INFO] [stderr]    Compiling indenter v0.3.3
[INFO] [stderr]    Compiling tinyvec v1.3.1
[INFO] [stderr]    Compiling tracing-core v0.1.18
[INFO] [stderr]    Compiling unicode-bidi v0.3.5
[INFO] [stderr]    Compiling form_urlencoded v1.0.1
[INFO] [stderr]    Compiling tokio v1.9.0
[INFO] [stderr]    Compiling indexmap v1.7.0
[INFO] [stderr]    Compiling futures-util v0.3.16
[INFO] [stderr]    Compiling foreign-types v0.3.2
[INFO] [stderr]    Compiling http v0.2.4
[INFO] [stderr]    Compiling want v0.3.0
[INFO] [stderr]    Compiling tracing v0.1.26
[INFO] [stderr]    Compiling unicode-normalization v0.1.19
[INFO] [stderr]    Compiling base64 v0.10.1
[INFO] [stderr]    Compiling openssl-sys v0.9.65
[INFO] [stderr]    Compiling idna v0.2.3
[INFO] [stderr]    Compiling mio v0.7.13
[INFO] [stderr]    Compiling getrandom v0.2.3
[INFO] [stderr]    Compiling socket2 v0.4.1
[INFO] [stderr]    Compiling rand_core v0.6.3
[INFO] [stderr]    Compiling rand_chacha v0.3.1
[INFO] [stderr]    Compiling http-body v0.4.2
[INFO] [stderr]    Compiling rand v0.8.4
[INFO] [stderr]    Compiling tempfile v3.2.0
[INFO] [stderr]    Compiling tokio-util v0.6.7
[INFO] [stderr]    Compiling tokio-native-tls v0.3.0
[INFO] [stderr]    Compiling h2 v0.3.3
[INFO] [stderr]    Compiling hyper v0.14.11
[INFO] [stderr]    Compiling hyper-tls v0.5.0
[INFO] [stderr]    Compiling serde_urlencoded v0.7.0
[INFO] [stderr]    Compiling url v2.2.2
[INFO] [stderr]    Compiling reqwest v0.11.4
[INFO] [stderr]    Compiling frank_jwt v3.1.2
[INFO] [stderr]    Compiling gcp-sa v0.1.2 (/opt/rustwide/workdir)
[INFO] [stderr]     Finished dev [unoptimized + debuginfo] target(s) in 32.60s
[INFO] running `Command { std: "docker" "inspect" "c16d9ca1451fa586cabc3cadb92e857c6de20d05b398da5c05f45bf46cf91593", kill_on_drop: false }`
[INFO] running `Command { std: "docker" "rm" "-f" "c16d9ca1451fa586cabc3cadb92e857c6de20d05b398da5c05f45bf46cf91593", kill_on_drop: false }`
[INFO] [stdout] c16d9ca1451fa586cabc3cadb92e857c6de20d05b398da5c05f45bf46cf91593
[INFO] running `Command { std: "docker" "create" "-v" "/var/lib/crater-agent-workspace/builds/worker-101/target:/opt/rustwide/target:rw,Z" "-v" "/var/lib/crater-agent-workspace/builds/worker-101/source:/opt/rustwide/workdir:ro,Z" "-v" "/var/lib/crater-agent-workspace/cargo-home:/opt/rustwide/cargo-home:ro,Z" "-v" "/var/lib/crater-agent-workspace/rustup-home:/opt/rustwide/rustup-home:ro,Z" "-e" "SOURCE_DIR=/opt/rustwide/workdir" "-e" "CARGO_TARGET_DIR=/opt/rustwide/target" "-e" "CARGO_INCREMENTAL=0" "-e" "RUST_BACKTRACE=full" "-e" "RUSTFLAGS=--cap-lints=warn" "-e" "CARGO_HOME=/opt/rustwide/cargo-home" "-e" "RUSTUP_HOME=/opt/rustwide/rustup-home" "-w" "/opt/rustwide/workdir" "-m" "1610612736" "--user" "0:0" "--network" "none" "ghcr.io/rust-lang/crates-build-env/linux@sha256:34b6a614d2c27851fe6cbf88fbd1137609cefab8b10d0615aaeb6fd47975d74e" "/opt/rustwide/cargo-home/bin/cargo" "+1.54.0" "test" "--frozen" "--no-run" "--message-format=json", kill_on_drop: false }`
[INFO] [stdout] f0776677432dbe0b28249e7eb2d1dca10be176deefcc845238bfe161cd86db94
[INFO] running `Command { std: "docker" "start" "-a" "f0776677432dbe0b28249e7eb2d1dca10be176deefcc845238bfe161cd86db94", kill_on_drop: false }`
[INFO] [stderr]     Blocking waiting for file lock on package cache
[INFO] [stderr]    Compiling gcp-sa v0.1.2 (/opt/rustwide/workdir)
[INFO] [stderr]     Finished test [unoptimized + debuginfo] target(s) in 6.71s
[INFO] running `Command { std: "docker" "inspect" "f0776677432dbe0b28249e7eb2d1dca10be176deefcc845238bfe161cd86db94", kill_on_drop: false }`
[INFO] running `Command { std: "docker" "rm" "-f" "f0776677432dbe0b28249e7eb2d1dca10be176deefcc845238bfe161cd86db94", kill_on_drop: false }`
[INFO] [stdout] f0776677432dbe0b28249e7eb2d1dca10be176deefcc845238bfe161cd86db94
[INFO] running `Command { std: "docker" "create" "-v" "/var/lib/crater-agent-workspace/builds/worker-101/target:/opt/rustwide/target:rw,Z" "-v" "/var/lib/crater-agent-workspace/builds/worker-101/source:/opt/rustwide/workdir:ro,Z" "-v" "/var/lib/crater-agent-workspace/cargo-home:/opt/rustwide/cargo-home:ro,Z" "-v" "/var/lib/crater-agent-workspace/rustup-home:/opt/rustwide/rustup-home:ro,Z" "-e" "SOURCE_DIR=/opt/rustwide/workdir" "-e" "CARGO_TARGET_DIR=/opt/rustwide/target" "-e" "CARGO_INCREMENTAL=0" "-e" "RUST_BACKTRACE=full" "-e" "RUSTFLAGS=--cap-lints=warn" "-e" "CARGO_HOME=/opt/rustwide/cargo-home" "-e" "RUSTUP_HOME=/opt/rustwide/rustup-home" "-w" "/opt/rustwide/workdir" "-m" "1610612736" "--user" "0:0" "--network" "none" "ghcr.io/rust-lang/crates-build-env/linux@sha256:34b6a614d2c27851fe6cbf88fbd1137609cefab8b10d0615aaeb6fd47975d74e" "/opt/rustwide/cargo-home/bin/cargo" "+1.54.0" "test" "--frozen", kill_on_drop: false }`
[INFO] [stdout] 6498cb81a4ff839e67203e7aa0aeaa93ef35b8d84ef04817036fc6b86faab554
[INFO] running `Command { std: "docker" "start" "-a" "6498cb81a4ff839e67203e7aa0aeaa93ef35b8d84ef04817036fc6b86faab554", kill_on_drop: false }`
[INFO] [stderr]     Blocking waiting for file lock on package cache
[INFO] [stderr]     Finished test [unoptimized + debuginfo] target(s) in 0.17s
[INFO] [stderr]      Running unittests (/opt/rustwide/target/debug/deps/gcp_sa-6fa1c9c52bb49f67)
[INFO] [stdout] 
[INFO] [stdout] running 4 tests
[INFO] [stdout] test error::tests::test_accessdenied_from_json ... ok
[INFO] [stdout] test error::tests::test_accessdenied ... ok
[INFO] [stdout] test tests::new_service_account_from_key ... ok
[INFO] [stdout] test tests::create_token ... ok
[INFO] [stdout] 
[INFO] [stdout] test result: ok. 4 passed; 0 failed; 0 ignored; 0 measured; 0 filtered out; finished in 0.04s
[INFO] [stdout] 
[INFO] [stderr]    Doc-tests gcp-sa
[INFO] [stdout] 
[INFO] [stdout] running 1 test
[INFO] [stdout] test src/lib.rs - (line 12) ... FAILED
[INFO] [stdout] 
[INFO] [stdout] failures:
[INFO] [stdout] 
[INFO] [stdout] ---- src/lib.rs - (line 12) stdout ----
[INFO] [stdout] error[E0433]: failed to resolve: use of undeclared type `GoogleServiceAccountAuthenticator`
[INFO] [stdout]  --> src/lib.rs:13:21
[INFO] [stdout]   |
[INFO] [stdout] 3 | let authenticator = GoogleServiceAccountAuthenticator::new_from_service_account_key_file(std::path::Path("key.json".to_string())).unwrap();
[INFO] [stdout]   |                     ^^^^^^^^^^^^^^^^^^^^^^^^^^^^^^^^^ not found in this scope
[INFO] [stdout]   |
[INFO] [stdout] help: consider importing this struct
[INFO] [stdout]   |
[INFO] [stdout] 2 | use gcp_sa::GoogleServiceAccountAuthenticator;
[INFO] [stdout]   |
[INFO] [stdout] 
[INFO] [stdout] error[E0423]: expected function, tuple struct or tuple variant, found struct `std::path::Path`
[INFO] [stdout]     --> src/lib.rs:13:90
[INFO] [stdout]      |
[INFO] [stdout] 3    |   let authenticator = GoogleServiceAccountAuthenticator::new_from_service_account_key_file(std::path::Path("key.json".to_string())).unwrap();
[INFO] [stdout]      |                                                                                            ^^^^^^^^^^^^^^^^^^^^^^^^^^^^^^^^^^^^^^^ help: use struct literal syntax instead: `std::path::Path { inner: val }`
[INFO] [stdout] 
[INFO] [stdout] error[E0728]: `await` is only allowed inside `async` functions and blocks
[INFO] [stdout]  --> src/lib.rs:14:16
[INFO] [stdout]   |
[INFO] [stdout] 2 | fn main() { #[allow(non_snake_case)] fn _doctest_main_src_lib_rs_12_0() {
[INFO] [stdout]   |                                         ----------------------------- this is not `async`
[INFO] [stdout] 3 | let authenticator = GoogleServiceAccountAuthenticator::new_from_service_account_key_file(std::path::Path("key.json".to_string())).unwrap();
[INFO] [stdout] 4 | let id_token = authenticator.request_id_token("http://some.url.tld/scope-definition").await.unwrap();
[INFO] [stdout]   |                ^^^^^^^^^^^^^^^^^^^^^^^^^^^^^^^^^^^^^^^^^^^^^^^^^^^^^^^^^^^^^^^^^^^^^^^^^^^^ only allowed inside `async` functions and blocks
[INFO] [stdout] 
[INFO] [stdout] error: aborting due to 3 previous errors
[INFO] [stdout] 
[INFO] [stdout] Some errors have detailed explanations: E0423, E0433, E0728.
[INFO] [stdout] For more information about an error, try `rustc --explain E0423`.
[INFO] [stdout] Couldn't compile the test.
[INFO] [stdout] 
[INFO] [stdout] failures:
[INFO] [stdout]     src/lib.rs - (line 12)
[INFO] [stdout] 
[INFO] [stdout] test result: FAILED. 0 passed; 1 failed; 0 ignored; 0 measured; 0 filtered out; finished in 0.13s
[INFO] [stdout] 
[INFO] [stderr] error: test failed, to rerun pass '--doc'
[INFO] running `Command { std: "docker" "inspect" "6498cb81a4ff839e67203e7aa0aeaa93ef35b8d84ef04817036fc6b86faab554", kill_on_drop: false }`
[INFO] running `Command { std: "docker" "rm" "-f" "6498cb81a4ff839e67203e7aa0aeaa93ef35b8d84ef04817036fc6b86faab554", kill_on_drop: false }`
[INFO] [stdout] 6498cb81a4ff839e67203e7aa0aeaa93ef35b8d84ef04817036fc6b86faab554
