[INFO] fetching crate gc-gcm 0.10.0...
[INFO] testing gc-gcm-0.10.0 against 1.54.0 for beta-1.55-1
[INFO] extracting crate gc-gcm 0.10.0 into /workspace/builds/worker-79/source
[INFO] validating manifest of crates.io crate gc-gcm 0.10.0 on toolchain 1.54.0
[INFO] running `Command { std: "/workspace/cargo-home/bin/cargo" "+1.54.0" "metadata" "--manifest-path" "Cargo.toml" "--no-deps", kill_on_drop: false }`
[INFO] started tweaking crates.io crate gc-gcm 0.10.0
[INFO] finished tweaking crates.io crate gc-gcm 0.10.0
[INFO] tweaked toml for crates.io crate gc-gcm 0.10.0 written to /workspace/builds/worker-79/source/Cargo.toml
[INFO] crate crates.io crate gc-gcm 0.10.0 already has a lockfile, it will not be regenerated
[INFO] running `Command { std: "/workspace/cargo-home/bin/cargo" "+1.54.0" "fetch" "--manifest-path" "Cargo.toml", kill_on_drop: false }`
[INFO] [stderr]     Blocking waiting for file lock on package cache
[INFO] running `Command { std: "docker" "create" "-v" "/var/lib/crater-agent-workspace/builds/worker-79/target:/opt/rustwide/target:rw,Z" "-v" "/var/lib/crater-agent-workspace/builds/worker-79/source:/opt/rustwide/workdir:ro,Z" "-v" "/var/lib/crater-agent-workspace/cargo-home:/opt/rustwide/cargo-home:ro,Z" "-v" "/var/lib/crater-agent-workspace/rustup-home:/opt/rustwide/rustup-home:ro,Z" "-e" "SOURCE_DIR=/opt/rustwide/workdir" "-e" "CARGO_TARGET_DIR=/opt/rustwide/target" "-e" "CARGO_HOME=/opt/rustwide/cargo-home" "-e" "RUSTUP_HOME=/opt/rustwide/rustup-home" "-w" "/opt/rustwide/workdir" "-m" "1610612736" "--user" "0:0" "--network" "none" "ghcr.io/rust-lang/crates-build-env/linux@sha256:34b6a614d2c27851fe6cbf88fbd1137609cefab8b10d0615aaeb6fd47975d74e" "/opt/rustwide/cargo-home/bin/cargo" "+1.54.0" "metadata" "--no-deps" "--format-version=1", kill_on_drop: false }`
[INFO] [stdout] bd39b57aad7865b891d1e4cbbf05ca2e625f7e9d2132525d97b1052f96d69972
[INFO] running `Command { std: "docker" "start" "-a" "bd39b57aad7865b891d1e4cbbf05ca2e625f7e9d2132525d97b1052f96d69972", kill_on_drop: false }`
[INFO] running `Command { std: "docker" "inspect" "bd39b57aad7865b891d1e4cbbf05ca2e625f7e9d2132525d97b1052f96d69972", kill_on_drop: false }`
[INFO] running `Command { std: "docker" "rm" "-f" "bd39b57aad7865b891d1e4cbbf05ca2e625f7e9d2132525d97b1052f96d69972", kill_on_drop: false }`
[INFO] [stdout] bd39b57aad7865b891d1e4cbbf05ca2e625f7e9d2132525d97b1052f96d69972
[INFO] running `Command { std: "docker" "create" "-v" "/var/lib/crater-agent-workspace/builds/worker-79/target:/opt/rustwide/target:rw,Z" "-v" "/var/lib/crater-agent-workspace/builds/worker-79/source:/opt/rustwide/workdir:ro,Z" "-v" "/var/lib/crater-agent-workspace/cargo-home:/opt/rustwide/cargo-home:ro,Z" "-v" "/var/lib/crater-agent-workspace/rustup-home:/opt/rustwide/rustup-home:ro,Z" "-e" "SOURCE_DIR=/opt/rustwide/workdir" "-e" "CARGO_TARGET_DIR=/opt/rustwide/target" "-e" "CARGO_INCREMENTAL=0" "-e" "RUST_BACKTRACE=full" "-e" "RUSTFLAGS=--cap-lints=warn" "-e" "CARGO_HOME=/opt/rustwide/cargo-home" "-e" "RUSTUP_HOME=/opt/rustwide/rustup-home" "-w" "/opt/rustwide/workdir" "-m" "1610612736" "--user" "0:0" "--network" "none" "ghcr.io/rust-lang/crates-build-env/linux@sha256:34b6a614d2c27851fe6cbf88fbd1137609cefab8b10d0615aaeb6fd47975d74e" "/opt/rustwide/cargo-home/bin/cargo" "+1.54.0" "build" "--frozen" "--message-format=json", kill_on_drop: false }`
[INFO] [stdout] ef1e487d38026ba05d5501d3dbff21296b36204bbc87b1de70707a63102881c6
[INFO] running `Command { std: "docker" "start" "-a" "ef1e487d38026ba05d5501d3dbff21296b36204bbc87b1de70707a63102881c6", kill_on_drop: false }`
[INFO] [stderr]     Blocking waiting for file lock on package cache
[INFO] [stderr]    Compiling proc-macro2 v1.0.24
[INFO] [stderr]    Compiling unicode-xid v0.2.1
[INFO] [stderr]    Compiling syn v1.0.60
[INFO] [stderr]    Compiling quote v1.0.8
[INFO] [stderr]    Compiling binread_derive v1.4.3
[INFO] [stderr]    Compiling binread v1.4.1
[INFO] [stderr]    Compiling gc-gcm v0.10.0 (/opt/rustwide/workdir)
[INFO] [stdout] warning: derive helper attribute is used before it is introduced
[INFO] [stdout]    --> src/lib.rs:167:3
[INFO] [stdout]     |
[INFO] [stdout] 167 | #[br(import(root_offset: u64, name_offset: u64))]
[INFO] [stdout]     |   ^^
[INFO] [stdout] 168 | #[derive(BinRead, Debug)]
[INFO] [stdout]     |          ------- the attribute is introduced here
[INFO] [stdout]     |
[INFO] [stdout]     = note: `#[warn(legacy_derive_helpers)]` on by default
[INFO] [stdout]     = warning: this was previously accepted by the compiler but is being phased out; it will become a hard error in a future release!
[INFO] [stdout]     = note: for more information, see issue #79202 <https://github.com/rust-lang/rust/issues/79202>
[INFO] [stdout] 
[INFO] [stdout] 
[INFO] [stdout] warning: 1 warning emitted
[INFO] [stdout] 
[INFO] [stdout] 
[INFO] [stderr]     Finished dev [unoptimized + debuginfo] target(s) in 18.96s
[INFO] running `Command { std: "docker" "inspect" "ef1e487d38026ba05d5501d3dbff21296b36204bbc87b1de70707a63102881c6", kill_on_drop: false }`
[INFO] running `Command { std: "docker" "rm" "-f" "ef1e487d38026ba05d5501d3dbff21296b36204bbc87b1de70707a63102881c6", kill_on_drop: false }`
[INFO] [stdout] ef1e487d38026ba05d5501d3dbff21296b36204bbc87b1de70707a63102881c6
[INFO] running `Command { std: "docker" "create" "-v" "/var/lib/crater-agent-workspace/builds/worker-79/target:/opt/rustwide/target:rw,Z" "-v" "/var/lib/crater-agent-workspace/builds/worker-79/source:/opt/rustwide/workdir:ro,Z" "-v" "/var/lib/crater-agent-workspace/cargo-home:/opt/rustwide/cargo-home:ro,Z" "-v" "/var/lib/crater-agent-workspace/rustup-home:/opt/rustwide/rustup-home:ro,Z" "-e" "SOURCE_DIR=/opt/rustwide/workdir" "-e" "CARGO_TARGET_DIR=/opt/rustwide/target" "-e" "CARGO_INCREMENTAL=0" "-e" "RUST_BACKTRACE=full" "-e" "RUSTFLAGS=--cap-lints=warn" "-e" "CARGO_HOME=/opt/rustwide/cargo-home" "-e" "RUSTUP_HOME=/opt/rustwide/rustup-home" "-w" "/opt/rustwide/workdir" "-m" "1610612736" "--user" "0:0" "--network" "none" "ghcr.io/rust-lang/crates-build-env/linux@sha256:34b6a614d2c27851fe6cbf88fbd1137609cefab8b10d0615aaeb6fd47975d74e" "/opt/rustwide/cargo-home/bin/cargo" "+1.54.0" "test" "--frozen" "--no-run" "--message-format=json", kill_on_drop: false }`
[INFO] [stdout] aa9a6902f0af769c5c6de198872425e6f7f183521ab6118309446ab8da185960
[INFO] running `Command { std: "docker" "start" "-a" "aa9a6902f0af769c5c6de198872425e6f7f183521ab6118309446ab8da185960", kill_on_drop: false }`
[INFO] [stderr]     Blocking waiting for file lock on package cache
[INFO] [stdout] warning: derive helper attribute is used before it is introduced
[INFO] [stdout]    --> src/lib.rs:167:3
[INFO] [stdout]     |
[INFO] [stdout] 167 | #[br(import(root_offset: u64, name_offset: u64))]
[INFO] [stdout]     |   ^^
[INFO] [stdout] 168 | #[derive(BinRead, Debug)]
[INFO] [stdout]     |          ------- the attribute is introduced here
[INFO] [stdout]     |
[INFO] [stdout]     = note: `#[warn(legacy_derive_helpers)]` on by default
[INFO] [stdout]     = warning: this was previously accepted by the compiler but is being phased out; it will become a hard error in a future release!
[INFO] [stdout]     = note: for more information, see issue #79202 <https://github.com/rust-lang/rust/issues/79202>
[INFO] [stdout] 
[INFO] [stdout] 
[INFO] [stderr]    Compiling gc-gcm v0.10.0 (/opt/rustwide/workdir)
[INFO] [stdout] warning: 1 warning emitted
[INFO] [stdout] 
[INFO] [stdout] 
[INFO] [stdout] warning: derive helper attribute is used before it is introduced
[INFO] [stdout]    --> src/lib.rs:167:3
[INFO] [stdout]     |
[INFO] [stdout] 167 | #[br(import(root_offset: u64, name_offset: u64))]
[INFO] [stdout]     |   ^^
[INFO] [stdout] 168 | #[derive(BinRead, Debug)]
[INFO] [stdout]     |          ------- the attribute is introduced here
[INFO] [stdout]     |
[INFO] [stdout]     = note: `#[warn(legacy_derive_helpers)]` on by default
[INFO] [stdout]     = warning: this was previously accepted by the compiler but is being phased out; it will become a hard error in a future release!
[INFO] [stdout]     = note: for more information, see issue #79202 <https://github.com/rust-lang/rust/issues/79202>
[INFO] [stdout] 
[INFO] [stdout] 
[INFO] [stdout] warning: 1 warning emitted
[INFO] [stdout] 
[INFO] [stdout] 
[INFO] [stderr]     Finished test [unoptimized + debuginfo] target(s) in 1.25s
[INFO] running `Command { std: "docker" "inspect" "aa9a6902f0af769c5c6de198872425e6f7f183521ab6118309446ab8da185960", kill_on_drop: false }`
[INFO] running `Command { std: "docker" "rm" "-f" "aa9a6902f0af769c5c6de198872425e6f7f183521ab6118309446ab8da185960", kill_on_drop: false }`
[INFO] [stdout] aa9a6902f0af769c5c6de198872425e6f7f183521ab6118309446ab8da185960
[INFO] running `Command { std: "docker" "create" "-v" "/var/lib/crater-agent-workspace/builds/worker-79/target:/opt/rustwide/target:rw,Z" "-v" "/var/lib/crater-agent-workspace/builds/worker-79/source:/opt/rustwide/workdir:ro,Z" "-v" "/var/lib/crater-agent-workspace/cargo-home:/opt/rustwide/cargo-home:ro,Z" "-v" "/var/lib/crater-agent-workspace/rustup-home:/opt/rustwide/rustup-home:ro,Z" "-e" "SOURCE_DIR=/opt/rustwide/workdir" "-e" "CARGO_TARGET_DIR=/opt/rustwide/target" "-e" "CARGO_INCREMENTAL=0" "-e" "RUST_BACKTRACE=full" "-e" "RUSTFLAGS=--cap-lints=warn" "-e" "CARGO_HOME=/opt/rustwide/cargo-home" "-e" "RUSTUP_HOME=/opt/rustwide/rustup-home" "-w" "/opt/rustwide/workdir" "-m" "1610612736" "--user" "0:0" "--network" "none" "ghcr.io/rust-lang/crates-build-env/linux@sha256:34b6a614d2c27851fe6cbf88fbd1137609cefab8b10d0615aaeb6fd47975d74e" "/opt/rustwide/cargo-home/bin/cargo" "+1.54.0" "test" "--frozen", kill_on_drop: false }`
[INFO] [stdout] 6edf8f76bcf9283a94bbc3ad169e81f10b9321d2fd29052115f2ed1d95f02dde
[INFO] running `Command { std: "docker" "start" "-a" "6edf8f76bcf9283a94bbc3ad169e81f10b9321d2fd29052115f2ed1d95f02dde", kill_on_drop: false }`
[INFO] [stderr]     Blocking waiting for file lock on package cache
[INFO] [stderr] warning: derive helper attribute is used before it is introduced
[INFO] [stderr]    --> src/lib.rs:167:3
[INFO] [stderr]     |
[INFO] [stderr] 167 | #[br(import(root_offset: u64, name_offset: u64))]
[INFO] [stderr]     |   ^^
[INFO] [stderr] 168 | #[derive(BinRead, Debug)]
[INFO] [stderr]     |          ------- the attribute is introduced here
[INFO] [stderr]     |
[INFO] [stderr]     = note: `#[warn(legacy_derive_helpers)]` on by default
[INFO] [stderr]     = warning: this was previously accepted by the compiler but is being phased out; it will become a hard error in a future release!
[INFO] [stderr]     = note: for more information, see issue #79202 <https://github.com/rust-lang/rust/issues/79202>
[INFO] [stderr] 
[INFO] [stderr] warning: 1 warning emitted
[INFO] [stderr] 
[INFO] [stderr] warning: derive helper attribute is used before it is introduced
[INFO] [stderr]    --> src/lib.rs:167:3
[INFO] [stderr]     |
[INFO] [stderr] 167 | #[br(import(root_offset: u64, name_offset: u64))]
[INFO] [stderr]     |   ^^
[INFO] [stderr] 168 | #[derive(BinRead, Debug)]
[INFO] [stderr]     |          ------- the attribute is introduced here
[INFO] [stderr]     |
[INFO] [stderr]     = note: `#[warn(legacy_derive_helpers)]` on by default
[INFO] [stderr]     = warning: this was previously accepted by the compiler but is being phased out; it will become a hard error in a future release!
[INFO] [stderr]     = note: for more information, see issue #79202 <https://github.com/rust-lang/rust/issues/79202>
[INFO] [stderr] 
[INFO] [stderr] warning: 1 warning emitted
[INFO] [stderr] 
[INFO] [stderr]     Finished test [unoptimized + debuginfo] target(s) in 0.05s
[INFO] [stdout] 
[INFO] [stderr]      Running unittests (/opt/rustwide/target/debug/deps/gc_gcm-65b55e602b207c79)
[INFO] [stdout] running 0 tests
[INFO] [stderr]    Doc-tests gc-gcm
[INFO] [stdout] 
[INFO] [stdout] test result: ok. 0 passed; 0 failed; 0 ignored; 0 measured; 0 filtered out; finished in 0.00s
[INFO] [stdout] 
[INFO] [stdout] 
[INFO] [stdout] running 2 tests
[INFO] [stdout] test src/dol.rs - dol::DolFile (line 39) ... FAILED
[INFO] [stdout] test src/lib.rs - (line 21) ... FAILED
[INFO] [stdout] 
[INFO] [stdout] failures:
[INFO] [stdout] 
[INFO] [stdout] ---- src/dol.rs - dol::DolFile (line 39) stdout ----
[INFO] [stdout] Test executable failed (exit code 101).
[INFO] [stdout] 
[INFO] [stdout] stderr:
[INFO] [stdout] thread 'main' panicked at 'called `Result::unwrap()` on an `Err` value: IoError(Os { code: 2, kind: NotFound, message: "No such file or directory" })', src/dol.rs:6:37
[INFO] [stdout] stack backtrace:
[INFO] [stdout]    0:     0x5563a3f79e70 - std::backtrace_rs::backtrace::libunwind::trace::h34055254b57d8e79
[INFO] [stdout]                                at /rustc/a178d0322ce20e33eac124758e837cbd80a6f633/library/std/src/../../backtrace/src/backtrace/libunwind.rs:90:5
[INFO] [stdout]    1:     0x5563a3f79e70 - std::backtrace_rs::backtrace::trace_unsynchronized::h8f1e3fbd9afff6ec
[INFO] [stdout]                                at /rustc/a178d0322ce20e33eac124758e837cbd80a6f633/library/std/src/../../backtrace/src/backtrace/mod.rs:66:5
[INFO] [stdout]    2:     0x5563a3f79e70 - std::sys_common::backtrace::_print_fmt::h3a99a796b770c360
[INFO] [stdout]                                at /rustc/a178d0322ce20e33eac124758e837cbd80a6f633/library/std/src/sys_common/backtrace.rs:67:5
[INFO] [stdout]    3:     0x5563a3f79e70 - <std::sys_common::backtrace::_print::DisplayBacktrace as core::fmt::Display>::fmt::h32d1f94a80615d18
[INFO] [stdout]                                at /rustc/a178d0322ce20e33eac124758e837cbd80a6f633/library/std/src/sys_common/backtrace.rs:46:22
[INFO] [stdout]    4:     0x5563a3f9381c - core::fmt::write::h306731c068f7162c
[INFO] [stdout]                                at /rustc/a178d0322ce20e33eac124758e837cbd80a6f633/library/core/src/fmt/mod.rs:1110:17
[INFO] [stdout]    5:     0x5563a3f78755 - std::io::Write::write_fmt::hd2fa90334eee2a21
[INFO] [stdout]                                at /rustc/a178d0322ce20e33eac124758e837cbd80a6f633/library/std/src/io/mod.rs:1588:15
[INFO] [stdout]    6:     0x5563a3f7ba9b - std::sys_common::backtrace::_print::h5abaa2601a852287
[INFO] [stdout]                                at /rustc/a178d0322ce20e33eac124758e837cbd80a6f633/library/std/src/sys_common/backtrace.rs:49:5
[INFO] [stdout]    7:     0x5563a3f7ba9b - std::sys_common::backtrace::print::h8d81445442bb638f
[INFO] [stdout]                                at /rustc/a178d0322ce20e33eac124758e837cbd80a6f633/library/std/src/sys_common/backtrace.rs:36:9
[INFO] [stdout]    8:     0x5563a3f7ba9b - std::panicking::default_hook::{{closure}}::hcfe804496a9fa747
[INFO] [stdout]                                at /rustc/a178d0322ce20e33eac124758e837cbd80a6f633/library/std/src/panicking.rs:208:50
[INFO] [stdout]    9:     0x5563a3f7b571 - std::panicking::default_hook::hbea8e3ccf2ba8901
[INFO] [stdout]                                at /rustc/a178d0322ce20e33eac124758e837cbd80a6f633/library/std/src/panicking.rs:225:9
[INFO] [stdout]   10:     0x5563a3f7c164 - std::panicking::rust_panic_with_hook::h7ee9e1a2d0f8975a
[INFO] [stdout]                                at /rustc/a178d0322ce20e33eac124758e837cbd80a6f633/library/std/src/panicking.rs:622:17
[INFO] [stdout]   11:     0x5563a3f7bc47 - std::panicking::begin_panic_handler::{{closure}}::h8ab3b4491718b2c7
[INFO] [stdout]                                at /rustc/a178d0322ce20e33eac124758e837cbd80a6f633/library/std/src/panicking.rs:519:13
[INFO] [stdout]   12:     0x5563a3f7a36c - std::sys_common::backtrace::__rust_end_short_backtrace::hd489062ffa586a9f
[INFO] [stdout]                                at /rustc/a178d0322ce20e33eac124758e837cbd80a6f633/library/std/src/sys_common/backtrace.rs:141:18
[INFO] [stdout]   13:     0x5563a3f7bba9 - rust_begin_unwind
[INFO] [stdout]                                at /rustc/a178d0322ce20e33eac124758e837cbd80a6f633/library/std/src/panicking.rs:515:5
[INFO] [stdout]   14:     0x5563a3f5dff1 - core::panicking::panic_fmt::hca6330e3e14086b4
[INFO] [stdout]                                at /rustc/a178d0322ce20e33eac124758e837cbd80a6f633/library/core/src/panicking.rs:92:14
[INFO] [stdout]   15:     0x5563a3f5e083 - core::result::unwrap_failed::h6160d2b4bfbb0e87
[INFO] [stdout]                                at /rustc/a178d0322ce20e33eac124758e837cbd80a6f633/library/core/src/result.rs:1355:5
[INFO] [stdout]   16:     0x5563a3f614cd - core::result::Result<T,E>::unwrap::h3353fe6bc32b2091
[INFO] [stdout]   17:     0x5563a3f66dc9 - rust_out::main::_doctest_main_src_dol_rs_39_0::hec42a57fd3f8f683
[INFO] [stdout]   18:     0x5563a3f66d86 - rust_out::main::h2a38bb51b9580a7d
[INFO] [stdout]   19:     0x5563a3f60203 - core::ops::function::FnOnce::call_once::hb73b95e6982fd3f0
[INFO] [stdout]   20:     0x5563a3f5f2e9 - std::sys_common::backtrace::__rust_begin_short_backtrace::h8371d112165838d3
[INFO] [stdout]   21:     0x5563a3f5f919 - std::rt::lang_start::{{closure}}::h783adf50233ec5ec
[INFO] [stdout]   22:     0x5563a3f7c669 - core::ops::function::impls::<impl core::ops::function::FnOnce<A> for &F>::call_once::h2aabc384aab89b7b
[INFO] [stdout]                                at /rustc/a178d0322ce20e33eac124758e837cbd80a6f633/library/core/src/ops/function.rs:259:13
[INFO] [stdout]   23:     0x5563a3f7c669 - std::panicking::try::do_call::hc5fcacb7a85fc7b1
[INFO] [stdout]                                at /rustc/a178d0322ce20e33eac124758e837cbd80a6f633/library/std/src/panicking.rs:401:40
[INFO] [stdout]   24:     0x5563a3f7c669 - std::panicking::try::hb5d9603af3abbe3a
[INFO] [stdout]                                at /rustc/a178d0322ce20e33eac124758e837cbd80a6f633/library/std/src/panicking.rs:365:19
[INFO] [stdout]   25:     0x5563a3f7c669 - std::panic::catch_unwind::h98fe6ac3925e64b4
[INFO] [stdout]                                at /rustc/a178d0322ce20e33eac124758e837cbd80a6f633/library/std/src/panic.rs:434:14
[INFO] [stdout]   26:     0x5563a3f7c669 - std::rt::lang_start_internal::h22ac7383c516f93e
[INFO] [stdout]                                at /rustc/a178d0322ce20e33eac124758e837cbd80a6f633/library/std/src/rt.rs:34:21
[INFO] [stdout]   27:     0x5563a3f5f901 - std::rt::lang_start::h11b9716471e37ff8
[INFO] [stdout]   28:     0x5563a3f66ec3 - main
[INFO] [stdout]   29:     0x7f8d413bb0b3 - __libc_start_main
[INFO] [stdout]   30:     0x5563a3f5e74e - _start
[INFO] [stdout]   31:                0x0 - <unknown>
[INFO] [stdout] 
[INFO] [stdout] 
[INFO] [stdout] ---- src/lib.rs - (line 21) stdout ----
[INFO] [stdout] Test executable failed (exit code 101).
[INFO] [stdout] 
[INFO] [stdout] stderr:
[INFO] [stdout] thread 'main' panicked at 'called `Result::unwrap()` on an `Err` value: IoError(Os { code: 2, kind: NotFound, message: "No such file or directory" })', src/lib.rs:6:38
[INFO] [stdout] stack backtrace:
[INFO] [stdout]    0:     0x558bc75e60a0 - std::backtrace_rs::backtrace::libunwind::trace::h34055254b57d8e79
[INFO] [stdout]                                at /rustc/a178d0322ce20e33eac124758e837cbd80a6f633/library/std/src/../../backtrace/src/backtrace/libunwind.rs:90:5
[INFO] [stdout]    1:     0x558bc75e60a0 - std::backtrace_rs::backtrace::trace_unsynchronized::h8f1e3fbd9afff6ec
[INFO] [stdout]                                at /rustc/a178d0322ce20e33eac124758e837cbd80a6f633/library/std/src/../../backtrace/src/backtrace/mod.rs:66:5
[INFO] [stdout]    2:     0x558bc75e60a0 - std::sys_common::backtrace::_print_fmt::h3a99a796b770c360
[INFO] [stdout]                                at /rustc/a178d0322ce20e33eac124758e837cbd80a6f633/library/std/src/sys_common/backtrace.rs:67:5
[INFO] [stdout]    3:     0x558bc75e60a0 - <std::sys_common::backtrace::_print::DisplayBacktrace as core::fmt::Display>::fmt::h32d1f94a80615d18
[INFO] [stdout]                                at /rustc/a178d0322ce20e33eac124758e837cbd80a6f633/library/std/src/sys_common/backtrace.rs:46:22
[INFO] [stdout]    4:     0x558bc75ffadc - core::fmt::write::h306731c068f7162c
[INFO] [stdout]                                at /rustc/a178d0322ce20e33eac124758e837cbd80a6f633/library/core/src/fmt/mod.rs:1110:17
[INFO] [stdout]    5:     0x558bc75e4985 - std::io::Write::write_fmt::hd2fa90334eee2a21
[INFO] [stdout]                                at /rustc/a178d0322ce20e33eac124758e837cbd80a6f633/library/std/src/io/mod.rs:1588:15
[INFO] [stdout]    6:     0x558bc75e7ccb - std::sys_common::backtrace::_print::h5abaa2601a852287
[INFO] [stdout]                                at /rustc/a178d0322ce20e33eac124758e837cbd80a6f633/library/std/src/sys_common/backtrace.rs:49:5
[INFO] [stdout]    7:     0x558bc75e7ccb - std::sys_common::backtrace::print::h8d81445442bb638f
[INFO] [stdout]                                at /rustc/a178d0322ce20e33eac124758e837cbd80a6f633/library/std/src/sys_common/backtrace.rs:36:9
[INFO] [stdout]    8:     0x558bc75e7ccb - std::panicking::default_hook::{{closure}}::hcfe804496a9fa747
[INFO] [stdout]                                at /rustc/a178d0322ce20e33eac124758e837cbd80a6f633/library/std/src/panicking.rs:208:50
[INFO] [stdout]    9:     0x558bc75e77a1 - std::panicking::default_hook::hbea8e3ccf2ba8901
[INFO] [stdout]                                at /rustc/a178d0322ce20e33eac124758e837cbd80a6f633/library/std/src/panicking.rs:225:9
[INFO] [stdout]   10:     0x558bc75e8394 - std::panicking::rust_panic_with_hook::h7ee9e1a2d0f8975a
[INFO] [stdout]                                at /rustc/a178d0322ce20e33eac124758e837cbd80a6f633/library/std/src/panicking.rs:622:17
[INFO] [stdout]   11:     0x558bc75e7e77 - std::panicking::begin_panic_handler::{{closure}}::h8ab3b4491718b2c7
[INFO] [stdout]                                at /rustc/a178d0322ce20e33eac124758e837cbd80a6f633/library/std/src/panicking.rs:519:13
[INFO] [stdout]   12:     0x558bc75e659c - std::sys_common::backtrace::__rust_end_short_backtrace::hd489062ffa586a9f
[INFO] [stdout]                                at /rustc/a178d0322ce20e33eac124758e837cbd80a6f633/library/std/src/sys_common/backtrace.rs:141:18
[INFO] [stdout]   13:     0x558bc75e7dd9 - rust_begin_unwind
[INFO] [stdout]                                at /rustc/a178d0322ce20e33eac124758e837cbd80a6f633/library/std/src/panicking.rs:515:5
[INFO] [stdout]   14:     0x558bc75adff1 - core::panicking::panic_fmt::hca6330e3e14086b4
[INFO] [stdout]                                at /rustc/a178d0322ce20e33eac124758e837cbd80a6f633/library/core/src/panicking.rs:92:14
[INFO] [stdout]   15:     0x558bc75ae083 - core::result::unwrap_failed::h6160d2b4bfbb0e87
[INFO] [stdout]                                at /rustc/a178d0322ce20e33eac124758e837cbd80a6f633/library/core/src/result.rs:1355:5
[INFO] [stdout]   16:     0x558bc75b78cd - core::result::Result<T,E>::unwrap::h8871e0d3db2cafd7
[INFO] [stdout]   17:     0x558bc75ceb49 - rust_out::main::_doctest_main_src_lib_rs_21_0::h435286c11a47db4e
[INFO] [stdout]   18:     0x558bc75ceb06 - rust_out::main::h2a38bb51b9580a7d
[INFO] [stdout]   19:     0x558bc75b3503 - core::ops::function::FnOnce::call_once::hb73b95e6982fd3f0
[INFO] [stdout]   20:     0x558bc75b1679 - std::sys_common::backtrace::__rust_begin_short_backtrace::h8371d112165838d3
[INFO] [stdout]   21:     0x558bc75b1ca9 - std::rt::lang_start::{{closure}}::h783adf50233ec5ec
[INFO] [stdout]   22:     0x558bc75e8899 - core::ops::function::impls::<impl core::ops::function::FnOnce<A> for &F>::call_once::h2aabc384aab89b7b
[INFO] [stdout]                                at /rustc/a178d0322ce20e33eac124758e837cbd80a6f633/library/core/src/ops/function.rs:259:13
[INFO] [stdout]   23:     0x558bc75e8899 - std::panicking::try::do_call::hc5fcacb7a85fc7b1
[INFO] [stdout]                                at /rustc/a178d0322ce20e33eac124758e837cbd80a6f633/library/std/src/panicking.rs:401:40
[INFO] [stdout]   24:     0x558bc75e8899 - std::panicking::try::hb5d9603af3abbe3a
[INFO] [stdout]                                at /rustc/a178d0322ce20e33eac124758e837cbd80a6f633/library/std/src/panicking.rs:365:19
[INFO] [stdout]   25:     0x558bc75e8899 - std::panic::catch_unwind::h98fe6ac3925e64b4
[INFO] [stdout]                                at /rustc/a178d0322ce20e33eac124758e837cbd80a6f633/library/std/src/panic.rs:434:14
[INFO] [stdout]   26:     0x558bc75e8899 - std::rt::lang_start_internal::h22ac7383c516f93e
[INFO] [stdout]                                at /rustc/a178d0322ce20e33eac124758e837cbd80a6f633/library/std/src/rt.rs:34:21
[INFO] [stdout]   27:     0x558bc75b1c91 - std::rt::lang_start::h11b9716471e37ff8
[INFO] [stdout]   28:     0x558bc75cee53 - main
[INFO] [stdout]   29:     0x7f3f88ba30b3 - __libc_start_main
[INFO] [stdout]   30:     0x558bc75ae74e - _start
[INFO] [stdout]   31:                0x0 - <unknown>
[INFO] [stdout] 
[INFO] [stdout] 
[INFO] [stdout] 
[INFO] [stdout] failures:
[INFO] [stdout]     src/dol.rs - dol::DolFile (line 39)
[INFO] [stdout]     src/lib.rs - (line 21)
[INFO] [stdout] 
[INFO] [stdout] test result: FAILED. 0 passed; 2 failed; 0 ignored; 0 measured; 0 filtered out; finished in 1.04s
[INFO] [stdout] 
[INFO] [stderr] error: test failed, to rerun pass '--doc'
[INFO] running `Command { std: "docker" "inspect" "6edf8f76bcf9283a94bbc3ad169e81f10b9321d2fd29052115f2ed1d95f02dde", kill_on_drop: false }`
[INFO] running `Command { std: "docker" "rm" "-f" "6edf8f76bcf9283a94bbc3ad169e81f10b9321d2fd29052115f2ed1d95f02dde", kill_on_drop: false }`
[INFO] [stdout] 6edf8f76bcf9283a94bbc3ad169e81f10b9321d2fd29052115f2ed1d95f02dde
