[INFO] fetching crate gbench 1.0.1...
[INFO] testing gbench-1.0.1 against 1.54.0 for beta-1.55-1
[INFO] extracting crate gbench 1.0.1 into /workspace/builds/worker-70/source
[INFO] validating manifest of crates.io crate gbench 1.0.1 on toolchain 1.54.0
[INFO] running `Command { std: "/workspace/cargo-home/bin/cargo" "+1.54.0" "metadata" "--manifest-path" "Cargo.toml" "--no-deps", kill_on_drop: false }`
[INFO] started tweaking crates.io crate gbench 1.0.1
[INFO] finished tweaking crates.io crate gbench 1.0.1
[INFO] tweaked toml for crates.io crate gbench 1.0.1 written to /workspace/builds/worker-70/source/Cargo.toml
[INFO] running `Command { std: "/workspace/cargo-home/bin/cargo" "+1.54.0" "generate-lockfile" "--manifest-path" "Cargo.toml" "-Zno-index-update", kill_on_drop: false }`
[INFO] [stderr]     Blocking waiting for file lock on package cache
[INFO] running `Command { std: "/workspace/cargo-home/bin/cargo" "+1.54.0" "fetch" "--manifest-path" "Cargo.toml", kill_on_drop: false }`
[INFO] [stderr]     Blocking waiting for file lock on package cache
[INFO] running `Command { std: "docker" "create" "-v" "/var/lib/crater-agent-workspace/builds/worker-70/target:/opt/rustwide/target:rw,Z" "-v" "/var/lib/crater-agent-workspace/builds/worker-70/source:/opt/rustwide/workdir:ro,Z" "-v" "/var/lib/crater-agent-workspace/cargo-home:/opt/rustwide/cargo-home:ro,Z" "-v" "/var/lib/crater-agent-workspace/rustup-home:/opt/rustwide/rustup-home:ro,Z" "-e" "SOURCE_DIR=/opt/rustwide/workdir" "-e" "CARGO_TARGET_DIR=/opt/rustwide/target" "-e" "CARGO_HOME=/opt/rustwide/cargo-home" "-e" "RUSTUP_HOME=/opt/rustwide/rustup-home" "-w" "/opt/rustwide/workdir" "-m" "1610612736" "--user" "0:0" "--network" "none" "ghcr.io/rust-lang/crates-build-env/linux@sha256:34b6a614d2c27851fe6cbf88fbd1137609cefab8b10d0615aaeb6fd47975d74e" "/opt/rustwide/cargo-home/bin/cargo" "+1.54.0" "metadata" "--no-deps" "--format-version=1", kill_on_drop: false }`
[INFO] [stdout] d99985ce05671ede53568cd02ea2ef17104308a310f097d06191b651a85fc3cf
[INFO] running `Command { std: "docker" "start" "-a" "d99985ce05671ede53568cd02ea2ef17104308a310f097d06191b651a85fc3cf", kill_on_drop: false }`
[INFO] running `Command { std: "docker" "inspect" "d99985ce05671ede53568cd02ea2ef17104308a310f097d06191b651a85fc3cf", kill_on_drop: false }`
[INFO] running `Command { std: "docker" "rm" "-f" "d99985ce05671ede53568cd02ea2ef17104308a310f097d06191b651a85fc3cf", kill_on_drop: false }`
[INFO] [stdout] d99985ce05671ede53568cd02ea2ef17104308a310f097d06191b651a85fc3cf
[INFO] running `Command { std: "docker" "create" "-v" "/var/lib/crater-agent-workspace/builds/worker-70/target:/opt/rustwide/target:rw,Z" "-v" "/var/lib/crater-agent-workspace/builds/worker-70/source:/opt/rustwide/workdir:ro,Z" "-v" "/var/lib/crater-agent-workspace/cargo-home:/opt/rustwide/cargo-home:ro,Z" "-v" "/var/lib/crater-agent-workspace/rustup-home:/opt/rustwide/rustup-home:ro,Z" "-e" "SOURCE_DIR=/opt/rustwide/workdir" "-e" "CARGO_TARGET_DIR=/opt/rustwide/target" "-e" "CARGO_INCREMENTAL=0" "-e" "RUST_BACKTRACE=full" "-e" "RUSTFLAGS=--cap-lints=warn" "-e" "CARGO_HOME=/opt/rustwide/cargo-home" "-e" "RUSTUP_HOME=/opt/rustwide/rustup-home" "-w" "/opt/rustwide/workdir" "-m" "1610612736" "--user" "0:0" "--network" "none" "ghcr.io/rust-lang/crates-build-env/linux@sha256:34b6a614d2c27851fe6cbf88fbd1137609cefab8b10d0615aaeb6fd47975d74e" "/opt/rustwide/cargo-home/bin/cargo" "+1.54.0" "build" "--frozen" "--message-format=json", kill_on_drop: false }`
[INFO] [stdout] fd4ea73ce831aafbd2d5e66d6e489105fc8547a246a7665b3b1b0f4d46b6de0c
[INFO] running `Command { std: "docker" "start" "-a" "fd4ea73ce831aafbd2d5e66d6e489105fc8547a246a7665b3b1b0f4d46b6de0c", kill_on_drop: false }`
[INFO] [stderr]    Compiling gbench v1.0.1 (/opt/rustwide/workdir)
[INFO] [stderr]     Finished dev [unoptimized + debuginfo] target(s) in 0.77s
[INFO] running `Command { std: "docker" "inspect" "fd4ea73ce831aafbd2d5e66d6e489105fc8547a246a7665b3b1b0f4d46b6de0c", kill_on_drop: false }`
[INFO] running `Command { std: "docker" "rm" "-f" "fd4ea73ce831aafbd2d5e66d6e489105fc8547a246a7665b3b1b0f4d46b6de0c", kill_on_drop: false }`
[INFO] [stdout] fd4ea73ce831aafbd2d5e66d6e489105fc8547a246a7665b3b1b0f4d46b6de0c
[INFO] running `Command { std: "docker" "create" "-v" "/var/lib/crater-agent-workspace/builds/worker-70/target:/opt/rustwide/target:rw,Z" "-v" "/var/lib/crater-agent-workspace/builds/worker-70/source:/opt/rustwide/workdir:ro,Z" "-v" "/var/lib/crater-agent-workspace/cargo-home:/opt/rustwide/cargo-home:ro,Z" "-v" "/var/lib/crater-agent-workspace/rustup-home:/opt/rustwide/rustup-home:ro,Z" "-e" "SOURCE_DIR=/opt/rustwide/workdir" "-e" "CARGO_TARGET_DIR=/opt/rustwide/target" "-e" "CARGO_INCREMENTAL=0" "-e" "RUST_BACKTRACE=full" "-e" "RUSTFLAGS=--cap-lints=warn" "-e" "CARGO_HOME=/opt/rustwide/cargo-home" "-e" "RUSTUP_HOME=/opt/rustwide/rustup-home" "-w" "/opt/rustwide/workdir" "-m" "1610612736" "--user" "0:0" "--network" "none" "ghcr.io/rust-lang/crates-build-env/linux@sha256:34b6a614d2c27851fe6cbf88fbd1137609cefab8b10d0615aaeb6fd47975d74e" "/opt/rustwide/cargo-home/bin/cargo" "+1.54.0" "test" "--frozen" "--no-run" "--message-format=json", kill_on_drop: false }`
[INFO] [stdout] 6b0f4a0efe84227b64df13271497285ec3c5adbb00713514d302a2b181cbabdc
[INFO] running `Command { std: "docker" "start" "-a" "6b0f4a0efe84227b64df13271497285ec3c5adbb00713514d302a2b181cbabdc", kill_on_drop: false }`
[INFO] [stderr]     Blocking waiting for file lock on package cache
[INFO] [stderr]    Compiling gbench v1.0.1 (/opt/rustwide/workdir)
[INFO] [stderr]     Finished test [unoptimized + debuginfo] target(s) in 1.49s
[INFO] running `Command { std: "docker" "inspect" "6b0f4a0efe84227b64df13271497285ec3c5adbb00713514d302a2b181cbabdc", kill_on_drop: false }`
[INFO] running `Command { std: "docker" "rm" "-f" "6b0f4a0efe84227b64df13271497285ec3c5adbb00713514d302a2b181cbabdc", kill_on_drop: false }`
[INFO] [stdout] 6b0f4a0efe84227b64df13271497285ec3c5adbb00713514d302a2b181cbabdc
[INFO] running `Command { std: "docker" "create" "-v" "/var/lib/crater-agent-workspace/builds/worker-70/target:/opt/rustwide/target:rw,Z" "-v" "/var/lib/crater-agent-workspace/builds/worker-70/source:/opt/rustwide/workdir:ro,Z" "-v" "/var/lib/crater-agent-workspace/cargo-home:/opt/rustwide/cargo-home:ro,Z" "-v" "/var/lib/crater-agent-workspace/rustup-home:/opt/rustwide/rustup-home:ro,Z" "-e" "SOURCE_DIR=/opt/rustwide/workdir" "-e" "CARGO_TARGET_DIR=/opt/rustwide/target" "-e" "CARGO_INCREMENTAL=0" "-e" "RUST_BACKTRACE=full" "-e" "RUSTFLAGS=--cap-lints=warn" "-e" "CARGO_HOME=/opt/rustwide/cargo-home" "-e" "RUSTUP_HOME=/opt/rustwide/rustup-home" "-w" "/opt/rustwide/workdir" "-m" "1610612736" "--user" "0:0" "--network" "none" "ghcr.io/rust-lang/crates-build-env/linux@sha256:34b6a614d2c27851fe6cbf88fbd1137609cefab8b10d0615aaeb6fd47975d74e" "/opt/rustwide/cargo-home/bin/cargo" "+1.54.0" "test" "--frozen", kill_on_drop: false }`
[INFO] [stdout] e8445bd4f4387cf9811d8227fbdb93d48e6f4822631ae9cdc01d76a5ce683cc3
[INFO] running `Command { std: "docker" "start" "-a" "e8445bd4f4387cf9811d8227fbdb93d48e6f4822631ae9cdc01d76a5ce683cc3", kill_on_drop: false }`
[INFO] [stderr]     Finished test [unoptimized + debuginfo] target(s) in 0.01s
[INFO] [stderr]      Running unittests (/opt/rustwide/target/debug/deps/gbench-a9af7c0674e401d6)
[INFO] [stdout] 
[INFO] [stderr]    Doc-tests gbench
[INFO] [stdout] running 0 tests
[INFO] [stdout] 
[INFO] [stdout] test result: ok. 0 passed; 0 failed; 0 ignored; 0 measured; 0 filtered out; finished in 0.00s
[INFO] [stdout] 
[INFO] [stdout] 
[INFO] [stdout] running 16 tests
[INFO] [stdout] test src/lib.rs - scope (line 160) ... FAILED
[INFO] [stdout] test src/lib.rs - scope (line 166) ... FAILED
[INFO] [stdout] test src/lib.rs - count (line 359) ... FAILED
[INFO] [stdout] test src/lib.rs - log (line 310) ... FAILED
[INFO] [stdout] test src/lib.rs - instantiate (line 240) ... FAILED
[INFO] [stdout] test src/lib.rs - log (line 315) ... FAILED
[INFO] [stdout] test src/lib.rs - count (line 344) ... FAILED
[INFO] [stdout] test src/writer.rs - writer::Writer (line 14) ... FAILED
[INFO] [stdout] test src/lib.rs - scope (line 176) ... FAILED
[INFO] [stdout] test src/lib.rs - instantiate (line 230) ... FAILED
[INFO] [stdout] test src/lib.rs - (line 55) ... FAILED
[INFO] [stdout] test src/lib.rs - instantiate (line 250) ... FAILED
[INFO] [stdout] test src/lib.rs - (line 37) ... FAILED
[INFO] [stdout] test src/lib.rs - (line 15) ... FAILED
[INFO] [stdout] test src/lib.rs - instantiate (line 265) ... FAILED
[INFO] [stdout] test src/lib.rs - (line 82) ... FAILED
[INFO] [stdout] 
[INFO] [stdout] failures:
[INFO] [stdout] 
[INFO] [stdout] ---- src/lib.rs - scope (line 160) stdout ----
[INFO] [stdout] error: expected one of `.`, `;`, `?`, `}`, or an operator, found keyword `let`
[INFO] [stdout]  --> src/lib.rs:163:1
[INFO] [stdout]   |
[INFO] [stdout] 3 | scope!(main)
[INFO] [stdout]   |             - expected one of `.`, `;`, `?`, `}`, or an operator
[INFO] [stdout] 4 | // expands into this
[INFO] [stdout] 5 | let main = TimeScope::new(format!("main"));
[INFO] [stdout]   | ^^^ unexpected token
[INFO] [stdout] 
[INFO] [stdout] error: aborting due to previous error
[INFO] [stdout] 
[INFO] [stdout] Couldn't compile the test.
[INFO] [stdout] ---- src/lib.rs - scope (line 166) stdout ----
[INFO] [stdout] error: expected one of `.`, `;`, `?`, `}`, or an operator, found keyword `let`
[INFO] [stdout]  --> src/lib.rs:169:1
[INFO] [stdout]   |
[INFO] [stdout] 3 | scope!(main | "A {}", 0)
[INFO] [stdout]   |                         - expected one of `.`, `;`, `?`, `}`, or an operator
[INFO] [stdout] 4 | // expands into this
[INFO] [stdout] 5 | let main = TimeScope::new(format!("A {}", 0));
[INFO] [stdout]   | ^^^ unexpected token
[INFO] [stdout] 
[INFO] [stdout] error: aborting due to previous error
[INFO] [stdout] 
[INFO] [stdout] Couldn't compile the test.
[INFO] [stdout] ---- src/lib.rs - count (line 359) stdout ----
[INFO] [stdout] error: expected expression, found `,`
[INFO] [stdout]  --> src/lib.rs:362:32
[INFO] [stdout]   |
[INFO] [stdout] 3 | Count {
[INFO] [stdout]   | ----- while parsing this struct
[INFO] [stdout] 4 |     name: "a",
[INFO] [stdout] 5 |     ts: /* event's timestamp */,
[INFO] [stdout]   |                                ^ expected expression
[INFO] [stdout] 
[INFO] [stdout] error: expected expression, found `,`
[INFO] [stdout]  --> src/lib.rs:363:43
[INFO] [stdout]   |
[INFO] [stdout] 3 | Count {
[INFO] [stdout]   | ----- while parsing this struct
[INFO] [stdout] ...
[INFO] [stdout] 6 |     tid: /* event's thread of execution */,
[INFO] [stdout]   |                                           ^ expected expression
[INFO] [stdout] 
[INFO] [stdout] error: expected one of `.`, `;`, `?`, `}`, or an operator, found `,`
[INFO] [stdout]   --> src/lib.rs:374:2
[INFO] [stdout]    |
[INFO] [stdout] 17 | },
[INFO] [stdout]    |  ^ expected one of `.`, `;`, `?`, `}`, or an operator
[INFO] [stdout] 
[INFO] [stdout] error: aborting due to 3 previous errors
[INFO] [stdout] 
[INFO] [stdout] Couldn't compile the test.
[INFO] [stdout] ---- src/lib.rs - log (line 310) stdout ----
[INFO] [stdout] error: cannot find macro `log` in this scope
[INFO] [stdout]  --> src/lib.rs:312:1
[INFO] [stdout]   |
[INFO] [stdout] 4 | log!("A: {}", a);
[INFO] [stdout]   | ^^^
[INFO] [stdout]   |
[INFO] [stdout]   = note: consider importing this macro:
[INFO] [stdout]           gbench::log
[INFO] [stdout] 
[INFO] [stdout] error: aborting due to previous error
[INFO] [stdout] 
[INFO] [stdout] Couldn't compile the test.
[INFO] [stdout] ---- src/lib.rs - instantiate (line 240) stdout ----
[INFO] [stdout] error: cannot find macro `instantiate` in this scope
[INFO] [stdout]  --> src/lib.rs:241:1
[INFO] [stdout]   |
[INFO] [stdout] 3 | instantiate!(ginst | ChromeTracing("target/bench"));
[INFO] [stdout]   | ^^^^^^^^^^^
[INFO] [stdout]   |
[INFO] [stdout]   = note: consider importing this macro:
[INFO] [stdout]           gbench::instantiate
[INFO] [stdout] 
[INFO] [stdout] error[E0433]: failed to resolve: use of undeclared type `Instantiator`
[INFO] [stdout]  --> src/lib.rs:243:13
[INFO] [stdout]   |
[INFO] [stdout] 5 | let ginst = Instantiator::new(vec![Box::new(ChromeTracing("target/bench"))]);
[INFO] [stdout]   |             ^^^^^^^^^^^^ not found in this scope
[INFO] [stdout]   |
[INFO] [stdout] help: consider importing this struct
[INFO] [stdout]   |
[INFO] [stdout] 2 | use gbench::Instantiator;
[INFO] [stdout]   |
[INFO] [stdout] 
[INFO] [stdout] error[E0425]: cannot find function, tuple struct or tuple variant `ChromeTracing` in this scope
[INFO] [stdout]  --> src/lib.rs:243:45
[INFO] [stdout]   |
[INFO] [stdout] 5 | let ginst = Instantiator::new(vec![Box::new(ChromeTracing("target/bench"))]);
[INFO] [stdout]   |                                             ^^^^^^^^^^^^^ not found in this scope
[INFO] [stdout]   |
[INFO] [stdout] help: consider importing this tuple struct
[INFO] [stdout]   |
[INFO] [stdout] 2 | use gbench::ChromeTracing;
[INFO] [stdout]   |
[INFO] [stdout] 
[INFO] [stdout] error: aborting due to 3 previous errors
[INFO] [stdout] 
[INFO] [stdout] Some errors have detailed explanations: E0425, E0433.
[INFO] [stdout] For more information about an error, try `rustc --explain E0425`.
[INFO] [stdout] Couldn't compile the test.
[INFO] [stdout] ---- src/lib.rs - log (line 315) stdout ----
[INFO] [stdout] error: expected expression, found `,`
[INFO] [stdout]  --> src/lib.rs:318:32
[INFO] [stdout]   |
[INFO] [stdout] 3 | Log {
[INFO] [stdout]   | --- while parsing this struct
[INFO] [stdout] 4 |     log: "A: 0",
[INFO] [stdout] 5 |     ts: /* event's timestamp */,
[INFO] [stdout]   |                                ^ expected expression
[INFO] [stdout] 
[INFO] [stdout] error: expected expression, found `,`
[INFO] [stdout]  --> src/lib.rs:319:43
[INFO] [stdout]   |
[INFO] [stdout] 3 | Log {
[INFO] [stdout]   | --- while parsing this struct
[INFO] [stdout] ...
[INFO] [stdout] 6 |     tid: /* event's thread of execution */,
[INFO] [stdout]   |                                           ^ expected expression
[INFO] [stdout] 
[INFO] [stdout] error[E0422]: cannot find struct, variant or union type `Log` in this scope
[INFO] [stdout]  --> src/lib.rs:316:1
[INFO] [stdout]   |
[INFO] [stdout] 3 | Log {
[INFO] [stdout]   | ^^^ not found in this scope
[INFO] [stdout]   |
[INFO] [stdout] help: consider importing this variant
[INFO] [stdout]   |
[INFO] [stdout] 2 | use gbench::BenchData::Log;
[INFO] [stdout]   |
[INFO] [stdout] 
[INFO] [stdout] error: aborting due to 3 previous errors
[INFO] [stdout] 
[INFO] [stdout] For more information about this error, try `rustc --explain E0422`.
[INFO] [stdout] Couldn't compile the test.
[INFO] [stdout] ---- src/lib.rs - count (line 344) stdout ----
[INFO] [stdout] error: cannot find macro `count` in this scope
[INFO] [stdout]  --> src/lib.rs:346:1
[INFO] [stdout]   |
[INFO] [stdout] 4 | count!(
[INFO] [stdout]   | ^^^^^
[INFO] [stdout]   |
[INFO] [stdout]   = note: consider importing this macro:
[INFO] [stdout]           gbench::count
[INFO] [stdout] 
[INFO] [stdout] error: aborting due to previous error
[INFO] [stdout] 
[INFO] [stdout] Couldn't compile the test.
[INFO] [stdout] ---- src/writer.rs - writer::Writer (line 14) stdout ----
[INFO] [stdout] error[E0405]: cannot find trait `Writer` in this scope
[INFO] [stdout]  --> src/writer.rs:17:6
[INFO] [stdout]   |
[INFO] [stdout] 5 | impl Writer for QueueLogger {
[INFO] [stdout]   |      ^^^^^^ not found in this scope
[INFO] [stdout]   |
[INFO] [stdout] help: consider importing this trait
[INFO] [stdout]   |
[INFO] [stdout] 2 | use gbench::Writer;
[INFO] [stdout]   |
[INFO] [stdout] 
[INFO] [stdout] error[E0412]: cannot find type `BenchData` in this scope
[INFO] [stdout]  --> src/writer.rs:18:30
[INFO] [stdout]   |
[INFO] [stdout] 6 |     fn end(&self, data: &Vec<BenchData>) {
[INFO] [stdout]   |                              ^^^^^^^^^ not found in this scope
[INFO] [stdout]   |
[INFO] [stdout] help: consider importing this enum
[INFO] [stdout]   |
[INFO] [stdout] 2 | use gbench::BenchData;
[INFO] [stdout]   |
[INFO] [stdout] 
[INFO] [stdout] error: aborting due to 2 previous errors
[INFO] [stdout] 
[INFO] [stdout] Some errors have detailed explanations: E0405, E0412.
[INFO] [stdout] For more information about an error, try `rustc --explain E0405`.
[INFO] [stdout] Couldn't compile the test.
[INFO] [stdout] ---- src/lib.rs - scope (line 176) stdout ----
[INFO] [stdout] error: cannot find macro `scope` in this scope
[INFO] [stdout]   --> src/lib.rs:187:5
[INFO] [stdout]    |
[INFO] [stdout] 13 |     scope!(i2 | "Less important subtask");
[INFO] [stdout]    |     ^^^^^
[INFO] [stdout]    |
[INFO] [stdout]    = note: consider importing this macro:
[INFO] [stdout]            gbench::scope
[INFO] [stdout] 
[INFO] [stdout] error: cannot find macro `scope` in this scope
[INFO] [stdout]  --> src/lib.rs:182:5
[INFO] [stdout]   |
[INFO] [stdout] 8 |     scope!(i1 | "Important subtask");
[INFO] [stdout]   |     ^^^^^
[INFO] [stdout]   |
[INFO] [stdout]   = note: consider importing this macro:
[INFO] [stdout]           gbench::scope
[INFO] [stdout] 
[INFO] [stdout] error: cannot find macro `scope` in this scope
[INFO] [stdout]  --> src/lib.rs:179:1
[INFO] [stdout]   |
[INFO] [stdout] 5 | scope!(imp | "An important task");
[INFO] [stdout]   | ^^^^^
[INFO] [stdout]   |
[INFO] [stdout]   = note: consider importing this macro:
[INFO] [stdout]           gbench::scope
[INFO] [stdout] 
[INFO] [stdout] error[E0425]: cannot find function `do_work` in this scope
[INFO] [stdout]  --> src/lib.rs:183:5
[INFO] [stdout]   |
[INFO] [stdout] 9 |     do_work();
[INFO] [stdout]   |     ^^^^^^^ not found in this scope
[INFO] [stdout] 
[INFO] [stdout] error[E0425]: cannot find function `do_other_work` in this scope
[INFO] [stdout]   --> src/lib.rs:188:5
[INFO] [stdout]    |
[INFO] [stdout] 14 |     do_other_work();
[INFO] [stdout]    |     ^^^^^^^^^^^^^ not found in this scope
[INFO] [stdout] 
[INFO] [stdout] error[E0425]: cannot find value `imp` in this scope
[INFO] [stdout]   --> src/lib.rs:194:6
[INFO] [stdout]    |
[INFO] [stdout] 20 | drop(imp);
[INFO] [stdout]    |      ^^^ not found in this scope
[INFO] [stdout] 
[INFO] [stdout] error: aborting due to 6 previous errors
[INFO] [stdout] 
[INFO] [stdout] For more information about this error, try `rustc --explain E0425`.
[INFO] [stdout] Couldn't compile the test.
[INFO] [stdout] ---- src/lib.rs - instantiate (line 230) stdout ----
[INFO] [stdout] error: cannot find macro `instantiate` in this scope
[INFO] [stdout]  --> src/lib.rs:231:1
[INFO] [stdout]   |
[INFO] [stdout] 4 | instantiate!(ChromeTracing("target/bench"));
[INFO] [stdout]   | ^^^^^^^^^^^
[INFO] [stdout]   |
[INFO] [stdout]   = note: consider importing this macro:
[INFO] [stdout]           gbench::instantiate
[INFO] [stdout] 
[INFO] [stdout] error[E0433]: failed to resolve: use of undeclared type `Instantiator`
[INFO] [stdout]  --> src/lib.rs:233:31
[INFO] [stdout]   |
[INFO] [stdout] 6 | let __gbench_instantiator__ = Instantiator::new(vec![Box::new(ChromeTracing("target/bench"))]);
[INFO] [stdout]   |                               ^^^^^^^^^^^^ not found in this scope
[INFO] [stdout]   |
[INFO] [stdout] help: consider importing this struct
[INFO] [stdout]   |
[INFO] [stdout] 3 | use gbench::Instantiator;
[INFO] [stdout]   |
[INFO] [stdout] 
[INFO] [stdout] error[E0425]: cannot find function, tuple struct or tuple variant `ChromeTracing` in this scope
[INFO] [stdout]  --> src/lib.rs:233:63
[INFO] [stdout]   |
[INFO] [stdout] 6 | let __gbench_instantiator__ = Instantiator::new(vec![Box::new(ChromeTracing("target/bench"))]);
[INFO] [stdout]   |                                                               ^^^^^^^^^^^^^ not found in this scope
[INFO] [stdout]   |
[INFO] [stdout] help: consider importing this tuple struct
[INFO] [stdout]   |
[INFO] [stdout] 3 | use gbench::ChromeTracing;
[INFO] [stdout]   |
[INFO] [stdout] 
[INFO] [stdout] error: aborting due to 3 previous errors
[INFO] [stdout] 
[INFO] [stdout] Some errors have detailed explanations: E0425, E0433.
[INFO] [stdout] For more information about an error, try `rustc --explain E0425`.
[INFO] [stdout] Couldn't compile the test.
[INFO] [stdout] ---- src/lib.rs - (line 55) stdout ----
[INFO] [stdout] Test executable failed (exit code 101).
[INFO] [stdout] 
[INFO] [stdout] stderr:
[INFO] [stdout] thread 'main' panicked at 'called `Result::unwrap()` on an `Err` value: Os { code: 2, kind: NotFound, message: "No such file or directory" }', src/writer.rs:95:10
[INFO] [stdout] stack backtrace:
[INFO] [stdout]    0:     0x55632d043af0 - std::backtrace_rs::backtrace::libunwind::trace::h34055254b57d8e79
[INFO] [stdout]                                at /rustc/a178d0322ce20e33eac124758e837cbd80a6f633/library/std/src/../../backtrace/src/backtrace/libunwind.rs:90:5
[INFO] [stdout]    1:     0x55632d043af0 - std::backtrace_rs::backtrace::trace_unsynchronized::h8f1e3fbd9afff6ec
[INFO] [stdout]                                at /rustc/a178d0322ce20e33eac124758e837cbd80a6f633/library/std/src/../../backtrace/src/backtrace/mod.rs:66:5
[INFO] [stdout]    2:     0x55632d043af0 - std::sys_common::backtrace::_print_fmt::h3a99a796b770c360
[INFO] [stdout]                                at /rustc/a178d0322ce20e33eac124758e837cbd80a6f633/library/std/src/sys_common/backtrace.rs:67:5
[INFO] [stdout]    3:     0x55632d043af0 - <std::sys_common::backtrace::_print::DisplayBacktrace as core::fmt::Display>::fmt::h32d1f94a80615d18
[INFO] [stdout]                                at /rustc/a178d0322ce20e33eac124758e837cbd80a6f633/library/std/src/sys_common/backtrace.rs:46:22
[INFO] [stdout]    4:     0x55632d06269c - core::fmt::write::h306731c068f7162c
[INFO] [stdout]                                at /rustc/a178d0322ce20e33eac124758e837cbd80a6f633/library/core/src/fmt/mod.rs:1110:17
[INFO] [stdout]    5:     0x55632d042335 - std::io::Write::write_fmt::hd2fa90334eee2a21
[INFO] [stdout]                                at /rustc/a178d0322ce20e33eac124758e837cbd80a6f633/library/std/src/io/mod.rs:1588:15
[INFO] [stdout]    6:     0x55632d04594b - std::sys_common::backtrace::_print::h5abaa2601a852287
[INFO] [stdout]                                at /rustc/a178d0322ce20e33eac124758e837cbd80a6f633/library/std/src/sys_common/backtrace.rs:49:5
[INFO] [stdout]    7:     0x55632d04594b - std::sys_common::backtrace::print::h8d81445442bb638f
[INFO] [stdout]                                at /rustc/a178d0322ce20e33eac124758e837cbd80a6f633/library/std/src/sys_common/backtrace.rs:36:9
[INFO] [stdout]    8:     0x55632d04594b - std::panicking::default_hook::{{closure}}::hcfe804496a9fa747
[INFO] [stdout]                                at /rustc/a178d0322ce20e33eac124758e837cbd80a6f633/library/std/src/panicking.rs:208:50
[INFO] [stdout]    9:     0x55632d045421 - std::panicking::default_hook::hbea8e3ccf2ba8901
[INFO] [stdout]                                at /rustc/a178d0322ce20e33eac124758e837cbd80a6f633/library/std/src/panicking.rs:225:9
[INFO] [stdout]   10:     0x55632d046014 - std::panicking::rust_panic_with_hook::h7ee9e1a2d0f8975a
[INFO] [stdout]                                at /rustc/a178d0322ce20e33eac124758e837cbd80a6f633/library/std/src/panicking.rs:622:17
[INFO] [stdout]   11:     0x55632d045af7 - std::panicking::begin_panic_handler::{{closure}}::h8ab3b4491718b2c7
[INFO] [stdout]                                at /rustc/a178d0322ce20e33eac124758e837cbd80a6f633/library/std/src/panicking.rs:519:13
[INFO] [stdout]   12:     0x55632d043fec - std::sys_common::backtrace::__rust_end_short_backtrace::hd489062ffa586a9f
[INFO] [stdout]                                at /rustc/a178d0322ce20e33eac124758e837cbd80a6f633/library/std/src/sys_common/backtrace.rs:141:18
[INFO] [stdout]   13:     0x55632d045a59 - rust_begin_unwind
[INFO] [stdout]                                at /rustc/a178d0322ce20e33eac124758e837cbd80a6f633/library/std/src/panicking.rs:515:5
[INFO] [stdout]   14:     0x55632d006f21 - core::panicking::panic_fmt::hca6330e3e14086b4
[INFO] [stdout]                                at /rustc/a178d0322ce20e33eac124758e837cbd80a6f633/library/core/src/panicking.rs:92:14
[INFO] [stdout]   15:     0x55632d007013 - core::result::unwrap_failed::h6160d2b4bfbb0e87
[INFO] [stdout]                                at /rustc/a178d0322ce20e33eac124758e837cbd80a6f633/library/core/src/result.rs:1355:5
[INFO] [stdout]   16:     0x55632d02363e - core::result::Result<T,E>::unwrap::h9c6903a0cdf9ece8
[INFO] [stdout]                                at /rustc/a178d0322ce20e33eac124758e837cbd80a6f633/library/core/src/result.rs:1037:23
[INFO] [stdout]   17:     0x55632d016633 - <gbench::writer::ChromeTracing as gbench::writer::Writer>::end::h17385556f4945507
[INFO] [stdout]                                at /opt/rustwide/workdir/src/writer.rs:87:24
[INFO] [stdout]   18:     0x55632d021d8f - gbench::global::end::h564df690bb2ce8f3
[INFO] [stdout]                                at /opt/rustwide/workdir/src/global.rs:88:9
[INFO] [stdout]   19:     0x55632d01072e - gbench::bench::Instantiator::end::hc3cb4c63e1e20e49
[INFO] [stdout]                                at /opt/rustwide/workdir/src/bench.rs:106:13
[INFO] [stdout]   20:     0x55632d01074b - <gbench::bench::Instantiator as core::ops::drop::Drop>::drop::h0c16dcd344807a7d
[INFO] [stdout]                                at /opt/rustwide/workdir/src/bench.rs:113:9
[INFO] [stdout]   21:     0x55632d007b71 - core::ptr::drop_in_place<gbench::bench::Instantiator>::h5558216ea40d2dfe
[INFO] [stdout]   22:     0x55632d00a032 - rust_out::main::h2a38bb51b9580a7d
[INFO] [stdout]   23:     0x55632d007af3 - core::ops::function::FnOnce::call_once::hb73b95e6982fd3f0
[INFO] [stdout]   24:     0x55632d0077a9 - std::sys_common::backtrace::__rust_begin_short_backtrace::h8371d112165838d3
[INFO] [stdout]   25:     0x55632d007819 - std::rt::lang_start::{{closure}}::h783adf50233ec5ec
[INFO] [stdout]   26:     0x55632d046519 - core::ops::function::impls::<impl core::ops::function::FnOnce<A> for &F>::call_once::h2aabc384aab89b7b
[INFO] [stdout]                                at /rustc/a178d0322ce20e33eac124758e837cbd80a6f633/library/core/src/ops/function.rs:259:13
[INFO] [stdout]   27:     0x55632d046519 - std::panicking::try::do_call::hc5fcacb7a85fc7b1
[INFO] [stdout]                                at /rustc/a178d0322ce20e33eac124758e837cbd80a6f633/library/std/src/panicking.rs:401:40
[INFO] [stdout]   28:     0x55632d046519 - std::panicking::try::hb5d9603af3abbe3a
[INFO] [stdout]                                at /rustc/a178d0322ce20e33eac124758e837cbd80a6f633/library/std/src/panicking.rs:365:19
[INFO] [stdout]   29:     0x55632d046519 - std::panic::catch_unwind::h98fe6ac3925e64b4
[INFO] [stdout]                                at /rustc/a178d0322ce20e33eac124758e837cbd80a6f633/library/std/src/panic.rs:434:14
[INFO] [stdout]   30:     0x55632d046519 - std::rt::lang_start_internal::h22ac7383c516f93e
[INFO] [stdout]                                at /rustc/a178d0322ce20e33eac124758e837cbd80a6f633/library/std/src/rt.rs:34:21
[INFO] [stdout]   31:     0x55632d007801 - std::rt::lang_start::h11b9716471e37ff8
[INFO] [stdout]   32:     0x55632d00a053 - main
[INFO] [stdout]   33:     0x7f01fb8cf0b3 - __libc_start_main
[INFO] [stdout]   34:     0x55632d0076de - _start
[INFO] [stdout]   35:                0x0 - <unknown>
[INFO] [stdout] 
[INFO] [stdout] 
[INFO] [stdout] ---- src/lib.rs - instantiate (line 250) stdout ----
[INFO] [stdout] Test executable failed (exit code 101).
[INFO] [stdout] 
[INFO] [stdout] stderr:
[INFO] [stdout] thread 'main' panicked at 'called `Result::unwrap()` on an `Err` value: Os { code: 2, kind: NotFound, message: "No such file or directory" }', src/writer.rs:95:10
[INFO] [stdout] stack backtrace:
[INFO] [stdout]    0:     0x56460fc98f40 - std::backtrace_rs::backtrace::libunwind::trace::h34055254b57d8e79
[INFO] [stdout]                                at /rustc/a178d0322ce20e33eac124758e837cbd80a6f633/library/std/src/../../backtrace/src/backtrace/libunwind.rs:90:5
[INFO] [stdout]    1:     0x56460fc98f40 - std::backtrace_rs::backtrace::trace_unsynchronized::h8f1e3fbd9afff6ec
[INFO] [stdout]                                at /rustc/a178d0322ce20e33eac124758e837cbd80a6f633/library/std/src/../../backtrace/src/backtrace/mod.rs:66:5
[INFO] [stdout]    2:     0x56460fc98f40 - std::sys_common::backtrace::_print_fmt::h3a99a796b770c360
[INFO] [stdout]                                at /rustc/a178d0322ce20e33eac124758e837cbd80a6f633/library/std/src/sys_common/backtrace.rs:67:5
[INFO] [stdout]    3:     0x56460fc98f40 - <std::sys_common::backtrace::_print::DisplayBacktrace as core::fmt::Display>::fmt::h32d1f94a80615d18
[INFO] [stdout]                                at /rustc/a178d0322ce20e33eac124758e837cbd80a6f633/library/std/src/sys_common/backtrace.rs:46:22
[INFO] [stdout]    4:     0x56460fcb76dc - core::fmt::write::h306731c068f7162c
[INFO] [stdout]                                at /rustc/a178d0322ce20e33eac124758e837cbd80a6f633/library/core/src/fmt/mod.rs:1110:17
[INFO] [stdout]    5:     0x56460fc97785 - std::io::Write::write_fmt::hd2fa90334eee2a21
[INFO] [stdout]                                at /rustc/a178d0322ce20e33eac124758e837cbd80a6f633/library/std/src/io/mod.rs:1588:15
[INFO] [stdout]    6:     0x56460fc9ad9b - std::sys_common::backtrace::_print::h5abaa2601a852287
[INFO] [stdout]                                at /rustc/a178d0322ce20e33eac124758e837cbd80a6f633/library/std/src/sys_common/backtrace.rs:49:5
[INFO] [stdout]    7:     0x56460fc9ad9b - std::sys_common::backtrace::print::h8d81445442bb638f
[INFO] [stdout]                                at /rustc/a178d0322ce20e33eac124758e837cbd80a6f633/library/std/src/sys_common/backtrace.rs:36:9
[INFO] [stdout]    8:     0x56460fc9ad9b - std::panicking::default_hook::{{closure}}::hcfe804496a9fa747
[INFO] [stdout]                                at /rustc/a178d0322ce20e33eac124758e837cbd80a6f633/library/std/src/panicking.rs:208:50
[INFO] [stdout]    9:     0x56460fc9a871 - std::panicking::default_hook::hbea8e3ccf2ba8901
[INFO] [stdout]                                at /rustc/a178d0322ce20e33eac124758e837cbd80a6f633/library/std/src/panicking.rs:225:9
[INFO] [stdout]   10:     0x56460fc9b464 - std::panicking::rust_panic_with_hook::h7ee9e1a2d0f8975a
[INFO] [stdout]                                at /rustc/a178d0322ce20e33eac124758e837cbd80a6f633/library/std/src/panicking.rs:622:17
[INFO] [stdout]   11:     0x56460fc9af47 - std::panicking::begin_panic_handler::{{closure}}::h8ab3b4491718b2c7
[INFO] [stdout]                                at /rustc/a178d0322ce20e33eac124758e837cbd80a6f633/library/std/src/panicking.rs:519:13
[INFO] [stdout]   12:     0x56460fc9943c - std::sys_common::backtrace::__rust_end_short_backtrace::hd489062ffa586a9f
[INFO] [stdout]                                at /rustc/a178d0322ce20e33eac124758e837cbd80a6f633/library/std/src/sys_common/backtrace.rs:141:18
[INFO] [stdout]   13:     0x56460fc9aea9 - rust_begin_unwind
[INFO] [stdout]                                at /rustc/a178d0322ce20e33eac124758e837cbd80a6f633/library/std/src/panicking.rs:515:5
[INFO] [stdout]   14:     0x56460fc7ae31 - core::panicking::panic_fmt::hca6330e3e14086b4
[INFO] [stdout]                                at /rustc/a178d0322ce20e33eac124758e837cbd80a6f633/library/core/src/panicking.rs:92:14
[INFO] [stdout]   15:     0x56460fc7af23 - core::result::unwrap_failed::h6160d2b4bfbb0e87
[INFO] [stdout]                                at /rustc/a178d0322ce20e33eac124758e837cbd80a6f633/library/core/src/result.rs:1355:5
[INFO] [stdout]   16:     0x56460fc84fee - core::result::Result<T,E>::unwrap::h9c6903a0cdf9ece8
[INFO] [stdout]                                at /rustc/a178d0322ce20e33eac124758e837cbd80a6f633/library/core/src/result.rs:1037:23
[INFO] [stdout]   17:     0x56460fc80cc3 - <gbench::writer::ChromeTracing as gbench::writer::Writer>::end::h17385556f4945507
[INFO] [stdout]                                at /opt/rustwide/workdir/src/writer.rs:87:24
[INFO] [stdout]   18:     0x56460fc83e8f - gbench::global::end::h564df690bb2ce8f3
[INFO] [stdout]                                at /opt/rustwide/workdir/src/global.rs:88:9
[INFO] [stdout]   19:     0x56460fc7f1ee - gbench::bench::Instantiator::end::hc3cb4c63e1e20e49
[INFO] [stdout]                                at /opt/rustwide/workdir/src/bench.rs:106:13
[INFO] [stdout]   20:     0x56460fc7f20b - <gbench::bench::Instantiator as core::ops::drop::Drop>::drop::h0c16dcd344807a7d
[INFO] [stdout]                                at /opt/rustwide/workdir/src/bench.rs:113:9
[INFO] [stdout]   21:     0x56460fc7ba71 - core::ptr::drop_in_place<gbench::bench::Instantiator>::h5558216ea40d2dfe
[INFO] [stdout]   22:     0x56460fc7ccc2 - rust_out::main::h2a38bb51b9580a7d
[INFO] [stdout]   23:     0x56460fc7ba03 - core::ops::function::FnOnce::call_once::hb73b95e6982fd3f0
[INFO] [stdout]   24:     0x56460fc7b6b9 - std::sys_common::backtrace::__rust_begin_short_backtrace::h8371d112165838d3
[INFO] [stdout]   25:     0x56460fc7b729 - std::rt::lang_start::{{closure}}::h783adf50233ec5ec
[INFO] [stdout]   26:     0x56460fc9b969 - core::ops::function::impls::<impl core::ops::function::FnOnce<A> for &F>::call_once::h2aabc384aab89b7b
[INFO] [stdout]                                at /rustc/a178d0322ce20e33eac124758e837cbd80a6f633/library/core/src/ops/function.rs:259:13
[INFO] [stdout]   27:     0x56460fc9b969 - std::panicking::try::do_call::hc5fcacb7a85fc7b1
[INFO] [stdout]                                at /rustc/a178d0322ce20e33eac124758e837cbd80a6f633/library/std/src/panicking.rs:401:40
[INFO] [stdout]   28:     0x56460fc9b969 - std::panicking::try::hb5d9603af3abbe3a
[INFO] [stdout]                                at /rustc/a178d0322ce20e33eac124758e837cbd80a6f633/library/std/src/panicking.rs:365:19
[INFO] [stdout]   29:     0x56460fc9b969 - std::panic::catch_unwind::h98fe6ac3925e64b4
[INFO] [stdout]                                at /rustc/a178d0322ce20e33eac124758e837cbd80a6f633/library/std/src/panic.rs:434:14
[INFO] [stdout]   30:     0x56460fc9b969 - std::rt::lang_start_internal::h22ac7383c516f93e
[INFO] [stdout]                                at /rustc/a178d0322ce20e33eac124758e837cbd80a6f633/library/std/src/rt.rs:34:21
[INFO] [stdout]   31:     0x56460fc7b711 - std::rt::lang_start::h11b9716471e37ff8
[INFO] [stdout]   32:     0x56460fc7cce3 - main
[INFO] [stdout]   33:     0x7fc52679b0b3 - __libc_start_main
[INFO] [stdout]   34:     0x56460fc7b5ee - _start
[INFO] [stdout]   35:                0x0 - <unknown>
[INFO] [stdout] 
[INFO] [stdout] 
[INFO] [stdout] ---- src/lib.rs - (line 37) stdout ----
[INFO] [stdout] Test executable failed (exit code 101).
[INFO] [stdout] 
[INFO] [stdout] stderr:
[INFO] [stdout] thread 'main' panicked at 'called `Result::unwrap()` on an `Err` value: Os { code: 2, kind: NotFound, message: "No such file or directory" }', src/writer.rs:95:10
[INFO] [stdout] stack backtrace:
[INFO] [stdout]    0:     0x55ac19f981c0 - std::backtrace_rs::backtrace::libunwind::trace::h34055254b57d8e79
[INFO] [stdout]                                at /rustc/a178d0322ce20e33eac124758e837cbd80a6f633/library/std/src/../../backtrace/src/backtrace/libunwind.rs:90:5
[INFO] [stdout]    1:     0x55ac19f981c0 - std::backtrace_rs::backtrace::trace_unsynchronized::h8f1e3fbd9afff6ec
[INFO] [stdout]                                at /rustc/a178d0322ce20e33eac124758e837cbd80a6f633/library/std/src/../../backtrace/src/backtrace/mod.rs:66:5
[INFO] [stdout]    2:     0x55ac19f981c0 - std::sys_common::backtrace::_print_fmt::h3a99a796b770c360
[INFO] [stdout]                                at /rustc/a178d0322ce20e33eac124758e837cbd80a6f633/library/std/src/sys_common/backtrace.rs:67:5
[INFO] [stdout]    3:     0x55ac19f981c0 - <std::sys_common::backtrace::_print::DisplayBacktrace as core::fmt::Display>::fmt::h32d1f94a80615d18
[INFO] [stdout]                                at /rustc/a178d0322ce20e33eac124758e837cbd80a6f633/library/std/src/sys_common/backtrace.rs:46:22
[INFO] [stdout]    4:     0x55ac19fb695c - core::fmt::write::h306731c068f7162c
[INFO] [stdout]                                at /rustc/a178d0322ce20e33eac124758e837cbd80a6f633/library/core/src/fmt/mod.rs:1110:17
[INFO] [stdout]    5:     0x55ac19f96a05 - std::io::Write::write_fmt::hd2fa90334eee2a21
[INFO] [stdout]                                at /rustc/a178d0322ce20e33eac124758e837cbd80a6f633/library/std/src/io/mod.rs:1588:15
[INFO] [stdout]    6:     0x55ac19f9a01b - std::sys_common::backtrace::_print::h5abaa2601a852287
[INFO] [stdout]                                at /rustc/a178d0322ce20e33eac124758e837cbd80a6f633/library/std/src/sys_common/backtrace.rs:49:5
[INFO] [stdout]    7:     0x55ac19f9a01b - std::sys_common::backtrace::print::h8d81445442bb638f
[INFO] [stdout]                                at /rustc/a178d0322ce20e33eac124758e837cbd80a6f633/library/std/src/sys_common/backtrace.rs:36:9
[INFO] [stdout]    8:     0x55ac19f9a01b - std::panicking::default_hook::{{closure}}::hcfe804496a9fa747
[INFO] [stdout]                                at /rustc/a178d0322ce20e33eac124758e837cbd80a6f633/library/std/src/panicking.rs:208:50
[INFO] [stdout]    9:     0x55ac19f99af1 - std::panicking::default_hook::hbea8e3ccf2ba8901
[INFO] [stdout]                                at /rustc/a178d0322ce20e33eac124758e837cbd80a6f633/library/std/src/panicking.rs:225:9
[INFO] [stdout]   10:     0x55ac19f9a6e4 - std::panicking::rust_panic_with_hook::h7ee9e1a2d0f8975a
[INFO] [stdout]                                at /rustc/a178d0322ce20e33eac124758e837cbd80a6f633/library/std/src/panicking.rs:622:17
[INFO] [stdout]   11:     0x55ac19f9a1c7 - std::panicking::begin_panic_handler::{{closure}}::h8ab3b4491718b2c7
[INFO] [stdout]                                at /rustc/a178d0322ce20e33eac124758e837cbd80a6f633/library/std/src/panicking.rs:519:13
[INFO] [stdout]   12:     0x55ac19f986bc - std::sys_common::backtrace::__rust_end_short_backtrace::hd489062ffa586a9f
[INFO] [stdout]                                at /rustc/a178d0322ce20e33eac124758e837cbd80a6f633/library/std/src/sys_common/backtrace.rs:141:18
[INFO] [stdout]   13:     0x55ac19f9a129 - rust_begin_unwind
[INFO] [stdout]                                at /rustc/a178d0322ce20e33eac124758e837cbd80a6f633/library/std/src/panicking.rs:515:5
[INFO] [stdout]   14:     0x55ac19f79e31 - core::panicking::panic_fmt::hca6330e3e14086b4
[INFO] [stdout]                                at /rustc/a178d0322ce20e33eac124758e837cbd80a6f633/library/core/src/panicking.rs:92:14
[INFO] [stdout]   15:     0x55ac19f79f23 - core::result::unwrap_failed::h6160d2b4bfbb0e87
[INFO] [stdout]                                at /rustc/a178d0322ce20e33eac124758e837cbd80a6f633/library/core/src/result.rs:1355:5
[INFO] [stdout]   16:     0x55ac19f8426e - core::result::Result<T,E>::unwrap::h9c6903a0cdf9ece8
[INFO] [stdout]                                at /rustc/a178d0322ce20e33eac124758e837cbd80a6f633/library/core/src/result.rs:1037:23
[INFO] [stdout]   17:     0x55ac19f7ff43 - <gbench::writer::ChromeTracing as gbench::writer::Writer>::end::h17385556f4945507
[INFO] [stdout]                                at /opt/rustwide/workdir/src/writer.rs:87:24
[INFO] [stdout]   18:     0x55ac19f8310f - gbench::global::end::h564df690bb2ce8f3
[INFO] [stdout]                                at /opt/rustwide/workdir/src/global.rs:88:9
[INFO] [stdout]   19:     0x55ac19f7e46e - gbench::bench::Instantiator::end::hc3cb4c63e1e20e49
[INFO] [stdout]                                at /opt/rustwide/workdir/src/bench.rs:106:13
[INFO] [stdout]   20:     0x55ac19f7e48b - <gbench::bench::Instantiator as core::ops::drop::Drop>::drop::h0c16dcd344807a7d
[INFO] [stdout]                                at /opt/rustwide/workdir/src/bench.rs:113:9
[INFO] [stdout]   21:     0x55ac19f7aac1 - core::ptr::drop_in_place<gbench::bench::Instantiator>::h5558216ea40d2dfe
[INFO] [stdout]   22:     0x55ac19f7be16 - rust_out::main::h2a38bb51b9580a7d
[INFO] [stdout]   23:     0x55ac19f7aa53 - core::ops::function::FnOnce::call_once::hb73b95e6982fd3f0
[INFO] [stdout]   24:     0x55ac19f7a6b9 - std::sys_common::backtrace::__rust_begin_short_backtrace::h8371d112165838d3
[INFO] [stdout]   25:     0x55ac19f7a729 - std::rt::lang_start::{{closure}}::h783adf50233ec5ec
[INFO] [stdout]   26:     0x55ac19f9abe9 - core::ops::function::impls::<impl core::ops::function::FnOnce<A> for &F>::call_once::h2aabc384aab89b7b
[INFO] [stdout]                                at /rustc/a178d0322ce20e33eac124758e837cbd80a6f633/library/core/src/ops/function.rs:259:13
[INFO] [stdout]   27:     0x55ac19f9abe9 - std::panicking::try::do_call::hc5fcacb7a85fc7b1
[INFO] [stdout]                                at /rustc/a178d0322ce20e33eac124758e837cbd80a6f633/library/std/src/panicking.rs:401:40
[INFO] [stdout]   28:     0x55ac19f9abe9 - std::panicking::try::hb5d9603af3abbe3a
[INFO] [stdout]                                at /rustc/a178d0322ce20e33eac124758e837cbd80a6f633/library/std/src/panicking.rs:365:19
[INFO] [stdout]   29:     0x55ac19f9abe9 - std::panic::catch_unwind::h98fe6ac3925e64b4
[INFO] [stdout]                                at /rustc/a178d0322ce20e33eac124758e837cbd80a6f633/library/std/src/panic.rs:434:14
[INFO] [stdout]   30:     0x55ac19f9abe9 - std::rt::lang_start_internal::h22ac7383c516f93e
[INFO] [stdout]                                at /rustc/a178d0322ce20e33eac124758e837cbd80a6f633/library/std/src/rt.rs:34:21
[INFO] [stdout]   31:     0x55ac19f7a711 - std::rt::lang_start::h11b9716471e37ff8
[INFO] [stdout]   32:     0x55ac19f7be33 - main
[INFO] [stdout]   33:     0x7f7cc52160b3 - __libc_start_main
[INFO] [stdout]   34:     0x55ac19f7a5ee - _start
[INFO] [stdout]   35:                0x0 - <unknown>
[INFO] [stdout] 
[INFO] [stdout] 
[INFO] [stdout] ---- src/lib.rs - (line 15) stdout ----
[INFO] [stdout] Test executable failed (exit code 101).
[INFO] [stdout] 
[INFO] [stdout] stderr:
[INFO] [stdout] thread 'main' panicked at 'called `Result::unwrap()` on an `Err` value: Os { code: 2, kind: NotFound, message: "No such file or directory" }', src/writer.rs:95:10
[INFO] [stdout] stack backtrace:
[INFO] [stdout]    0:     0x5610425a2f40 - std::backtrace_rs::backtrace::libunwind::trace::h34055254b57d8e79
[INFO] [stdout]                                at /rustc/a178d0322ce20e33eac124758e837cbd80a6f633/library/std/src/../../backtrace/src/backtrace/libunwind.rs:90:5
[INFO] [stdout]    1:     0x5610425a2f40 - std::backtrace_rs::backtrace::trace_unsynchronized::h8f1e3fbd9afff6ec
[INFO] [stdout]                                at /rustc/a178d0322ce20e33eac124758e837cbd80a6f633/library/std/src/../../backtrace/src/backtrace/mod.rs:66:5
[INFO] [stdout]    2:     0x5610425a2f40 - std::sys_common::backtrace::_print_fmt::h3a99a796b770c360
[INFO] [stdout]                                at /rustc/a178d0322ce20e33eac124758e837cbd80a6f633/library/std/src/sys_common/backtrace.rs:67:5
[INFO] [stdout]    3:     0x5610425a2f40 - <std::sys_common::backtrace::_print::DisplayBacktrace as core::fmt::Display>::fmt::h32d1f94a80615d18
[INFO] [stdout]                                at /rustc/a178d0322ce20e33eac124758e837cbd80a6f633/library/std/src/sys_common/backtrace.rs:46:22
[INFO] [stdout]    4:     0x5610425c16dc - core::fmt::write::h306731c068f7162c
[INFO] [stdout]                                at /rustc/a178d0322ce20e33eac124758e837cbd80a6f633/library/core/src/fmt/mod.rs:1110:17
[INFO] [stdout]    5:     0x5610425a1785 - std::io::Write::write_fmt::hd2fa90334eee2a21
[INFO] [stdout]                                at /rustc/a178d0322ce20e33eac124758e837cbd80a6f633/library/std/src/io/mod.rs:1588:15
[INFO] [stdout]    6:     0x5610425a4d9b - std::sys_common::backtrace::_print::h5abaa2601a852287
[INFO] [stdout]                                at /rustc/a178d0322ce20e33eac124758e837cbd80a6f633/library/std/src/sys_common/backtrace.rs:49:5
[INFO] [stdout]    7:     0x5610425a4d9b - std::sys_common::backtrace::print::h8d81445442bb638f
[INFO] [stdout]                                at /rustc/a178d0322ce20e33eac124758e837cbd80a6f633/library/std/src/sys_common/backtrace.rs:36:9
[INFO] [stdout]    8:     0x5610425a4d9b - std::panicking::default_hook::{{closure}}::hcfe804496a9fa747
[INFO] [stdout]                                at /rustc/a178d0322ce20e33eac124758e837cbd80a6f633/library/std/src/panicking.rs:208:50
[INFO] [stdout]    9:     0x5610425a4871 - std::panicking::default_hook::hbea8e3ccf2ba8901
[INFO] [stdout]                                at /rustc/a178d0322ce20e33eac124758e837cbd80a6f633/library/std/src/panicking.rs:225:9
[INFO] [stdout]   10:     0x5610425a5464 - std::panicking::rust_panic_with_hook::h7ee9e1a2d0f8975a
[INFO] [stdout]                                at /rustc/a178d0322ce20e33eac124758e837cbd80a6f633/library/std/src/panicking.rs:622:17
[INFO] [stdout]   11:     0x5610425a4f47 - std::panicking::begin_panic_handler::{{closure}}::h8ab3b4491718b2c7
[INFO] [stdout]                                at /rustc/a178d0322ce20e33eac124758e837cbd80a6f633/library/std/src/panicking.rs:519:13
[INFO] [stdout]   12:     0x5610425a343c - std::sys_common::backtrace::__rust_end_short_backtrace::hd489062ffa586a9f
[INFO] [stdout]                                at /rustc/a178d0322ce20e33eac124758e837cbd80a6f633/library/std/src/sys_common/backtrace.rs:141:18
[INFO] [stdout]   13:     0x5610425a4ea9 - rust_begin_unwind
[INFO] [stdout]                                at /rustc/a178d0322ce20e33eac124758e837cbd80a6f633/library/std/src/panicking.rs:515:5
[INFO] [stdout]   14:     0x561042584e31 - core::panicking::panic_fmt::hca6330e3e14086b4
[INFO] [stdout]                                at /rustc/a178d0322ce20e33eac124758e837cbd80a6f633/library/core/src/panicking.rs:92:14
[INFO] [stdout]   15:     0x561042584f23 - core::result::unwrap_failed::h6160d2b4bfbb0e87
[INFO] [stdout]                                at /rustc/a178d0322ce20e33eac124758e837cbd80a6f633/library/core/src/result.rs:1355:5
[INFO] [stdout]   16:     0x56104258efee - core::result::Result<T,E>::unwrap::h9c6903a0cdf9ece8
[INFO] [stdout]                                at /rustc/a178d0322ce20e33eac124758e837cbd80a6f633/library/core/src/result.rs:1037:23
[INFO] [stdout]   17:     0x56104258acc3 - <gbench::writer::ChromeTracing as gbench::writer::Writer>::end::h17385556f4945507
[INFO] [stdout]                                at /opt/rustwide/workdir/src/writer.rs:87:24
[INFO] [stdout]   18:     0x56104258de8f - gbench::global::end::h564df690bb2ce8f3
[INFO] [stdout]                                at /opt/rustwide/workdir/src/global.rs:88:9
[INFO] [stdout]   19:     0x5610425891ee - gbench::bench::Instantiator::end::hc3cb4c63e1e20e49
[INFO] [stdout]                                at /opt/rustwide/workdir/src/bench.rs:106:13
[INFO] [stdout]   20:     0x56104258920b - <gbench::bench::Instantiator as core::ops::drop::Drop>::drop::h0c16dcd344807a7d
[INFO] [stdout]                                at /opt/rustwide/workdir/src/bench.rs:113:9
[INFO] [stdout]   21:     0x561042585a71 - core::ptr::drop_in_place<gbench::bench::Instantiator>::h5558216ea40d2dfe
[INFO] [stdout]   22:     0x561042586cc2 - rust_out::main::h2a38bb51b9580a7d
[INFO] [stdout]   23:     0x561042585a03 - core::ops::function::FnOnce::call_once::hb73b95e6982fd3f0
[INFO] [stdout]   24:     0x5610425856b9 - std::sys_common::backtrace::__rust_begin_short_backtrace::h8371d112165838d3
[INFO] [stdout]   25:     0x561042585729 - std::rt::lang_start::{{closure}}::h783adf50233ec5ec
[INFO] [stdout]   26:     0x5610425a5969 - core::ops::function::impls::<impl core::ops::function::FnOnce<A> for &F>::call_once::h2aabc384aab89b7b
[INFO] [stdout]                                at /rustc/a178d0322ce20e33eac124758e837cbd80a6f633/library/core/src/ops/function.rs:259:13
[INFO] [stdout]   27:     0x5610425a5969 - std::panicking::try::do_call::hc5fcacb7a85fc7b1
[INFO] [stdout]                                at /rustc/a178d0322ce20e33eac124758e837cbd80a6f633/library/std/src/panicking.rs:401:40
[INFO] [stdout]   28:     0x5610425a5969 - std::panicking::try::hb5d9603af3abbe3a
[INFO] [stdout]                                at /rustc/a178d0322ce20e33eac124758e837cbd80a6f633/library/std/src/panicking.rs:365:19
[INFO] [stdout]   29:     0x5610425a5969 - std::panic::catch_unwind::h98fe6ac3925e64b4
[INFO] [stdout]                                at /rustc/a178d0322ce20e33eac124758e837cbd80a6f633/library/std/src/panic.rs:434:14
[INFO] [stdout]   30:     0x5610425a5969 - std::rt::lang_start_internal::h22ac7383c516f93e
[INFO] [stdout]                                at /rustc/a178d0322ce20e33eac124758e837cbd80a6f633/library/std/src/rt.rs:34:21
[INFO] [stdout]   31:     0x561042585711 - std::rt::lang_start::h11b9716471e37ff8
[INFO] [stdout]   32:     0x561042586ce3 - main
[INFO] [stdout]   33:     0x7fcfd198f0b3 - __libc_start_main
[INFO] [stdout]   34:     0x5610425855ee - _start
[INFO] [stdout]   35:                0x0 - <unknown>
[INFO] [stdout] 
[INFO] [stdout] 
[INFO] [stdout] ---- src/lib.rs - instantiate (line 265) stdout ----
[INFO] [stdout] Test executable failed (exit code 101).
[INFO] [stdout] 
[INFO] [stdout] stderr:
[INFO] [stdout] thread 'main' panicked at 'called `Result::unwrap()` on an `Err` value: Os { code: 2, kind: NotFound, message: "No such file or directory" }', src/writer.rs:95:10
[INFO] [stdout] stack backtrace:
[INFO] [stdout]    0:     0x55a441792f50 - std::backtrace_rs::backtrace::libunwind::trace::h34055254b57d8e79
[INFO] [stdout]                                at /rustc/a178d0322ce20e33eac124758e837cbd80a6f633/library/std/src/../../backtrace/src/backtrace/libunwind.rs:90:5
[INFO] [stdout]    1:     0x55a441792f50 - std::backtrace_rs::backtrace::trace_unsynchronized::h8f1e3fbd9afff6ec
[INFO] [stdout]                                at /rustc/a178d0322ce20e33eac124758e837cbd80a6f633/library/std/src/../../backtrace/src/backtrace/mod.rs:66:5
[INFO] [stdout]    2:     0x55a441792f50 - std::sys_common::backtrace::_print_fmt::h3a99a796b770c360
[INFO] [stdout]                                at /rustc/a178d0322ce20e33eac124758e837cbd80a6f633/library/std/src/sys_common/backtrace.rs:67:5
[INFO] [stdout]    3:     0x55a441792f50 - <std::sys_common::backtrace::_print::DisplayBacktrace as core::fmt::Display>::fmt::h32d1f94a80615d18
[INFO] [stdout]                                at /rustc/a178d0322ce20e33eac124758e837cbd80a6f633/library/std/src/sys_common/backtrace.rs:46:22
[INFO] [stdout]    4:     0x55a4417b16ec - core::fmt::write::h306731c068f7162c
[INFO] [stdout]                                at /rustc/a178d0322ce20e33eac124758e837cbd80a6f633/library/core/src/fmt/mod.rs:1110:17
[INFO] [stdout]    5:     0x55a441791795 - std::io::Write::write_fmt::hd2fa90334eee2a21
[INFO] [stdout]                                at /rustc/a178d0322ce20e33eac124758e837cbd80a6f633/library/std/src/io/mod.rs:1588:15
[INFO] [stdout]    6:     0x55a441794dab - std::sys_common::backtrace::_print::h5abaa2601a852287
[INFO] [stdout]                                at /rustc/a178d0322ce20e33eac124758e837cbd80a6f633/library/std/src/sys_common/backtrace.rs:49:5
[INFO] [stdout]    7:     0x55a441794dab - std::sys_common::backtrace::print::h8d81445442bb638f
[INFO] [stdout]                                at /rustc/a178d0322ce20e33eac124758e837cbd80a6f633/library/std/src/sys_common/backtrace.rs:36:9
[INFO] [stdout]    8:     0x55a441794dab - std::panicking::default_hook::{{closure}}::hcfe804496a9fa747
[INFO] [stdout]                                at /rustc/a178d0322ce20e33eac124758e837cbd80a6f633/library/std/src/panicking.rs:208:50
[INFO] [stdout]    9:     0x55a441794881 - std::panicking::default_hook::hbea8e3ccf2ba8901
[INFO] [stdout]                                at /rustc/a178d0322ce20e33eac124758e837cbd80a6f633/library/std/src/panicking.rs:225:9
[INFO] [stdout]   10:     0x55a441795474 - std::panicking::rust_panic_with_hook::h7ee9e1a2d0f8975a
[INFO] [stdout]                                at /rustc/a178d0322ce20e33eac124758e837cbd80a6f633/library/std/src/panicking.rs:622:17
[INFO] [stdout]   11:     0x55a441794f57 - std::panicking::begin_panic_handler::{{closure}}::h8ab3b4491718b2c7
[INFO] [stdout]                                at /rustc/a178d0322ce20e33eac124758e837cbd80a6f633/library/std/src/panicking.rs:519:13
[INFO] [stdout]   12:     0x55a44179344c - std::sys_common::backtrace::__rust_end_short_backtrace::hd489062ffa586a9f
[INFO] [stdout]                                at /rustc/a178d0322ce20e33eac124758e837cbd80a6f633/library/std/src/sys_common/backtrace.rs:141:18
[INFO] [stdout]   13:     0x55a441794eb9 - rust_begin_unwind
[INFO] [stdout]                                at /rustc/a178d0322ce20e33eac124758e837cbd80a6f633/library/std/src/panicking.rs:515:5
[INFO] [stdout]   14:     0x55a441774e31 - core::panicking::panic_fmt::hca6330e3e14086b4
[INFO] [stdout]                                at /rustc/a178d0322ce20e33eac124758e837cbd80a6f633/library/core/src/panicking.rs:92:14
[INFO] [stdout]   15:     0x55a441774f23 - core::result::unwrap_failed::h6160d2b4bfbb0e87
[INFO] [stdout]                                at /rustc/a178d0322ce20e33eac124758e837cbd80a6f633/library/core/src/result.rs:1355:5
[INFO] [stdout]   16:     0x55a44177effe - core::result::Result<T,E>::unwrap::h9c6903a0cdf9ece8
[INFO] [stdout]                                at /rustc/a178d0322ce20e33eac124758e837cbd80a6f633/library/core/src/result.rs:1037:23
[INFO] [stdout]   17:     0x55a44177acd3 - <gbench::writer::ChromeTracing as gbench::writer::Writer>::end::h17385556f4945507
[INFO] [stdout]                                at /opt/rustwide/workdir/src/writer.rs:87:24
[INFO] [stdout]   18:     0x55a44177de9f - gbench::global::end::h564df690bb2ce8f3
[INFO] [stdout]                                at /opt/rustwide/workdir/src/global.rs:88:9
[INFO] [stdout]   19:     0x55a4417791fe - gbench::bench::Instantiator::end::hc3cb4c63e1e20e49
[INFO] [stdout]                                at /opt/rustwide/workdir/src/bench.rs:106:13
[INFO] [stdout]   20:     0x55a441776cc6 - rust_out::main::h2a38bb51b9580a7d
[INFO] [stdout]   21:     0x55a441775a03 - core::ops::function::FnOnce::call_once::hb73b95e6982fd3f0
[INFO] [stdout]   22:     0x55a4417756b9 - std::sys_common::backtrace::__rust_begin_short_backtrace::h8371d112165838d3
[INFO] [stdout]   23:     0x55a441775729 - std::rt::lang_start::{{closure}}::h783adf50233ec5ec
[INFO] [stdout]   24:     0x55a441795979 - core::ops::function::impls::<impl core::ops::function::FnOnce<A> for &F>::call_once::h2aabc384aab89b7b
[INFO] [stdout]                                at /rustc/a178d0322ce20e33eac124758e837cbd80a6f633/library/core/src/ops/function.rs:259:13
[INFO] [stdout]   25:     0x55a441795979 - std::panicking::try::do_call::hc5fcacb7a85fc7b1
[INFO] [stdout]                                at /rustc/a178d0322ce20e33eac124758e837cbd80a6f633/library/std/src/panicking.rs:401:40
[INFO] [stdout]   26:     0x55a441795979 - std::panicking::try::hb5d9603af3abbe3a
[INFO] [stdout]                                at /rustc/a178d0322ce20e33eac124758e837cbd80a6f633/library/std/src/panicking.rs:365:19
[INFO] [stdout]   27:     0x55a441795979 - std::panic::catch_unwind::h98fe6ac3925e64b4
[INFO] [stdout]                                at /rustc/a178d0322ce20e33eac124758e837cbd80a6f633/library/std/src/panic.rs:434:14
[INFO] [stdout]   28:     0x55a441795979 - std::rt::lang_start_internal::h22ac7383c516f93e
[INFO] [stdout]                                at /rustc/a178d0322ce20e33eac124758e837cbd80a6f633/library/std/src/rt.rs:34:21
[INFO] [stdout]   29:     0x55a441775711 - std::rt::lang_start::h11b9716471e37ff8
[INFO] [stdout]   30:     0x55a441776cf3 - main
[INFO] [stdout]   31:     0x7fdcbfa560b3 - __libc_start_main
[INFO] [stdout]   32:     0x55a4417755ee - _start
[INFO] [stdout]   33:                0x0 - <unknown>
[INFO] [stdout] 
[INFO] [stdout] 
[INFO] [stdout] ---- src/lib.rs - (line 82) stdout ----
[INFO] [stdout] Test executable failed (exit code 101).
[INFO] [stdout] 
[INFO] [stdout] stderr:
[INFO] [stdout] thread 'main' panicked at 'called `Result::unwrap()` on an `Err` value: Os { code: 2, kind: NotFound, message: "No such file or directory" }', src/writer.rs:95:10
[INFO] [stdout] stack backtrace:
[INFO] [stdout]    0:     0x55b4f1e3ac30 - std::backtrace_rs::backtrace::libunwind::trace::h34055254b57d8e79
[INFO] [stdout]                                at /rustc/a178d0322ce20e33eac124758e837cbd80a6f633/library/std/src/../../backtrace/src/backtrace/libunwind.rs:90:5
[INFO] [stdout]    1:     0x55b4f1e3ac30 - std::backtrace_rs::backtrace::trace_unsynchronized::h8f1e3fbd9afff6ec
[INFO] [stdout]                                at /rustc/a178d0322ce20e33eac124758e837cbd80a6f633/library/std/src/../../backtrace/src/backtrace/mod.rs:66:5
[INFO] [stdout]    2:     0x55b4f1e3ac30 - std::sys_common::backtrace::_print_fmt::h3a99a796b770c360
[INFO] [stdout]                                at /rustc/a178d0322ce20e33eac124758e837cbd80a6f633/library/std/src/sys_common/backtrace.rs:67:5
[INFO] [stdout]    3:     0x55b4f1e3ac30 - <std::sys_common::backtrace::_print::DisplayBacktrace as core::fmt::Display>::fmt::h32d1f94a80615d18
[INFO] [stdout]                                at /rustc/a178d0322ce20e33eac124758e837cbd80a6f633/library/std/src/sys_common/backtrace.rs:46:22
[INFO] [stdout]    4:     0x55b4f1e59a9c - core::fmt::write::h306731c068f7162c
[INFO] [stdout]                                at /rustc/a178d0322ce20e33eac124758e837cbd80a6f633/library/core/src/fmt/mod.rs:1110:17
[INFO] [stdout]    5:     0x55b4f1e39475 - std::io::Write::write_fmt::hd2fa90334eee2a21
[INFO] [stdout]                                at /rustc/a178d0322ce20e33eac124758e837cbd80a6f633/library/std/src/io/mod.rs:1588:15
[INFO] [stdout]    6:     0x55b4f1e3cb6b - std::sys_common::backtrace::_print::h5abaa2601a852287
[INFO] [stdout]                                at /rustc/a178d0322ce20e33eac124758e837cbd80a6f633/library/std/src/sys_common/backtrace.rs:49:5
[INFO] [stdout]    7:     0x55b4f1e3cb6b - std::sys_common::backtrace::print::h8d81445442bb638f
[INFO] [stdout]                                at /rustc/a178d0322ce20e33eac124758e837cbd80a6f633/library/std/src/sys_common/backtrace.rs:36:9
[INFO] [stdout]    8:     0x55b4f1e3cb6b - std::panicking::default_hook::{{closure}}::hcfe804496a9fa747
[INFO] [stdout]                                at /rustc/a178d0322ce20e33eac124758e837cbd80a6f633/library/std/src/panicking.rs:208:50
[INFO] [stdout]    9:     0x55b4f1e3c641 - std::panicking::default_hook::hbea8e3ccf2ba8901
[INFO] [stdout]                                at /rustc/a178d0322ce20e33eac124758e837cbd80a6f633/library/std/src/panicking.rs:225:9
[INFO] [stdout]   10:     0x55b4f1e3d234 - std::panicking::rust_panic_with_hook::h7ee9e1a2d0f8975a
[INFO] [stdout]                                at /rustc/a178d0322ce20e33eac124758e837cbd80a6f633/library/std/src/panicking.rs:622:17
[INFO] [stdout]   11:     0x55b4f1e3cd17 - std::panicking::begin_panic_handler::{{closure}}::h8ab3b4491718b2c7
[INFO] [stdout]                                at /rustc/a178d0322ce20e33eac124758e837cbd80a6f633/library/std/src/panicking.rs:519:13
[INFO] [stdout]   12:     0x55b4f1e3b12c - std::sys_common::backtrace::__rust_end_short_backtrace::hd489062ffa586a9f
[INFO] [stdout]                                at /rustc/a178d0322ce20e33eac124758e837cbd80a6f633/library/std/src/sys_common/backtrace.rs:141:18
[INFO] [stdout]   13:     0x55b4f1e3cc79 - rust_begin_unwind
[INFO] [stdout]                                at /rustc/a178d0322ce20e33eac124758e837cbd80a6f633/library/std/src/panicking.rs:515:5
[INFO] [stdout]   14:     0x55b4f1e18ea1 - core::panicking::panic_fmt::hca6330e3e14086b4
[INFO] [stdout]                                at /rustc/a178d0322ce20e33eac124758e837cbd80a6f633/library/core/src/panicking.rs:92:14
[INFO] [stdout]   15:     0x55b4f1e18f93 - core::result::unwrap_failed::h6160d2b4bfbb0e87
[INFO] [stdout]                                at /rustc/a178d0322ce20e33eac124758e837cbd80a6f633/library/core/src/result.rs:1355:5
[INFO] [stdout]   16:     0x55b4f1e2692e - core::result::Result<T,E>::unwrap::h9c6903a0cdf9ece8
[INFO] [stdout]                                at /rustc/a178d0322ce20e33eac124758e837cbd80a6f633/library/core/src/result.rs:1037:23
[INFO] [stdout]   17:     0x55b4f1e22603 - <gbench::writer::ChromeTracing as gbench::writer::Writer>::end::h17385556f4945507
[INFO] [stdout]                                at /opt/rustwide/workdir/src/writer.rs:87:24
[INFO] [stdout]   18:     0x55b4f1e257cf - gbench::global::end::h564df690bb2ce8f3
[INFO] [stdout]                                at /opt/rustwide/workdir/src/global.rs:88:9
[INFO] [stdout]   19:     0x55b4f1e20b2e - gbench::bench::Instantiator::end::hc3cb4c63e1e20e49
[INFO] [stdout]                                at /opt/rustwide/workdir/src/bench.rs:106:13
[INFO] [stdout]   20:     0x55b4f1e20b4b - <gbench::bench::Instantiator as core::ops::drop::Drop>::drop::h0c16dcd344807a7d
[INFO] [stdout]                                at /opt/rustwide/workdir/src/bench.rs:113:9
[INFO] [stdout]   21:     0x55b4f1e1af31 - core::ptr::drop_in_place<gbench::bench::Instantiator>::h5558216ea40d2dfe
[INFO] [stdout]   22:     0x55b4f1e1e4da - rust_out::main::h2a38bb51b9580a7d
[INFO] [stdout]   23:     0x55b4f1e1ad03 - core::ops::function::FnOnce::call_once::hb73b95e6982fd3f0
[INFO] [stdout]   24:     0x55b4f1e197d9 - std::sys_common::backtrace::__rust_begin_short_backtrace::h8371d112165838d3
[INFO] [stdout]   25:     0x55b4f1e19889 - std::rt::lang_start::{{closure}}::h783adf50233ec5ec
[INFO] [stdout]   26:     0x55b4f1e3d739 - core::ops::function::impls::<impl core::ops::function::FnOnce<A> for &F>::call_once::h2aabc384aab89b7b
[INFO] [stdout]                                at /rustc/a178d0322ce20e33eac124758e837cbd80a6f633/library/core/src/ops/function.rs:259:13
[INFO] [stdout]   27:     0x55b4f1e3d739 - std::panicking::try::do_call::hc5fcacb7a85fc7b1
[INFO] [stdout]                                at /rustc/a178d0322ce20e33eac124758e837cbd80a6f633/library/std/src/panicking.rs:401:40
[INFO] [stdout]   28:     0x55b4f1e3d739 - std::panicking::try::hb5d9603af3abbe3a
[INFO] [stdout]                                at /rustc/a178d0322ce20e33eac124758e837cbd80a6f633/library/std/src/panicking.rs:365:19
[INFO] [stdout]   29:     0x55b4f1e3d739 - std::panic::catch_unwind::h98fe6ac3925e64b4
[INFO] [stdout]                                at /rustc/a178d0322ce20e33eac124758e837cbd80a6f633/library/std/src/panic.rs:434:14
[INFO] [stdout]   30:     0x55b4f1e3d739 - std::rt::lang_start_internal::h22ac7383c516f93e
[INFO] [stdout]                                at /rustc/a178d0322ce20e33eac124758e837cbd80a6f633/library/std/src/rt.rs:34:21
[INFO] [stdout]   31:     0x55b4f1e19871 - std::rt::lang_start::h11b9716471e37ff8
[INFO] [stdout]   32:     0x55b4f1e1e623 - main
[INFO] [stdout]   33:     0x7f7b2888d0b3 - __libc_start_main
[INFO] [stdout]   34:     0x55b4f1e1965e - _start
[INFO] [stdout]   35:                0x0 - <unknown>
[INFO] [stdout] 
[INFO] [stdout] 
[INFO] [stdout] 
[INFO] [stdout] failures:
[INFO] [stdout]     src/lib.rs - (line 15)
[INFO] [stdout]     src/lib.rs - (line 37)
[INFO] [stdout]     src/lib.rs - (line 55)
[INFO] [stdout]     src/lib.rs - (line 82)
[INFO] [stdout]     src/lib.rs - count (line 344)
[INFO] [stdout]     src/lib.rs - count (line 359)
[INFO] [stdout]     src/lib.rs - instantiate (line 230)
[INFO] [stdout]     src/lib.rs - instantiate (line 240)
[INFO] [stdout]     src/lib.rs - instantiate (line 250)
[INFO] [stdout]     src/lib.rs - instantiate (line 265)
[INFO] [stdout]     src/lib.rs - log (line 310)
[INFO] [stdout]     src/lib.rs - log (line 315)
[INFO] [stdout]     src/lib.rs - scope (line 160)
[INFO] [stdout]     src/lib.rs - scope (line 166)
[INFO] [stdout]     src/lib.rs - scope (line 176)
[INFO] [stdout]     src/writer.rs - writer::Writer (line 14)
[INFO] [stdout] 
[INFO] [stdout] test result: FAILED. 0 passed; 16 failed; 0 ignored; 0 measured; 0 filtered out; finished in 0.73s
[INFO] [stdout] 
[INFO] [stderr] error: test failed, to rerun pass '--doc'
[INFO] running `Command { std: "docker" "inspect" "e8445bd4f4387cf9811d8227fbdb93d48e6f4822631ae9cdc01d76a5ce683cc3", kill_on_drop: false }`
[INFO] running `Command { std: "docker" "rm" "-f" "e8445bd4f4387cf9811d8227fbdb93d48e6f4822631ae9cdc01d76a5ce683cc3", kill_on_drop: false }`
[INFO] [stdout] e8445bd4f4387cf9811d8227fbdb93d48e6f4822631ae9cdc01d76a5ce683cc3
